[INFO] cloning repository https://github.com/etmorefish/headlines
[INFO] running `Command { std: "git" "-c" "credential.helper=" "-c" "credential.helper=/workspace/cargo-home/bin/git-credential-null" "clone" "--bare" "https://github.com/etmorefish/headlines" "/workspace/cache/git-repos/https%3A%2F%2Fgithub.com%2Fetmorefish%2Fheadlines", kill_on_drop: false }`
[INFO] [stderr] Cloning into bare repository '/workspace/cache/git-repos/https%3A%2F%2Fgithub.com%2Fetmorefish%2Fheadlines'...
[INFO] running `Command { std: "git" "rev-parse" "HEAD", kill_on_drop: false }`
[INFO] [stdout] 4c960aef06247b0cce96e94146ab46c31261da36
[INFO] testing etmorefish/headlines against 1.83.0 for beta-1.84.0-4-retry
[INFO] running `Command { std: "git" "clone" "/workspace/cache/git-repos/https%3A%2F%2Fgithub.com%2Fetmorefish%2Fheadlines" "/workspace/builds/worker-4-tc1/source", kill_on_drop: false }`
[INFO] [stderr] Cloning into '/workspace/builds/worker-4-tc1/source'...
[INFO] [stderr] done.
[INFO] validating manifest of git repo https://github.com/etmorefish/headlines on toolchain 1.83.0
[INFO] running `Command { std: CARGO_HOME="/workspace/cargo-home" RUSTUP_HOME="/workspace/rustup-home" "/workspace/cargo-home/bin/cargo" "+1.83.0" "metadata" "--manifest-path" "Cargo.toml" "--no-deps", kill_on_drop: false }`
[INFO] started tweaking git repo https://github.com/etmorefish/headlines
[INFO] finished tweaking git repo https://github.com/etmorefish/headlines
[INFO] tweaked toml for git repo https://github.com/etmorefish/headlines written to /workspace/builds/worker-4-tc1/source/Cargo.toml
[INFO] crate git repo https://github.com/etmorefish/headlines already has a lockfile, it will not be regenerated
[INFO] running `Command { std: CARGO_HOME="/workspace/cargo-home" RUSTUP_HOME="/workspace/rustup-home" "/workspace/cargo-home/bin/cargo" "+1.83.0" "fetch" "--manifest-path" "Cargo.toml", kill_on_drop: false }`
[INFO] [stderr] warning: virtual workspace defaulting to `resolver = "1"` despite one or more workspace members being on edition 2021 which implies `resolver = "2"`
[INFO] [stderr] note: to keep the current resolver, specify `workspace.resolver = "1"` in the workspace root's manifest
[INFO] [stderr] note: to use the edition 2021 resolver, specify `workspace.resolver = "2"` in the workspace root's manifest
[INFO] [stderr] note: for more details see https://doc.rust-lang.org/cargo/reference/resolver.html#resolver-versions
[INFO] [stderr]     Updating crates.io index
[INFO] [stderr]  Downloading crates ...
[INFO] [stderr]   Downloaded tracing-attributes v0.1.23
[INFO] [stderr]   Downloaded foreign-types-macros v0.2.2
[INFO] [stderr]   Downloaded darling_macro v0.13.4
[INFO] [stderr]   Downloaded windows-implement v0.42.0
[INFO] [stderr]   Downloaded ndk-macro v0.3.0
[INFO] [stderr]   Downloaded atomic_refcell v0.1.8
[INFO] [stderr]   Downloaded glutin_glx_sys v0.3.0
[INFO] [stderr]   Downloaded openssl-macros v0.1.0
[INFO] [stderr]   Downloaded sctk-adwaita v0.4.3
[INFO] [stderr]   Downloaded futures-core v0.3.25
[INFO] [stderr]   Downloaded directories v4.0.1
[INFO] [stderr]   Downloaded webbrowser v0.8.2
[INFO] [stderr]   Downloaded accesskit_windows v0.10.1
[INFO] [stderr]   Downloaded arboard v3.2.0
[INFO] [stderr]   Downloaded safe_arch v0.5.2
[INFO] [stderr]   Downloaded freetype-rs v0.26.0
[INFO] [stderr]   Downloaded glutin v0.30.3
[INFO] [stderr]   Downloaded glow v0.11.2
[INFO] [stderr]   Downloaded objc2 v0.3.0-beta.3
[INFO] [stderr]   Downloaded owned_ttf_parser v0.17.1
[INFO] [stderr]   Downloaded tiny-skia v0.7.0
[INFO] [stderr]   Downloaded h2 v0.3.15
[INFO] [stderr]   Downloaded egui v0.20.0
[INFO] [stderr]   Downloaded rustls v0.20.7
[INFO] [stderr]   Downloaded openssl v0.10.44
[INFO] [stderr]   Downloaded hyper v0.14.23
[INFO] [stderr]   Downloaded tracing-subscriber v0.3.16
[INFO] [stderr]   Downloaded futures-util v0.3.25
[INFO] [stderr]   Downloaded reqwest v0.11.13
[INFO] [stderr]   Downloaded winit v0.27.5
[INFO] [stderr]   Downloaded syn v1.0.105
[INFO] [stderr]   Downloaded tokio-util v0.7.4
[INFO] [stderr]   Downloaded flate2 v1.0.25
[INFO] [stderr]   Downloaded png v0.17.7
[INFO] [stderr]   Downloaded openssl-sys v0.9.79
[INFO] [stderr]   Downloaded ureq v2.5.0
[INFO] [stderr]   Downloaded expat-sys v2.1.6
[INFO] [stderr]   Downloaded x11-dl v2.20.1
[INFO] [stderr]   Downloaded security-framework v2.7.0
[INFO] [stderr]   Downloaded serde v1.0.149
[INFO] [stderr]   Downloaded widestring v0.5.1
[INFO] [stderr]   Downloaded ahash v0.8.2
[INFO] [stderr]   Downloaded darling_core v0.13.4
[INFO] [stderr]   Downloaded bytemuck v1.12.3
[INFO] [stderr]   Downloaded tiny-skia-path v0.7.0
[INFO] [stderr]   Downloaded calloop v0.10.4
[INFO] [stderr]   Downloaded eframe v0.20.0
[INFO] [stderr]   Downloaded anyhow v1.0.66
[INFO] [stderr]   Downloaded ipnet v2.6.0
[INFO] [stderr]   Downloaded schannel v0.1.20
[INFO] [stderr]   Downloaded serde_derive v1.0.149
[INFO] [stderr]   Downloaded egui_glow v0.20.0
[INFO] [stderr]   Downloaded futures-channel v0.3.25
[INFO] [stderr]   Downloaded security-framework-sys v2.6.1
[INFO] [stderr]   Downloaded egui-winit v0.20.0
[INFO] [stderr]   Downloaded enumset v1.0.12
[INFO] [stderr]   Downloaded cocoa v0.24.1
[INFO] [stderr]   Downloaded cmake v0.1.49
[INFO] [stderr]   Downloaded epaint v0.20.0
[INFO] [stderr]   Downloaded crossfont v0.5.1
[INFO] [stderr]   Downloaded memmap2 v0.5.8
[INFO] [stderr]   Downloaded chunked_transfer v1.4.0
[INFO] [stderr]   Downloaded confy v0.5.1
[INFO] [stderr]   Downloaded accesskit_macos v0.2.1
[INFO] [stderr]   Downloaded accesskit_consumer v0.10.0
[INFO] [stderr]   Downloaded accesskit_winit v0.7.1
[INFO] [stderr]   Downloaded enumset_derive v0.6.1
[INFO] [stderr]   Downloaded accesskit v0.8.1
[INFO] [stderr]   Downloaded ecolor v0.20.0
[INFO] [stderr]   Downloaded emath v0.20.0
[INFO] [stderr]   Downloaded darling v0.13.4
[INFO] [stderr]   Downloaded raw-window-handle v0.4.3
[INFO] [stderr]   Downloaded servo-fontconfig v0.5.1
[INFO] [stderr]   Downloaded bytemuck_derive v1.3.0
[INFO] [stderr]   Downloaded futures-task v0.3.25
[INFO] [stderr]   Downloaded slab v0.4.7
[INFO] [stderr]   Downloaded futures-sink v0.3.25
[INFO] [stderr]   Downloaded glutin_wgl_sys v0.3.0
[INFO] [stderr]   Downloaded glutin_egl_sys v0.3.1
[INFO] [stderr]   Downloaded ndk-glue v0.7.0
[INFO] [stderr]   Downloaded freetype-sys v0.13.1
[INFO] [stderr]   Downloaded servo-fontconfig-sys v5.1.0
[INFO] [stderr]   Downloaded windows v0.42.0
[INFO] running `Command { std: "docker" "create" "-v" "/var/lib/crater-agent-workspace/builds/worker-4-tc1/target:/opt/rustwide/target:rw,Z" "-v" "/var/lib/crater-agent-workspace/builds/worker-4-tc1/source:/opt/rustwide/workdir:ro,Z" "-v" "/var/lib/crater-agent-workspace/cargo-home:/opt/rustwide/cargo-home:ro,Z" "-v" "/var/lib/crater-agent-workspace/rustup-home:/opt/rustwide/rustup-home:ro,Z" "-e" "SOURCE_DIR=/opt/rustwide/workdir" "-e" "CARGO_TARGET_DIR=/opt/rustwide/target" "-e" "CARGO_HOME=/opt/rustwide/cargo-home" "-e" "RUSTUP_HOME=/opt/rustwide/rustup-home" "-w" "/opt/rustwide/workdir" "-m" "1610612736" "--user" "0:0" "--network" "none" "ghcr.io/rust-lang/crates-build-env/linux@sha256:f3a9d4ad9d972b27faf3965f35b62e55ba32bbce8f20bc8fe909558a86702fde" "/opt/rustwide/cargo-home/bin/cargo" "+1.83.0" "metadata" "--no-deps" "--format-version=1", kill_on_drop: false }`
[INFO] [stdout] e4c247c5689281ac5f0e2f8c71797008ea5d1a3292f4b6bf4bbe0fdabc796b9c
[INFO] running `Command { std: "docker" "start" "-a" "e4c247c5689281ac5f0e2f8c71797008ea5d1a3292f4b6bf4bbe0fdabc796b9c", kill_on_drop: false }`
[INFO] running `Command { std: "docker" "inspect" "e4c247c5689281ac5f0e2f8c71797008ea5d1a3292f4b6bf4bbe0fdabc796b9c", kill_on_drop: false }`
[INFO] running `Command { std: "docker" "rm" "-f" "e4c247c5689281ac5f0e2f8c71797008ea5d1a3292f4b6bf4bbe0fdabc796b9c", kill_on_drop: false }`
[INFO] [stdout] e4c247c5689281ac5f0e2f8c71797008ea5d1a3292f4b6bf4bbe0fdabc796b9c
[INFO] running `Command { std: "docker" "create" "-v" "/var/lib/crater-agent-workspace/builds/worker-4-tc1/target:/opt/rustwide/target:rw,Z" "-v" "/var/lib/crater-agent-workspace/builds/worker-4-tc1/source:/opt/rustwide/workdir:ro,Z" "-v" "/var/lib/crater-agent-workspace/cargo-home:/opt/rustwide/cargo-home:ro,Z" "-v" "/var/lib/crater-agent-workspace/rustup-home:/opt/rustwide/rustup-home:ro,Z" "-e" "SOURCE_DIR=/opt/rustwide/workdir" "-e" "CARGO_TARGET_DIR=/opt/rustwide/target" "-e" "CARGO_INCREMENTAL=0" "-e" "RUST_BACKTRACE=full" "-e" "RUSTFLAGS=--cap-lints=warn" "-e" "RUSTDOCFLAGS=--cap-lints=warn" "-e" "CARGO_HOME=/opt/rustwide/cargo-home" "-e" "RUSTUP_HOME=/opt/rustwide/rustup-home" "-w" "/opt/rustwide/workdir" "-m" "1610612736" "--user" "0:0" "--network" "none" "ghcr.io/rust-lang/crates-build-env/linux@sha256:f3a9d4ad9d972b27faf3965f35b62e55ba32bbce8f20bc8fe909558a86702fde" "/opt/rustwide/cargo-home/bin/cargo" "+1.83.0" "build" "--frozen" "--message-format=json", kill_on_drop: false }`
[INFO] [stdout] b126b0f81f992b0f1ce79895e538c46913f5060db775c4cae2c162472d59bd54
[INFO] running `Command { std: "docker" "start" "-a" "b126b0f81f992b0f1ce79895e538c46913f5060db775c4cae2c162472d59bd54", kill_on_drop: false }`
[INFO] [stderr] warning: virtual workspace defaulting to `resolver = "1"` despite one or more workspace members being on edition 2021 which implies `resolver = "2"`
[INFO] [stderr] note: to keep the current resolver, specify `workspace.resolver = "1"` in the workspace root's manifest
[INFO] [stderr] note: to use the edition 2021 resolver, specify `workspace.resolver = "2"` in the workspace root's manifest
[INFO] [stderr] note: for more details see https://doc.rust-lang.org/cargo/reference/resolver.html#resolver-versions
[INFO] [stderr]    Compiling proc-macro2 v1.0.47
[INFO] [stderr]    Compiling quote v1.0.21
[INFO] [stderr]    Compiling unicode-ident v1.0.5
[INFO] [stderr]    Compiling libc v0.2.138
[INFO] [stderr]    Compiling syn v1.0.105
[INFO] [stderr]    Compiling pkg-config v0.3.26
[INFO] [stderr]    Compiling cc v1.0.77
[INFO] [stderr]    Compiling once_cell v1.16.0
[INFO] [stderr]    Compiling log v0.4.17
[INFO] [stderr]    Compiling smallvec v1.10.0
[INFO] [stderr]    Compiling xml-rs v0.8.4
[INFO] [stderr]    Compiling memchr v2.5.0
[INFO] [stderr]    Compiling memoffset v0.6.5
[INFO] [stderr]    Compiling lock_api v0.4.9
[INFO] [stderr]    Compiling parking_lot_core v0.9.5
[INFO] [stderr]    Compiling scopeguard v1.1.0
[INFO] [stderr]    Compiling pin-project-lite v0.2.9
[INFO] [stderr]    Compiling dlib v0.5.0
[INFO] [stderr]    Compiling thiserror v1.0.37
[INFO] [stderr]    Compiling percent-encoding v2.2.0
[INFO] [stderr]    Compiling khronos_api v3.1.0
[INFO] [stderr]    Compiling tracing-core v0.1.30
[INFO] [stderr]    Compiling miniz_oxide v0.6.2
[INFO] [stderr]    Compiling slotmap v1.0.6
[INFO] [stderr]    Compiling futures-core v0.3.25
[INFO] [stderr]    Compiling downcast-rs v1.2.0
[INFO] [stderr]    Compiling itoa v1.0.4
[INFO] [stderr]    Compiling serde_derive v1.0.149
[INFO] [stderr]    Compiling tinyvec_macros v0.1.0
[INFO] [stderr]    Compiling bytes v1.3.0
[INFO] [stderr]    Compiling wayland-sys v0.29.5
[INFO] [stderr]    Compiling scoped-tls v1.0.1
[INFO] [stderr]    Compiling flate2 v1.0.25
[INFO] [stderr]    Compiling tinyvec v1.6.0
[INFO] [stderr]    Compiling servo-fontconfig-sys v5.1.0
[INFO] [stderr]    Compiling tokio v1.23.0
[INFO] [stderr]    Compiling cmake v0.1.49
[INFO] [stderr]    Compiling nom v7.1.1
[INFO] [stderr]    Compiling serde v1.0.149
[INFO] [stderr]    Compiling gl_generator v0.14.0
[INFO] [stderr]    Compiling x11-dl v2.20.1
[INFO] [stderr]    Compiling smithay-client-toolkit v0.16.0
[INFO] [stderr]    Compiling form_urlencoded v1.1.0
[INFO] [stderr]    Compiling futures-task v0.3.25
[INFO] [stderr]    Compiling unicode-bidi v0.3.8
[INFO] [stderr]    Compiling wayland-scanner v0.29.5
[INFO] [stderr]    Compiling vec_map v0.8.2
[INFO] [stderr]    Compiling nix v0.24.3
[INFO] [stderr]    Compiling mio v0.8.5
[INFO] [stderr]    Compiling num_cpus v1.14.0
[INFO] [stderr]    Compiling nix v0.25.1
[INFO] [stderr]    Compiling signal-hook-registry v1.4.0
[INFO] [stderr]    Compiling freetype-sys v0.13.1
[INFO] [stderr]    Compiling expat-sys v2.1.6
[INFO] [stderr]    Compiling openssl-sys v0.9.79
[INFO] [stderr]    Compiling parking_lot v0.12.1
[INFO] [stderr]    Compiling ring v0.16.20
[INFO] [stderr]    Compiling socket2 v0.4.7
[INFO] [stderr]    Compiling memmap2 v0.5.8
[INFO] [stderr]    Compiling crossfont v0.5.1
[INFO] [stderr]    Compiling unicode-normalization v0.1.22
[INFO] [stderr]    Compiling ahash v0.8.2
[INFO] [stderr]    Compiling indexmap v1.9.2
[INFO] [stderr]    Compiling slab v0.4.7
[INFO] [stderr]    Compiling cty v0.2.2
[INFO] [stderr]    Compiling foreign-types-shared v0.3.1
[INFO] [stderr]    Compiling futures-util v0.3.25
[INFO] [stderr]    Compiling openssl v0.10.44
[INFO] [stderr]    Compiling arrayvec v0.7.2
[INFO] [stderr]    Compiling spin v0.5.2
[INFO] [stderr]    Compiling untrusted v0.7.1
[INFO] [stderr]    Compiling arrayref v0.3.6
[INFO] [stderr]    Compiling ttf-parser v0.17.1
[INFO] [stderr]    Compiling servo-fontconfig v0.5.1
[INFO] [stderr]    Compiling freetype-rs v0.26.0
[INFO] [stderr]    Compiling http v0.2.8
[INFO] [stderr]    Compiling kurbo v0.8.3
[INFO] [stderr]    Compiling png v0.17.7
[INFO] [stderr]    Compiling hashbrown v0.12.3
[INFO] [stderr]    Compiling idna v0.3.0
[INFO] [stderr]    Compiling arrayvec v0.5.2
[INFO] [stderr]    Compiling futures-channel v0.3.25
[INFO] [stderr]    Compiling wayland-client v0.29.5
[INFO] [stderr]    Compiling wayland-protocols v0.29.5
[INFO] [stderr]    Compiling futures-sink v0.3.25
[INFO] [stderr]    Compiling ab_glyph_rasterizer v0.1.7
[INFO] [stderr]    Compiling url v2.3.1
[INFO] [stderr]    Compiling xcursor v0.3.4
[INFO] [stderr]    Compiling native-tls v0.2.11
[INFO] [stderr]    Compiling raw-window-handle v0.5.0
[INFO] [stderr]    Compiling nohash-hasher v0.2.0
[INFO] [stderr]    Compiling ryu v1.0.11
[INFO] [stderr]    Compiling try-lock v0.2.3
[INFO] [stderr]    Compiling serde_json v1.0.89
[INFO] [stderr]    Compiling want v0.3.0
[INFO] [stderr]    Compiling http-body v0.4.5
[INFO] [stderr]    Compiling raw-window-handle v0.4.3
[INFO] [stderr]    Compiling glutin_egl_sys v0.3.1
[INFO] [stderr]    Compiling glutin_glx_sys v0.3.0
[INFO] [stderr]    Compiling gethostname v0.2.3
[INFO] [stderr]    Compiling wayland-sys v0.30.1
[INFO] [stderr]    Compiling instant v0.1.12
[INFO] [stderr]    Compiling rustls v0.20.7
[INFO] [stderr]    Compiling httpdate v1.0.2
[INFO] [stderr]    Compiling encoding_rs v0.8.31
[INFO] [stderr]    Compiling cfg_aliases v0.1.1
[INFO] [stderr]    Compiling base64 v0.13.1
[INFO] [stderr]    Compiling glutin v0.30.3
[INFO] [stderr]    Compiling anyhow v1.0.66
[INFO] [stderr]    Compiling webbrowser v0.8.2
[INFO] [stderr]    Compiling dirs-sys v0.3.7
[INFO] [stderr]    Compiling chunked_transfer v1.4.0
[INFO] [stderr]    Compiling mime v0.3.16
[INFO] [stderr]    Compiling glow v0.11.2
[INFO] [stderr]    Compiling ipnet v2.6.0
[INFO] [stderr]    Compiling directories v4.0.1
[INFO] [stderr]    Compiling tracing-log v0.1.3
[INFO] [stderr]    Compiling thread_local v1.1.4
[INFO] [stderr]    Compiling sharded-slab v0.1.4
[INFO] [stderr]    Compiling webpki v0.22.0
[INFO] [stderr]    Compiling sct v0.7.0
[INFO] [stderr]    Compiling webpki-roots v0.22.6
[INFO] [stderr]    Compiling wayland-commons v0.29.5
[INFO] [stderr]    Compiling x11rb-protocol v0.10.0
[INFO] [stderr]    Compiling owned_ttf_parser v0.17.1
[INFO] [stderr]    Compiling ab_glyph v0.2.18
[INFO] [stderr]    Compiling tracing-subscriber v0.3.16
[INFO] [stderr]    Compiling darling_core v0.14.2
[INFO] [stderr]    Compiling wayland-cursor v0.29.5
[INFO] [stderr]    Compiling bytemuck_derive v1.3.0
[INFO] [stderr]    Compiling thiserror-impl v1.0.37
[INFO] [stderr]    Compiling tracing-attributes v0.1.23
[INFO] [stderr]    Compiling tokio-macros v1.8.2
[INFO] [stderr]    Compiling foreign-types-macros v0.2.2
[INFO] [stderr]    Compiling openssl-macros v0.1.0
[INFO] [stderr]    Compiling bytemuck v1.12.3
[INFO] [stderr]    Compiling foreign-types v0.5.0
[INFO] [stderr]    Compiling calloop v0.10.4
[INFO] [stderr]    Compiling safe_arch v0.5.2
[INFO] [stderr]    Compiling tiny-skia-path v0.7.0
[INFO] [stderr]    Compiling emath v0.20.0
[INFO] [stderr]    Compiling ecolor v0.20.0
[INFO] [stderr]    Compiling epaint v0.20.0
[INFO] [stderr]    Compiling darling_macro v0.14.2
[INFO] [stderr]    Compiling tracing v0.1.37
[INFO] [stderr]    Compiling tiny-skia v0.7.0
[INFO] [stderr]    Compiling darling v0.14.2
[INFO] [stderr]    Compiling enumset_derive v0.6.1
[INFO] [stderr]    Compiling enumset v1.0.12
[INFO] [stderr]    Compiling accesskit v0.8.1
[INFO] [stderr]    Compiling egui v0.20.0
[INFO] [stderr]    Compiling x11rb v0.10.1
[INFO] [stderr]    Compiling arboard v3.2.0
[INFO] [stderr]    Compiling serde_urlencoded v0.7.1
[INFO] [stderr]    Compiling toml v0.5.9
[INFO] [stderr]    Compiling tokio-util v0.7.4
[INFO] [stderr]    Compiling tokio-native-tls v0.3.0
[INFO] [stderr]    Compiling egui_glow v0.20.0
[INFO] [stderr]    Compiling h2 v0.3.15
[INFO] [stderr]    Compiling ureq v2.5.0
[INFO] [stderr]    Compiling confy v0.5.1
[INFO] [stderr]    Compiling hyper v0.14.23
[INFO] [stderr]    Compiling hyper-tls v0.5.0
[INFO] [stderr]    Compiling reqwest v0.11.13
[INFO] [stderr]    Compiling newsapi v0.1.0 (/opt/rustwide/workdir/newsapi)
[INFO] [stdout] warning: unused import: `reqwest::Method`
[INFO] [stdout]  --> newsapi/src/lib.rs:1:5
[INFO] [stdout]   |
[INFO] [stdout] 1 | use reqwest::Method;
[INFO] [stdout]   |     ^^^^^^^^^^^^^^^
[INFO] [stdout]   |
[INFO] [stdout]   = note: `#[warn(unused_imports)]` on by default
[INFO] [stdout] 
[INFO] [stdout] 
[INFO] [stderr]    Compiling sctk-adwaita v0.4.3
[INFO] [stderr]    Compiling smithay-clipboard v0.6.6
[INFO] [stderr]    Compiling winit v0.27.5
[INFO] [stderr]    Compiling accesskit_winit v0.7.1
[INFO] [stderr]    Compiling egui-winit v0.20.0
[INFO] [stderr]    Compiling eframe v0.20.0
[INFO] [stderr]    Compiling headlines v0.1.0 (/opt/rustwide/workdir/headlines)
[INFO] [stdout] warning: unused import: `newsapi::NewsAPI`
[INFO] [stdout]  --> headlines/src/main.rs:8:5
[INFO] [stdout]   |
[INFO] [stdout] 8 | use newsapi::NewsAPI;
[INFO] [stdout]   |     ^^^^^^^^^^^^^^^^
[INFO] [stdout]   |
[INFO] [stdout]   = note: `#[warn(unused_imports)]` on by default
[INFO] [stdout] 
[INFO] [stdout] 
[INFO] [stdout] warning: unused import: `crate::headlines::NewsCardData`
[INFO] [stdout]   --> headlines/src/main.rs:10:5
[INFO] [stdout]    |
[INFO] [stdout] 10 | use crate::headlines::NewsCardData;
[INFO] [stdout]    |     ^^^^^^^^^^^^^^^^^^^^^^^^^^^^^^
[INFO] [stdout] 
[INFO] [stdout] 
[INFO] [stdout] warning: associated function `new` is never used
[INFO] [stdout]   --> headlines/src/headlines.rs:22:8
[INFO] [stdout]    |
[INFO] [stdout] 21 | impl HeadlinesConfig {
[INFO] [stdout]    | -------------------- associated function in this implementation
[INFO] [stdout] 22 |     fn new() -> Self {
[INFO] [stdout]    |        ^^^
[INFO] [stdout]    |
[INFO] [stdout]    = note: `#[warn(dead_code)]` on by default
[INFO] [stdout] 
[INFO] [stdout] 
[INFO] [stderr]     Finished `dev` profile [unoptimized + debuginfo] target(s) in 2m 39s
[INFO] running `Command { std: "docker" "inspect" "b126b0f81f992b0f1ce79895e538c46913f5060db775c4cae2c162472d59bd54", kill_on_drop: false }`
[INFO] running `Command { std: "docker" "rm" "-f" "b126b0f81f992b0f1ce79895e538c46913f5060db775c4cae2c162472d59bd54", kill_on_drop: false }`
[INFO] [stdout] b126b0f81f992b0f1ce79895e538c46913f5060db775c4cae2c162472d59bd54
[INFO] running `Command { std: "docker" "create" "-v" "/var/lib/crater-agent-workspace/builds/worker-4-tc1/target:/opt/rustwide/target:rw,Z" "-v" "/var/lib/crater-agent-workspace/builds/worker-4-tc1/source:/opt/rustwide/workdir:ro,Z" "-v" "/var/lib/crater-agent-workspace/cargo-home:/opt/rustwide/cargo-home:ro,Z" "-v" "/var/lib/crater-agent-workspace/rustup-home:/opt/rustwide/rustup-home:ro,Z" "-e" "SOURCE_DIR=/opt/rustwide/workdir" "-e" "CARGO_TARGET_DIR=/opt/rustwide/target" "-e" "CARGO_INCREMENTAL=0" "-e" "RUST_BACKTRACE=full" "-e" "RUSTFLAGS=--cap-lints=warn" "-e" "RUSTDOCFLAGS=--cap-lints=warn" "-e" "CARGO_HOME=/opt/rustwide/cargo-home" "-e" "RUSTUP_HOME=/opt/rustwide/rustup-home" "-w" "/opt/rustwide/workdir" "-m" "1610612736" "--user" "0:0" "--network" "none" "ghcr.io/rust-lang/crates-build-env/linux@sha256:f3a9d4ad9d972b27faf3965f35b62e55ba32bbce8f20bc8fe909558a86702fde" "/opt/rustwide/cargo-home/bin/cargo" "+1.83.0" "test" "--frozen" "--no-run" "--message-format=json", kill_on_drop: false }`
[INFO] [stdout] 1caac928cc92e496735ae65d99d7f84f7952479bd63ddb4f599f4e775d5e0af3
[INFO] running `Command { std: "docker" "start" "-a" "1caac928cc92e496735ae65d99d7f84f7952479bd63ddb4f599f4e775d5e0af3", kill_on_drop: false }`
[INFO] [stderr] warning: virtual workspace defaulting to `resolver = "1"` despite one or more workspace members being on edition 2021 which implies `resolver = "2"`
[INFO] [stderr] note: to keep the current resolver, specify `workspace.resolver = "1"` in the workspace root's manifest
[INFO] [stderr] note: to use the edition 2021 resolver, specify `workspace.resolver = "2"` in the workspace root's manifest
[INFO] [stderr] note: for more details see https://doc.rust-lang.org/cargo/reference/resolver.html#resolver-versions
[INFO] [stderr]    Compiling newsapi v0.1.0 (/opt/rustwide/workdir/newsapi)
[INFO] [stdout] warning: unused import: `reqwest::Method`
[INFO] [stdout]  --> newsapi/src/lib.rs:1:5
[INFO] [stdout]   |
[INFO] [stdout] 1 | use reqwest::Method;
[INFO] [stdout]   |     ^^^^^^^^^^^^^^^
[INFO] [stdout]   |
[INFO] [stdout]   = note: `#[warn(unused_imports)]` on by default
[INFO] [stdout] 
[INFO] [stdout] 
[INFO] [stderr]    Compiling headlines v0.1.0 (/opt/rustwide/workdir/headlines)
[INFO] [stdout] warning: unused import: `reqwest::Method`
[INFO] [stdout]  --> newsapi/src/lib.rs:1:5
[INFO] [stdout]   |
[INFO] [stdout] 1 | use reqwest::Method;
[INFO] [stdout]   |     ^^^^^^^^^^^^^^^
[INFO] [stdout]   |
[INFO] [stdout]   = note: `#[warn(unused_imports)]` on by default
[INFO] [stdout] 
[INFO] [stdout] 
[INFO] [stdout] warning: unused import: `super::*`
[INFO] [stdout]    --> newsapi/src/lib.rs:168:9
[INFO] [stdout]     |
[INFO] [stdout] 168 |     use super::*;
[INFO] [stdout]     |         ^^^^^^^^
[INFO] [stdout] 
[INFO] [stdout] 
[INFO] [stdout] warning: unused import: `std::time::Duration`
[INFO] [stdout]    --> newsapi/src/lib.rs:169:9
[INFO] [stdout]     |
[INFO] [stdout] 169 |     use std::time::Duration;
[INFO] [stdout]     |         ^^^^^^^^^^^^^^^^^^^
[INFO] [stdout] 
[INFO] [stdout] 
[INFO] [stdout] warning: unused import: `newsapi::NewsAPI`
[INFO] [stdout]  --> headlines/src/main.rs:8:5
[INFO] [stdout]   |
[INFO] [stdout] 8 | use newsapi::NewsAPI;
[INFO] [stdout]   |     ^^^^^^^^^^^^^^^^
[INFO] [stdout]   |
[INFO] [stdout]   = note: `#[warn(unused_imports)]` on by default
[INFO] [stdout] 
[INFO] [stdout] 
[INFO] [stdout] warning: unused import: `crate::headlines::NewsCardData`
[INFO] [stdout]   --> headlines/src/main.rs:10:5
[INFO] [stdout]    |
[INFO] [stdout] 10 | use crate::headlines::NewsCardData;
[INFO] [stdout]    |     ^^^^^^^^^^^^^^^^^^^^^^^^^^^^^^
[INFO] [stdout] 
[INFO] [stdout] 
[INFO] [stdout] warning: associated function `new` is never used
[INFO] [stdout]   --> headlines/src/headlines.rs:22:8
[INFO] [stdout]    |
[INFO] [stdout] 21 | impl HeadlinesConfig {
[INFO] [stdout]    | -------------------- associated function in this implementation
[INFO] [stdout] 22 |     fn new() -> Self {
[INFO] [stdout]    |        ^^^
[INFO] [stdout]    |
[INFO] [stdout]    = note: `#[warn(dead_code)]` on by default
[INFO] [stdout] 
[INFO] [stdout] 
[INFO] [stderr]     Finished `test` profile [unoptimized + debuginfo] target(s) in 3.33s
[INFO] running `Command { std: "docker" "inspect" "1caac928cc92e496735ae65d99d7f84f7952479bd63ddb4f599f4e775d5e0af3", kill_on_drop: false }`
[INFO] running `Command { std: "docker" "rm" "-f" "1caac928cc92e496735ae65d99d7f84f7952479bd63ddb4f599f4e775d5e0af3", kill_on_drop: false }`
[INFO] [stdout] 1caac928cc92e496735ae65d99d7f84f7952479bd63ddb4f599f4e775d5e0af3
[INFO] running `Command { std: "docker" "create" "-v" "/var/lib/crater-agent-workspace/builds/worker-4-tc1/target:/opt/rustwide/target:rw,Z" "-v" "/var/lib/crater-agent-workspace/builds/worker-4-tc1/source:/opt/rustwide/workdir:ro,Z" "-v" "/var/lib/crater-agent-workspace/cargo-home:/opt/rustwide/cargo-home:ro,Z" "-v" "/var/lib/crater-agent-workspace/rustup-home:/opt/rustwide/rustup-home:ro,Z" "-e" "SOURCE_DIR=/opt/rustwide/workdir" "-e" "CARGO_TARGET_DIR=/opt/rustwide/target" "-e" "CARGO_INCREMENTAL=0" "-e" "RUST_BACKTRACE=full" "-e" "RUSTFLAGS=--cap-lints=warn" "-e" "RUSTDOCFLAGS=--cap-lints=warn" "-e" "CARGO_HOME=/opt/rustwide/cargo-home" "-e" "RUSTUP_HOME=/opt/rustwide/rustup-home" "-w" "/opt/rustwide/workdir" "-m" "1610612736" "--user" "0:0" "--network" "none" "ghcr.io/rust-lang/crates-build-env/linux@sha256:f3a9d4ad9d972b27faf3965f35b62e55ba32bbce8f20bc8fe909558a86702fde" "/opt/rustwide/cargo-home/bin/cargo" "+1.83.0" "test" "--frozen", kill_on_drop: false }`
[INFO] [stdout] 63e70e5c613729c60a3f10f269b5a9a89c260664a2747bee84313e44c40ab3dc
[INFO] running `Command { std: "docker" "start" "-a" "63e70e5c613729c60a3f10f269b5a9a89c260664a2747bee84313e44c40ab3dc", kill_on_drop: false }`
[INFO] [stderr] warning: virtual workspace defaulting to `resolver = "1"` despite one or more workspace members being on edition 2021 which implies `resolver = "2"`
[INFO] [stderr] note: to keep the current resolver, specify `workspace.resolver = "1"` in the workspace root's manifest
[INFO] [stderr] note: to use the edition 2021 resolver, specify `workspace.resolver = "2"` in the workspace root's manifest
[INFO] [stderr] note: for more details see https://doc.rust-lang.org/cargo/reference/resolver.html#resolver-versions
[INFO] [stderr] warning: unused import: `reqwest::Method`
[INFO] [stderr]  --> newsapi/src/lib.rs:1:5
[INFO] [stderr]   |
[INFO] [stderr] 1 | use reqwest::Method;
[INFO] [stderr]   |     ^^^^^^^^^^^^^^^
[INFO] [stderr]   |
[INFO] [stderr]   = note: `#[warn(unused_imports)]` on by default
[INFO] [stderr] 
[INFO] [stderr] warning: unused import: `super::*`
[INFO] [stderr]    --> newsapi/src/lib.rs:168:9
[INFO] [stderr]     |
[INFO] [stderr] 168 |     use super::*;
[INFO] [stderr]     |         ^^^^^^^^
[INFO] [stderr] 
[INFO] [stderr] warning: unused import: `std::time::Duration`
[INFO] [stderr]    --> newsapi/src/lib.rs:169:9
[INFO] [stderr]     |
[INFO] [stderr] 169 |     use std::time::Duration;
[INFO] [stderr]     |         ^^^^^^^^^^^^^^^^^^^
[INFO] [stderr] 
[INFO] [stderr] warning: `newsapi` (lib) generated 1 warning (run `cargo fix --lib -p newsapi` to apply 1 suggestion)
[INFO] [stderr] warning: `newsapi` (lib test) generated 3 warnings (1 duplicate) (run `cargo fix --lib -p newsapi --tests` to apply 2 suggestions)
[INFO] [stderr] warning: unused import: `newsapi::NewsAPI`
[INFO] [stderr]  --> headlines/src/main.rs:8:5
[INFO] [stderr]   |
[INFO] [stderr] 8 | use newsapi::NewsAPI;
[INFO] [stderr]   |     ^^^^^^^^^^^^^^^^
[INFO] [stderr]   |
[INFO] [stderr]   = note: `#[warn(unused_imports)]` on by default
[INFO] [stderr] 
[INFO] [stderr] warning: unused import: `crate::headlines::NewsCardData`
[INFO] [stderr]   --> headlines/src/main.rs:10:5
[INFO] [stderr]    |
[INFO] [stderr] 10 | use crate::headlines::NewsCardData;
[INFO] [stderr]    |     ^^^^^^^^^^^^^^^^^^^^^^^^^^^^^^
[INFO] [stderr] 
[INFO] [stderr] warning: associated function `new` is never used
[INFO] [stderr]   --> headlines/src/headlines.rs:22:8
[INFO] [stderr]    |
[INFO] [stderr] 21 | impl HeadlinesConfig {
[INFO] [stderr]    | -------------------- associated function in this implementation
[INFO] [stderr] 22 |     fn new() -> Self {
[INFO] [stderr]    |        ^^^
[INFO] [stderr]    |
[INFO] [stderr]    = note: `#[warn(dead_code)]` on by default
[INFO] [stderr] 
[INFO] [stderr] warning: `headlines` (bin "headlines" test) generated 3 warnings (run `cargo fix --bin "headlines" --tests` to apply 2 suggestions)
[INFO] [stderr]     Finished `test` profile [unoptimized + debuginfo] target(s) in 0.27s
[INFO] [stderr]      Running unittests src/main.rs (/opt/rustwide/target/debug/deps/headlines-136e58345b3d0fe0)
[INFO] [stderr]      Running unittests src/lib.rs (/opt/rustwide/target/debug/deps/newsapi-1dca4b0d15bd56ec)
[INFO] [stdout] 
[INFO] [stdout] running 0 tests
[INFO] [stdout] 
[INFO] [stdout] test result: ok. 0 passed; 0 failed; 0 ignored; 0 measured; 0 filtered out; finished in 0.00s
[INFO] [stdout] 
[INFO] [stdout] 
[INFO] [stdout] running 1 test
[INFO] [stdout] test tests::it_works ... FAILED
[INFO] [stdout] 
[INFO] [stdout] failures:
[INFO] [stdout] 
[INFO] [stdout] ---- tests::it_works stdout ----
[INFO] [stdout] thread 'tests::it_works' panicked at newsapi/src/lib.rs:183:35:
[INFO] [stdout] called `Result::unwrap()` on an `Err` value: Transport(Transport { kind: ConnectionFailed, message: Some("Connect error"), url: Some(Url { scheme: "https", cannot_be_a_base: false, username: "", password: None, host: Some(Domain("newsapi.org")), port: None, path: "/v2/everything", query: Some("q=Apple&from=2022-12-13&sortBy=popularity&apiKey=d45b03e5d78642e89229e742d0292f2f"), fragment: None }), source: Some(Os { code: 111, kind: ConnectionRefused, message: "Connection refused" }) })
[INFO] [stdout] stack backtrace:
[INFO] [stdout]    0:     0x64c6f4adcd8a - std::backtrace_rs::backtrace::libunwind::trace::h5a5b8284f2d0c266
[INFO] [stdout]                                at /rustc/90b35a6239c3d8bdabc530a6a0816f7ff89a0aaf/library/std/src/../../backtrace/src/backtrace/libunwind.rs:116:5
[INFO] [stdout]    1:     0x64c6f4adcd8a - std::backtrace_rs::backtrace::trace_unsynchronized::h76d4f1c9b0b875e3
[INFO] [stdout]                                at /rustc/90b35a6239c3d8bdabc530a6a0816f7ff89a0aaf/library/std/src/../../backtrace/src/backtrace/mod.rs:66:5
[INFO] [stdout]    2:     0x64c6f4adcd8a - std::sys::backtrace::_print_fmt::hc4546b8364a537c6
[INFO] [stdout]                                at /rustc/90b35a6239c3d8bdabc530a6a0816f7ff89a0aaf/library/std/src/sys/backtrace.rs:66:9
[INFO] [stdout]    3:     0x64c6f4adcd8a - <std::sys::backtrace::BacktraceLock::print::DisplayBacktrace as core::fmt::Display>::fmt::h5b6bd5631a6d1f6b
[INFO] [stdout]                                at /rustc/90b35a6239c3d8bdabc530a6a0816f7ff89a0aaf/library/std/src/sys/backtrace.rs:39:26
[INFO] [stdout]    4:     0x64c6f4b05023 - core::fmt::rt::Argument::fmt::h270f6602a2b96f62
[INFO] [stdout]                                at /rustc/90b35a6239c3d8bdabc530a6a0816f7ff89a0aaf/library/core/src/fmt/rt.rs:177:76
[INFO] [stdout]    5:     0x64c6f4b05023 - core::fmt::write::h7550c97b06c86515
[INFO] [stdout]                                at /rustc/90b35a6239c3d8bdabc530a6a0816f7ff89a0aaf/library/core/src/fmt/mod.rs:1186:21
[INFO] [stdout]    6:     0x64c6f4ad91d3 - std::io::Write::write_fmt::h509ff860e5956e5e
[INFO] [stdout]                                at /rustc/90b35a6239c3d8bdabc530a6a0816f7ff89a0aaf/library/std/src/io/mod.rs:1839:15
[INFO] [stdout]    7:     0x64c6f4adcbd2 - std::sys::backtrace::BacktraceLock::print::h2395ccd2c84ba3aa
[INFO] [stdout]                                at /rustc/90b35a6239c3d8bdabc530a6a0816f7ff89a0aaf/library/std/src/sys/backtrace.rs:42:9
[INFO] [stdout]    8:     0x64c6f4ade1ea - std::panicking::default_hook::{{closure}}::he19d4c7230e07961
[INFO] [stdout]                                at /rustc/90b35a6239c3d8bdabc530a6a0816f7ff89a0aaf/library/std/src/panicking.rs:268:22
[INFO] [stdout]    9:     0x64c6f4addff4 - std::panicking::default_hook::hf614597d3c67bbdb
[INFO] [stdout]                                at /rustc/90b35a6239c3d8bdabc530a6a0816f7ff89a0aaf/library/std/src/panicking.rs:292:9
[INFO] [stdout]   10:     0x64c6f48cec49 - <alloc::boxed::Box<F,A> as core::ops::function::Fn<Args>>::call::h39b51ce4599c23d1
[INFO] [stdout]                                at /rustc/90b35a6239c3d8bdabc530a6a0816f7ff89a0aaf/library/alloc/src/boxed.rs:2468:9
[INFO] [stdout]   11:     0x64c6f48cec49 - test::test_main::{{closure}}::he977ae839a582784
[INFO] [stdout]                                at /rustc/90b35a6239c3d8bdabc530a6a0816f7ff89a0aaf/library/test/src/lib.rs:133:21
[INFO] [stdout]   12:     0x64c6f4ade888 - <alloc::boxed::Box<F,A> as core::ops::function::Fn<Args>>::call::h9455091b6b06f9fb
[INFO] [stdout]                                at /rustc/90b35a6239c3d8bdabc530a6a0816f7ff89a0aaf/library/alloc/src/boxed.rs:2468:9
[INFO] [stdout]   13:     0x64c6f4ade888 - std::panicking::rust_panic_with_hook::h8942133a8b252070
[INFO] [stdout]                                at /rustc/90b35a6239c3d8bdabc530a6a0816f7ff89a0aaf/library/std/src/panicking.rs:809:13
[INFO] [stdout]   14:     0x64c6f4ade64a - std::panicking::begin_panic_handler::{{closure}}::hb5f5963570096b29
[INFO] [stdout]                                at /rustc/90b35a6239c3d8bdabc530a6a0816f7ff89a0aaf/library/std/src/panicking.rs:674:13
[INFO] [stdout]   15:     0x64c6f4add269 - std::sys::backtrace::__rust_end_short_backtrace::h6208cedc1922feda
[INFO] [stdout]                                at /rustc/90b35a6239c3d8bdabc530a6a0816f7ff89a0aaf/library/std/src/sys/backtrace.rs:170:18
[INFO] [stdout]   16:     0x64c6f4ade2dc - rust_begin_unwind
[INFO] [stdout]                                at /rustc/90b35a6239c3d8bdabc530a6a0816f7ff89a0aaf/library/std/src/panicking.rs:665:5
[INFO] [stdout]   17:     0x64c6f4893180 - core::panicking::panic_fmt::h0c3082644d1bf418
[INFO] [stdout]                                at /rustc/90b35a6239c3d8bdabc530a6a0816f7ff89a0aaf/library/core/src/panicking.rs:74:14
[INFO] [stdout]   18:     0x64c6f4893606 - core::result::unwrap_failed::hd20b4aa073bda1e2
[INFO] [stdout]                                at /rustc/90b35a6239c3d8bdabc530a6a0816f7ff89a0aaf/library/core/src/result.rs:1700:5
[INFO] [stdout]   19:     0x64c6f4896680 - core::result::Result<T,E>::unwrap::hbb155083994ec287
[INFO] [stdout]                                at /rustc/90b35a6239c3d8bdabc530a6a0816f7ff89a0aaf/library/core/src/result.rs:1104:23
[INFO] [stdout]   20:     0x64c6f4896680 - newsapi::tests::it_works::h9c02929ba0bf32e4
[INFO] [stdout]                                at /opt/rustwide/workdir/newsapi/src/lib.rs:183:24
[INFO] [stdout]   21:     0x64c6f4896317 - newsapi::tests::it_works::{{closure}}::h77f082e57a71450e
[INFO] [stdout]                                at /opt/rustwide/workdir/newsapi/src/lib.rs:172:18
[INFO] [stdout]   22:     0x64c6f48942d6 - core::ops::function::FnOnce::call_once::hcebd1e6d5c2a3fd4
[INFO] [stdout]                                at /rustc/90b35a6239c3d8bdabc530a6a0816f7ff89a0aaf/library/core/src/ops/function.rs:250:5
[INFO] [stdout]   23:     0x64c6f48d360b - core::ops::function::FnOnce::call_once::h109cf8051a59b34e
[INFO] [stdout]                                at /rustc/90b35a6239c3d8bdabc530a6a0816f7ff89a0aaf/library/core/src/ops/function.rs:250:5
[INFO] [stdout]   24:     0x64c6f48d360b - test::__rust_begin_short_backtrace::hf4fff89d377446ba
[INFO] [stdout]                                at /rustc/90b35a6239c3d8bdabc530a6a0816f7ff89a0aaf/library/test/src/lib.rs:621:18
[INFO] [stdout]   25:     0x64c6f48d2e47 - test::run_test_in_process::{{closure}}::h0e39181dd7ee5a43
[INFO] [stdout]                                at /rustc/90b35a6239c3d8bdabc530a6a0816f7ff89a0aaf/library/test/src/lib.rs:644:60
[INFO] [stdout]   26:     0x64c6f48d2e47 - <core::panic::unwind_safe::AssertUnwindSafe<F> as core::ops::function::FnOnce<()>>::call_once::hc5a66a30f0bdfd1f
[INFO] [stdout]                                at /rustc/90b35a6239c3d8bdabc530a6a0816f7ff89a0aaf/library/core/src/panic/unwind_safe.rs:272:9
[INFO] [stdout]   27:     0x64c6f48d2e47 - std::panicking::try::do_call::h873b7cf639554a5e
[INFO] [stdout]                                at /rustc/90b35a6239c3d8bdabc530a6a0816f7ff89a0aaf/library/std/src/panicking.rs:557:40
[INFO] [stdout]   28:     0x64c6f48d2e47 - std::panicking::try::hdb19862fad9c8bd1
[INFO] [stdout]                                at /rustc/90b35a6239c3d8bdabc530a6a0816f7ff89a0aaf/library/std/src/panicking.rs:520:19
[INFO] [stdout]   29:     0x64c6f48d2e47 - std::panic::catch_unwind::h281fe732d236d260
[INFO] [stdout]                                at /rustc/90b35a6239c3d8bdabc530a6a0816f7ff89a0aaf/library/std/src/panic.rs:358:14
[INFO] [stdout]   30:     0x64c6f48d2e47 - test::run_test_in_process::h949b6df8457ed338
[INFO] [stdout]                                at /rustc/90b35a6239c3d8bdabc530a6a0816f7ff89a0aaf/library/test/src/lib.rs:644:27
[INFO] [stdout]   31:     0x64c6f48d2e47 - test::run_test::{{closure}}::h52c556a6d4740e10
[INFO] [stdout]                                at /rustc/90b35a6239c3d8bdabc530a6a0816f7ff89a0aaf/library/test/src/lib.rs:565:43
[INFO] [stdout]   32:     0x64c6f4898124 - test::run_test::{{closure}}::h4237f6381c45ccb9
[INFO] [stdout]                                at /rustc/90b35a6239c3d8bdabc530a6a0816f7ff89a0aaf/library/test/src/lib.rs:595:41
[INFO] [stdout]   33:     0x64c6f4898124 - std::sys::backtrace::__rust_begin_short_backtrace::h505c97a579eca628
[INFO] [stdout]                                at /rustc/90b35a6239c3d8bdabc530a6a0816f7ff89a0aaf/library/std/src/sys/backtrace.rs:154:18
[INFO] [stdout]   34:     0x64c6f489b7ee - std::thread::Builder::spawn_unchecked_::{{closure}}::{{closure}}::h9e86b2e2bc107ea3
[INFO] [stdout]                                at /rustc/90b35a6239c3d8bdabc530a6a0816f7ff89a0aaf/library/std/src/thread/mod.rs:538:17
[INFO] [stdout]   35:     0x64c6f489b7ee - <core::panic::unwind_safe::AssertUnwindSafe<F> as core::ops::function::FnOnce<()>>::call_once::h8b06ddb275ff4a25
[INFO] [stdout]                                at /rustc/90b35a6239c3d8bdabc530a6a0816f7ff89a0aaf/library/core/src/panic/unwind_safe.rs:272:9
[INFO] [stdout]   36:     0x64c6f489b7ee - std::panicking::try::do_call::hb26ecd7cd9a9355d
[INFO] [stdout]                                at /rustc/90b35a6239c3d8bdabc530a6a0816f7ff89a0aaf/library/std/src/panicking.rs:557:40
[INFO] [stdout]   37:     0x64c6f489b7ee - std::panicking::try::h8ddeca9d705f9069
[INFO] [stdout]                                at /rustc/90b35a6239c3d8bdabc530a6a0816f7ff89a0aaf/library/std/src/panicking.rs:520:19
[INFO] [stdout]   38:     0x64c6f489b7ee - std::panic::catch_unwind::h49e1c33078844c46
[INFO] [stdout]                                at /rustc/90b35a6239c3d8bdabc530a6a0816f7ff89a0aaf/library/std/src/panic.rs:358:14
[INFO] [stdout]   39:     0x64c6f489b7ee - std::thread::Builder::spawn_unchecked_::{{closure}}::h6073db6ff56ad35d
[INFO] [stdout]                                at /rustc/90b35a6239c3d8bdabc530a6a0816f7ff89a0aaf/library/std/src/thread/mod.rs:537:30
[INFO] [stdout]   40:     0x64c6f489b7ee - core::ops::function::FnOnce::call_once{{vtable.shim}}::h2c5a5f3779c774f1
[INFO] [stdout]                                at /rustc/90b35a6239c3d8bdabc530a6a0816f7ff89a0aaf/library/core/src/ops/function.rs:250:5
[INFO] [stdout]   41:     0x64c6f4ae26bb - <alloc::boxed::Box<F,A> as core::ops::function::FnOnce<Args>>::call_once::hf75717d9f28faebf
[INFO] [stdout]                                at /rustc/90b35a6239c3d8bdabc530a6a0816f7ff89a0aaf/library/alloc/src/boxed.rs:2454:9
[INFO] [stdout]   42:     0x64c6f4ae26bb - <alloc::boxed::Box<F,A> as core::ops::function::FnOnce<Args>>::call_once::h7bd883a5f3c5f3c1
[INFO] [stdout]                                at /rustc/90b35a6239c3d8bdabc530a6a0816f7ff89a0aaf/library/alloc/src/boxed.rs:2454:9
[INFO] [stdout]   43:     0x64c6f4ae26bb - std::sys::pal::unix::thread::Thread::new::thread_start::hcc78f3943333fa94
[INFO] [stdout]                                at /rustc/90b35a6239c3d8bdabc530a6a0816f7ff89a0aaf/library/std/src/sys/pal/unix/thread.rs:105:17
[INFO] [stdout]   44:     0x73c7b067eac3 - <unknown>
[INFO] [stdout]   45:     0x73c7b070fa04 - clone
[INFO] [stdout]   46:                0x0 - <unknown>
[INFO] [stdout] 
[INFO] [stdout] 
[INFO] [stdout] failures:
[INFO] [stdout]     tests::it_works
[INFO] [stdout] 
[INFO] [stdout] test result: FAILED. 0 passed; 1 failed; 0 ignored; 0 measured; 0 filtered out; finished in 0.05s
[INFO] [stdout] 
[INFO] [stderr] error: test failed, to rerun pass `-p newsapi --lib`
[INFO] running `Command { std: "docker" "inspect" "63e70e5c613729c60a3f10f269b5a9a89c260664a2747bee84313e44c40ab3dc", kill_on_drop: false }`
[INFO] running `Command { std: "docker" "rm" "-f" "63e70e5c613729c60a3f10f269b5a9a89c260664a2747bee84313e44c40ab3dc", kill_on_drop: false }`
[INFO] [stdout] 63e70e5c613729c60a3f10f269b5a9a89c260664a2747bee84313e44c40ab3dc
