[INFO] cloning repository https://github.com/ethanbarry/lagrange_interpolation
[INFO] running `Command { std: "git" "-c" "credential.helper=" "-c" "credential.helper=/workspace/cargo-home/bin/git-credential-null" "clone" "--bare" "https://github.com/ethanbarry/lagrange_interpolation" "/workspace/cache/git-repos/https%3A%2F%2Fgithub.com%2Fethanbarry%2Flagrange_interpolation", kill_on_drop: false }`
[INFO] [stderr] Cloning into bare repository '/workspace/cache/git-repos/https%3A%2F%2Fgithub.com%2Fethanbarry%2Flagrange_interpolation'...
[INFO] running `Command { std: "git" "rev-parse" "HEAD", kill_on_drop: false }`
[INFO] [stdout] 912152da21bd3542da242bf7437f5b3523959e33
[INFO] testing ethanbarry/lagrange_interpolation against 1.83.0 for beta-1.84.0-4-retry
[INFO] running `Command { std: "git" "clone" "/workspace/cache/git-repos/https%3A%2F%2Fgithub.com%2Fethanbarry%2Flagrange_interpolation" "/workspace/builds/worker-4-tc1/source", kill_on_drop: false }`
[INFO] [stderr] Cloning into '/workspace/builds/worker-4-tc1/source'...
[INFO] [stderr] done.
[INFO] validating manifest of git repo https://github.com/ethanbarry/lagrange_interpolation on toolchain 1.83.0
[INFO] running `Command { std: CARGO_HOME="/workspace/cargo-home" RUSTUP_HOME="/workspace/rustup-home" "/workspace/cargo-home/bin/cargo" "+1.83.0" "metadata" "--manifest-path" "Cargo.toml" "--no-deps", kill_on_drop: false }`
[INFO] started tweaking git repo https://github.com/ethanbarry/lagrange_interpolation
[INFO] finished tweaking git repo https://github.com/ethanbarry/lagrange_interpolation
[INFO] tweaked toml for git repo https://github.com/ethanbarry/lagrange_interpolation written to /workspace/builds/worker-4-tc1/source/Cargo.toml
[INFO] crate git repo https://github.com/ethanbarry/lagrange_interpolation already has a lockfile, it will not be regenerated
[INFO] running `Command { std: CARGO_HOME="/workspace/cargo-home" RUSTUP_HOME="/workspace/rustup-home" "/workspace/cargo-home/bin/cargo" "+1.83.0" "fetch" "--manifest-path" "Cargo.toml", kill_on_drop: false }`
[INFO] [stderr] warning: only one of `license` or `license-file` is necessary
[INFO] [stderr] `license` should be used if the package license can be expressed with a standard SPDX expression.
[INFO] [stderr] `license-file` should be used if the package uses a non-standard license.
[INFO] [stderr] See https://doc.rust-lang.org/cargo/reference/manifest.html#the-license-and-license-file-fields for more information.
[INFO] running `Command { std: "docker" "create" "-v" "/var/lib/crater-agent-workspace/builds/worker-4-tc1/target:/opt/rustwide/target:rw,Z" "-v" "/var/lib/crater-agent-workspace/builds/worker-4-tc1/source:/opt/rustwide/workdir:ro,Z" "-v" "/var/lib/crater-agent-workspace/cargo-home:/opt/rustwide/cargo-home:ro,Z" "-v" "/var/lib/crater-agent-workspace/rustup-home:/opt/rustwide/rustup-home:ro,Z" "-e" "SOURCE_DIR=/opt/rustwide/workdir" "-e" "CARGO_TARGET_DIR=/opt/rustwide/target" "-e" "CARGO_HOME=/opt/rustwide/cargo-home" "-e" "RUSTUP_HOME=/opt/rustwide/rustup-home" "-w" "/opt/rustwide/workdir" "-m" "1610612736" "--user" "0:0" "--network" "none" "ghcr.io/rust-lang/crates-build-env/linux@sha256:f3a9d4ad9d972b27faf3965f35b62e55ba32bbce8f20bc8fe909558a86702fde" "/opt/rustwide/cargo-home/bin/cargo" "+1.83.0" "metadata" "--no-deps" "--format-version=1", kill_on_drop: false }`
[INFO] [stdout] 0df3e2658e2de6ff3992acd106b3a2839273de11b491981a9002b2191645a720
[INFO] running `Command { std: "docker" "start" "-a" "0df3e2658e2de6ff3992acd106b3a2839273de11b491981a9002b2191645a720", kill_on_drop: false }`
[INFO] running `Command { std: "docker" "inspect" "0df3e2658e2de6ff3992acd106b3a2839273de11b491981a9002b2191645a720", kill_on_drop: false }`
[INFO] running `Command { std: "docker" "rm" "-f" "0df3e2658e2de6ff3992acd106b3a2839273de11b491981a9002b2191645a720", kill_on_drop: false }`
[INFO] [stdout] 0df3e2658e2de6ff3992acd106b3a2839273de11b491981a9002b2191645a720
[INFO] running `Command { std: "docker" "create" "-v" "/var/lib/crater-agent-workspace/builds/worker-4-tc1/target:/opt/rustwide/target:rw,Z" "-v" "/var/lib/crater-agent-workspace/builds/worker-4-tc1/source:/opt/rustwide/workdir:ro,Z" "-v" "/var/lib/crater-agent-workspace/cargo-home:/opt/rustwide/cargo-home:ro,Z" "-v" "/var/lib/crater-agent-workspace/rustup-home:/opt/rustwide/rustup-home:ro,Z" "-e" "SOURCE_DIR=/opt/rustwide/workdir" "-e" "CARGO_TARGET_DIR=/opt/rustwide/target" "-e" "CARGO_INCREMENTAL=0" "-e" "RUST_BACKTRACE=full" "-e" "RUSTFLAGS=--cap-lints=warn" "-e" "RUSTDOCFLAGS=--cap-lints=warn" "-e" "CARGO_HOME=/opt/rustwide/cargo-home" "-e" "RUSTUP_HOME=/opt/rustwide/rustup-home" "-w" "/opt/rustwide/workdir" "-m" "1610612736" "--user" "0:0" "--network" "none" "ghcr.io/rust-lang/crates-build-env/linux@sha256:f3a9d4ad9d972b27faf3965f35b62e55ba32bbce8f20bc8fe909558a86702fde" "/opt/rustwide/cargo-home/bin/cargo" "+1.83.0" "build" "--frozen" "--message-format=json", kill_on_drop: false }`
[INFO] [stdout] 24ee4b52a7ecb0ed10f7b12c8d619e73212e5895ecde34fdde9526ce19a3b464
[INFO] running `Command { std: "docker" "start" "-a" "24ee4b52a7ecb0ed10f7b12c8d619e73212e5895ecde34fdde9526ce19a3b464", kill_on_drop: false }`
[INFO] [stderr] warning: only one of `license` or `license-file` is necessary
[INFO] [stderr] `license` should be used if the package license can be expressed with a standard SPDX expression.
[INFO] [stderr] `license-file` should be used if the package uses a non-standard license.
[INFO] [stderr] See https://doc.rust-lang.org/cargo/reference/manifest.html#the-license-and-license-file-fields for more information.
[INFO] [stderr]    Compiling lagrangian_interpolation v0.1.1 (/opt/rustwide/workdir)
[INFO] [stderr]     Finished `dev` profile [unoptimized + debuginfo] target(s) in 0.18s
[INFO] running `Command { std: "docker" "inspect" "24ee4b52a7ecb0ed10f7b12c8d619e73212e5895ecde34fdde9526ce19a3b464", kill_on_drop: false }`
[INFO] running `Command { std: "docker" "rm" "-f" "24ee4b52a7ecb0ed10f7b12c8d619e73212e5895ecde34fdde9526ce19a3b464", kill_on_drop: false }`
[INFO] [stdout] 24ee4b52a7ecb0ed10f7b12c8d619e73212e5895ecde34fdde9526ce19a3b464
[INFO] running `Command { std: "docker" "create" "-v" "/var/lib/crater-agent-workspace/builds/worker-4-tc1/target:/opt/rustwide/target:rw,Z" "-v" "/var/lib/crater-agent-workspace/builds/worker-4-tc1/source:/opt/rustwide/workdir:ro,Z" "-v" "/var/lib/crater-agent-workspace/cargo-home:/opt/rustwide/cargo-home:ro,Z" "-v" "/var/lib/crater-agent-workspace/rustup-home:/opt/rustwide/rustup-home:ro,Z" "-e" "SOURCE_DIR=/opt/rustwide/workdir" "-e" "CARGO_TARGET_DIR=/opt/rustwide/target" "-e" "CARGO_INCREMENTAL=0" "-e" "RUST_BACKTRACE=full" "-e" "RUSTFLAGS=--cap-lints=warn" "-e" "RUSTDOCFLAGS=--cap-lints=warn" "-e" "CARGO_HOME=/opt/rustwide/cargo-home" "-e" "RUSTUP_HOME=/opt/rustwide/rustup-home" "-w" "/opt/rustwide/workdir" "-m" "1610612736" "--user" "0:0" "--network" "none" "ghcr.io/rust-lang/crates-build-env/linux@sha256:f3a9d4ad9d972b27faf3965f35b62e55ba32bbce8f20bc8fe909558a86702fde" "/opt/rustwide/cargo-home/bin/cargo" "+1.83.0" "test" "--frozen" "--no-run" "--message-format=json", kill_on_drop: false }`
[INFO] [stdout] e8c0298501dfdbb09566718e38e587d6b6d18b59f2aaf1008fc1c87bdd03a011
[INFO] running `Command { std: "docker" "start" "-a" "e8c0298501dfdbb09566718e38e587d6b6d18b59f2aaf1008fc1c87bdd03a011", kill_on_drop: false }`
[INFO] [stderr] warning: only one of `license` or `license-file` is necessary
[INFO] [stderr] `license` should be used if the package license can be expressed with a standard SPDX expression.
[INFO] [stderr] `license-file` should be used if the package uses a non-standard license.
[INFO] [stderr] See https://doc.rust-lang.org/cargo/reference/manifest.html#the-license-and-license-file-fields for more information.
[INFO] [stderr]    Compiling lagrangian_interpolation v0.1.1 (/opt/rustwide/workdir)
[INFO] [stderr]     Finished `test` profile [unoptimized + debuginfo] target(s) in 0.57s
[INFO] running `Command { std: "docker" "inspect" "e8c0298501dfdbb09566718e38e587d6b6d18b59f2aaf1008fc1c87bdd03a011", kill_on_drop: false }`
[INFO] running `Command { std: "docker" "rm" "-f" "e8c0298501dfdbb09566718e38e587d6b6d18b59f2aaf1008fc1c87bdd03a011", kill_on_drop: false }`
[INFO] [stdout] e8c0298501dfdbb09566718e38e587d6b6d18b59f2aaf1008fc1c87bdd03a011
[INFO] running `Command { std: "docker" "create" "-v" "/var/lib/crater-agent-workspace/builds/worker-4-tc1/target:/opt/rustwide/target:rw,Z" "-v" "/var/lib/crater-agent-workspace/builds/worker-4-tc1/source:/opt/rustwide/workdir:ro,Z" "-v" "/var/lib/crater-agent-workspace/cargo-home:/opt/rustwide/cargo-home:ro,Z" "-v" "/var/lib/crater-agent-workspace/rustup-home:/opt/rustwide/rustup-home:ro,Z" "-e" "SOURCE_DIR=/opt/rustwide/workdir" "-e" "CARGO_TARGET_DIR=/opt/rustwide/target" "-e" "CARGO_INCREMENTAL=0" "-e" "RUST_BACKTRACE=full" "-e" "RUSTFLAGS=--cap-lints=warn" "-e" "RUSTDOCFLAGS=--cap-lints=warn" "-e" "CARGO_HOME=/opt/rustwide/cargo-home" "-e" "RUSTUP_HOME=/opt/rustwide/rustup-home" "-w" "/opt/rustwide/workdir" "-m" "1610612736" "--user" "0:0" "--network" "none" "ghcr.io/rust-lang/crates-build-env/linux@sha256:f3a9d4ad9d972b27faf3965f35b62e55ba32bbce8f20bc8fe909558a86702fde" "/opt/rustwide/cargo-home/bin/cargo" "+1.83.0" "test" "--frozen", kill_on_drop: false }`
[INFO] [stdout] 67c48db42fe5b8f8123c943cdb0ce9de41943b4d2d0769b89d98bd681c8e33cf
[INFO] running `Command { std: "docker" "start" "-a" "67c48db42fe5b8f8123c943cdb0ce9de41943b4d2d0769b89d98bd681c8e33cf", kill_on_drop: false }`
[INFO] [stderr] warning: only one of `license` or `license-file` is necessary
[INFO] [stderr] `license` should be used if the package license can be expressed with a standard SPDX expression.
[INFO] [stderr] `license-file` should be used if the package uses a non-standard license.
[INFO] [stderr] See https://doc.rust-lang.org/cargo/reference/manifest.html#the-license-and-license-file-fields for more information.
[INFO] [stderr]     Finished `test` profile [unoptimized + debuginfo] target(s) in 0.03s
[INFO] [stderr]      Running unittests src/lib.rs (/opt/rustwide/target/debug/deps/lagrangian_interpolation-80ccfe7c403a4f6e)
[INFO] [stdout] 
[INFO] [stdout] running 2 tests
[INFO] [stdout] test tests::interpolate_sin ... ok
[INFO] [stderr]    Doc-tests lagrangian_interpolation
[INFO] [stdout] test tests::extrapolate_sin - should panic ... ok
[INFO] [stdout] 
[INFO] [stdout] test result: ok. 2 passed; 0 failed; 0 ignored; 0 measured; 0 filtered out; finished in 0.05s
[INFO] [stdout] 
[INFO] [stdout] 
[INFO] [stdout] running 1 test
[INFO] [stdout] test src/lib.rs - lagrange_interpolate (line 17) ... FAILED
[INFO] [stdout] 
[INFO] [stdout] failures:
[INFO] [stdout] 
[INFO] [stdout] ---- src/lib.rs - lagrange_interpolate (line 17) stdout ----
[INFO] [stdout] error[E0432]: unresolved import `lagrange_interpolation`
[INFO] [stdout]  --> src/lib.rs:18:5
[INFO] [stdout]   |
[INFO] [stdout] 3 | use lagrange_interpolation::lagrange_interpolate;
[INFO] [stdout]   |     ^^^^^^^^^^^^^^^^^^^^^^ use of undeclared crate or module `lagrange_interpolation`
[INFO] [stdout]   |
[INFO] [stdout] help: there is a crate or module with a similar name
[INFO] [stdout]   |
[INFO] [stdout] 3 | use lagrangian_interpolation::lagrange_interpolate;
[INFO] [stdout]   |     ~~~~~~~~~~~~~~~~~~~~~~~~
[INFO] [stdout] 
[INFO] [stdout] error: aborting due to 1 previous error
[INFO] [stdout] 
[INFO] [stdout] For more information about this error, try `rustc --explain E0432`.
[INFO] [stdout] Couldn't compile the test.
[INFO] [stdout] 
[INFO] [stdout] failures:
[INFO] [stdout]     src/lib.rs - lagrange_interpolate (line 17)
[INFO] [stdout] 
[INFO] [stdout] test result: FAILED. 0 passed; 1 failed; 0 ignored; 0 measured; 0 filtered out; finished in 0.09s
[INFO] [stdout] 
[INFO] [stderr] error: doctest failed, to rerun pass `--doc`
[INFO] running `Command { std: "docker" "inspect" "67c48db42fe5b8f8123c943cdb0ce9de41943b4d2d0769b89d98bd681c8e33cf", kill_on_drop: false }`
[INFO] running `Command { std: "docker" "rm" "-f" "67c48db42fe5b8f8123c943cdb0ce9de41943b4d2d0769b89d98bd681c8e33cf", kill_on_drop: false }`
[INFO] [stdout] 67c48db42fe5b8f8123c943cdb0ce9de41943b4d2d0769b89d98bd681c8e33cf
