[INFO] cloning repository https://github.com/estemedu/Astro-Marketplace-Contract
[INFO] running `Command { std: "git" "-c" "credential.helper=" "-c" "credential.helper=/workspace/cargo-home/bin/git-credential-null" "clone" "--bare" "https://github.com/estemedu/Astro-Marketplace-Contract" "/workspace/cache/git-repos/https%3A%2F%2Fgithub.com%2Festemedu%2FAstro-Marketplace-Contract", kill_on_drop: false }`
[INFO] [stderr] Cloning into bare repository '/workspace/cache/git-repos/https%3A%2F%2Fgithub.com%2Festemedu%2FAstro-Marketplace-Contract'...
[INFO] running `Command { std: "git" "rev-parse" "HEAD", kill_on_drop: false }`
[INFO] [stdout] 8b1c7db106d62b17aab83400051aaaf8dbc631d3
[INFO] testing estemedu/Astro-Marketplace-Contract against 1.83.0 for beta-1.84.0-4-retry
[INFO] running `Command { std: "git" "clone" "/workspace/cache/git-repos/https%3A%2F%2Fgithub.com%2Festemedu%2FAstro-Marketplace-Contract" "/workspace/builds/worker-7-tc1/source", kill_on_drop: false }`
[INFO] [stderr] Cloning into '/workspace/builds/worker-7-tc1/source'...
[INFO] [stderr] done.
[INFO] validating manifest of git repo https://github.com/estemedu/Astro-Marketplace-Contract on toolchain 1.83.0
[INFO] running `Command { std: CARGO_HOME="/workspace/cargo-home" RUSTUP_HOME="/workspace/rustup-home" "/workspace/cargo-home/bin/cargo" "+1.83.0" "metadata" "--manifest-path" "Cargo.toml" "--no-deps", kill_on_drop: false }`
[INFO] started tweaking git repo https://github.com/estemedu/Astro-Marketplace-Contract
[INFO] finished tweaking git repo https://github.com/estemedu/Astro-Marketplace-Contract
[INFO] tweaked toml for git repo https://github.com/estemedu/Astro-Marketplace-Contract written to /workspace/builds/worker-7-tc1/source/Cargo.toml
[INFO] crate git repo https://github.com/estemedu/Astro-Marketplace-Contract already has a lockfile, it will not be regenerated
[INFO] running `Command { std: CARGO_HOME="/workspace/cargo-home" RUSTUP_HOME="/workspace/rustup-home" "/workspace/cargo-home/bin/cargo" "+1.83.0" "fetch" "--manifest-path" "Cargo.toml", kill_on_drop: false }`
[INFO] [stderr] warning: profiles for the non root package will be ignored, specify profiles at the workspace root:
[INFO] [stderr] package:   /workspace/builds/worker-7-tc1/source/programs/Astro_Marketplace/Cargo.toml
[INFO] [stderr] workspace: /workspace/builds/worker-7-tc1/source/Cargo.toml
[INFO] [stderr] warning: virtual workspace defaulting to `resolver = "1"` despite one or more workspace members being on edition 2021 which implies `resolver = "2"`
[INFO] [stderr] note: to keep the current resolver, specify `workspace.resolver = "1"` in the workspace root's manifest
[INFO] [stderr] note: to use the edition 2021 resolver, specify `workspace.resolver = "2"` in the workspace root's manifest
[INFO] [stderr] note: for more details see https://doc.rust-lang.org/cargo/reference/resolver.html#resolver-versions
[INFO] running `Command { std: "docker" "create" "-v" "/var/lib/crater-agent-workspace/builds/worker-7-tc1/target:/opt/rustwide/target:rw,Z" "-v" "/var/lib/crater-agent-workspace/builds/worker-7-tc1/source:/opt/rustwide/workdir:ro,Z" "-v" "/var/lib/crater-agent-workspace/cargo-home:/opt/rustwide/cargo-home:ro,Z" "-v" "/var/lib/crater-agent-workspace/rustup-home:/opt/rustwide/rustup-home:ro,Z" "-e" "SOURCE_DIR=/opt/rustwide/workdir" "-e" "CARGO_TARGET_DIR=/opt/rustwide/target" "-e" "CARGO_HOME=/opt/rustwide/cargo-home" "-e" "RUSTUP_HOME=/opt/rustwide/rustup-home" "-w" "/opt/rustwide/workdir" "-m" "1610612736" "--user" "0:0" "--network" "none" "ghcr.io/rust-lang/crates-build-env/linux@sha256:f3a9d4ad9d972b27faf3965f35b62e55ba32bbce8f20bc8fe909558a86702fde" "/opt/rustwide/cargo-home/bin/cargo" "+1.83.0" "metadata" "--no-deps" "--format-version=1", kill_on_drop: false }`
[INFO] [stdout] 439c3c622bb7f8362b2a25f568a1a05c479f87c9ca315f23f954051d3fa1a759
[INFO] running `Command { std: "docker" "start" "-a" "439c3c622bb7f8362b2a25f568a1a05c479f87c9ca315f23f954051d3fa1a759", kill_on_drop: false }`
[INFO] running `Command { std: "docker" "inspect" "439c3c622bb7f8362b2a25f568a1a05c479f87c9ca315f23f954051d3fa1a759", kill_on_drop: false }`
[INFO] running `Command { std: "docker" "rm" "-f" "439c3c622bb7f8362b2a25f568a1a05c479f87c9ca315f23f954051d3fa1a759", kill_on_drop: false }`
[INFO] [stdout] 439c3c622bb7f8362b2a25f568a1a05c479f87c9ca315f23f954051d3fa1a759
[INFO] running `Command { std: "docker" "create" "-v" "/var/lib/crater-agent-workspace/builds/worker-7-tc1/target:/opt/rustwide/target:rw,Z" "-v" "/var/lib/crater-agent-workspace/builds/worker-7-tc1/source:/opt/rustwide/workdir:ro,Z" "-v" "/var/lib/crater-agent-workspace/cargo-home:/opt/rustwide/cargo-home:ro,Z" "-v" "/var/lib/crater-agent-workspace/rustup-home:/opt/rustwide/rustup-home:ro,Z" "-e" "SOURCE_DIR=/opt/rustwide/workdir" "-e" "CARGO_TARGET_DIR=/opt/rustwide/target" "-e" "CARGO_INCREMENTAL=0" "-e" "RUST_BACKTRACE=full" "-e" "RUSTFLAGS=--cap-lints=warn" "-e" "RUSTDOCFLAGS=--cap-lints=warn" "-e" "CARGO_HOME=/opt/rustwide/cargo-home" "-e" "RUSTUP_HOME=/opt/rustwide/rustup-home" "-w" "/opt/rustwide/workdir" "-m" "1610612736" "--user" "0:0" "--network" "none" "ghcr.io/rust-lang/crates-build-env/linux@sha256:f3a9d4ad9d972b27faf3965f35b62e55ba32bbce8f20bc8fe909558a86702fde" "/opt/rustwide/cargo-home/bin/cargo" "+1.83.0" "build" "--frozen" "--message-format=json", kill_on_drop: false }`
[INFO] [stdout] fb2e8a82356739d6c39ab198b647ec86611cb3eea8932c51bcecad72b8025b31
[INFO] running `Command { std: "docker" "start" "-a" "fb2e8a82356739d6c39ab198b647ec86611cb3eea8932c51bcecad72b8025b31", kill_on_drop: false }`
[INFO] [stderr] warning: profiles for the non root package will be ignored, specify profiles at the workspace root:
[INFO] [stderr] package:   /opt/rustwide/workdir/programs/Astro_Marketplace/Cargo.toml
[INFO] [stderr] workspace: /opt/rustwide/workdir/Cargo.toml
[INFO] [stderr] warning: virtual workspace defaulting to `resolver = "1"` despite one or more workspace members being on edition 2021 which implies `resolver = "2"`
[INFO] [stderr] note: to keep the current resolver, specify `workspace.resolver = "1"` in the workspace root's manifest
[INFO] [stderr] note: to use the edition 2021 resolver, specify `workspace.resolver = "2"` in the workspace root's manifest
[INFO] [stderr] note: for more details see https://doc.rust-lang.org/cargo/reference/resolver.html#resolver-versions
[INFO] [stderr]    Compiling proc-macro2 v1.0.38
[INFO] [stderr]    Compiling unicode-xid v0.2.3
[INFO] [stderr]    Compiling syn v1.0.93
[INFO] [stderr]    Compiling serde_derive v1.0.137
[INFO] [stderr]    Compiling serde v1.0.137
[INFO] [stderr]    Compiling version_check v0.9.4
[INFO] [stderr]    Compiling typenum v1.15.0
[INFO] [stderr]    Compiling cfg-if v1.0.0
[INFO] [stderr]    Compiling libc v0.2.125
[INFO] [stderr]    Compiling block-padding v0.2.1
[INFO] [stderr]    Compiling opaque-debug v0.3.0
[INFO] [stderr]    Compiling cpufeatures v0.2.2
[INFO] [stderr]    Compiling subtle v2.4.1
[INFO] [stderr]    Compiling semver v1.0.9
[INFO] [stderr]    Compiling log v0.4.17
[INFO] [stderr]    Compiling memchr v2.5.0
[INFO] [stderr]    Compiling crunchy v0.2.2
[INFO] [stderr]    Compiling anyhow v1.0.57
[INFO] [stderr]    Compiling getrandom v0.1.16
[INFO] [stderr]    Compiling serde_json v1.0.81
[INFO] [stderr]    Compiling wasm-bindgen-shared v0.2.80
[INFO] [stderr]    Compiling unicode-segmentation v1.9.0
[INFO] [stderr]    Compiling ryu v1.0.9
[INFO] [stderr]    Compiling lazy_static v1.4.0
[INFO] [stderr]    Compiling yansi v0.5.1
[INFO] [stderr]    Compiling generic-array v0.14.5
[INFO] [stderr]    Compiling proc-macro2-diagnostics v0.9.1
[INFO] [stderr]    Compiling itoa v1.0.1
[INFO] [stderr]    Compiling bs58 v0.3.1
[INFO] [stderr]    Compiling regex-syntax v0.6.25
[INFO] [stderr]    Compiling ahash v0.7.6
[INFO] [stderr]    Compiling rustversion v1.0.6
[INFO] [stderr]    Compiling bumpalo v3.9.1
[INFO] [stderr]    Compiling heck v0.3.3
[INFO] [stderr]    Compiling feature-probe v0.1.1
[INFO] [stderr]    Compiling termcolor v1.1.3
[INFO] [stderr]    Compiling bs58 v0.4.0
[INFO] [stderr]    Compiling rustc_version v0.4.0
[INFO] [stderr]    Compiling cc v1.0.73
[INFO] [stderr]    Compiling humantime v2.1.0
[INFO] [stderr]    Compiling autocfg v1.1.0
[INFO] [stderr]    Compiling ppv-lite86 v0.2.16
[INFO] [stderr]    Compiling bv v0.11.1
[INFO] [stderr]    Compiling once_cell v1.10.0
[INFO] [stderr]    Compiling arrayref v0.3.6
[INFO] [stderr]    Compiling wasm-bindgen v0.2.80
[INFO] [stderr]    Compiling byteorder v1.4.3
[INFO] [stderr]    Compiling atty v0.2.14
[INFO] [stderr]    Compiling rand_core v0.5.1
[INFO] [stderr]    Compiling getrandom v0.2.6
[INFO] [stderr]    Compiling solana-frozen-abi-macro v1.9.21
[INFO] [stderr]    Compiling solana-frozen-abi v1.9.21
[INFO] [stderr]    Compiling quote v1.0.18
[INFO] [stderr]    Compiling aho-corasick v0.7.18
[INFO] [stderr]    Compiling solana-program v1.9.21
[INFO] [stderr]    Compiling num-traits v0.2.15
[INFO] [stderr]    Compiling rand_chacha v0.2.2
[INFO] [stderr]    Compiling memmap2 v0.5.3
[INFO] [stderr]    Compiling keccak v0.1.0
[INFO] [stderr]    Compiling either v1.6.1
[INFO] [stderr]    Compiling rand v0.7.3
[INFO] [stderr]    Compiling hashbrown v0.11.2
[INFO] [stderr]    Compiling constant_time_eq v0.1.5
[INFO] [stderr]    Compiling zeroize v1.3.0
[INFO] [stderr]    Compiling arrayvec v0.7.2
[INFO] [stderr]    Compiling base64 v0.12.3
[INFO] [stderr]    Compiling itertools v0.10.3
[INFO] [stderr]    Compiling bitflags v1.3.2
[INFO] [stderr]    Compiling base64 v0.13.0
[INFO] [stderr]    Compiling blake3 v1.3.1
[INFO] [stderr]    Compiling regex v1.5.5
[INFO] [stderr]    Compiling env_logger v0.9.0
[INFO] [stderr]    Compiling solana-logger v1.9.21
[INFO] [stderr]    Compiling wasm-bindgen-backend v0.2.80
[INFO] [stderr]    Compiling borsh-schema-derive-internal v0.9.3
[INFO] [stderr]    Compiling borsh-derive-internal v0.9.3
[INFO] [stderr]    Compiling thiserror-impl v1.0.31
[INFO] [stderr]    Compiling bytemuck_derive v1.1.0
[INFO] [stderr]    Compiling num-derive v0.3.3
[INFO] [stderr]    Compiling solana-sdk-macro v1.9.21
[INFO] [stderr]    Compiling wasm-bindgen-macro-support v0.2.80
[INFO] [stderr]    Compiling wasm-bindgen-macro v0.2.80
[INFO] [stderr]    Compiling bytemuck v1.9.1
[INFO] [stderr]    Compiling thiserror v1.0.31
[INFO] [stderr]    Compiling toml v0.5.9
[INFO] [stderr]    Compiling bincode v1.3.3
[INFO] [stderr]    Compiling serde_bytes v0.11.6
[INFO] [stderr]    Compiling digest v0.9.0
[INFO] [stderr]    Compiling block-buffer v0.9.0
[INFO] [stderr]    Compiling crypto-mac v0.8.0
[INFO] [stderr]    Compiling block-buffer v0.10.2
[INFO] [stderr]    Compiling crypto-common v0.1.3
[INFO] [stderr]    Compiling digest v0.10.3
[INFO] [stderr]    Compiling sha2 v0.9.9
[INFO] [stderr]    Compiling libsecp256k1-core v0.2.2
[INFO] [stderr]    Compiling hmac v0.8.1
[INFO] [stderr]    Compiling sha3 v0.9.1
[INFO] [stderr]    Compiling curve25519-dalek v3.2.1
[INFO] [stderr]    Compiling hmac-drbg v0.3.0
[INFO] [stderr]    Compiling anchor-syn v0.24.2
[INFO] [stderr]    Compiling proc-macro-crate v0.1.5
[INFO] [stderr]    Compiling proc-macro-crate v1.1.3
[INFO] [stderr]    Compiling borsh-derive v0.9.3
[INFO] [stderr]    Compiling num_enum_derive v0.5.7
[INFO] [stderr]    Compiling libsecp256k1-gen-genmult v0.2.1
[INFO] [stderr]    Compiling libsecp256k1-gen-ecmult v0.2.1
[INFO] [stderr]    Compiling libsecp256k1 v0.6.0
[INFO] [stderr]    Compiling borsh v0.9.3
[INFO] [stderr]    Compiling num_enum v0.5.7
[INFO] [stderr]    Compiling anchor-attribute-event v0.24.2
[INFO] [stderr]    Compiling anchor-attribute-interface v0.24.2
[INFO] [stderr]    Compiling anchor-attribute-state v0.24.2
[INFO] [stderr]    Compiling anchor-attribute-access-control v0.24.2
[INFO] [stderr]    Compiling anchor-attribute-error v0.24.2
[INFO] [stderr]    Compiling anchor-attribute-account v0.24.2
[INFO] [stderr]    Compiling anchor-attribute-constant v0.24.2
[INFO] [stderr]    Compiling anchor-attribute-program v0.24.2
[INFO] [stderr]    Compiling anchor-derive-accounts v0.24.2
[INFO] [stderr]    Compiling spl-token v3.3.0
[INFO] [stderr]    Compiling anchor-lang v0.24.2
[INFO] [stderr]    Compiling metaplex-token-vault v0.0.1
[INFO] [stderr]    Compiling spl-associated-token-account v1.0.5
[INFO] [stderr]    Compiling anchor-spl v0.24.2
[INFO] [stderr]    Compiling metaplex-token-metadata v0.0.1
[INFO] [stderr]    Compiling Astro_Marketplace v0.1.0 (/opt/rustwide/workdir/programs/Astro_Marketplace)
[INFO] [stderr]     Finished `dev` profile [unoptimized + debuginfo] target(s) in 48.16s
[INFO] [stderr] warning: the following packages contain code that will be rejected by a future version of Rust: wasm-bindgen v0.2.80
[INFO] [stderr] note: to see what the problems were, use the option `--future-incompat-report`, or run `cargo report future-incompatibilities --id 1`
[INFO] running `Command { std: "docker" "inspect" "fb2e8a82356739d6c39ab198b647ec86611cb3eea8932c51bcecad72b8025b31", kill_on_drop: false }`
[INFO] running `Command { std: "docker" "rm" "-f" "fb2e8a82356739d6c39ab198b647ec86611cb3eea8932c51bcecad72b8025b31", kill_on_drop: false }`
[INFO] [stdout] fb2e8a82356739d6c39ab198b647ec86611cb3eea8932c51bcecad72b8025b31
[INFO] running `Command { std: "docker" "create" "-v" "/var/lib/crater-agent-workspace/builds/worker-7-tc1/target:/opt/rustwide/target:rw,Z" "-v" "/var/lib/crater-agent-workspace/builds/worker-7-tc1/source:/opt/rustwide/workdir:ro,Z" "-v" "/var/lib/crater-agent-workspace/cargo-home:/opt/rustwide/cargo-home:ro,Z" "-v" "/var/lib/crater-agent-workspace/rustup-home:/opt/rustwide/rustup-home:ro,Z" "-e" "SOURCE_DIR=/opt/rustwide/workdir" "-e" "CARGO_TARGET_DIR=/opt/rustwide/target" "-e" "CARGO_INCREMENTAL=0" "-e" "RUST_BACKTRACE=full" "-e" "RUSTFLAGS=--cap-lints=warn" "-e" "RUSTDOCFLAGS=--cap-lints=warn" "-e" "CARGO_HOME=/opt/rustwide/cargo-home" "-e" "RUSTUP_HOME=/opt/rustwide/rustup-home" "-w" "/opt/rustwide/workdir" "-m" "1610612736" "--user" "0:0" "--network" "none" "ghcr.io/rust-lang/crates-build-env/linux@sha256:f3a9d4ad9d972b27faf3965f35b62e55ba32bbce8f20bc8fe909558a86702fde" "/opt/rustwide/cargo-home/bin/cargo" "+1.83.0" "test" "--frozen" "--no-run" "--message-format=json", kill_on_drop: false }`
[INFO] [stdout] 06c9356fe5a7c3b93088d227aafec8750099352783a6f4a895b89670c94c06ca
[INFO] running `Command { std: "docker" "start" "-a" "06c9356fe5a7c3b93088d227aafec8750099352783a6f4a895b89670c94c06ca", kill_on_drop: false }`
[INFO] [stderr] warning: profiles for the non root package will be ignored, specify profiles at the workspace root:
[INFO] [stderr] package:   /opt/rustwide/workdir/programs/Astro_Marketplace/Cargo.toml
[INFO] [stderr] workspace: /opt/rustwide/workdir/Cargo.toml
[INFO] [stderr] warning: virtual workspace defaulting to `resolver = "1"` despite one or more workspace members being on edition 2021 which implies `resolver = "2"`
[INFO] [stderr] note: to keep the current resolver, specify `workspace.resolver = "1"` in the workspace root's manifest
[INFO] [stderr] note: to use the edition 2021 resolver, specify `workspace.resolver = "2"` in the workspace root's manifest
[INFO] [stderr] note: for more details see https://doc.rust-lang.org/cargo/reference/resolver.html#resolver-versions
[INFO] [stderr]    Compiling Astro_Marketplace v0.1.0 (/opt/rustwide/workdir/programs/Astro_Marketplace)
[INFO] [stderr]     Finished `test` profile [unoptimized + debuginfo] target(s) in 3.37s
[INFO] [stderr] warning: the following packages contain code that will be rejected by a future version of Rust: wasm-bindgen v0.2.80
[INFO] [stderr] note: to see what the problems were, use the option `--future-incompat-report`, or run `cargo report future-incompatibilities --id 1`
[INFO] running `Command { std: "docker" "inspect" "06c9356fe5a7c3b93088d227aafec8750099352783a6f4a895b89670c94c06ca", kill_on_drop: false }`
[INFO] running `Command { std: "docker" "rm" "-f" "06c9356fe5a7c3b93088d227aafec8750099352783a6f4a895b89670c94c06ca", kill_on_drop: false }`
[INFO] [stdout] 06c9356fe5a7c3b93088d227aafec8750099352783a6f4a895b89670c94c06ca
[INFO] running `Command { std: "docker" "create" "-v" "/var/lib/crater-agent-workspace/builds/worker-7-tc1/target:/opt/rustwide/target:rw,Z" "-v" "/var/lib/crater-agent-workspace/builds/worker-7-tc1/source:/opt/rustwide/workdir:ro,Z" "-v" "/var/lib/crater-agent-workspace/cargo-home:/opt/rustwide/cargo-home:ro,Z" "-v" "/var/lib/crater-agent-workspace/rustup-home:/opt/rustwide/rustup-home:ro,Z" "-e" "SOURCE_DIR=/opt/rustwide/workdir" "-e" "CARGO_TARGET_DIR=/opt/rustwide/target" "-e" "CARGO_INCREMENTAL=0" "-e" "RUST_BACKTRACE=full" "-e" "RUSTFLAGS=--cap-lints=warn" "-e" "RUSTDOCFLAGS=--cap-lints=warn" "-e" "CARGO_HOME=/opt/rustwide/cargo-home" "-e" "RUSTUP_HOME=/opt/rustwide/rustup-home" "-w" "/opt/rustwide/workdir" "-m" "1610612736" "--user" "0:0" "--network" "none" "ghcr.io/rust-lang/crates-build-env/linux@sha256:f3a9d4ad9d972b27faf3965f35b62e55ba32bbce8f20bc8fe909558a86702fde" "/opt/rustwide/cargo-home/bin/cargo" "+1.83.0" "test" "--frozen", kill_on_drop: false }`
[INFO] [stdout] d5cfe59479ddd2949523b81325f371bdfc8aaf7c95a548f472b6d961a8a19817
[INFO] running `Command { std: "docker" "start" "-a" "d5cfe59479ddd2949523b81325f371bdfc8aaf7c95a548f472b6d961a8a19817", kill_on_drop: false }`
[INFO] [stderr] warning: profiles for the non root package will be ignored, specify profiles at the workspace root:
[INFO] [stderr] package:   /opt/rustwide/workdir/programs/Astro_Marketplace/Cargo.toml
[INFO] [stderr] workspace: /opt/rustwide/workdir/Cargo.toml
[INFO] [stderr] warning: virtual workspace defaulting to `resolver = "1"` despite one or more workspace members being on edition 2021 which implies `resolver = "2"`
[INFO] [stderr] note: to keep the current resolver, specify `workspace.resolver = "1"` in the workspace root's manifest
[INFO] [stderr] note: to use the edition 2021 resolver, specify `workspace.resolver = "2"` in the workspace root's manifest
[INFO] [stderr] note: for more details see https://doc.rust-lang.org/cargo/reference/resolver.html#resolver-versions
[INFO] [stderr]     Finished `test` profile [unoptimized + debuginfo] target(s) in 0.14s
[INFO] [stderr] warning: the following packages contain code that will be rejected by a future version of Rust: wasm-bindgen v0.2.80
[INFO] [stderr] note: to see what the problems were, use the option `--future-incompat-report`, or run `cargo report future-incompatibilities --id 1`
[INFO] [stderr]      Running unittests src/lib.rs (/opt/rustwide/target/debug/deps/astro_marketplace-26115423e648b22f)
[INFO] [stdout] 
[INFO] [stdout] running 1 test
[INFO] [stdout] test test_id ... ok
[INFO] [stdout] 
[INFO] [stdout] test result: ok. 1 passed; 0 failed; 0 ignored; 0 measured; 0 filtered out; finished in 0.00s
[INFO] [stdout] 
[INFO] [stderr]    Doc-tests astro_marketplace
[INFO] [stdout] 
[INFO] [stdout] running 40 tests
[INFO] [stdout] test programs/Astro_Marketplace/src/lib.rs - astro_marketplace::accept_offer (line 1179) ... FAILED
[INFO] [stdout] test programs/Astro_Marketplace/src/lib.rs - astro_marketplace::create_auction (line 1593) ... FAILED
[INFO] [stdout] test programs/Astro_Marketplace/src/lib.rs - astro_marketplace::create_auction (line 1595) ... FAILED
[INFO] [stdout] test programs/Astro_Marketplace/src/lib.rs - astro_marketplace::delist_nft (line 361) ... FAILED
[INFO] [stdout] test programs/Astro_Marketplace/src/lib.rs - astro_marketplace::accept_offer (line 1180) ... FAILED
[INFO] [stdout] test programs/Astro_Marketplace/src/lib.rs - astro_marketplace::create_auction (line 1597) ... FAILED
[INFO] [stdout] test programs/Astro_Marketplace/src/lib.rs - astro_marketplace::accept_offer (line 1178) ... FAILED
[INFO] [stdout] test programs/Astro_Marketplace/src/lib.rs - astro_marketplace::accept_offer (line 1177) ... FAILED
[INFO] [stdout] test programs/Astro_Marketplace/src/lib.rs - astro_marketplace::create_auction (line 1594) ... FAILED
[INFO] [stdout] test programs/Astro_Marketplace/src/lib.rs - astro_marketplace::cancel_auction (line 2132) ... FAILED
[INFO] [stdout] test programs/Astro_Marketplace/src/lib.rs - astro_marketplace::deposit_to_escrow (line 740) ... FAILED
[INFO] [stdout] test programs/Astro_Marketplace/src/lib.rs - astro_marketplace::create_auction (line 1596) ... FAILED
[INFO] [stdout] test programs/Astro_Marketplace/src/lib.rs - astro_marketplace::accept_offer (line 1176) ... FAILED
[INFO] [stdout] test programs/Astro_Marketplace/src/lib.rs - astro_marketplace::deposit_to_escrow (line 741) ... FAILED
[INFO] [stdout] test programs/Astro_Marketplace/src/lib.rs - astro_marketplace::add_team_treasury (line 98) ... FAILED
[INFO] [stdout] test programs/Astro_Marketplace/src/lib.rs - astro_marketplace::init_offer_data (line 933) ... FAILED
[INFO] [stdout] test programs/Astro_Marketplace/src/lib.rs - astro_marketplace::list_nft_for_sale (line 250) ... FAILED
[INFO] [stdout] test programs/Astro_Marketplace/src/lib.rs - astro_marketplace::list_nft_for_sale (line 251) ... FAILED
[INFO] [stdout] test programs/Astro_Marketplace/src/lib.rs - astro_marketplace::add_team_treasury (line 99) ... FAILED
[INFO] [stdout] test programs/Astro_Marketplace/src/lib.rs - astro_marketplace::deposit_to_escrow (line 742) ... FAILED
[INFO] [stdout] test programs/Astro_Marketplace/src/lib.rs - astro_marketplace::claim_auction (line 1843) ... FAILED
[INFO] [stdout] test programs/Astro_Marketplace/src/lib.rs - astro_marketplace::make_offer (line 959) ... FAILED
[INFO] [stdout] test programs/Astro_Marketplace/src/lib.rs - astro_marketplace::init_auction_data (line 1571) ... FAILED
[INFO] [stdout] test programs/Astro_Marketplace/src/lib.rs - astro_marketplace::list_nft_for_sale (line 252) ... FAILED
[INFO] [stdout] test programs/Astro_Marketplace/src/lib.rs - astro_marketplace::purchase (line 452) ... FAILED
[INFO] [stdout] test programs/Astro_Marketplace/src/lib.rs - astro_marketplace::purchase (line 450) ... FAILED
[INFO] [stdout] test programs/Astro_Marketplace/src/lib.rs - astro_marketplace::purchase (line 449) ... FAILED
[INFO] [stdout] test programs/Astro_Marketplace/src/lib.rs - astro_marketplace::make_offer (line 961) ... FAILED
[INFO] [stdout] test programs/Astro_Marketplace/src/lib.rs - astro_marketplace::purchase (line 451) ... FAILED
[INFO] [stdout] test programs/Astro_Marketplace/src/lib.rs - astro_marketplace::make_offer (line 963) ... FAILED
[INFO] [stdout] test programs/Astro_Marketplace/src/lib.rs - astro_marketplace::make_offer (line 960) ... FAILED
[INFO] [stdout] test programs/Astro_Marketplace/src/lib.rs - astro_marketplace::make_offer (line 962) ... FAILED
[INFO] [stdout] test programs/Astro_Marketplace/src/lib.rs - astro_marketplace::update_fee (line 57) ... FAILED
[INFO] [stdout] test programs/Astro_Marketplace/src/lib.rs - astro_marketplace::withdraw_from_escrow (line 830) ... FAILED
[INFO] [stdout] test programs/Astro_Marketplace/src/lib.rs - astro_marketplace::place_bid (line 1688) ... FAILED
[INFO] [stdout] test programs/Astro_Marketplace/src/lib.rs - astro_marketplace::place_bid (line 1689) ... FAILED
[INFO] [stdout] test programs/Astro_Marketplace/src/lib.rs - astro_marketplace::withdraw_from_escrow (line 831) ... FAILED
[INFO] [stdout] test programs/Astro_Marketplace/src/lib.rs - astro_marketplace::update_fee (line 58) ... FAILED
[INFO] [stdout] test programs/Astro_Marketplace/src/lib.rs - astro_marketplace::remove_team_treasury (line 160) ... FAILED
[INFO] [stdout] test programs/Astro_Marketplace/src/lib.rs - astro_marketplace::withdraw_from_escrow (line 832) ... FAILED
[INFO] [stdout] 
[INFO] [stdout] failures:
[INFO] [stdout] 
[INFO] [stdout] ---- programs/Astro_Marketplace/src/lib.rs - astro_marketplace::accept_offer (line 1179) stdout ----
[INFO] [stdout] error: expected one of `!`, `.`, `::`, `;`, `?`, `{`, `}`, or an operator, found `user`
[INFO] [stdout]  --> programs/Astro_Marketplace/src/lib.rs:1180:8
[INFO] [stdout]   |
[INFO] [stdout] 3 | seller user pda bump
[INFO] [stdout]   |        ^^^^ expected one of 8 possible tokens
[INFO] [stdout] 
[INFO] [stdout] error: aborting due to 1 previous error
[INFO] [stdout] 
[INFO] [stdout] Couldn't compile the test.
[INFO] [stdout] ---- programs/Astro_Marketplace/src/lib.rs - astro_marketplace::create_auction (line 1593) stdout ----
[INFO] [stdout] error: expected one of `!`, `.`, `::`, `;`, `?`, `{`, `}`, or an operator, found `pda`
[INFO] [stdout]  --> programs/Astro_Marketplace/src/lib.rs:1594:9
[INFO] [stdout]   |
[INFO] [stdout] 3 | auction pda bump
[INFO] [stdout]   |         ^^^ expected one of 8 possible tokens
[INFO] [stdout] 
[INFO] [stdout] error: aborting due to 1 previous error
[INFO] [stdout] 
[INFO] [stdout] Couldn't compile the test.
[INFO] [stdout] ---- programs/Astro_Marketplace/src/lib.rs - astro_marketplace::create_auction (line 1595) stdout ----
[INFO] [stdout] error: expected one of `!`, `.`, `::`, `;`, `?`, `{`, `}`, or an operator, found `inscrease`
[INFO] [stdout]  --> programs/Astro_Marketplace/src/lib.rs:1596:24
[INFO] [stdout]   |
[INFO] [stdout] 3 | min_increase - Minimum inscrease amount of next bidding price
[INFO] [stdout]   |                        ^^^^^^^^^ expected one of 8 possible tokens
[INFO] [stdout] 
[INFO] [stdout] error: aborting due to 1 previous error
[INFO] [stdout] 
[INFO] [stdout] Couldn't compile the test.
[INFO] [stdout] ---- programs/Astro_Marketplace/src/lib.rs - astro_marketplace::delist_nft (line 361) stdout ----
[INFO] [stdout] error: expected one of `!`, `.`, `::`, `;`, `?`, `{`, `}`, or an operator, found `sell`
[INFO] [stdout]  --> programs/Astro_Marketplace/src/lib.rs:362:5
[INFO] [stdout]   |
[INFO] [stdout] 3 | nft sell data pda bump
[INFO] [stdout]   |     ^^^^ expected one of 8 possible tokens
[INFO] [stdout] 
[INFO] [stdout] error: aborting due to 1 previous error
[INFO] [stdout] 
[INFO] [stdout] Couldn't compile the test.
[INFO] [stdout] ---- programs/Astro_Marketplace/src/lib.rs - astro_marketplace::accept_offer (line 1180) stdout ----
[INFO] [stdout] error: expected one of `!`, `.`, `::`, `;`, `?`, `{`, `}`, or an operator, found `vault`
[INFO] [stdout]  --> programs/Astro_Marketplace/src/lib.rs:1181:8
[INFO] [stdout]   |
[INFO] [stdout] 3 | escrow vault bump
[INFO] [stdout]   |        ^^^^^ expected one of 8 possible tokens
[INFO] [stdout] 
[INFO] [stdout] error: aborting due to 1 previous error
[INFO] [stdout] 
[INFO] [stdout] Couldn't compile the test.
[INFO] [stdout] ---- programs/Astro_Marketplace/src/lib.rs - astro_marketplace::create_auction (line 1597) stdout ----
[INFO] [stdout] error: expected one of `!`, `.`, `::`, `;`, `?`, `{`, `}`, or an operator, found `end`
[INFO] [stdout]  --> programs/Astro_Marketplace/src/lib.rs:1598:20
[INFO] [stdout]   |
[INFO] [stdout] 3 | end_date - auction end date
[INFO] [stdout]   |                    ^^^ expected one of 8 possible tokens
[INFO] [stdout] 
[INFO] [stdout] error: aborting due to 1 previous error
[INFO] [stdout] 
[INFO] [stdout] Couldn't compile the test.
[INFO] [stdout] ---- programs/Astro_Marketplace/src/lib.rs - astro_marketplace::accept_offer (line 1178) stdout ----
[INFO] [stdout] error: expected one of `!`, `.`, `::`, `;`, `?`, `{`, `}`, or an operator, found `user`
[INFO] [stdout]  --> programs/Astro_Marketplace/src/lib.rs:1179:7
[INFO] [stdout]   |
[INFO] [stdout] 3 | buyer user pda bump
[INFO] [stdout]   |       ^^^^ expected one of 8 possible tokens
[INFO] [stdout] 
[INFO] [stdout] error: aborting due to 1 previous error
[INFO] [stdout] 
[INFO] [stdout] Couldn't compile the test.
[INFO] [stdout] ---- programs/Astro_Marketplace/src/lib.rs - astro_marketplace::accept_offer (line 1177) stdout ----
[INFO] [stdout] error: expected one of `!`, `.`, `::`, `;`, `?`, `{`, `}`, or an operator, found `data`
[INFO] [stdout]  --> programs/Astro_Marketplace/src/lib.rs:1178:7
[INFO] [stdout]   |
[INFO] [stdout] 3 | offer data bump
[INFO] [stdout]   |       ^^^^ expected one of 8 possible tokens
[INFO] [stdout] 
[INFO] [stdout] error: aborting due to 1 previous error
[INFO] [stdout] 
[INFO] [stdout] Couldn't compile the test.
[INFO] [stdout] ---- programs/Astro_Marketplace/src/lib.rs - astro_marketplace::create_auction (line 1594) stdout ----
[INFO] [stdout] error: expected one of `!`, `.`, `::`, `;`, `?`, `{`, `}`, or an operator, found `start`
[INFO] [stdout]  --> programs/Astro_Marketplace/src/lib.rs:1595:23
[INFO] [stdout]   |
[INFO] [stdout] 3 | start_price - Bidding start price
[INFO] [stdout]   |                       ^^^^^ expected one of 8 possible tokens
[INFO] [stdout] 
[INFO] [stdout] error: aborting due to 1 previous error
[INFO] [stdout] 
[INFO] [stdout] Couldn't compile the test.
[INFO] [stdout] ---- programs/Astro_Marketplace/src/lib.rs - astro_marketplace::cancel_auction (line 2132) stdout ----
[INFO] [stdout] error: expected one of `!`, `.`, `::`, `;`, `?`, `{`, `}`, or an operator, found `data`
[INFO] [stdout]  --> programs/Astro_Marketplace/src/lib.rs:2133:10
[INFO] [stdout]   |
[INFO] [stdout] 3 | auctiond data pda bump
[INFO] [stdout]   |          ^^^^ expected one of 8 possible tokens
[INFO] [stdout] 
[INFO] [stdout] error: aborting due to 1 previous error
[INFO] [stdout] 
[INFO] [stdout] Couldn't compile the test.
[INFO] [stdout] ---- programs/Astro_Marketplace/src/lib.rs - astro_marketplace::deposit_to_escrow (line 740) stdout ----
[INFO] [stdout] error: expected one of `!`, `.`, `::`, `;`, `?`, `{`, `}`, or an operator, found `vault`
[INFO] [stdout]  --> programs/Astro_Marketplace/src/lib.rs:741:8
[INFO] [stdout]   |
[INFO] [stdout] 3 | escrow vault bump
[INFO] [stdout]   |        ^^^^^ expected one of 8 possible tokens
[INFO] [stdout] 
[INFO] [stdout] error: aborting due to 1 previous error
[INFO] [stdout] 
[INFO] [stdout] Couldn't compile the test.
[INFO] [stdout] ---- programs/Astro_Marketplace/src/lib.rs - astro_marketplace::create_auction (line 1596) stdout ----
[INFO] [stdout] error: expected one of `!`, `.`, `::`, `;`, `?`, `{`, `}`, or an operator, found `selling`
[INFO] [stdout]  --> programs/Astro_Marketplace/src/lib.rs:1597:20
[INFO] [stdout]   |
[INFO] [stdout] 3 | by_token - auction selling by abb
[INFO] [stdout]   |                    ^^^^^^^ expected one of 8 possible tokens
[INFO] [stdout] 
[INFO] [stdout] error: aborting due to 1 previous error
[INFO] [stdout] 
[INFO] [stdout] Couldn't compile the test.
[INFO] [stdout] ---- programs/Astro_Marketplace/src/lib.rs - astro_marketplace::accept_offer (line 1176) stdout ----
[INFO] [stdout] error: expected one of `!`, `.`, `::`, `;`, `?`, `{`, `}`, or an operator, found `sell`
[INFO] [stdout]  --> programs/Astro_Marketplace/src/lib.rs:1177:5
[INFO] [stdout]   |
[INFO] [stdout] 3 | nft sell data pda bump
[INFO] [stdout]   |     ^^^^ expected one of 8 possible tokens
[INFO] [stdout] 
[INFO] [stdout] error: aborting due to 1 previous error
[INFO] [stdout] 
[INFO] [stdout] Couldn't compile the test.
[INFO] [stdout] ---- programs/Astro_Marketplace/src/lib.rs - astro_marketplace::deposit_to_escrow (line 741) stdout ----
[INFO] [stdout] error: expected one of `!`, `.`, `::`, `;`, `?`, `{`, `}`, or an operator, found `is`
[INFO] [stdout]  --> programs/Astro_Marketplace/src/lib.rs:742:5
[INFO] [stdout]   |
[INFO] [stdout] 3 | sol is depositing amount
[INFO] [stdout]   |     ^^ expected one of 8 possible tokens
[INFO] [stdout] 
[INFO] [stdout] error: aborting due to 1 previous error
[INFO] [stdout] 
[INFO] [stdout] Couldn't compile the test.
[INFO] [stdout] ---- programs/Astro_Marketplace/src/lib.rs - astro_marketplace::add_team_treasury (line 98) stdout ----
[INFO] [stdout] error: expected one of `!`, `.`, `::`, `;`, `?`, `{`, `}`, or an operator, found `address`
[INFO] [stdout]  --> programs/Astro_Marketplace/src/lib.rs:99:10
[INFO] [stdout]   |
[INFO] [stdout] 3 | treasury address
[INFO] [stdout]   |          ^^^^^^^ expected one of 8 possible tokens
[INFO] [stdout] 
[INFO] [stdout] error: aborting due to 1 previous error
[INFO] [stdout] 
[INFO] [stdout] Couldn't compile the test.
[INFO] [stdout] ---- programs/Astro_Marketplace/src/lib.rs - astro_marketplace::init_offer_data (line 933) stdout ----
[INFO] [stdout] error: expected one of `!`, `.`, `::`, `;`, `?`, `{`, `}`, or an operator, found `data`
[INFO] [stdout]  --> programs/Astro_Marketplace/src/lib.rs:934:7
[INFO] [stdout]   |
[INFO] [stdout] 3 | offer data pda bump
[INFO] [stdout]   |       ^^^^ expected one of 8 possible tokens
[INFO] [stdout] 
[INFO] [stdout] error: aborting due to 1 previous error
[INFO] [stdout] 
[INFO] [stdout] Couldn't compile the test.
[INFO] [stdout] ---- programs/Astro_Marketplace/src/lib.rs - astro_marketplace::list_nft_for_sale (line 250) stdout ----
[INFO] [stdout] error: expected one of `!`, `.`, `::`, `;`, `?`, `{`, `}`, or an operator, found `sell`
[INFO] [stdout]  --> programs/Astro_Marketplace/src/lib.rs:251:5
[INFO] [stdout]   |
[INFO] [stdout] 3 | nft sell data pda bump
[INFO] [stdout]   |     ^^^^ expected one of 8 possible tokens
[INFO] [stdout] 
[INFO] [stdout] error: aborting due to 1 previous error
[INFO] [stdout] 
[INFO] [stdout] Couldn't compile the test.
[INFO] [stdout] ---- programs/Astro_Marketplace/src/lib.rs - astro_marketplace::list_nft_for_sale (line 251) stdout ----
[INFO] [stdout] error: expected one of `!`, `.`, `::`, `;`, `?`, `{`, `}`, or an operator, found `is`
[INFO] [stdout]  --> programs/Astro_Marketplace/src/lib.rs:252:11
[INFO] [stdout]   |
[INFO] [stdout] 3 | price_sol is the selling price in sol
[INFO] [stdout]   |           ^^ expected one of 8 possible tokens
[INFO] [stdout] 
[INFO] [stdout] error: aborting due to 1 previous error
[INFO] [stdout] 
[INFO] [stdout] Couldn't compile the test.
[INFO] [stdout] ---- programs/Astro_Marketplace/src/lib.rs - astro_marketplace::add_team_treasury (line 99) stdout ----
[INFO] [stdout] error: expected one of `!`, `.`, `::`, `;`, `?`, `{`, `}`, or an operator, found `rate`
[INFO] [stdout]  --> programs/Astro_Marketplace/src/lib.rs:100:14
[INFO] [stdout]   |
[INFO] [stdout] 3 | distribution rate by permyriad
[INFO] [stdout]   |              ^^^^ expected one of 8 possible tokens
[INFO] [stdout] 
[INFO] [stdout] error: aborting due to 1 previous error
[INFO] [stdout] 
[INFO] [stdout] Couldn't compile the test.
[INFO] [stdout] ---- programs/Astro_Marketplace/src/lib.rs - astro_marketplace::deposit_to_escrow (line 742) stdout ----
[INFO] [stdout] error: expected one of `!`, `.`, `::`, `;`, `?`, `{`, `}`, or an operator, found `is`
[INFO] [stdout]  --> programs/Astro_Marketplace/src/lib.rs:743:7
[INFO] [stdout]   |
[INFO] [stdout] 3 | token is depositing abb amount
[INFO] [stdout]   |       ^^ expected one of 8 possible tokens
[INFO] [stdout] 
[INFO] [stdout] error: aborting due to 1 previous error
[INFO] [stdout] 
[INFO] [stdout] Couldn't compile the test.
[INFO] [stdout] ---- programs/Astro_Marketplace/src/lib.rs - astro_marketplace::claim_auction (line 1843) stdout ----
[INFO] [stdout] error: expected one of `!`, `.`, `::`, `;`, `?`, `{`, `}`, or an operator, found `vault`
[INFO] [stdout]  --> programs/Astro_Marketplace/src/lib.rs:1844:8
[INFO] [stdout]   |
[INFO] [stdout] 3 | escrow vault bump
[INFO] [stdout]   |        ^^^^^ expected one of 8 possible tokens
[INFO] [stdout] 
[INFO] [stdout] error: aborting due to 1 previous error
[INFO] [stdout] 
[INFO] [stdout] Couldn't compile the test.
[INFO] [stdout] ---- programs/Astro_Marketplace/src/lib.rs - astro_marketplace::make_offer (line 959) stdout ----
[INFO] [stdout] error: expected one of `!`, `.`, `::`, `;`, `?`, `{`, `}`, or an operator, found `data`
[INFO] [stdout]  --> programs/Astro_Marketplace/src/lib.rs:960:7
[INFO] [stdout]   |
[INFO] [stdout] 3 | offer data pda bump
[INFO] [stdout]   |       ^^^^ expected one of 8 possible tokens
[INFO] [stdout] 
[INFO] [stdout] error: aborting due to 1 previous error
[INFO] [stdout] 
[INFO] [stdout] Couldn't compile the test.
[INFO] [stdout] ---- programs/Astro_Marketplace/src/lib.rs - astro_marketplace::init_auction_data (line 1571) stdout ----
[INFO] [stdout] error: expected one of `!`, `.`, `::`, `;`, `?`, `{`, `}`, or an operator, found `data`
[INFO] [stdout]  --> programs/Astro_Marketplace/src/lib.rs:1572:10
[INFO] [stdout]   |
[INFO] [stdout] 3 | auctiond data pda bump
[INFO] [stdout]   |          ^^^^ expected one of 8 possible tokens
[INFO] [stdout] 
[INFO] [stdout] error: aborting due to 1 previous error
[INFO] [stdout] 
[INFO] [stdout] Couldn't compile the test.
[INFO] [stdout] ---- programs/Astro_Marketplace/src/lib.rs - astro_marketplace::list_nft_for_sale (line 252) stdout ----
[INFO] [stdout] error: expected one of `!`, `.`, `::`, `;`, `?`, `{`, `}`, or an operator, found `is`
[INFO] [stdout]  --> programs/Astro_Marketplace/src/lib.rs:253:13
[INFO] [stdout]   |
[INFO] [stdout] 3 | price_token is the selling price in abb
[INFO] [stdout]   |             ^^ expected one of 8 possible tokens
[INFO] [stdout] 
[INFO] [stdout] error: aborting due to 1 previous error
[INFO] [stdout] 
[INFO] [stdout] Couldn't compile the test.
[INFO] [stdout] ---- programs/Astro_Marketplace/src/lib.rs - astro_marketplace::purchase (line 452) stdout ----
[INFO] [stdout] error: expected one of `!`, `.`, `::`, `;`, `?`, `{`, `}`, or an operator, found `is`
[INFO] [stdout]  --> programs/Astro_Marketplace/src/lib.rs:453:10
[INFO] [stdout]   |
[INFO] [stdout] 3 | by_token is true when purchasing with abb tokens
[INFO] [stdout]   |          ^^ expected one of 8 possible tokens
[INFO] [stdout] 
[INFO] [stdout] error: aborting due to 1 previous error
[INFO] [stdout] 
[INFO] [stdout] Couldn't compile the test.
[INFO] [stdout] ---- programs/Astro_Marketplace/src/lib.rs - astro_marketplace::purchase (line 450) stdout ----
[INFO] [stdout] error: expected one of `!`, `.`, `::`, `;`, `?`, `{`, `}`, or an operator, found `user`
[INFO] [stdout]  --> programs/Astro_Marketplace/src/lib.rs:451:8
[INFO] [stdout]   |
[INFO] [stdout] 3 | seller user pda bump
[INFO] [stdout]   |        ^^^^ expected one of 8 possible tokens
[INFO] [stdout] 
[INFO] [stdout] error: aborting due to 1 previous error
[INFO] [stdout] 
[INFO] [stdout] Couldn't compile the test.
[INFO] [stdout] ---- programs/Astro_Marketplace/src/lib.rs - astro_marketplace::purchase (line 449) stdout ----
[INFO] [stdout] error: expected one of `!`, `.`, `::`, `;`, `?`, `{`, `}`, or an operator, found `sell`
[INFO] [stdout]  --> programs/Astro_Marketplace/src/lib.rs:450:5
[INFO] [stdout]   |
[INFO] [stdout] 3 | nft sell data pda bump
[INFO] [stdout]   |     ^^^^ expected one of 8 possible tokens
[INFO] [stdout] 
[INFO] [stdout] error: aborting due to 1 previous error
[INFO] [stdout] 
[INFO] [stdout] Couldn't compile the test.
[INFO] [stdout] ---- programs/Astro_Marketplace/src/lib.rs - astro_marketplace::make_offer (line 961) stdout ----
[INFO] [stdout] error: expected one of `!`, `.`, `::`, `;`, `?`, `{`, `}`, or an operator, found `vault`
[INFO] [stdout]  --> programs/Astro_Marketplace/src/lib.rs:962:8
[INFO] [stdout]   |
[INFO] [stdout] 3 | escrow vault bump
[INFO] [stdout]   |        ^^^^^ expected one of 8 possible tokens
[INFO] [stdout] 
[INFO] [stdout] error: aborting due to 1 previous error
[INFO] [stdout] 
[INFO] [stdout] Couldn't compile the test.
[INFO] [stdout] ---- programs/Astro_Marketplace/src/lib.rs - astro_marketplace::purchase (line 451) stdout ----
[INFO] [stdout] error: expected one of `!`, `.`, `::`, `;`, `?`, `{`, `}`, or an operator, found `user`
[INFO] [stdout]  --> programs/Astro_Marketplace/src/lib.rs:452:7
[INFO] [stdout]   |
[INFO] [stdout] 3 | buyer user pda bump
[INFO] [stdout]   |       ^^^^ expected one of 8 possible tokens
[INFO] [stdout] 
[INFO] [stdout] error: aborting due to 1 previous error
[INFO] [stdout] 
[INFO] [stdout] Couldn't compile the test.
[INFO] [stdout] ---- programs/Astro_Marketplace/src/lib.rs - astro_marketplace::make_offer (line 963) stdout ----
[INFO] [stdout] error: expected one of `!`, `.`, `::`, `;`, `?`, `{`, `}`, or an operator, found `by`
[INFO] [stdout]  --> programs/Astro_Marketplace/src/lib.rs:964:21
[INFO] [stdout]   |
[INFO] [stdout] 3 | by_token - offering by abb
[INFO] [stdout]   |                     ^^ expected one of 8 possible tokens
[INFO] [stdout] 
[INFO] [stdout] error: aborting due to 1 previous error
[INFO] [stdout] 
[INFO] [stdout] Couldn't compile the test.
[INFO] [stdout] ---- programs/Astro_Marketplace/src/lib.rs - astro_marketplace::make_offer (line 960) stdout ----
[INFO] [stdout] error: expected one of `!`, `.`, `::`, `;`, `?`, `{`, `}`, or an operator, found `pda`
[INFO] [stdout]  --> programs/Astro_Marketplace/src/lib.rs:961:6
[INFO] [stdout]   |
[INFO] [stdout] 3 | user pda bump
[INFO] [stdout]   |      ^^^ expected one of 8 possible tokens
[INFO] [stdout]   |
[INFO] [stdout] help: there is a keyword `use` with a similar name
[INFO] [stdout]   |
[INFO] [stdout] 3 | use pda bump
[INFO] [stdout]   | ~~~
[INFO] [stdout] 
[INFO] [stdout] error: aborting due to 1 previous error
[INFO] [stdout] 
[INFO] [stdout] Couldn't compile the test.
[INFO] [stdout] ---- programs/Astro_Marketplace/src/lib.rs - astro_marketplace::make_offer (line 962) stdout ----
[INFO] [stdout] error: expected one of `!`, `.`, `::`, `;`, `?`, `{`, `}`, or an operator, found `price`
[INFO] [stdout]  --> programs/Astro_Marketplace/src/lib.rs:963:15
[INFO] [stdout]   |
[INFO] [stdout] 3 | price - offer price
[INFO] [stdout]   |               ^^^^^ expected one of 8 possible tokens
[INFO] [stdout] 
[INFO] [stdout] error: aborting due to 1 previous error
[INFO] [stdout] 
[INFO] [stdout] Couldn't compile the test.
[INFO] [stdout] ---- programs/Astro_Marketplace/src/lib.rs - astro_marketplace::update_fee (line 57) stdout ----
[INFO] [stdout] error: expected one of `!`, `.`, `::`, `;`, `?`, `{`, `}`, or an operator, found `fee`
[INFO] [stdout]  --> programs/Astro_Marketplace/src/lib.rs:58:23
[INFO] [stdout]   |
[INFO] [stdout] 3 | sol_fee - marketplace fee as Permyraid for SOL NFT purchasing
[INFO] [stdout]   |                       ^^^ expected one of 8 possible tokens
[INFO] [stdout] 
[INFO] [stdout] error: aborting due to 1 previous error
[INFO] [stdout] 
[INFO] [stdout] Couldn't compile the test.
[INFO] [stdout] ---- programs/Astro_Marketplace/src/lib.rs - astro_marketplace::withdraw_from_escrow (line 830) stdout ----
[INFO] [stdout] error: expected one of `!`, `.`, `::`, `;`, `?`, `{`, `}`, or an operator, found `vault`
[INFO] [stdout]  --> programs/Astro_Marketplace/src/lib.rs:831:8
[INFO] [stdout]   |
[INFO] [stdout] 3 | escrow vault bump
[INFO] [stdout]   |        ^^^^^ expected one of 8 possible tokens
[INFO] [stdout] 
[INFO] [stdout] error: aborting due to 1 previous error
[INFO] [stdout] 
[INFO] [stdout] Couldn't compile the test.
[INFO] [stdout] ---- programs/Astro_Marketplace/src/lib.rs - astro_marketplace::place_bid (line 1688) stdout ----
[INFO] [stdout] error: expected one of `!`, `.`, `::`, `;`, `?`, `{`, `}`, or an operator, found `vault`
[INFO] [stdout]  --> programs/Astro_Marketplace/src/lib.rs:1689:8
[INFO] [stdout]   |
[INFO] [stdout] 3 | escrow vault pda bump
[INFO] [stdout]   |        ^^^^^ expected one of 8 possible tokens
[INFO] [stdout] 
[INFO] [stdout] error: aborting due to 1 previous error
[INFO] [stdout] 
[INFO] [stdout] Couldn't compile the test.
[INFO] [stdout] ---- programs/Astro_Marketplace/src/lib.rs - astro_marketplace::place_bid (line 1689) stdout ----
[INFO] [stdout] error: expected one of `!`, `.`, `::`, `;`, `?`, `{`, `}`, or an operator, found `price`
[INFO] [stdout]  --> programs/Astro_Marketplace/src/lib.rs:1690:17
[INFO] [stdout]   |
[INFO] [stdout] 3 | price - bidding price
[INFO] [stdout]   |                 ^^^^^ expected one of 8 possible tokens
[INFO] [stdout] 
[INFO] [stdout] error: aborting due to 1 previous error
[INFO] [stdout] 
[INFO] [stdout] Couldn't compile the test.
[INFO] [stdout] ---- programs/Astro_Marketplace/src/lib.rs - astro_marketplace::withdraw_from_escrow (line 831) stdout ----
[INFO] [stdout] error: expected one of `!`, `.`, `::`, `;`, `?`, `{`, `}`, or an operator, found `amount`
[INFO] [stdout]  --> programs/Astro_Marketplace/src/lib.rs:832:19
[INFO] [stdout]   |
[INFO] [stdout] 3 | sol - withdrawing amount
[INFO] [stdout]   |                   ^^^^^^ expected one of 8 possible tokens
[INFO] [stdout] 
[INFO] [stdout] error: aborting due to 1 previous error
[INFO] [stdout] 
[INFO] [stdout] Couldn't compile the test.
[INFO] [stdout] ---- programs/Astro_Marketplace/src/lib.rs - astro_marketplace::update_fee (line 58) stdout ----
[INFO] [stdout] error: expected one of `!`, `.`, `::`, `;`, `?`, `{`, `}`, or an operator, found `fee`
[INFO] [stdout]  --> programs/Astro_Marketplace/src/lib.rs:59:25
[INFO] [stdout]   |
[INFO] [stdout] 3 | token_fee - marketplace fee as Permyraid for ABB NFT purchasing
[INFO] [stdout]   |                         ^^^ expected one of 8 possible tokens
[INFO] [stdout] 
[INFO] [stdout] error: aborting due to 1 previous error
[INFO] [stdout] 
[INFO] [stdout] Couldn't compile the test.
[INFO] [stdout] ---- programs/Astro_Marketplace/src/lib.rs - astro_marketplace::remove_team_treasury (line 160) stdout ----
[INFO] [stdout] error: expected one of `!`, `.`, `::`, `;`, `?`, `{`, `}`, or an operator, found `address`
[INFO] [stdout]  --> programs/Astro_Marketplace/src/lib.rs:161:10
[INFO] [stdout]   |
[INFO] [stdout] 3 | treasury address
[INFO] [stdout]   |          ^^^^^^^ expected one of 8 possible tokens
[INFO] [stdout] 
[INFO] [stdout] error: aborting due to 1 previous error
[INFO] [stdout] 
[INFO] [stdout] Couldn't compile the test.
[INFO] [stdout] ---- programs/Astro_Marketplace/src/lib.rs - astro_marketplace::withdraw_from_escrow (line 832) stdout ----
[INFO] [stdout] error: expected one of `!`, `.`, `::`, `;`, `?`, `{`, `}`, or an operator, found `abb`
[INFO] [stdout]  --> programs/Astro_Marketplace/src/lib.rs:833:21
[INFO] [stdout]   |
[INFO] [stdout] 3 | token - withdrawing abb amount
[INFO] [stdout]   |                     ^^^ expected one of 8 possible tokens
[INFO] [stdout] 
[INFO] [stdout] error: aborting due to 1 previous error
[INFO] [stdout] 
[INFO] [stdout] Couldn't compile the test.
[INFO] [stdout] 
[INFO] [stdout] failures:
[INFO] [stdout]     programs/Astro_Marketplace/src/lib.rs - astro_marketplace::accept_offer (line 1176)
[INFO] [stdout]     programs/Astro_Marketplace/src/lib.rs - astro_marketplace::accept_offer (line 1177)
[INFO] [stdout]     programs/Astro_Marketplace/src/lib.rs - astro_marketplace::accept_offer (line 1178)
[INFO] [stdout]     programs/Astro_Marketplace/src/lib.rs - astro_marketplace::accept_offer (line 1179)
[INFO] [stdout]     programs/Astro_Marketplace/src/lib.rs - astro_marketplace::accept_offer (line 1180)
[INFO] [stdout]     programs/Astro_Marketplace/src/lib.rs - astro_marketplace::add_team_treasury (line 98)
[INFO] [stdout]     programs/Astro_Marketplace/src/lib.rs - astro_marketplace::add_team_treasury (line 99)
[INFO] [stdout]     programs/Astro_Marketplace/src/lib.rs - astro_marketplace::cancel_auction (line 2132)
[INFO] [stdout]     programs/Astro_Marketplace/src/lib.rs - astro_marketplace::claim_auction (line 1843)
[INFO] [stdout]     programs/Astro_Marketplace/src/lib.rs - astro_marketplace::create_auction (line 1593)
[INFO] [stdout]     programs/Astro_Marketplace/src/lib.rs - astro_marketplace::create_auction (line 1594)
[INFO] [stdout]     programs/Astro_Marketplace/src/lib.rs - astro_marketplace::create_auction (line 1595)
[INFO] [stdout]     programs/Astro_Marketplace/src/lib.rs - astro_marketplace::create_auction (line 1596)
[INFO] [stdout]     programs/Astro_Marketplace/src/lib.rs - astro_marketplace::create_auction (line 1597)
[INFO] [stdout]     programs/Astro_Marketplace/src/lib.rs - astro_marketplace::delist_nft (line 361)
[INFO] [stdout]     programs/Astro_Marketplace/src/lib.rs - astro_marketplace::deposit_to_escrow (line 740)
[INFO] [stdout]     programs/Astro_Marketplace/src/lib.rs - astro_marketplace::deposit_to_escrow (line 741)
[INFO] [stdout]     programs/Astro_Marketplace/src/lib.rs - astro_marketplace::deposit_to_escrow (line 742)
[INFO] [stdout]     programs/Astro_Marketplace/src/lib.rs - astro_marketplace::init_auction_data (line 1571)
[INFO] [stdout]     programs/Astro_Marketplace/src/lib.rs - astro_marketplace::init_offer_data (line 933)
[INFO] [stdout]     programs/Astro_Marketplace/src/lib.rs - astro_marketplace::list_nft_for_sale (line 250)
[INFO] [stdout]     programs/Astro_Marketplace/src/lib.rs - astro_marketplace::list_nft_for_sale (line 251)
[INFO] [stdout]     programs/Astro_Marketplace/src/lib.rs - astro_marketplace::list_nft_for_sale (line 252)
[INFO] [stdout]     programs/Astro_Marketplace/src/lib.rs - astro_marketplace::make_offer (line 959)
[INFO] [stdout]     programs/Astro_Marketplace/src/lib.rs - astro_marketplace::make_offer (line 960)
[INFO] [stdout]     programs/Astro_Marketplace/src/lib.rs - astro_marketplace::make_offer (line 961)
[INFO] [stdout]     programs/Astro_Marketplace/src/lib.rs - astro_marketplace::make_offer (line 962)
[INFO] [stdout]     programs/Astro_Marketplace/src/lib.rs - astro_marketplace::make_offer (line 963)
[INFO] [stdout]     programs/Astro_Marketplace/src/lib.rs - astro_marketplace::place_bid (line 1688)
[INFO] [stdout]     programs/Astro_Marketplace/src/lib.rs - astro_marketplace::place_bid (line 1689)
[INFO] [stdout]     programs/Astro_Marketplace/src/lib.rs - astro_marketplace::purchase (line 449)
[INFO] [stdout]     programs/Astro_Marketplace/src/lib.rs - astro_marketplace::purchase (line 450)
[INFO] [stdout]     programs/Astro_Marketplace/src/lib.rs - astro_marketplace::purchase (line 451)
[INFO] [stdout]     programs/Astro_Marketplace/src/lib.rs - astro_marketplace::purchase (line 452)
[INFO] [stdout]     programs/Astro_Marketplace/src/lib.rs - astro_marketplace::remove_team_treasury (line 160)
[INFO] [stdout]     programs/Astro_Marketplace/src/lib.rs - astro_marketplace::update_fee (line 57)
[INFO] [stdout]     programs/Astro_Marketplace/src/lib.rs - astro_marketplace::update_fee (line 58)
[INFO] [stdout]     programs/Astro_Marketplace/src/lib.rs - astro_marketplace::withdraw_from_escrow (line 830)
[INFO] [stdout]     programs/Astro_Marketplace/src/lib.rs - astro_marketplace::withdraw_from_escrow (line 831)
[INFO] [stdout]     programs/Astro_Marketplace/src/lib.rs - astro_marketplace::withdraw_from_escrow (line 832)
[INFO] [stdout] 
[INFO] [stdout] test result: FAILED. 0 passed; 40 failed; 0 ignored; 0 measured; 0 filtered out; finished in 0.47s
[INFO] [stdout] 
[INFO] [stderr] error: doctest failed, to rerun pass `--doc`
[INFO] running `Command { std: "docker" "inspect" "d5cfe59479ddd2949523b81325f371bdfc8aaf7c95a548f472b6d961a8a19817", kill_on_drop: false }`
[INFO] running `Command { std: "docker" "rm" "-f" "d5cfe59479ddd2949523b81325f371bdfc8aaf7c95a548f472b6d961a8a19817", kill_on_drop: false }`
[INFO] [stdout] d5cfe59479ddd2949523b81325f371bdfc8aaf7c95a548f472b6d961a8a19817
