[INFO] cloning repository https://github.com/erikwilson/cowbird
[INFO] running `Command { std: "git" "-c" "credential.helper=" "-c" "credential.helper=/workspace/cargo-home/bin/git-credential-null" "clone" "--bare" "https://github.com/erikwilson/cowbird" "/workspace/cache/git-repos/https%3A%2F%2Fgithub.com%2Ferikwilson%2Fcowbird", kill_on_drop: false }`
[INFO] [stderr] Cloning into bare repository '/workspace/cache/git-repos/https%3A%2F%2Fgithub.com%2Ferikwilson%2Fcowbird'...
[INFO] running `Command { std: "git" "rev-parse" "HEAD", kill_on_drop: false }`
[INFO] [stdout] eb1fa6bfd383a22ae6e3cbc0b5d113557cbc9cc2
[INFO] testing erikwilson/cowbird against beta-2024-12-08 for beta-1.84.0-4-retry
[INFO] running `Command { std: "git" "clone" "/workspace/cache/git-repos/https%3A%2F%2Fgithub.com%2Ferikwilson%2Fcowbird" "/workspace/builds/worker-4-tc2/source", kill_on_drop: false }`
[INFO] [stderr] Cloning into '/workspace/builds/worker-4-tc2/source'...
[INFO] [stderr] done.
[INFO] validating manifest of git repo https://github.com/erikwilson/cowbird on toolchain beta-2024-12-08
[INFO] running `Command { std: CARGO_HOME="/workspace/cargo-home" RUSTUP_HOME="/workspace/rustup-home" "/workspace/cargo-home/bin/cargo" "+beta-2024-12-08" "metadata" "--manifest-path" "Cargo.toml" "--no-deps", kill_on_drop: false }`
[INFO] started tweaking git repo https://github.com/erikwilson/cowbird
[INFO] finished tweaking git repo https://github.com/erikwilson/cowbird
[INFO] tweaked toml for git repo https://github.com/erikwilson/cowbird written to /workspace/builds/worker-4-tc2/source/Cargo.toml
[INFO] crate git repo https://github.com/erikwilson/cowbird already has a lockfile, it will not be regenerated
[INFO] running `Command { std: CARGO_HOME="/workspace/cargo-home" RUSTUP_HOME="/workspace/rustup-home" "/workspace/cargo-home/bin/cargo" "+beta-2024-12-08" "fetch" "--manifest-path" "Cargo.toml", kill_on_drop: false }`
[INFO] running `Command { std: "docker" "create" "-v" "/var/lib/crater-agent-workspace/builds/worker-4-tc2/target:/opt/rustwide/target:rw,Z" "-v" "/var/lib/crater-agent-workspace/builds/worker-4-tc2/source:/opt/rustwide/workdir:ro,Z" "-v" "/var/lib/crater-agent-workspace/cargo-home:/opt/rustwide/cargo-home:ro,Z" "-v" "/var/lib/crater-agent-workspace/rustup-home:/opt/rustwide/rustup-home:ro,Z" "-e" "SOURCE_DIR=/opt/rustwide/workdir" "-e" "CARGO_TARGET_DIR=/opt/rustwide/target" "-e" "CARGO_HOME=/opt/rustwide/cargo-home" "-e" "RUSTUP_HOME=/opt/rustwide/rustup-home" "-w" "/opt/rustwide/workdir" "-m" "1610612736" "--user" "0:0" "--network" "none" "ghcr.io/rust-lang/crates-build-env/linux@sha256:f3a9d4ad9d972b27faf3965f35b62e55ba32bbce8f20bc8fe909558a86702fde" "/opt/rustwide/cargo-home/bin/cargo" "+beta-2024-12-08" "metadata" "--no-deps" "--format-version=1", kill_on_drop: false }`
[INFO] [stdout] edb2ea4b62b97a6445ddaa6d5cc5e10a4897fb59cf006244aa80f2e8bd2458ee
[INFO] running `Command { std: "docker" "start" "-a" "edb2ea4b62b97a6445ddaa6d5cc5e10a4897fb59cf006244aa80f2e8bd2458ee", kill_on_drop: false }`
[INFO] running `Command { std: "docker" "inspect" "edb2ea4b62b97a6445ddaa6d5cc5e10a4897fb59cf006244aa80f2e8bd2458ee", kill_on_drop: false }`
[INFO] running `Command { std: "docker" "rm" "-f" "edb2ea4b62b97a6445ddaa6d5cc5e10a4897fb59cf006244aa80f2e8bd2458ee", kill_on_drop: false }`
[INFO] [stdout] edb2ea4b62b97a6445ddaa6d5cc5e10a4897fb59cf006244aa80f2e8bd2458ee
[INFO] running `Command { std: "docker" "create" "-v" "/var/lib/crater-agent-workspace/builds/worker-4-tc2/target:/opt/rustwide/target:rw,Z" "-v" "/var/lib/crater-agent-workspace/builds/worker-4-tc2/source:/opt/rustwide/workdir:ro,Z" "-v" "/var/lib/crater-agent-workspace/cargo-home:/opt/rustwide/cargo-home:ro,Z" "-v" "/var/lib/crater-agent-workspace/rustup-home:/opt/rustwide/rustup-home:ro,Z" "-e" "SOURCE_DIR=/opt/rustwide/workdir" "-e" "CARGO_TARGET_DIR=/opt/rustwide/target" "-e" "CARGO_INCREMENTAL=0" "-e" "RUST_BACKTRACE=full" "-e" "RUSTFLAGS=--cap-lints=warn" "-e" "RUSTDOCFLAGS=--cap-lints=warn" "-e" "CARGO_HOME=/opt/rustwide/cargo-home" "-e" "RUSTUP_HOME=/opt/rustwide/rustup-home" "-w" "/opt/rustwide/workdir" "-m" "1610612736" "--user" "0:0" "--network" "none" "ghcr.io/rust-lang/crates-build-env/linux@sha256:f3a9d4ad9d972b27faf3965f35b62e55ba32bbce8f20bc8fe909558a86702fde" "/opt/rustwide/cargo-home/bin/cargo" "+beta-2024-12-08" "build" "--frozen" "--message-format=json", kill_on_drop: false }`
[INFO] [stdout] 837f65d4bb9a7c13d9799c2880f1a8b6843087118de173915d9ffacf067b32a9
[INFO] running `Command { std: "docker" "start" "-a" "837f65d4bb9a7c13d9799c2880f1a8b6843087118de173915d9ffacf067b32a9", kill_on_drop: false }`
[INFO] [stderr]    Compiling autocfg v1.0.1
[INFO] [stderr]    Compiling proc-macro2 v1.0.36
[INFO] [stderr]    Compiling libc v0.2.115
[INFO] [stderr]    Compiling unicode-xid v0.2.2
[INFO] [stderr]    Compiling syn v1.0.86
[INFO] [stderr]    Compiling cfg-if v1.0.0
[INFO] [stderr]    Compiling version_check v0.9.4
[INFO] [stderr]    Compiling slog v2.5.2
[INFO] [stderr]    Compiling lazy_static v1.4.0
[INFO] [stderr]    Compiling memchr v2.4.1
[INFO] [stderr]    Compiling serde_derive v1.0.136
[INFO] [stderr]    Compiling serde v1.0.136
[INFO] [stderr]    Compiling crossbeam-utils v0.8.6
[INFO] [stderr]    Compiling log v0.4.14
[INFO] [stderr]    Compiling once_cell v1.9.0
[INFO] [stderr]    Compiling ryu v1.0.9
[INFO] [stderr]    Compiling hashbrown v0.11.2
[INFO] [stderr]    Compiling slog-async v2.7.0
[INFO] [stderr]    Compiling arc-swap v1.5.0
[INFO] [stderr]    Compiling thread_local v1.1.4
[INFO] [stderr]    Compiling serde_json v1.0.78
[INFO] [stderr]    Compiling proc-macro-error-attr v1.0.4
[INFO] [stderr]    Compiling proc-macro-error v1.0.4
[INFO] [stderr]    Compiling num-traits v0.2.14
[INFO] [stderr]    Compiling num-integer v0.1.44
[INFO] [stderr]    Compiling indexmap v1.8.0
[INFO] [stderr]    Compiling substring v1.4.5
[INFO] [stderr]    Compiling linked-hash-map v0.5.4
[INFO] [stderr]    Compiling itoa v1.0.1
[INFO] [stderr]    Compiling heck v0.4.0
[INFO] [stderr]    Compiling regex-syntax v0.6.25
[INFO] [stderr]    Compiling crossbeam-channel v0.5.2
[INFO] [stderr]    Compiling take_mut v0.2.2
[INFO] [stderr]    Compiling bitflags v1.3.2
[INFO] [stderr]    Compiling yaml-rust v0.4.5
[INFO] [stderr]    Compiling textwrap v0.14.2
[INFO] [stderr]    Compiling remove_dir_all v0.5.3
[INFO] [stderr]    Compiling fastrand v1.7.0
[INFO] [stderr]    Compiling slog-scope v4.4.0
[INFO] [stderr]    Compiling termcolor v1.1.2
[INFO] [stderr]    Compiling strsim v0.10.0
[INFO] [stderr]    Compiling byteorder v0.5.3
[INFO] [stderr]    Compiling hex v0.4.3
[INFO] [stderr]    Compiling whoami v1.2.1
[INFO] [stderr]    Compiling slog-stdlog v4.1.0
[INFO] [stderr]    Compiling quote v1.0.15
[INFO] [stderr]    Compiling aho-corasick v0.7.18
[INFO] [stderr]    Compiling os_str_bytes v6.0.0
[INFO] [stderr]    Compiling time v0.1.43
[INFO] [stderr]    Compiling dirs-sys-next v0.1.2
[INFO] [stderr]    Compiling atty v0.2.14
[INFO] [stderr]    Compiling tempfile v3.3.0
[INFO] [stderr]    Compiling dirs-next v2.0.0
[INFO] [stderr]    Compiling stdio-override v0.1.3
[INFO] [stderr]    Compiling term v0.7.0
[INFO] [stderr]    Compiling positioned-io v0.2.2
[INFO] [stderr]    Compiling chrono v0.4.19
[INFO] [stderr]    Compiling slog-term v2.8.0
[INFO] [stderr]    Compiling regex v1.5.4
[INFO] [stderr]    Compiling slog-envlogger v2.2.0
[INFO] [stderr]    Compiling thiserror-impl v1.0.30
[INFO] [stderr]    Compiling clap_derive v3.0.12
[INFO] [stderr]    Compiling thiserror v1.0.30
[INFO] [stderr]    Compiling yaml-split v0.3.2
[INFO] [stderr]    Compiling clap v3.0.13
[INFO] [stderr]    Compiling serde_yaml v0.8.23
[INFO] [stderr]    Compiling slog-json v2.5.0
[INFO] [stderr]    Compiling cowbird v0.1.1 (/opt/rustwide/workdir)
[INFO] [stderr]     Finished `dev` profile [unoptimized + debuginfo] target(s) in 28.98s
[INFO] running `Command { std: "docker" "inspect" "837f65d4bb9a7c13d9799c2880f1a8b6843087118de173915d9ffacf067b32a9", kill_on_drop: false }`
[INFO] running `Command { std: "docker" "rm" "-f" "837f65d4bb9a7c13d9799c2880f1a8b6843087118de173915d9ffacf067b32a9", kill_on_drop: false }`
[INFO] [stdout] 837f65d4bb9a7c13d9799c2880f1a8b6843087118de173915d9ffacf067b32a9
[INFO] running `Command { std: "docker" "create" "-v" "/var/lib/crater-agent-workspace/builds/worker-4-tc2/target:/opt/rustwide/target:rw,Z" "-v" "/var/lib/crater-agent-workspace/builds/worker-4-tc2/source:/opt/rustwide/workdir:ro,Z" "-v" "/var/lib/crater-agent-workspace/cargo-home:/opt/rustwide/cargo-home:ro,Z" "-v" "/var/lib/crater-agent-workspace/rustup-home:/opt/rustwide/rustup-home:ro,Z" "-e" "SOURCE_DIR=/opt/rustwide/workdir" "-e" "CARGO_TARGET_DIR=/opt/rustwide/target" "-e" "CARGO_INCREMENTAL=0" "-e" "RUST_BACKTRACE=full" "-e" "RUSTFLAGS=--cap-lints=warn" "-e" "RUSTDOCFLAGS=--cap-lints=warn" "-e" "CARGO_HOME=/opt/rustwide/cargo-home" "-e" "RUSTUP_HOME=/opt/rustwide/rustup-home" "-w" "/opt/rustwide/workdir" "-m" "1610612736" "--user" "0:0" "--network" "none" "ghcr.io/rust-lang/crates-build-env/linux@sha256:f3a9d4ad9d972b27faf3965f35b62e55ba32bbce8f20bc8fe909558a86702fde" "/opt/rustwide/cargo-home/bin/cargo" "+beta-2024-12-08" "test" "--frozen" "--no-run" "--message-format=json", kill_on_drop: false }`
[INFO] [stdout] 12094b2bd55827e3d856d47a6733055f5decb1b934e00a7a6f9226381ebf0fe7
[INFO] running `Command { std: "docker" "start" "-a" "12094b2bd55827e3d856d47a6733055f5decb1b934e00a7a6f9226381ebf0fe7", kill_on_drop: false }`
[INFO] [stderr]    Compiling cowbird v0.1.1 (/opt/rustwide/workdir)
[INFO] [stderr]     Finished `test` profile [unoptimized + debuginfo] target(s) in 3.39s
[INFO] running `Command { std: "docker" "inspect" "12094b2bd55827e3d856d47a6733055f5decb1b934e00a7a6f9226381ebf0fe7", kill_on_drop: false }`
[INFO] running `Command { std: "docker" "rm" "-f" "12094b2bd55827e3d856d47a6733055f5decb1b934e00a7a6f9226381ebf0fe7", kill_on_drop: false }`
[INFO] [stdout] 12094b2bd55827e3d856d47a6733055f5decb1b934e00a7a6f9226381ebf0fe7
[INFO] running `Command { std: "docker" "create" "-v" "/var/lib/crater-agent-workspace/builds/worker-4-tc2/target:/opt/rustwide/target:rw,Z" "-v" "/var/lib/crater-agent-workspace/builds/worker-4-tc2/source:/opt/rustwide/workdir:ro,Z" "-v" "/var/lib/crater-agent-workspace/cargo-home:/opt/rustwide/cargo-home:ro,Z" "-v" "/var/lib/crater-agent-workspace/rustup-home:/opt/rustwide/rustup-home:ro,Z" "-e" "SOURCE_DIR=/opt/rustwide/workdir" "-e" "CARGO_TARGET_DIR=/opt/rustwide/target" "-e" "CARGO_INCREMENTAL=0" "-e" "RUST_BACKTRACE=full" "-e" "RUSTFLAGS=--cap-lints=warn" "-e" "RUSTDOCFLAGS=--cap-lints=warn" "-e" "CARGO_HOME=/opt/rustwide/cargo-home" "-e" "RUSTUP_HOME=/opt/rustwide/rustup-home" "-w" "/opt/rustwide/workdir" "-m" "1610612736" "--user" "0:0" "--network" "none" "ghcr.io/rust-lang/crates-build-env/linux@sha256:f3a9d4ad9d972b27faf3965f35b62e55ba32bbce8f20bc8fe909558a86702fde" "/opt/rustwide/cargo-home/bin/cargo" "+beta-2024-12-08" "test" "--frozen", kill_on_drop: false }`
[INFO] [stdout] b7e3d6d4558b469ce27c0ba5ad6677f875efc0cc0384ef77a0700ba0fdc4bd1a
[INFO] running `Command { std: "docker" "start" "-a" "b7e3d6d4558b469ce27c0ba5ad6677f875efc0cc0384ef77a0700ba0fdc4bd1a", kill_on_drop: false }`
[INFO] [stderr]     Finished `test` profile [unoptimized + debuginfo] target(s) in 0.09s
[INFO] [stderr]      Running unittests src/lib.rs (/opt/rustwide/target/debug/deps/cowbird-1a66bac8184325a5)
[INFO] [stdout] 
[INFO] [stdout] running 7 tests
[INFO] [stdout] {"msg":"ok","level":"INFO","ts":"2024-12-14T13:34:57.363609124+00:00","offset":0,"size":2,"file":"/tmp/.tmph02AkW","cmd":"modify","type":"file","pid":7,"cmd_line":"/opt/rustwide/target/debug/deps/cowbird-1a66bac8184325a5","username":"root","version":"0.1.1","name":"cowbird"}
[INFO] [stdout] {"msg":"ok","level":"INFO","ts":"2024-12-14T13:34:57.363804724+00:00","offset":2,"size":3,"file":"/tmp/.tmph02AkW","cmd":"modify","type":"file","pid":7,"cmd_line":"/opt/rustwide/target/debug/deps/cowbird-1a66bac8184325a5","username":"root","version":"0.1.1","name":"cowbird"}
[INFO] [stdout] {"msg":"ok","level":"INFO","ts":"2024-12-14T13:34:57.364559314+00:00","file":"/tmp/.tmpWN5rLO/create-test","cmd":"create","type":"file","pid":7,"cmd_line":"/opt/rustwide/target/debug/deps/cowbird-1a66bac8184325a5","username":"root","version":"0.1.1","name":"cowbird"}
[INFO] [stdout] {"msg":"ok","level":"INFO","ts":"2024-12-14T13:34:57.368474563+00:00","file":"/tmp/.tmpH8yzGv","cmd":"delete","type":"file","pid":7,"cmd_line":"/opt/rustwide/target/debug/deps/cowbird-1a66bac8184325a5","username":"root","version":"0.1.1","name":"cowbird"}
[INFO] [stdout] test file::tests::test_modify ... ok
[INFO] [stdout] test file::tests::test_create ... ok
[INFO] [stdout] {"msg":"ok","level":"INFO","ts":"2024-12-14T13:34:57.368579983+00:00","dest":"127.0.0.1:37227","proto":"UDP","cmd":"send","type":"network","pid":7,"cmd_line":"/opt/rustwide/target/debug/deps/cowbird-1a66bac8184325a5","username":"root","version":"0.1.1","name":"cowbird","size":9,"source":"0.0.0.0:34087"}
[INFO] [stdout] {"msg":"ok","level":"INFO"test file::tests::test_delete ... ok
[INFO] [stdout] ,"ts":"2024-12-14T13:34:57.369080863+00:00","dest":"test network::tests::test_send_udp ... 127.0.0.1:35109"ok
[INFO] [stdout] ,"proto":"TCP","cmd":"send","type":"network","pid":7,"cmd_line":"/opt/rustwide/target/debug/deps/cowbird-1a66bac8184325a5","username":"root","version":"0.1.1","name":"cowbird","size":9,"source":"127.0.0.1:39904"}
[INFO] [stdout] {"msg":"ok","level":"INFO","ts":"2024-12-14T13:34:57.371016733+00:00","start_ts":"2024-12-14T13:34:57.369147594+00:00","args":"/tmp/.tmprNHMFe/proc-start-touch-test","exec":"touch","cmd":"start","type":"process","pid":7,"cmd_line":"/opt/rustwide/target/debug/deps/cowbird-1a66bac8184325a5","username":"root","version":"0.1.1","name":"cowbird"}
[INFO] [stdout] {"msg":"ok","level":"INFO","ts":"2024-12-14T13:34:57.373119593+00:00","start_ts":"2024-12-14T13:34:57.368940434+00:00","args":"/tmp/.tmpummWNT/proc-start-touch-test","exec":"touch","cmd":"start","type":"process","pid":7,"cmd_line":"/opt/rustwide/target/debug/deps/cowbird-1a66bac8184325a5","username":"root","version":"0.1.1","name":"cowbird"}
[INFO] [stderr]      Running unittests src/main.rs (/opt/rustwide/target/debug/deps/cowbird-e3d0f0e2b54340f9)
[INFO] [stdout] test network::tests::test_send_tcp ... ok
[INFO] [stdout] test util::tests::test_script ... ok
[INFO] [stdout] test process::tests::test_start ... ok
[INFO] [stdout] 
[INFO] [stdout] test result: ok. 7 passed; 0 failed; 0 ignored; 0 measured; 0 filtered out; finished in 0.02s
[INFO] [stdout] 
[INFO] [stdout] 
[INFO] [stdout] running 0 tests
[INFO] [stdout] 
[INFO] [stdout] test result: ok. 0 passed; 0 failed; 0 ignored; 0 measured; 0 filtered out; finished in 0.00s
[INFO] [stdout] 
[INFO] [stderr]      Running tests/example_script.rs (/opt/rustwide/target/debug/deps/example_script-199ff65913683f97)
[INFO] [stdout] 
[INFO] [stdout] running 2 tests
[INFO] [stdout] test test_example_script ... ignored
[INFO] [stderr] cat: test.tmp: No such file or directory
[INFO] [stdout] test test_script_api ... FAILED
[INFO] [stdout] 
[INFO] [stdout] failures:
[INFO] [stdout] 
[INFO] [stdout] ---- test_script_api stdout ----
[INFO] [stdout] thread 'test_script_api' panicked at tests/example_script.rs:41:5:
[INFO] [stdout] assertion `left == right` failed: stderr: {"msg":"ok","level":"INFO","ts":"2024-12-14T13:34:57.387560071+00:00","start_ts":"2024-12-14T13:34:57.385918251+00:00","args":"","exec":"echo","cmd":"start","type":"process","pid":18,"cmd_line":"/opt/rustwide/target/debug/deps/example_script-199ff65913683f97","username":"root","version":"0.1.1","name":"cowbird"}
[INFO] [stdout] {"msg":"error: Read-only file system (os error 30)","level":"ERRO","ts":"2024-12-14T13:34:57.387937981+00:00","file":"test.tmp","cmd":"create","type":"file","pid":18,"cmd_line":"/opt/rustwide/target/debug/deps/example_script-199ff65913683f97","username":"root","version":"0.1.1","name":"cowbird"}
[INFO] [stdout] {"msg":"error: open: No such file or directory (os error 2)","level":"ERRO","ts":"2024-12-14T13:34:57.388223461+00:00","offset":0,"size":2,"file":"test.tmp","cmd":"modify","type":"file","pid":18,"cmd_line":"/opt/rustwide/target/debug/deps/example_script-199ff65913683f97","username":"root","version":"0.1.1","name":"cowbird"}
[INFO] [stdout] {"msg":"error: open: No such file or directory (os error 2)","level":"ERRO","ts":"2024-12-14T13:34:57.388531411+00:00","offset":2,"size":1,"file":"test.tmp","cmd":"modify","type":"file","pid":18,"cmd_line":"/opt/rustwide/target/debug/deps/example_script-199ff65913683f97","username":"root","version":"0.1.1","name":"cowbird"}
[INFO] [stdout] {"msg":"exit status: 1","level":"WARN","ts":"2024-12-14T13:34:57.391631131+00:00","start_ts":"2024-12-14T13:34:57.388833341+00:00","args":"test.tmp","exec":"cat","cmd":"start","type":"process","pid":18,"cmd_line":"/opt/rustwide/target/debug/deps/example_script-199ff65913683f97","username":"root","version":"0.1.1","name":"cowbird"}
[INFO] [stdout] {"msg":"error: Read-only file system (os error 30)","level":"ERRO","ts":"2024-12-14T13:34:57.392052040+00:00","file":"test.tmp","cmd":"delete","type":"file","pid":18,"cmd_line":"/opt/rustwide/target/debug/deps/example_script-199ff65913683f97","username":"root","version":"0.1.1","name":"cowbird"}
[INFO] [stdout] {"msg":"Network is unreachable (os error 101)","level":"ERRO","ts":"2024-12-14T13:34:57.392423511+00:00","dest":"8.8.8.8:8888","proto":"UDP","cmd":"send","type":"network","pid":18,"cmd_line":"/opt/rustwide/target/debug/deps/example_script-199ff65913683f97","username":"root","version":"0.1.1","name":"cowbird"}
[INFO] [stdout] {"msg":"ok","level":"INFO","ts":"2024-12-14T13:34:57.392944940+00:00","dest":"127.0.0.1:8888","proto":"TCP","cmd":"send","type":"network","pid":18,"cmd_line":"/opt/rustwide/target/debug/deps/example_script-199ff65913683f97","username":"root","version":"0.1.1","name":"cowbird","size":4,"source":"127.0.0.1:60036"}
[INFO] [stdout] {"msg":"ok","level":"INFO","ts":"2024-12-14T13:34:57.394731810+00:00","start_ts":"2024-12-14T13:34:57.393362030+00:00","args":"","exec":"echo","cmd":"start","type":"process","pid":18,"cmd_line":"/opt/rustwide/target/debug/deps/example_script-199ff65913683f97","username":"root","version":"0.1.1","name":"cowbird"}
[INFO] [stdout] 
[INFO] [stdout]   left: "\n\n"
[INFO] [stdout]  right: "\nok\n\n"
[INFO] [stdout] stack backtrace:
[INFO] [stdout]    0:     0x5cef3163eb8a - std::backtrace_rs::backtrace::libunwind::trace::h8810477743020387
[INFO] [stdout]                                at /rustc/202008a1b8de96d2e5b6bc02d379db03a877d34d/library/std/src/../../backtrace/src/backtrace/libunwind.rs:116:5
[INFO] [stdout]    1:     0x5cef3163eb8a - std::backtrace_rs::backtrace::trace_unsynchronized::h3aa55355dd6c54a6
[INFO] [stdout]                                at /rustc/202008a1b8de96d2e5b6bc02d379db03a877d34d/library/std/src/../../backtrace/src/backtrace/mod.rs:66:5
[INFO] [stdout]    2:     0x5cef3163eb8a - std::sys::backtrace::_print_fmt::h8588b0f62410823f
[INFO] [stdout]                                at /rustc/202008a1b8de96d2e5b6bc02d379db03a877d34d/library/std/src/sys/backtrace.rs:66:9
[INFO] [stdout]    3:     0x5cef3163eb8a - <std::sys::backtrace::BacktraceLock::print::DisplayBacktrace as core::fmt::Display>::fmt::h98c26ac25ffe89bb
[INFO] [stdout]                                at /rustc/202008a1b8de96d2e5b6bc02d379db03a877d34d/library/std/src/sys/backtrace.rs:39:26
[INFO] [stdout]    4:     0x5cef31669823 - core::fmt::rt::Argument::fmt::hf95377f4aebd453b
[INFO] [stdout]                                at /rustc/202008a1b8de96d2e5b6bc02d379db03a877d34d/library/core/src/fmt/rt.rs:177:76
[INFO] [stdout]    5:     0x5cef31669823 - core::fmt::write::h0dd5f6e2238c7982
[INFO] [stdout]                                at /rustc/202008a1b8de96d2e5b6bc02d379db03a877d34d/library/core/src/fmt/mod.rs:1189:21
[INFO] [stdout]    6:     0x5cef3163b4f3 - std::io::Write::write_fmt::h03bb0ca26e6faf8c
[INFO] [stdout]                                at /rustc/202008a1b8de96d2e5b6bc02d379db03a877d34d/library/std/src/io/mod.rs:1884:15
[INFO] [stdout]    7:     0x5cef3163e9d2 - std::sys::backtrace::BacktraceLock::print::h5c19c1c038ee186d
[INFO] [stdout]                                at /rustc/202008a1b8de96d2e5b6bc02d379db03a877d34d/library/std/src/sys/backtrace.rs:42:9
[INFO] [stdout]    8:     0x5cef3164000d - std::panicking::default_hook::{{closure}}::h77172f079a1fcb13
[INFO] [stdout]                                at /rustc/202008a1b8de96d2e5b6bc02d379db03a877d34d/library/std/src/panicking.rs:268:22
[INFO] [stdout]    9:     0x5cef3163fe17 - std::panicking::default_hook::he5f8e3b203ccddba
[INFO] [stdout]                                at /rustc/202008a1b8de96d2e5b6bc02d379db03a877d34d/library/std/src/panicking.rs:292:9
[INFO] [stdout]   10:     0x5cef315da127 - <alloc::boxed::Box<F,A> as core::ops::function::Fn<Args>>::call::h7a3c7b4a1ae77f2f
[INFO] [stdout]                                at /rustc/202008a1b8de96d2e5b6bc02d379db03a877d34d/library/alloc/src/boxed.rs:1986:9
[INFO] [stdout]   11:     0x5cef315da127 - test::test_main::{{closure}}::hf0d3b69ae9b353d1
[INFO] [stdout]                                at /rustc/202008a1b8de96d2e5b6bc02d379db03a877d34d/library/test/src/lib.rs:134:21
[INFO] [stdout]   12:     0x5cef316406b8 - <alloc::boxed::Box<F,A> as core::ops::function::Fn<Args>>::call::h6332e82e7b189abd
[INFO] [stdout]                                at /rustc/202008a1b8de96d2e5b6bc02d379db03a877d34d/library/alloc/src/boxed.rs:1986:9
[INFO] [stdout]   13:     0x5cef316406b8 - std::panicking::rust_panic_with_hook::h53863d4e9018df39
[INFO] [stdout]                                at /rustc/202008a1b8de96d2e5b6bc02d379db03a877d34d/library/std/src/panicking.rs:809:13
[INFO] [stdout]   14:     0x5cef3164047a - std::panicking::begin_panic_handler::{{closure}}::h67280e6fa0757873
[INFO] [stdout]                                at /rustc/202008a1b8de96d2e5b6bc02d379db03a877d34d/library/std/src/panicking.rs:674:13
[INFO] [stdout]   15:     0x5cef3163f069 - std::sys::backtrace::__rust_end_short_backtrace::h1dac3f54d6fbbeb2
[INFO] [stdout]                                at /rustc/202008a1b8de96d2e5b6bc02d379db03a877d34d/library/std/src/sys/backtrace.rs:170:18
[INFO] [stdout]   16:     0x5cef3164010c - rust_begin_unwind
[INFO] [stdout]                                at /rustc/202008a1b8de96d2e5b6bc02d379db03a877d34d/library/std/src/panicking.rs:665:5
[INFO] [stdout]   17:     0x5cef3139d2e0 - core::panicking::panic_fmt::h6792bd1b2bf01041
[INFO] [stdout]                                at /rustc/202008a1b8de96d2e5b6bc02d379db03a877d34d/library/core/src/panicking.rs:76:14
[INFO] [stdout]   18:     0x5cef3139d6e4 - core::panicking::assert_failed_inner::hf2c17e6d30928787
[INFO] [stdout]   19:     0x5cef3139ea3c - core::panicking::assert_failed::ha3cb4e0a30b179e9
[INFO] [stdout]                                at /rustc/202008a1b8de96d2e5b6bc02d379db03a877d34d/library/core/src/panicking.rs:373:5
[INFO] [stdout]   20:     0x5cef3139f24c - example_script::verify::h1d4e7bfa931f3b75
[INFO] [stdout]                                at /opt/rustwide/workdir/tests/example_script.rs:41:5
[INFO] [stdout]   21:     0x5cef313a12b3 - example_script::test_script_api::h7176a8a2b790056d
[INFO] [stdout]                                at /opt/rustwide/workdir/tests/example_script.rs:36:5
[INFO] [stdout]   22:     0x5cef313a0937 - example_script::test_script_api::{{closure}}::h31048a0109dc8e24
[INFO] [stdout]                                at /opt/rustwide/workdir/tests/example_script.rs:24:21
[INFO] [stdout]   23:     0x5cef3139e656 - core::ops::function::FnOnce::call_once::h7e390496693b82ce
[INFO] [stdout]                                at /rustc/202008a1b8de96d2e5b6bc02d379db03a877d34d/library/core/src/ops/function.rs:250:5
[INFO] [stdout]   24:     0x5cef315dec4b - core::ops::function::FnOnce::call_once::h871bf86719ec9aa4
[INFO] [stdout]                                at /rustc/202008a1b8de96d2e5b6bc02d379db03a877d34d/library/core/src/ops/function.rs:250:5
[INFO] [stdout]   25:     0x5cef315dec4b - test::__rust_begin_short_backtrace::h2167df1e2b7d76fd
[INFO] [stdout]                                at /rustc/202008a1b8de96d2e5b6bc02d379db03a877d34d/library/test/src/lib.rs:632:18
[INFO] [stdout]   26:     0x5cef315de638 - test::run_test_in_process::{{closure}}::h15d92f75a3adfb79
[INFO] [stdout]                                at /rustc/202008a1b8de96d2e5b6bc02d379db03a877d34d/library/test/src/lib.rs:655:60
[INFO] [stdout]   27:     0x5cef315de638 - <core::panic::unwind_safe::AssertUnwindSafe<F> as core::ops::function::FnOnce<()>>::call_once::hb6c8955835a8dbbb
[INFO] [stdout]                                at /rustc/202008a1b8de96d2e5b6bc02d379db03a877d34d/library/core/src/panic/unwind_safe.rs:272:9
[INFO] [stdout]   28:     0x5cef315de638 - std::panicking::try::do_call::hc79d0fc888a0bd30
[INFO] [stdout]                                at /rustc/202008a1b8de96d2e5b6bc02d379db03a877d34d/library/std/src/panicking.rs:557:40
[INFO] [stdout]   29:     0x5cef315de638 - std::panicking::try::hb8a7878e3a8589d6
[INFO] [stdout]                                at /rustc/202008a1b8de96d2e5b6bc02d379db03a877d34d/library/std/src/panicking.rs:520:19
[INFO] [stdout]   30:     0x5cef315de638 - std::panic::catch_unwind::hb8e4600ff0ff5cfa
[INFO] [stdout]                                at /rustc/202008a1b8de96d2e5b6bc02d379db03a877d34d/library/std/src/panic.rs:358:14
[INFO] [stdout]   31:     0x5cef315de638 - test::run_test_in_process::hc2900b0b18688dd6
[INFO] [stdout]                                at /rustc/202008a1b8de96d2e5b6bc02d379db03a877d34d/library/test/src/lib.rs:655:27
[INFO] [stdout]   32:     0x5cef315de638 - test::run_test::{{closure}}::hac2a9cb07be3d48d
[INFO] [stdout]                                at /rustc/202008a1b8de96d2e5b6bc02d379db03a877d34d/library/test/src/lib.rs:576:43
[INFO] [stdout]   33:     0x5cef315a20da - test::run_test::{{closure}}::h4a5b729e66a38cd8
[INFO] [stdout]                                at /rustc/202008a1b8de96d2e5b6bc02d379db03a877d34d/library/test/src/lib.rs:606:41
[INFO] [stdout]   34:     0x5cef315a20da - std::sys::backtrace::__rust_begin_short_backtrace::h0496fb742492f573
[INFO] [stdout]                                at /rustc/202008a1b8de96d2e5b6bc02d379db03a877d34d/library/std/src/sys/backtrace.rs:154:18
[INFO] [stdout]   35:     0x5cef315a5a54 - std::thread::Builder::spawn_unchecked_::{{closure}}::{{closure}}::hbb6d257c550a54bd
[INFO] [stdout]                                at /rustc/202008a1b8de96d2e5b6bc02d379db03a877d34d/library/std/src/thread/mod.rs:561:17
[INFO] [stdout]   36:     0x5cef315a5a54 - <core::panic::unwind_safe::AssertUnwindSafe<F> as core::ops::function::FnOnce<()>>::call_once::h46696fe4a6832328
[INFO] [stdout]                                at /rustc/202008a1b8de96d2e5b6bc02d379db03a877d34d/library/core/src/panic/unwind_safe.rs:272:9
[INFO] [stdout]   37:     0x5cef315a5a54 - std::panicking::try::do_call::h2625a51b667bfb64
[INFO] [stdout]                                at /rustc/202008a1b8de96d2e5b6bc02d379db03a877d34d/library/std/src/panicking.rs:557:40
[INFO] [stdout]   38:     0x5cef315a5a54 - std::panicking::try::hb956a59a1973aa4c
[INFO] [stdout]                                at /rustc/202008a1b8de96d2e5b6bc02d379db03a877d34d/library/std/src/panicking.rs:520:19
[INFO] [stdout]   39:     0x5cef315a5a54 - std::panic::catch_unwind::h64f3b9d1067ef6a0
[INFO] [stdout]                                at /rustc/202008a1b8de96d2e5b6bc02d379db03a877d34d/library/std/src/panic.rs:358:14
[INFO] [stdout]   40:     0x5cef315a5a54 - std::thread::Builder::spawn_unchecked_::{{closure}}::h42b2841295b6c0b2
[INFO] [stdout]                                at /rustc/202008a1b8de96d2e5b6bc02d379db03a877d34d/library/std/src/thread/mod.rs:559:30
[INFO] [stdout]   41:     0x5cef315a5a54 - core::ops::function::FnOnce::call_once{{vtable.shim}}::h6127de71b8124639
[INFO] [stdout]                                at /rustc/202008a1b8de96d2e5b6bc02d379db03a877d34d/library/core/src/ops/function.rs:250:5
[INFO] [stdout]   42:     0x5cef316447db - <alloc::boxed::Box<F,A> as core::ops::function::FnOnce<Args>>::call_once::h42f0ba71002a1b2c
[INFO] [stdout]                                at /rustc/202008a1b8de96d2e5b6bc02d379db03a877d34d/library/alloc/src/boxed.rs:1972:9
[INFO] [stdout]   43:     0x5cef316447db - <alloc::boxed::Box<F,A> as core::ops::function::FnOnce<Args>>::call_once::had9e47d7a3dcecb8
[INFO] [stdout]                                at /rustc/202008a1b8de96d2e5b6bc02d379db03a877d34d/library/alloc/src/boxed.rs:1972:9
[INFO] [stdout]   44:     0x5cef316447db - std::sys::pal::unix::thread::Thread::new::thread_start::h48cf765408f6f5f2
[INFO] [stdout]                                at /rustc/202008a1b8de96d2e5b6bc02d379db03a877d34d/library/std/src/sys/pal/unix/thread.rs:105:17
[INFO] [stdout]   45:     0x7b50dfc53ac3 - <unknown>
[INFO] [stdout]   46:     0x7b50dfce4a04 - clone
[INFO] [stdout]   47:                0x0 - <unknown>
[INFO] [stdout] 
[INFO] [stdout] 
[INFO] [stdout] failures:
[INFO] [stdout]     test_script_api
[INFO] [stdout] 
[INFO] [stdout] test result: FAILED. 0 passed; 1 failed; 1 ignored; 0 measured; 0 filtered out; finished in 0.05s
[INFO] [stdout] 
[INFO] [stderr] error: test failed, to rerun pass `--test example_script`
[INFO] running `Command { std: "docker" "inspect" "b7e3d6d4558b469ce27c0ba5ad6677f875efc0cc0384ef77a0700ba0fdc4bd1a", kill_on_drop: false }`
[INFO] running `Command { std: "docker" "rm" "-f" "b7e3d6d4558b469ce27c0ba5ad6677f875efc0cc0384ef77a0700ba0fdc4bd1a", kill_on_drop: false }`
[INFO] [stdout] b7e3d6d4558b469ce27c0ba5ad6677f875efc0cc0384ef77a0700ba0fdc4bd1a
