[INFO] cloning repository https://github.com/ericdeansanchez/bifrost
[INFO] running `Command { std: "git" "-c" "credential.helper=" "-c" "credential.helper=/workspace/cargo-home/bin/git-credential-null" "clone" "--bare" "https://github.com/ericdeansanchez/bifrost" "/workspace/cache/git-repos/https%3A%2F%2Fgithub.com%2Fericdeansanchez%2Fbifrost", kill_on_drop: false }`
[INFO] [stderr] Cloning into bare repository '/workspace/cache/git-repos/https%3A%2F%2Fgithub.com%2Fericdeansanchez%2Fbifrost'...
[INFO] running `Command { std: "git" "rev-parse" "HEAD", kill_on_drop: false }`
[INFO] [stdout] 5317ea69e57f98376f605d57f27ecfafd78754f4
[INFO] testing ericdeansanchez/bifrost against beta-2024-12-08 for beta-1.84.0-4-retry
[INFO] running `Command { std: "git" "clone" "/workspace/cache/git-repos/https%3A%2F%2Fgithub.com%2Fericdeansanchez%2Fbifrost" "/workspace/builds/worker-1-tc2/source", kill_on_drop: false }`
[INFO] [stderr] Cloning into '/workspace/builds/worker-1-tc2/source'...
[INFO] [stderr] done.
[INFO] validating manifest of git repo https://github.com/ericdeansanchez/bifrost on toolchain beta-2024-12-08
[INFO] running `Command { std: CARGO_HOME="/workspace/cargo-home" RUSTUP_HOME="/workspace/rustup-home" "/workspace/cargo-home/bin/cargo" "+beta-2024-12-08" "metadata" "--manifest-path" "Cargo.toml" "--no-deps", kill_on_drop: false }`
[INFO] started tweaking git repo https://github.com/ericdeansanchez/bifrost
[INFO] removed 0 missing tests
[INFO] finished tweaking git repo https://github.com/ericdeansanchez/bifrost
[INFO] tweaked toml for git repo https://github.com/ericdeansanchez/bifrost written to /workspace/builds/worker-1-tc2/source/Cargo.toml
[INFO] crate git repo https://github.com/ericdeansanchez/bifrost already has a lockfile, it will not be regenerated
[INFO] running `Command { std: CARGO_HOME="/workspace/cargo-home" RUSTUP_HOME="/workspace/rustup-home" "/workspace/cargo-home/bin/cargo" "+beta-2024-12-08" "fetch" "--manifest-path" "Cargo.toml", kill_on_drop: false }`
[INFO] running `Command { std: "docker" "create" "-v" "/var/lib/crater-agent-workspace/builds/worker-1-tc2/target:/opt/rustwide/target:rw,Z" "-v" "/var/lib/crater-agent-workspace/builds/worker-1-tc2/source:/opt/rustwide/workdir:ro,Z" "-v" "/var/lib/crater-agent-workspace/cargo-home:/opt/rustwide/cargo-home:ro,Z" "-v" "/var/lib/crater-agent-workspace/rustup-home:/opt/rustwide/rustup-home:ro,Z" "-e" "SOURCE_DIR=/opt/rustwide/workdir" "-e" "CARGO_TARGET_DIR=/opt/rustwide/target" "-e" "CARGO_HOME=/opt/rustwide/cargo-home" "-e" "RUSTUP_HOME=/opt/rustwide/rustup-home" "-w" "/opt/rustwide/workdir" "-m" "1610612736" "--user" "0:0" "--network" "none" "ghcr.io/rust-lang/crates-build-env/linux@sha256:f3a9d4ad9d972b27faf3965f35b62e55ba32bbce8f20bc8fe909558a86702fde" "/opt/rustwide/cargo-home/bin/cargo" "+beta-2024-12-08" "metadata" "--no-deps" "--format-version=1", kill_on_drop: false }`
[INFO] [stdout] 2b6325d96c687252013f418113d1684d3056b122da9f1ab001cbedbbb651741c
[INFO] running `Command { std: "docker" "start" "-a" "2b6325d96c687252013f418113d1684d3056b122da9f1ab001cbedbbb651741c", kill_on_drop: false }`
[INFO] running `Command { std: "docker" "inspect" "2b6325d96c687252013f418113d1684d3056b122da9f1ab001cbedbbb651741c", kill_on_drop: false }`
[INFO] running `Command { std: "docker" "rm" "-f" "2b6325d96c687252013f418113d1684d3056b122da9f1ab001cbedbbb651741c", kill_on_drop: false }`
[INFO] [stdout] 2b6325d96c687252013f418113d1684d3056b122da9f1ab001cbedbbb651741c
[INFO] running `Command { std: "docker" "create" "-v" "/var/lib/crater-agent-workspace/builds/worker-1-tc2/target:/opt/rustwide/target:rw,Z" "-v" "/var/lib/crater-agent-workspace/builds/worker-1-tc2/source:/opt/rustwide/workdir:ro,Z" "-v" "/var/lib/crater-agent-workspace/cargo-home:/opt/rustwide/cargo-home:ro,Z" "-v" "/var/lib/crater-agent-workspace/rustup-home:/opt/rustwide/rustup-home:ro,Z" "-e" "SOURCE_DIR=/opt/rustwide/workdir" "-e" "CARGO_TARGET_DIR=/opt/rustwide/target" "-e" "CARGO_INCREMENTAL=0" "-e" "RUST_BACKTRACE=full" "-e" "RUSTFLAGS=--cap-lints=warn" "-e" "RUSTDOCFLAGS=--cap-lints=warn" "-e" "CARGO_HOME=/opt/rustwide/cargo-home" "-e" "RUSTUP_HOME=/opt/rustwide/rustup-home" "-w" "/opt/rustwide/workdir" "-m" "1610612736" "--user" "0:0" "--network" "none" "ghcr.io/rust-lang/crates-build-env/linux@sha256:f3a9d4ad9d972b27faf3965f35b62e55ba32bbce8f20bc8fe909558a86702fde" "/opt/rustwide/cargo-home/bin/cargo" "+beta-2024-12-08" "build" "--frozen" "--message-format=json", kill_on_drop: false }`
[INFO] [stdout] f8323c04cd572a49ac51675b5fa159bf32c55d324e90569820d1dc8ce0effa6b
[INFO] running `Command { std: "docker" "start" "-a" "f8323c04cd572a49ac51675b5fa159bf32c55d324e90569820d1dc8ce0effa6b", kill_on_drop: false }`
[INFO] [stderr]    Compiling libc v0.2.51
[INFO] [stderr]    Compiling proc-macro2 v0.4.29
[INFO] [stderr]    Compiling unicode-xid v0.1.0
[INFO] [stderr]    Compiling syn v0.15.33
[INFO] [stderr]    Compiling winapi-build v0.1.1
[INFO] [stderr]    Compiling cc v1.0.36
[INFO] [stderr]    Compiling autocfg v0.1.2
[INFO] [stderr]    Compiling memchr v2.2.0
[INFO] [stderr]    Compiling winapi v0.2.8
[INFO] [stderr]    Compiling serde v1.0.91
[INFO] [stderr]    Compiling kernel32-sys v0.2.2
[INFO] [stderr]    Compiling backtrace v0.3.15
[INFO] [stderr]    Compiling failure_derive v0.1.5
[INFO] [stderr]    Compiling unicode-width v0.1.5
[INFO] [stderr]    Compiling regex v1.1.6
[INFO] [stderr]    Compiling ucd-util v0.1.3
[INFO] [stderr]    Compiling rustc-demangle v0.1.14
[INFO] [stderr]    Compiling cfg-if v0.1.7
[INFO] [stderr]    Compiling lazy_static v1.3.0
[INFO] [stderr]    Compiling aho-corasick v0.7.3
[INFO] [stderr]    Compiling thread_local v0.3.6
[INFO] [stderr]    Compiling regex-syntax v0.6.6
[INFO] [stderr]    Compiling quote v0.6.12
[INFO] [stderr]    Compiling atty v0.2.11
[INFO] [stderr]    Compiling textwrap v0.11.0
[INFO] [stderr]    Compiling term v0.2.14
[INFO] [stderr]    Compiling backtrace-sys v0.1.28
[INFO] [stderr]    Compiling bitflags v1.0.4
[INFO] [stderr]    Compiling strsim v0.8.0
[INFO] [stderr]    Compiling vec_map v0.8.1
[INFO] [stderr]    Compiling ansi_term v0.11.0
[INFO] [stderr]    Compiling ansi_term v0.7.5
[INFO] [stderr]    Compiling same-file v1.0.4
[INFO] [stderr]    Compiling utf8-ranges v1.0.2
[INFO] [stderr]    Compiling walkdir v2.2.7
[INFO] [stderr]    Compiling clap v2.33.0
[INFO] [stderr]    Compiling spinner v0.3.0
[INFO] [stderr]    Compiling subprocess v0.1.18
[INFO] [stderr]    Compiling dirs v1.0.5
[INFO] [stderr]    Compiling synstructure v0.10.1
[INFO] [stderr]    Compiling serde_derive v1.0.91
[INFO] [stderr]    Compiling toml v0.5.1
[INFO] [stderr]    Compiling failure v0.1.5
[INFO] [stderr]    Compiling bifrost v0.1.0 (/opt/rustwide/workdir)
[INFO] [stdout] warning: unexpected `cfg` condition value: `cargo-clippy`
[INFO] [stdout]   --> src/bifrost/core/config.rs:28:17
[INFO] [stdout]    |
[INFO] [stdout] 28 | #[derive(Debug, Deserialize, Serialize)]
[INFO] [stdout]    |                 ^^^^^^^^^^^
[INFO] [stdout]    |
[INFO] [stdout]    = note: no expected values for `feature`
[INFO] [stdout]    = help: consider adding `cargo-clippy` as a feature in `Cargo.toml`
[INFO] [stdout]    = note: see <https://doc.rust-lang.org/nightly/rustc/check-cfg/cargo-specifics.html> for more information about checking conditional configuration
[INFO] [stdout]    = note: `#[warn(unexpected_cfgs)]` on by default
[INFO] [stdout]    = note: this warning originates in the derive macro `Deserialize` (in Nightly builds, run with -Z macro-backtrace for more info)
[INFO] [stdout] 
[INFO] [stdout] 
[INFO] [stdout] warning: unexpected `cfg` condition value: `cargo-clippy`
[INFO] [stdout]   --> src/bifrost/core/config.rs:28:30
[INFO] [stdout]    |
[INFO] [stdout] 28 | #[derive(Debug, Deserialize, Serialize)]
[INFO] [stdout]    |                              ^^^^^^^^^
[INFO] [stdout]    |
[INFO] [stdout]    = note: no expected values for `feature`
[INFO] [stdout]    = help: consider adding `cargo-clippy` as a feature in `Cargo.toml`
[INFO] [stdout]    = note: see <https://doc.rust-lang.org/nightly/rustc/check-cfg/cargo-specifics.html> for more information about checking conditional configuration
[INFO] [stdout]    = note: this warning originates in the derive macro `Serialize` (in Nightly builds, run with -Z macro-backtrace for more info)
[INFO] [stdout] 
[INFO] [stdout] 
[INFO] [stdout] warning: unexpected `cfg` condition value: `cargo-clippy`
[INFO] [stdout]    --> src/bifrost/core/config.rs:169:17
[INFO] [stdout]     |
[INFO] [stdout] 169 | #[derive(Debug, Deserialize, Serialize)]
[INFO] [stdout]     |                 ^^^^^^^^^^^
[INFO] [stdout]     |
[INFO] [stdout]     = note: no expected values for `feature`
[INFO] [stdout]     = help: consider adding `cargo-clippy` as a feature in `Cargo.toml`
[INFO] [stdout]     = note: see <https://doc.rust-lang.org/nightly/rustc/check-cfg/cargo-specifics.html> for more information about checking conditional configuration
[INFO] [stdout]     = note: this warning originates in the derive macro `Deserialize` (in Nightly builds, run with -Z macro-backtrace for more info)
[INFO] [stdout] 
[INFO] [stdout] 
[INFO] [stdout] warning: unexpected `cfg` condition value: `cargo-clippy`
[INFO] [stdout]    --> src/bifrost/core/config.rs:169:30
[INFO] [stdout]     |
[INFO] [stdout] 169 | #[derive(Debug, Deserialize, Serialize)]
[INFO] [stdout]     |                              ^^^^^^^^^
[INFO] [stdout]     |
[INFO] [stdout]     = note: no expected values for `feature`
[INFO] [stdout]     = help: consider adding `cargo-clippy` as a feature in `Cargo.toml`
[INFO] [stdout]     = note: see <https://doc.rust-lang.org/nightly/rustc/check-cfg/cargo-specifics.html> for more information about checking conditional configuration
[INFO] [stdout]     = note: this warning originates in the derive macro `Serialize` (in Nightly builds, run with -Z macro-backtrace for more info)
[INFO] [stdout] 
[INFO] [stdout] 
[INFO] [stdout] warning: unexpected `cfg` condition value: `cargo-clippy`
[INFO] [stdout]    --> src/bifrost/core/config.rs:375:17
[INFO] [stdout]     |
[INFO] [stdout] 375 | #[derive(Debug, Deserialize, Serialize)]
[INFO] [stdout]     |                 ^^^^^^^^^^^
[INFO] [stdout]     |
[INFO] [stdout]     = note: no expected values for `feature`
[INFO] [stdout]     = help: consider adding `cargo-clippy` as a feature in `Cargo.toml`
[INFO] [stdout]     = note: see <https://doc.rust-lang.org/nightly/rustc/check-cfg/cargo-specifics.html> for more information about checking conditional configuration
[INFO] [stdout]     = note: this warning originates in the derive macro `Deserialize` (in Nightly builds, run with -Z macro-backtrace for more info)
[INFO] [stdout] 
[INFO] [stdout] 
[INFO] [stdout] warning: unexpected `cfg` condition value: `cargo-clippy`
[INFO] [stdout]    --> src/bifrost/core/config.rs:375:30
[INFO] [stdout]     |
[INFO] [stdout] 375 | #[derive(Debug, Deserialize, Serialize)]
[INFO] [stdout]     |                              ^^^^^^^^^
[INFO] [stdout]     |
[INFO] [stdout]     = note: no expected values for `feature`
[INFO] [stdout]     = help: consider adding `cargo-clippy` as a feature in `Cargo.toml`
[INFO] [stdout]     = note: see <https://doc.rust-lang.org/nightly/rustc/check-cfg/cargo-specifics.html> for more information about checking conditional configuration
[INFO] [stdout]     = note: this warning originates in the derive macro `Serialize` (in Nightly builds, run with -Z macro-backtrace for more info)
[INFO] [stdout] 
[INFO] [stdout] 
[INFO] [stdout] warning: unexpected `cfg` condition value: `cargo-clippy`
[INFO] [stdout]    --> src/bifrost/core/config.rs:380:17
[INFO] [stdout]     |
[INFO] [stdout] 380 | #[derive(Debug, Deserialize, Serialize)]
[INFO] [stdout]     |                 ^^^^^^^^^^^
[INFO] [stdout]     |
[INFO] [stdout]     = note: no expected values for `feature`
[INFO] [stdout]     = help: consider adding `cargo-clippy` as a feature in `Cargo.toml`
[INFO] [stdout]     = note: see <https://doc.rust-lang.org/nightly/rustc/check-cfg/cargo-specifics.html> for more information about checking conditional configuration
[INFO] [stdout]     = note: this warning originates in the derive macro `Deserialize` (in Nightly builds, run with -Z macro-backtrace for more info)
[INFO] [stdout] 
[INFO] [stdout] 
[INFO] [stdout] warning: unexpected `cfg` condition value: `cargo-clippy`
[INFO] [stdout]    --> src/bifrost/core/config.rs:380:30
[INFO] [stdout]     |
[INFO] [stdout] 380 | #[derive(Debug, Deserialize, Serialize)]
[INFO] [stdout]     |                              ^^^^^^^^^
[INFO] [stdout]     |
[INFO] [stdout]     = note: no expected values for `feature`
[INFO] [stdout]     = help: consider adding `cargo-clippy` as a feature in `Cargo.toml`
[INFO] [stdout]     = note: see <https://doc.rust-lang.org/nightly/rustc/check-cfg/cargo-specifics.html> for more information about checking conditional configuration
[INFO] [stdout]     = note: this warning originates in the derive macro `Serialize` (in Nightly builds, run with -Z macro-backtrace for more info)
[INFO] [stdout] 
[INFO] [stdout] 
[INFO] [stdout] warning: unexpected `cfg` condition value: `cargo-clippy`
[INFO] [stdout]    --> src/bifrost/core/config.rs:403:17
[INFO] [stdout]     |
[INFO] [stdout] 403 | #[derive(Debug, Deserialize, Serialize)]
[INFO] [stdout]     |                 ^^^^^^^^^^^
[INFO] [stdout]     |
[INFO] [stdout]     = note: no expected values for `feature`
[INFO] [stdout]     = help: consider adding `cargo-clippy` as a feature in `Cargo.toml`
[INFO] [stdout]     = note: see <https://doc.rust-lang.org/nightly/rustc/check-cfg/cargo-specifics.html> for more information about checking conditional configuration
[INFO] [stdout]     = note: this warning originates in the derive macro `Deserialize` (in Nightly builds, run with -Z macro-backtrace for more info)
[INFO] [stdout] 
[INFO] [stdout] 
[INFO] [stdout] warning: unexpected `cfg` condition value: `cargo-clippy`
[INFO] [stdout]    --> src/bifrost/core/config.rs:403:30
[INFO] [stdout]     |
[INFO] [stdout] 403 | #[derive(Debug, Deserialize, Serialize)]
[INFO] [stdout]     |                              ^^^^^^^^^
[INFO] [stdout]     |
[INFO] [stdout]     = note: no expected values for `feature`
[INFO] [stdout]     = help: consider adding `cargo-clippy` as a feature in `Cargo.toml`
[INFO] [stdout]     = note: see <https://doc.rust-lang.org/nightly/rustc/check-cfg/cargo-specifics.html> for more information about checking conditional configuration
[INFO] [stdout]     = note: this warning originates in the derive macro `Serialize` (in Nightly builds, run with -Z macro-backtrace for more info)
[INFO] [stdout] 
[INFO] [stdout] 
[INFO] [stdout] warning: use of deprecated constant `std::sync::ONCE_INIT`: the `Once::new()` function is now preferred
[INFO] [stdout]   --> src/bifrost/core/app.rs:25:17
[INFO] [stdout]    |
[INFO] [stdout] 25 |         .author(crate_authors!(",\n"))
[INFO] [stdout]    |                 ^^^^^^^^^^^^^^^^^^^^^
[INFO] [stdout]    |
[INFO] [stdout]    = note: `#[warn(deprecated)]` on by default
[INFO] [stdout]    = note: this warning originates in the macro `crate_authors` (in Nightly builds, run with -Z macro-backtrace for more info)
[INFO] [stdout] 
[INFO] [stdout] 
[INFO] [stdout] warning: use of deprecated constant `std::sync::ONCE_INIT`: the `Once::new()` function is now preferred
[INFO] [stdout]   --> src/bifrost/core/app.rs:25:17
[INFO] [stdout]    |
[INFO] [stdout] 25 |         .author(crate_authors!(",\n"))
[INFO] [stdout]    |                 ^^^^^^^^^^^^^^^^^^^^^
[INFO] [stdout]    |
[INFO] [stdout]    = note: this warning originates in the macro `crate_authors` (in Nightly builds, run with -Z macro-backtrace for more info)
[INFO] [stdout] 
[INFO] [stdout] 
[INFO] [stdout] warning: non-local `impl` definition, `impl` blocks should be written at the same level as their item
[INFO] [stdout]   --> src/bifrost/core/config.rs:28:17
[INFO] [stdout]    |
[INFO] [stdout] 28 | #[derive(Debug, Deserialize, Serialize)]
[INFO] [stdout]    |                 ^----------
[INFO] [stdout]    |                 |
[INFO] [stdout]    |                 `Deserialize` is not local
[INFO] [stdout]    |                 move the `impl` block outside of this constant `_IMPL_DESERIALIZE_FOR_Config`
[INFO] [stdout] 29 | pub struct Config {
[INFO] [stdout]    |            ------ `Config` is not local
[INFO] [stdout]    |
[INFO] [stdout]    = note: the derive macro `Deserialize` defines the non-local `impl`, and may need to be changed
[INFO] [stdout]    = note: the derive macro `Deserialize` may come from an old version of the `serde_derive` crate, try updating your dependency with `cargo update -p serde_derive`
[INFO] [stdout]    = note: an `impl` is never scoped, even when it is nested inside an item, as it may impact type checking outside of that item, which can be the case if neither the trait or the self type are at the same nesting level as the `impl`
[INFO] [stdout]    = note: items in an anonymous const item (`const _: () = { ... }`) are treated as in the same scope as the anonymous const's declaration for the purpose of this lint
[INFO] [stdout]    = note: `#[warn(non_local_definitions)]` on by default
[INFO] [stdout]    = note: this warning originates in the derive macro `Deserialize` (in Nightly builds, run with -Z macro-backtrace for more info)
[INFO] [stdout] 
[INFO] [stdout] 
[INFO] [stdout] warning: non-local `impl` definition, `impl` blocks should be written at the same level as their item
[INFO] [stdout]   --> src/bifrost/core/config.rs:28:30
[INFO] [stdout]    |
[INFO] [stdout] 28 | #[derive(Debug, Deserialize, Serialize)]
[INFO] [stdout]    |                              ^--------
[INFO] [stdout]    |                              |
[INFO] [stdout]    |                              `Serialize` is not local
[INFO] [stdout]    |                              move the `impl` block outside of this constant `_IMPL_SERIALIZE_FOR_Config`
[INFO] [stdout] 29 | pub struct Config {
[INFO] [stdout]    |            ------ `Config` is not local
[INFO] [stdout]    |
[INFO] [stdout]    = note: the derive macro `Serialize` defines the non-local `impl`, and may need to be changed
[INFO] [stdout]    = note: the derive macro `Serialize` may come from an old version of the `serde_derive` crate, try updating your dependency with `cargo update -p serde_derive`
[INFO] [stdout]    = note: an `impl` is never scoped, even when it is nested inside an item, as it may impact type checking outside of that item, which can be the case if neither the trait or the self type are at the same nesting level as the `impl`
[INFO] [stdout]    = note: items in an anonymous const item (`const _: () = { ... }`) are treated as in the same scope as the anonymous const's declaration for the purpose of this lint
[INFO] [stdout]    = note: this warning originates in the derive macro `Serialize` (in Nightly builds, run with -Z macro-backtrace for more info)
[INFO] [stdout] 
[INFO] [stdout] 
[INFO] [stdout] warning: non-local `impl` definition, `impl` blocks should be written at the same level as their item
[INFO] [stdout]    --> src/bifrost/core/config.rs:169:17
[INFO] [stdout]     |
[INFO] [stdout] 169 | #[derive(Debug, Deserialize, Serialize)]
[INFO] [stdout]     |                 ^----------
[INFO] [stdout]     |                 |
[INFO] [stdout]     |                 `Deserialize` is not local
[INFO] [stdout]     |                 move the `impl` block outside of this constant `_IMPL_DESERIALIZE_FOR_BifrostManifest`
[INFO] [stdout] 170 | pub struct BifrostManifest {
[INFO] [stdout]     |            --------------- `BifrostManifest` is not local
[INFO] [stdout]     |
[INFO] [stdout]     = note: the derive macro `Deserialize` defines the non-local `impl`, and may need to be changed
[INFO] [stdout]     = note: the derive macro `Deserialize` may come from an old version of the `serde_derive` crate, try updating your dependency with `cargo update -p serde_derive`
[INFO] [stdout]     = note: an `impl` is never scoped, even when it is nested inside an item, as it may impact type checking outside of that item, which can be the case if neither the trait or the self type are at the same nesting level as the `impl`
[INFO] [stdout]     = note: items in an anonymous const item (`const _: () = { ... }`) are treated as in the same scope as the anonymous const's declaration for the purpose of this lint
[INFO] [stdout]     = note: this warning originates in the derive macro `Deserialize` (in Nightly builds, run with -Z macro-backtrace for more info)
[INFO] [stdout] 
[INFO] [stdout] 
[INFO] [stdout] warning: non-local `impl` definition, `impl` blocks should be written at the same level as their item
[INFO] [stdout]    --> src/bifrost/core/config.rs:169:30
[INFO] [stdout]     |
[INFO] [stdout] 169 | #[derive(Debug, Deserialize, Serialize)]
[INFO] [stdout]     |                              ^--------
[INFO] [stdout]     |                              |
[INFO] [stdout]     |                              `Serialize` is not local
[INFO] [stdout]     |                              move the `impl` block outside of this constant `_IMPL_SERIALIZE_FOR_BifrostManifest`
[INFO] [stdout] 170 | pub struct BifrostManifest {
[INFO] [stdout]     |            --------------- `BifrostManifest` is not local
[INFO] [stdout]     |
[INFO] [stdout]     = note: the derive macro `Serialize` defines the non-local `impl`, and may need to be changed
[INFO] [stdout]     = note: the derive macro `Serialize` may come from an old version of the `serde_derive` crate, try updating your dependency with `cargo update -p serde_derive`
[INFO] [stdout]     = note: an `impl` is never scoped, even when it is nested inside an item, as it may impact type checking outside of that item, which can be the case if neither the trait or the self type are at the same nesting level as the `impl`
[INFO] [stdout]     = note: items in an anonymous const item (`const _: () = { ... }`) are treated as in the same scope as the anonymous const's declaration for the purpose of this lint
[INFO] [stdout]     = note: this warning originates in the derive macro `Serialize` (in Nightly builds, run with -Z macro-backtrace for more info)
[INFO] [stdout] 
[INFO] [stdout] 
[INFO] [stdout] warning: non-local `impl` definition, `impl` blocks should be written at the same level as their item
[INFO] [stdout]    --> src/bifrost/core/config.rs:375:17
[INFO] [stdout]     |
[INFO] [stdout] 375 | #[derive(Debug, Deserialize, Serialize)]
[INFO] [stdout]     |                 ^----------
[INFO] [stdout]     |                 |
[INFO] [stdout]     |                 `Deserialize` is not local
[INFO] [stdout]     |                 move the `impl` block outside of this constant `_IMPL_DESERIALIZE_FOR_ContainerConfig`
[INFO] [stdout] 376 | struct ContainerConfig {
[INFO] [stdout]     |        --------------- `ContainerConfig` is not local
[INFO] [stdout]     |
[INFO] [stdout]     = note: the derive macro `Deserialize` defines the non-local `impl`, and may need to be changed
[INFO] [stdout]     = note: the derive macro `Deserialize` may come from an old version of the `serde_derive` crate, try updating your dependency with `cargo update -p serde_derive`
[INFO] [stdout]     = note: an `impl` is never scoped, even when it is nested inside an item, as it may impact type checking outside of that item, which can be the case if neither the trait or the self type are at the same nesting level as the `impl`
[INFO] [stdout]     = note: items in an anonymous const item (`const _: () = { ... }`) are treated as in the same scope as the anonymous const's declaration for the purpose of this lint
[INFO] [stdout]     = note: this warning originates in the derive macro `Deserialize` (in Nightly builds, run with -Z macro-backtrace for more info)
[INFO] [stdout] 
[INFO] [stdout] 
[INFO] [stdout] warning: non-local `impl` definition, `impl` blocks should be written at the same level as their item
[INFO] [stdout]    --> src/bifrost/core/config.rs:375:30
[INFO] [stdout]     |
[INFO] [stdout] 375 | #[derive(Debug, Deserialize, Serialize)]
[INFO] [stdout]     |                              ^--------
[INFO] [stdout]     |                              |
[INFO] [stdout]     |                              `Serialize` is not local
[INFO] [stdout]     |                              move the `impl` block outside of this constant `_IMPL_SERIALIZE_FOR_ContainerConfig`
[INFO] [stdout] 376 | struct ContainerConfig {
[INFO] [stdout]     |        --------------- `ContainerConfig` is not local
[INFO] [stdout]     |
[INFO] [stdout]     = note: the derive macro `Serialize` defines the non-local `impl`, and may need to be changed
[INFO] [stdout]     = note: the derive macro `Serialize` may come from an old version of the `serde_derive` crate, try updating your dependency with `cargo update -p serde_derive`
[INFO] [stdout]     = note: an `impl` is never scoped, even when it is nested inside an item, as it may impact type checking outside of that item, which can be the case if neither the trait or the self type are at the same nesting level as the `impl`
[INFO] [stdout]     = note: items in an anonymous const item (`const _: () = { ... }`) are treated as in the same scope as the anonymous const's declaration for the purpose of this lint
[INFO] [stdout]     = note: this warning originates in the derive macro `Serialize` (in Nightly builds, run with -Z macro-backtrace for more info)
[INFO] [stdout] 
[INFO] [stdout] 
[INFO] [stdout] warning: non-local `impl` definition, `impl` blocks should be written at the same level as their item
[INFO] [stdout]    --> src/bifrost/core/config.rs:380:17
[INFO] [stdout]     |
[INFO] [stdout] 380 | #[derive(Debug, Deserialize, Serialize)]
[INFO] [stdout]     |                 ^----------
[INFO] [stdout]     |                 |
[INFO] [stdout]     |                 `Deserialize` is not local
[INFO] [stdout]     |                 move the `impl` block outside of this constant `_IMPL_DESERIALIZE_FOR_WorkSpaceConfig`
[INFO] [stdout] 381 | pub struct WorkSpaceConfig {
[INFO] [stdout]     |            --------------- `WorkSpaceConfig` is not local
[INFO] [stdout]     |
[INFO] [stdout]     = note: the derive macro `Deserialize` defines the non-local `impl`, and may need to be changed
[INFO] [stdout]     = note: the derive macro `Deserialize` may come from an old version of the `serde_derive` crate, try updating your dependency with `cargo update -p serde_derive`
[INFO] [stdout]     = note: an `impl` is never scoped, even when it is nested inside an item, as it may impact type checking outside of that item, which can be the case if neither the trait or the self type are at the same nesting level as the `impl`
[INFO] [stdout]     = note: items in an anonymous const item (`const _: () = { ... }`) are treated as in the same scope as the anonymous const's declaration for the purpose of this lint
[INFO] [stdout]     = note: this warning originates in the derive macro `Deserialize` (in Nightly builds, run with -Z macro-backtrace for more info)
[INFO] [stdout] 
[INFO] [stdout] 
[INFO] [stdout] warning: non-local `impl` definition, `impl` blocks should be written at the same level as their item
[INFO] [stdout]    --> src/bifrost/core/config.rs:380:30
[INFO] [stdout]     |
[INFO] [stdout] 380 | #[derive(Debug, Deserialize, Serialize)]
[INFO] [stdout]     |                              ^--------
[INFO] [stdout]     |                              |
[INFO] [stdout]     |                              `Serialize` is not local
[INFO] [stdout]     |                              move the `impl` block outside of this constant `_IMPL_SERIALIZE_FOR_WorkSpaceConfig`
[INFO] [stdout] 381 | pub struct WorkSpaceConfig {
[INFO] [stdout]     |            --------------- `WorkSpaceConfig` is not local
[INFO] [stdout]     |
[INFO] [stdout]     = note: the derive macro `Serialize` defines the non-local `impl`, and may need to be changed
[INFO] [stdout]     = note: the derive macro `Serialize` may come from an old version of the `serde_derive` crate, try updating your dependency with `cargo update -p serde_derive`
[INFO] [stdout]     = note: an `impl` is never scoped, even when it is nested inside an item, as it may impact type checking outside of that item, which can be the case if neither the trait or the self type are at the same nesting level as the `impl`
[INFO] [stdout]     = note: items in an anonymous const item (`const _: () = { ... }`) are treated as in the same scope as the anonymous const's declaration for the purpose of this lint
[INFO] [stdout]     = note: this warning originates in the derive macro `Serialize` (in Nightly builds, run with -Z macro-backtrace for more info)
[INFO] [stdout] 
[INFO] [stdout] 
[INFO] [stdout] warning: non-local `impl` definition, `impl` blocks should be written at the same level as their item
[INFO] [stdout]    --> src/bifrost/core/config.rs:403:17
[INFO] [stdout]     |
[INFO] [stdout] 403 | #[derive(Debug, Deserialize, Serialize)]
[INFO] [stdout]     |                 ^----------
[INFO] [stdout]     |                 |
[INFO] [stdout]     |                 `Deserialize` is not local
[INFO] [stdout]     |                 move the `impl` block outside of this constant `_IMPL_DESERIALIZE_FOR_CommandConfig`
[INFO] [stdout] 404 | pub struct CommandConfig {
[INFO] [stdout]     |            ------------- `CommandConfig` is not local
[INFO] [stdout]     |
[INFO] [stdout]     = note: the derive macro `Deserialize` defines the non-local `impl`, and may need to be changed
[INFO] [stdout]     = note: the derive macro `Deserialize` may come from an old version of the `serde_derive` crate, try updating your dependency with `cargo update -p serde_derive`
[INFO] [stdout]     = note: an `impl` is never scoped, even when it is nested inside an item, as it may impact type checking outside of that item, which can be the case if neither the trait or the self type are at the same nesting level as the `impl`
[INFO] [stdout]     = note: items in an anonymous const item (`const _: () = { ... }`) are treated as in the same scope as the anonymous const's declaration for the purpose of this lint
[INFO] [stdout]     = note: this warning originates in the derive macro `Deserialize` (in Nightly builds, run with -Z macro-backtrace for more info)
[INFO] [stdout] 
[INFO] [stdout] 
[INFO] [stdout] warning: non-local `impl` definition, `impl` blocks should be written at the same level as their item
[INFO] [stdout]    --> src/bifrost/core/config.rs:403:30
[INFO] [stdout]     |
[INFO] [stdout] 403 | #[derive(Debug, Deserialize, Serialize)]
[INFO] [stdout]     |                              ^--------
[INFO] [stdout]     |                              |
[INFO] [stdout]     |                              `Serialize` is not local
[INFO] [stdout]     |                              move the `impl` block outside of this constant `_IMPL_SERIALIZE_FOR_CommandConfig`
[INFO] [stdout] 404 | pub struct CommandConfig {
[INFO] [stdout]     |            ------------- `CommandConfig` is not local
[INFO] [stdout]     |
[INFO] [stdout]     = note: the derive macro `Serialize` defines the non-local `impl`, and may need to be changed
[INFO] [stdout]     = note: the derive macro `Serialize` may come from an old version of the `serde_derive` crate, try updating your dependency with `cargo update -p serde_derive`
[INFO] [stdout]     = note: an `impl` is never scoped, even when it is nested inside an item, as it may impact type checking outside of that item, which can be the case if neither the trait or the self type are at the same nesting level as the `impl`
[INFO] [stdout]     = note: items in an anonymous const item (`const _: () = { ... }`) are treated as in the same scope as the anonymous const's declaration for the purpose of this lint
[INFO] [stdout]     = note: this warning originates in the derive macro `Serialize` (in Nightly builds, run with -Z macro-backtrace for more info)
[INFO] [stdout] 
[INFO] [stdout] 
[INFO] [stdout] warning: call to `.clone()` on a reference in this situation does nothing
[INFO] [stdout]    --> src/bifrost/core/workingdir.rs:263:31
[INFO] [stdout]     |
[INFO] [stdout] 263 |     let to_dir = from.0.path().clone();
[INFO] [stdout]     |                               ^^^^^^^^
[INFO] [stdout]     |
[INFO] [stdout]     = note: the type `Path` does not implement `Clone`, so calling `clone` on `&Path` copies the reference, which does not do anything and can be removed
[INFO] [stdout]     = note: `#[warn(noop_method_call)]` on by default
[INFO] [stdout] help: remove this redundant call
[INFO] [stdout]     |
[INFO] [stdout] 263 -     let to_dir = from.0.path().clone();
[INFO] [stdout] 263 +     let to_dir = from.0.path();
[INFO] [stdout]     |
[INFO] [stdout] 
[INFO] [stdout] 
[INFO] [stdout] warning: call to `.clone()` on a reference in this situation does nothing
[INFO] [stdout]    --> src/bifrost/core/workingdir.rs:276:31
[INFO] [stdout]     |
[INFO] [stdout] 276 |     let to_dir = from.0.path().clone();
[INFO] [stdout]     |                               ^^^^^^^^
[INFO] [stdout]     |
[INFO] [stdout]     = note: the type `Path` does not implement `Clone`, so calling `clone` on `&Path` copies the reference, which does not do anything and can be removed
[INFO] [stdout] help: remove this redundant call
[INFO] [stdout]     |
[INFO] [stdout] 276 -     let to_dir = from.0.path().clone();
[INFO] [stdout] 276 +     let to_dir = from.0.path();
[INFO] [stdout]     |
[INFO] [stdout] 
[INFO] [stdout] 
[INFO] [stderr]     Finished `dev` profile [unoptimized + debuginfo] target(s) in 37.62s
[INFO] running `Command { std: "docker" "inspect" "f8323c04cd572a49ac51675b5fa159bf32c55d324e90569820d1dc8ce0effa6b", kill_on_drop: false }`
[INFO] running `Command { std: "docker" "rm" "-f" "f8323c04cd572a49ac51675b5fa159bf32c55d324e90569820d1dc8ce0effa6b", kill_on_drop: false }`
[INFO] [stdout] f8323c04cd572a49ac51675b5fa159bf32c55d324e90569820d1dc8ce0effa6b
[INFO] running `Command { std: "docker" "create" "-v" "/var/lib/crater-agent-workspace/builds/worker-1-tc2/target:/opt/rustwide/target:rw,Z" "-v" "/var/lib/crater-agent-workspace/builds/worker-1-tc2/source:/opt/rustwide/workdir:ro,Z" "-v" "/var/lib/crater-agent-workspace/cargo-home:/opt/rustwide/cargo-home:ro,Z" "-v" "/var/lib/crater-agent-workspace/rustup-home:/opt/rustwide/rustup-home:ro,Z" "-e" "SOURCE_DIR=/opt/rustwide/workdir" "-e" "CARGO_TARGET_DIR=/opt/rustwide/target" "-e" "CARGO_INCREMENTAL=0" "-e" "RUST_BACKTRACE=full" "-e" "RUSTFLAGS=--cap-lints=warn" "-e" "RUSTDOCFLAGS=--cap-lints=warn" "-e" "CARGO_HOME=/opt/rustwide/cargo-home" "-e" "RUSTUP_HOME=/opt/rustwide/rustup-home" "-w" "/opt/rustwide/workdir" "-m" "1610612736" "--user" "0:0" "--network" "none" "ghcr.io/rust-lang/crates-build-env/linux@sha256:f3a9d4ad9d972b27faf3965f35b62e55ba32bbce8f20bc8fe909558a86702fde" "/opt/rustwide/cargo-home/bin/cargo" "+beta-2024-12-08" "test" "--frozen" "--no-run" "--message-format=json", kill_on_drop: false }`
[INFO] [stdout] 32bfb24d88204ffc5251526ccaa5b48dbc93d476355b34f7d770a4f1adeca874
[INFO] running `Command { std: "docker" "start" "-a" "32bfb24d88204ffc5251526ccaa5b48dbc93d476355b34f7d770a4f1adeca874", kill_on_drop: false }`
[INFO] [stdout] warning: unexpected `cfg` condition value: `cargo-clippy`
[INFO] [stdout]   --> src/bifrost/core/config.rs:28:17
[INFO] [stdout]    |
[INFO] [stdout] 28 | #[derive(Debug, Deserialize, Serialize)]
[INFO] [stdout]    |                 ^^^^^^^^^^^
[INFO] [stdout]    |
[INFO] [stdout]    = note: no expected values for `feature`
[INFO] [stdout]    = help: consider adding `cargo-clippy` as a feature in `Cargo.toml`
[INFO] [stdout]    = note: see <https://doc.rust-lang.org/nightly/rustc/check-cfg/cargo-specifics.html> for more information about checking conditional configuration
[INFO] [stdout]    = note: `#[warn(unexpected_cfgs)]` on by default
[INFO] [stdout]    = note: this warning originates in the derive macro `Deserialize` (in Nightly builds, run with -Z macro-backtrace for more info)
[INFO] [stdout] 
[INFO] [stdout] 
[INFO] [stdout] warning: unexpected `cfg` condition value: `cargo-clippy`
[INFO] [stdout]   --> src/bifrost/core/config.rs:28:30
[INFO] [stdout]    |
[INFO] [stdout] 28 | #[derive(Debug, Deserialize, Serialize)]
[INFO] [stdout]    |                              ^^^^^^^^^
[INFO] [stdout]    |
[INFO] [stdout]    = note: no expected values for `feature`
[INFO] [stdout]    = help: consider adding `cargo-clippy` as a feature in `Cargo.toml`
[INFO] [stdout]    = note: see <https://doc.rust-lang.org/nightly/rustc/check-cfg/cargo-specifics.html> for more information about checking conditional configuration
[INFO] [stdout]    = note: this warning originates in the derive macro `Serialize` (in Nightly builds, run with -Z macro-backtrace for more info)
[INFO] [stdout] 
[INFO] [stdout] 
[INFO] [stdout] warning: unexpected `cfg` condition value: `cargo-clippy`
[INFO] [stdout]    --> src/bifrost/core/config.rs:169:17
[INFO] [stdout]     |
[INFO] [stdout] 169 | #[derive(Debug, Deserialize, Serialize)]
[INFO] [stdout]     |                 ^^^^^^^^^^^
[INFO] [stdout]     |
[INFO] [stdout]     = note: no expected values for `feature`
[INFO] [stdout]     = help: consider adding `cargo-clippy` as a feature in `Cargo.toml`
[INFO] [stdout]     = note: see <https://doc.rust-lang.org/nightly/rustc/check-cfg/cargo-specifics.html> for more information about checking conditional configuration
[INFO] [stdout]     = note: this warning originates in the derive macro `Deserialize` (in Nightly builds, run with -Z macro-backtrace for more info)
[INFO] [stdout] 
[INFO] [stdout] 
[INFO] [stdout] warning: unexpected `cfg` condition value: `cargo-clippy`
[INFO] [stdout]    --> src/bifrost/core/config.rs:169:30
[INFO] [stdout]     |
[INFO] [stdout] 169 | #[derive(Debug, Deserialize, Serialize)]
[INFO] [stdout]     |                              ^^^^^^^^^
[INFO] [stdout]     |
[INFO] [stdout]     = note: no expected values for `feature`
[INFO] [stdout]     = help: consider adding `cargo-clippy` as a feature in `Cargo.toml`
[INFO] [stdout]     = note: see <https://doc.rust-lang.org/nightly/rustc/check-cfg/cargo-specifics.html> for more information about checking conditional configuration
[INFO] [stdout]     = note: this warning originates in the derive macro `Serialize` (in Nightly builds, run with -Z macro-backtrace for more info)
[INFO] [stdout] 
[INFO] [stdout] 
[INFO] [stdout] warning: unexpected `cfg` condition value: `cargo-clippy`
[INFO] [stdout]    --> src/bifrost/core/config.rs:375:17
[INFO] [stdout]     |
[INFO] [stdout] 375 | #[derive(Debug, Deserialize, Serialize)]
[INFO] [stdout]     |                 ^^^^^^^^^^^
[INFO] [stdout]     |
[INFO] [stdout]     = note: no expected values for `feature`
[INFO] [stdout]     = help: consider adding `cargo-clippy` as a feature in `Cargo.toml`
[INFO] [stdout]     = note: see <https://doc.rust-lang.org/nightly/rustc/check-cfg/cargo-specifics.html> for more information about checking conditional configuration
[INFO] [stdout]     = note: this warning originates in the derive macro `Deserialize` (in Nightly builds, run with -Z macro-backtrace for more info)
[INFO] [stdout] 
[INFO] [stdout] 
[INFO] [stdout] warning: unexpected `cfg` condition value: `cargo-clippy`
[INFO] [stdout]    --> src/bifrost/core/config.rs:375:30
[INFO] [stdout]     |
[INFO] [stdout] 375 | #[derive(Debug, Deserialize, Serialize)]
[INFO] [stdout]     |                              ^^^^^^^^^
[INFO] [stdout]     |
[INFO] [stdout]     = note: no expected values for `feature`
[INFO] [stdout]     = help: consider adding `cargo-clippy` as a feature in `Cargo.toml`
[INFO] [stdout]     = note: see <https://doc.rust-lang.org/nightly/rustc/check-cfg/cargo-specifics.html> for more information about checking conditional configuration
[INFO] [stdout]     = note: this warning originates in the derive macro `Serialize` (in Nightly builds, run with -Z macro-backtrace for more info)
[INFO] [stdout] 
[INFO] [stdout] 
[INFO] [stdout] warning: unexpected `cfg` condition value: `cargo-clippy`
[INFO] [stdout]    --> src/bifrost/core/config.rs:380:17
[INFO] [stdout]     |
[INFO] [stdout] 380 | #[derive(Debug, Deserialize, Serialize)]
[INFO] [stdout]     |                 ^^^^^^^^^^^
[INFO] [stdout]     |
[INFO] [stdout]     = note: no expected values for `feature`
[INFO] [stdout]     = help: consider adding `cargo-clippy` as a feature in `Cargo.toml`
[INFO] [stdout]     = note: see <https://doc.rust-lang.org/nightly/rustc/check-cfg/cargo-specifics.html> for more information about checking conditional configuration
[INFO] [stdout]     = note: this warning originates in the derive macro `Deserialize` (in Nightly builds, run with -Z macro-backtrace for more info)
[INFO] [stdout] 
[INFO] [stdout] 
[INFO] [stdout] warning: unexpected `cfg` condition value: `cargo-clippy`
[INFO] [stdout]    --> src/bifrost/core/config.rs:380:30
[INFO] [stdout]     |
[INFO] [stdout] 380 | #[derive(Debug, Deserialize, Serialize)]
[INFO] [stdout]     |                              ^^^^^^^^^
[INFO] [stdout]     |
[INFO] [stdout]     = note: no expected values for `feature`
[INFO] [stdout]     = help: consider adding `cargo-clippy` as a feature in `Cargo.toml`
[INFO] [stdout]     = note: see <https://doc.rust-lang.org/nightly/rustc/check-cfg/cargo-specifics.html> for more information about checking conditional configuration
[INFO] [stdout]     = note: this warning originates in the derive macro `Serialize` (in Nightly builds, run with -Z macro-backtrace for more info)
[INFO] [stdout] 
[INFO] [stdout] 
[INFO] [stdout] warning: unexpected `cfg` condition value: `cargo-clippy`
[INFO] [stdout]    --> src/bifrost/core/config.rs:403:17
[INFO] [stdout]     |
[INFO] [stdout] 403 | #[derive(Debug, Deserialize, Serialize)]
[INFO] [stdout]     |                 ^^^^^^^^^^^
[INFO] [stdout]     |
[INFO] [stdout]     = note: no expected values for `feature`
[INFO] [stdout]     = help: consider adding `cargo-clippy` as a feature in `Cargo.toml`
[INFO] [stdout]     = note: see <https://doc.rust-lang.org/nightly/rustc/check-cfg/cargo-specifics.html> for more information about checking conditional configuration
[INFO] [stdout]     = note: this warning originates in the derive macro `Deserialize` (in Nightly builds, run with -Z macro-backtrace for more info)
[INFO] [stdout] 
[INFO] [stdout] 
[INFO] [stdout] warning: unexpected `cfg` condition value: `cargo-clippy`
[INFO] [stdout]    --> src/bifrost/core/config.rs:403:30
[INFO] [stdout]     |
[INFO] [stdout] 403 | #[derive(Debug, Deserialize, Serialize)]
[INFO] [stdout]     |                              ^^^^^^^^^
[INFO] [stdout]     |
[INFO] [stdout]     = note: no expected values for `feature`
[INFO] [stdout]     = help: consider adding `cargo-clippy` as a feature in `Cargo.toml`
[INFO] [stdout]     = note: see <https://doc.rust-lang.org/nightly/rustc/check-cfg/cargo-specifics.html> for more information about checking conditional configuration
[INFO] [stdout]     = note: this warning originates in the derive macro `Serialize` (in Nightly builds, run with -Z macro-backtrace for more info)
[INFO] [stdout] 
[INFO] [stdout] 
[INFO] [stdout] warning: use of deprecated constant `std::sync::ONCE_INIT`: the `Once::new()` function is now preferred
[INFO] [stdout]   --> src/bifrost/core/app.rs:25:17
[INFO] [stdout]    |
[INFO] [stdout] 25 |         .author(crate_authors!(",\n"))
[INFO] [stdout]    |                 ^^^^^^^^^^^^^^^^^^^^^
[INFO] [stdout]    |
[INFO] [stdout]    = note: `#[warn(deprecated)]` on by default
[INFO] [stdout]    = note: this warning originates in the macro `crate_authors` (in Nightly builds, run with -Z macro-backtrace for more info)
[INFO] [stdout] 
[INFO] [stdout] 
[INFO] [stdout] warning: use of deprecated constant `std::sync::ONCE_INIT`: the `Once::new()` function is now preferred
[INFO] [stdout]   --> src/bifrost/core/app.rs:25:17
[INFO] [stdout]    |
[INFO] [stdout] 25 |         .author(crate_authors!(",\n"))
[INFO] [stdout]    |                 ^^^^^^^^^^^^^^^^^^^^^
[INFO] [stdout]    |
[INFO] [stdout]    = note: this warning originates in the macro `crate_authors` (in Nightly builds, run with -Z macro-backtrace for more info)
[INFO] [stdout] 
[INFO] [stdout] 
[INFO] [stdout] warning: non-local `impl` definition, `impl` blocks should be written at the same level as their item
[INFO] [stdout]   --> src/bifrost/core/config.rs:28:17
[INFO] [stdout]    |
[INFO] [stdout] 28 | #[derive(Debug, Deserialize, Serialize)]
[INFO] [stdout]    |                 ^----------
[INFO] [stdout]    |                 |
[INFO] [stdout]    |                 `Deserialize` is not local
[INFO] [stdout]    |                 move the `impl` block outside of this constant `_IMPL_DESERIALIZE_FOR_Config`
[INFO] [stdout] 29 | pub struct Config {
[INFO] [stdout]    |            ------ `Config` is not local
[INFO] [stdout]    |
[INFO] [stdout]    = note: the derive macro `Deserialize` defines the non-local `impl`, and may need to be changed
[INFO] [stdout]    = note: the derive macro `Deserialize` may come from an old version of the `serde_derive` crate, try updating your dependency with `cargo update -p serde_derive`
[INFO] [stdout]    = note: an `impl` is never scoped, even when it is nested inside an item, as it may impact type checking outside of that item, which can be the case if neither the trait or the self type are at the same nesting level as the `impl`
[INFO] [stdout]    = note: items in an anonymous const item (`const _: () = { ... }`) are treated as in the same scope as the anonymous const's declaration for the purpose of this lint
[INFO] [stdout]    = note: `#[warn(non_local_definitions)]` on by default
[INFO] [stdout]    = note: this warning originates in the derive macro `Deserialize` (in Nightly builds, run with -Z macro-backtrace for more info)
[INFO] [stdout] 
[INFO] [stdout] 
[INFO] [stderr]    Compiling bifrost v0.1.0 (/opt/rustwide/workdir)
[INFO] [stdout] warning: non-local `impl` definition, `impl` blocks should be written at the same level as their item
[INFO] [stdout]   --> src/bifrost/core/config.rs:28:30
[INFO] [stdout]    |
[INFO] [stdout] 28 | #[derive(Debug, Deserialize, Serialize)]
[INFO] [stdout]    |                              ^--------
[INFO] [stdout]    |                              |
[INFO] [stdout]    |                              `Serialize` is not local
[INFO] [stdout]    |                              move the `impl` block outside of this constant `_IMPL_SERIALIZE_FOR_Config`
[INFO] [stdout] 29 | pub struct Config {
[INFO] [stdout]    |            ------ `Config` is not local
[INFO] [stdout]    |
[INFO] [stdout]    = note: the derive macro `Serialize` defines the non-local `impl`, and may need to be changed
[INFO] [stdout]    = note: the derive macro `Serialize` may come from an old version of the `serde_derive` crate, try updating your dependency with `cargo update -p serde_derive`
[INFO] [stdout]    = note: an `impl` is never scoped, even when it is nested inside an item, as it may impact type checking outside of that item, which can be the case if neither the trait or the self type are at the same nesting level as the `impl`
[INFO] [stdout]    = note: items in an anonymous const item (`const _: () = { ... }`) are treated as in the same scope as the anonymous const's declaration for the purpose of this lint
[INFO] [stdout]    = note: this warning originates in the derive macro `Serialize` (in Nightly builds, run with -Z macro-backtrace for more info)
[INFO] [stdout] 
[INFO] [stdout] 
[INFO] [stdout] warning: non-local `impl` definition, `impl` blocks should be written at the same level as their item
[INFO] [stdout]    --> src/bifrost/core/config.rs:169:17
[INFO] [stdout]     |
[INFO] [stdout] 169 | #[derive(Debug, Deserialize, Serialize)]
[INFO] [stdout]     |                 ^----------
[INFO] [stdout]     |                 |
[INFO] [stdout]     |                 `Deserialize` is not local
[INFO] [stdout]     |                 move the `impl` block outside of this constant `_IMPL_DESERIALIZE_FOR_BifrostManifest`
[INFO] [stdout] 170 | pub struct BifrostManifest {
[INFO] [stdout]     |            --------------- `BifrostManifest` is not local
[INFO] [stdout]     |
[INFO] [stdout]     = note: the derive macro `Deserialize` defines the non-local `impl`, and may need to be changed
[INFO] [stdout]     = note: the derive macro `Deserialize` may come from an old version of the `serde_derive` crate, try updating your dependency with `cargo update -p serde_derive`
[INFO] [stdout]     = note: an `impl` is never scoped, even when it is nested inside an item, as it may impact type checking outside of that item, which can be the case if neither the trait or the self type are at the same nesting level as the `impl`
[INFO] [stdout]     = note: items in an anonymous const item (`const _: () = { ... }`) are treated as in the same scope as the anonymous const's declaration for the purpose of this lint
[INFO] [stdout]     = note: this warning originates in the derive macro `Deserialize` (in Nightly builds, run with -Z macro-backtrace for more info)
[INFO] [stdout] 
[INFO] [stdout] 
[INFO] [stdout] warning: non-local `impl` definition, `impl` blocks should be written at the same level as their item
[INFO] [stdout]    --> src/bifrost/core/config.rs:169:30
[INFO] [stdout]     |
[INFO] [stdout] 169 | #[derive(Debug, Deserialize, Serialize)]
[INFO] [stdout]     |                              ^--------
[INFO] [stdout]     |                              |
[INFO] [stdout]     |                              `Serialize` is not local
[INFO] [stdout]     |                              move the `impl` block outside of this constant `_IMPL_SERIALIZE_FOR_BifrostManifest`
[INFO] [stdout] 170 | pub struct BifrostManifest {
[INFO] [stdout]     |            --------------- `BifrostManifest` is not local
[INFO] [stdout]     |
[INFO] [stdout]     = note: the derive macro `Serialize` defines the non-local `impl`, and may need to be changed
[INFO] [stdout]     = note: the derive macro `Serialize` may come from an old version of the `serde_derive` crate, try updating your dependency with `cargo update -p serde_derive`
[INFO] [stdout]     = note: an `impl` is never scoped, even when it is nested inside an item, as it may impact type checking outside of that item, which can be the case if neither the trait or the self type are at the same nesting level as the `impl`
[INFO] [stdout]     = note: items in an anonymous const item (`const _: () = { ... }`) are treated as in the same scope as the anonymous const's declaration for the purpose of this lint
[INFO] [stdout]     = note: this warning originates in the derive macro `Serialize` (in Nightly builds, run with -Z macro-backtrace for more info)
[INFO] [stdout] 
[INFO] [stdout] 
[INFO] [stdout] warning: non-local `impl` definition, `impl` blocks should be written at the same level as their item
[INFO] [stdout]    --> src/bifrost/core/config.rs:375:17
[INFO] [stdout]     |
[INFO] [stdout] 375 | #[derive(Debug, Deserialize, Serialize)]
[INFO] [stdout]     |                 ^----------
[INFO] [stdout]     |                 |
[INFO] [stdout]     |                 `Deserialize` is not local
[INFO] [stdout]     |                 move the `impl` block outside of this constant `_IMPL_DESERIALIZE_FOR_ContainerConfig`
[INFO] [stdout] 376 | struct ContainerConfig {
[INFO] [stdout]     |        --------------- `ContainerConfig` is not local
[INFO] [stdout]     |
[INFO] [stdout]     = note: the derive macro `Deserialize` defines the non-local `impl`, and may need to be changed
[INFO] [stdout]     = note: the derive macro `Deserialize` may come from an old version of the `serde_derive` crate, try updating your dependency with `cargo update -p serde_derive`
[INFO] [stdout]     = note: an `impl` is never scoped, even when it is nested inside an item, as it may impact type checking outside of that item, which can be the case if neither the trait or the self type are at the same nesting level as the `impl`
[INFO] [stdout]     = note: items in an anonymous const item (`const _: () = { ... }`) are treated as in the same scope as the anonymous const's declaration for the purpose of this lint
[INFO] [stdout]     = note: this warning originates in the derive macro `Deserialize` (in Nightly builds, run with -Z macro-backtrace for more info)
[INFO] [stdout] 
[INFO] [stdout] 
[INFO] [stdout] warning: non-local `impl` definition, `impl` blocks should be written at the same level as their item
[INFO] [stdout]    --> src/bifrost/core/config.rs:375:30
[INFO] [stdout]     |
[INFO] [stdout] 375 | #[derive(Debug, Deserialize, Serialize)]
[INFO] [stdout]     |                              ^--------
[INFO] [stdout]     |                              |
[INFO] [stdout]     |                              `Serialize` is not local
[INFO] [stdout]     |                              move the `impl` block outside of this constant `_IMPL_SERIALIZE_FOR_ContainerConfig`
[INFO] [stdout] 376 | struct ContainerConfig {
[INFO] [stdout]     |        --------------- `ContainerConfig` is not local
[INFO] [stdout]     |
[INFO] [stdout]     = note: the derive macro `Serialize` defines the non-local `impl`, and may need to be changed
[INFO] [stdout]     = note: the derive macro `Serialize` may come from an old version of the `serde_derive` crate, try updating your dependency with `cargo update -p serde_derive`
[INFO] [stdout]     = note: an `impl` is never scoped, even when it is nested inside an item, as it may impact type checking outside of that item, which can be the case if neither the trait or the self type are at the same nesting level as the `impl`
[INFO] [stdout]     = note: items in an anonymous const item (`const _: () = { ... }`) are treated as in the same scope as the anonymous const's declaration for the purpose of this lint
[INFO] [stdout]     = note: this warning originates in the derive macro `Serialize` (in Nightly builds, run with -Z macro-backtrace for more info)
[INFO] [stdout] 
[INFO] [stdout] 
[INFO] [stdout] warning: non-local `impl` definition, `impl` blocks should be written at the same level as their item
[INFO] [stdout]    --> src/bifrost/core/config.rs:380:17
[INFO] [stdout]     |
[INFO] [stdout] 380 | #[derive(Debug, Deserialize, Serialize)]
[INFO] [stdout]     |                 ^----------
[INFO] [stdout]     |                 |
[INFO] [stdout]     |                 `Deserialize` is not local
[INFO] [stdout]     |                 move the `impl` block outside of this constant `_IMPL_DESERIALIZE_FOR_WorkSpaceConfig`
[INFO] [stdout] 381 | pub struct WorkSpaceConfig {
[INFO] [stdout]     |            --------------- `WorkSpaceConfig` is not local
[INFO] [stdout]     |
[INFO] [stdout]     = note: the derive macro `Deserialize` defines the non-local `impl`, and may need to be changed
[INFO] [stdout]     = note: the derive macro `Deserialize` may come from an old version of the `serde_derive` crate, try updating your dependency with `cargo update -p serde_derive`
[INFO] [stdout]     = note: an `impl` is never scoped, even when it is nested inside an item, as it may impact type checking outside of that item, which can be the case if neither the trait or the self type are at the same nesting level as the `impl`
[INFO] [stdout]     = note: items in an anonymous const item (`const _: () = { ... }`) are treated as in the same scope as the anonymous const's declaration for the purpose of this lint
[INFO] [stdout]     = note: this warning originates in the derive macro `Deserialize` (in Nightly builds, run with -Z macro-backtrace for more info)
[INFO] [stdout] 
[INFO] [stdout] 
[INFO] [stdout] warning: non-local `impl` definition, `impl` blocks should be written at the same level as their item
[INFO] [stdout]    --> src/bifrost/core/config.rs:380:30
[INFO] [stdout]     |
[INFO] [stdout] 380 | #[derive(Debug, Deserialize, Serialize)]
[INFO] [stdout]     |                              ^--------
[INFO] [stdout]     |                              |
[INFO] [stdout]     |                              `Serialize` is not local
[INFO] [stdout]     |                              move the `impl` block outside of this constant `_IMPL_SERIALIZE_FOR_WorkSpaceConfig`
[INFO] [stdout] 381 | pub struct WorkSpaceConfig {
[INFO] [stdout]     |            --------------- `WorkSpaceConfig` is not local
[INFO] [stdout]     |
[INFO] [stdout]     = note: the derive macro `Serialize` defines the non-local `impl`, and may need to be changed
[INFO] [stdout]     = note: the derive macro `Serialize` may come from an old version of the `serde_derive` crate, try updating your dependency with `cargo update -p serde_derive`
[INFO] [stdout]     = note: an `impl` is never scoped, even when it is nested inside an item, as it may impact type checking outside of that item, which can be the case if neither the trait or the self type are at the same nesting level as the `impl`
[INFO] [stdout]     = note: items in an anonymous const item (`const _: () = { ... }`) are treated as in the same scope as the anonymous const's declaration for the purpose of this lint
[INFO] [stdout]     = note: this warning originates in the derive macro `Serialize` (in Nightly builds, run with -Z macro-backtrace for more info)
[INFO] [stdout] 
[INFO] [stdout] 
[INFO] [stdout] warning: non-local `impl` definition, `impl` blocks should be written at the same level as their item
[INFO] [stdout]    --> src/bifrost/core/config.rs:403:17
[INFO] [stdout]     |
[INFO] [stdout] 403 | #[derive(Debug, Deserialize, Serialize)]
[INFO] [stdout]     |                 ^----------
[INFO] [stdout]     |                 |
[INFO] [stdout]     |                 `Deserialize` is not local
[INFO] [stdout]     |                 move the `impl` block outside of this constant `_IMPL_DESERIALIZE_FOR_CommandConfig`
[INFO] [stdout] 404 | pub struct CommandConfig {
[INFO] [stdout]     |            ------------- `CommandConfig` is not local
[INFO] [stdout]     |
[INFO] [stdout]     = note: the derive macro `Deserialize` defines the non-local `impl`, and may need to be changed
[INFO] [stdout]     = note: the derive macro `Deserialize` may come from an old version of the `serde_derive` crate, try updating your dependency with `cargo update -p serde_derive`
[INFO] [stdout]     = note: an `impl` is never scoped, even when it is nested inside an item, as it may impact type checking outside of that item, which can be the case if neither the trait or the self type are at the same nesting level as the `impl`
[INFO] [stdout]     = note: items in an anonymous const item (`const _: () = { ... }`) are treated as in the same scope as the anonymous const's declaration for the purpose of this lint
[INFO] [stdout]     = note: this warning originates in the derive macro `Deserialize` (in Nightly builds, run with -Z macro-backtrace for more info)
[INFO] [stdout] 
[INFO] [stdout] 
[INFO] [stdout] warning: non-local `impl` definition, `impl` blocks should be written at the same level as their item
[INFO] [stdout]    --> src/bifrost/core/config.rs:403:30
[INFO] [stdout]     |
[INFO] [stdout] 403 | #[derive(Debug, Deserialize, Serialize)]
[INFO] [stdout]     |                              ^--------
[INFO] [stdout]     |                              |
[INFO] [stdout]     |                              `Serialize` is not local
[INFO] [stdout]     |                              move the `impl` block outside of this constant `_IMPL_SERIALIZE_FOR_CommandConfig`
[INFO] [stdout] 404 | pub struct CommandConfig {
[INFO] [stdout]     |            ------------- `CommandConfig` is not local
[INFO] [stdout]     |
[INFO] [stdout]     = note: the derive macro `Serialize` defines the non-local `impl`, and may need to be changed
[INFO] [stdout]     = note: the derive macro `Serialize` may come from an old version of the `serde_derive` crate, try updating your dependency with `cargo update -p serde_derive`
[INFO] [stdout]     = note: an `impl` is never scoped, even when it is nested inside an item, as it may impact type checking outside of that item, which can be the case if neither the trait or the self type are at the same nesting level as the `impl`
[INFO] [stdout]     = note: items in an anonymous const item (`const _: () = { ... }`) are treated as in the same scope as the anonymous const's declaration for the purpose of this lint
[INFO] [stdout]     = note: this warning originates in the derive macro `Serialize` (in Nightly builds, run with -Z macro-backtrace for more info)
[INFO] [stdout] 
[INFO] [stdout] 
[INFO] [stdout] warning: call to `.clone()` on a reference in this situation does nothing
[INFO] [stdout]    --> src/bifrost/core/workingdir.rs:263:31
[INFO] [stdout]     |
[INFO] [stdout] 263 |     let to_dir = from.0.path().clone();
[INFO] [stdout]     |                               ^^^^^^^^
[INFO] [stdout]     |
[INFO] [stdout]     = note: the type `Path` does not implement `Clone`, so calling `clone` on `&Path` copies the reference, which does not do anything and can be removed
[INFO] [stdout]     = note: `#[warn(noop_method_call)]` on by default
[INFO] [stdout] help: remove this redundant call
[INFO] [stdout]     |
[INFO] [stdout] 263 -     let to_dir = from.0.path().clone();
[INFO] [stdout] 263 +     let to_dir = from.0.path();
[INFO] [stdout]     |
[INFO] [stdout] 
[INFO] [stdout] 
[INFO] [stdout] warning: call to `.clone()` on a reference in this situation does nothing
[INFO] [stdout]    --> src/bifrost/core/workingdir.rs:276:31
[INFO] [stdout]     |
[INFO] [stdout] 276 |     let to_dir = from.0.path().clone();
[INFO] [stdout]     |                               ^^^^^^^^
[INFO] [stdout]     |
[INFO] [stdout]     = note: the type `Path` does not implement `Clone`, so calling `clone` on `&Path` copies the reference, which does not do anything and can be removed
[INFO] [stdout] help: remove this redundant call
[INFO] [stdout]     |
[INFO] [stdout] 276 -     let to_dir = from.0.path().clone();
[INFO] [stdout] 276 +     let to_dir = from.0.path();
[INFO] [stdout]     |
[INFO] [stdout] 
[INFO] [stdout] 
[INFO] [stdout] warning: unexpected `cfg` condition value: `cargo-clippy`
[INFO] [stdout]   --> src/bifrost/core/config.rs:28:17
[INFO] [stdout]    |
[INFO] [stdout] 28 | #[derive(Debug, Deserialize, Serialize)]
[INFO] [stdout]    |                 ^^^^^^^^^^^
[INFO] [stdout]    |
[INFO] [stdout]    = note: no expected values for `feature`
[INFO] [stdout]    = help: consider adding `cargo-clippy` as a feature in `Cargo.toml`
[INFO] [stdout]    = note: see <https://doc.rust-lang.org/nightly/rustc/check-cfg/cargo-specifics.html> for more information about checking conditional configuration
[INFO] [stdout]    = note: `#[warn(unexpected_cfgs)]` on by default
[INFO] [stdout]    = note: this warning originates in the derive macro `Deserialize` (in Nightly builds, run with -Z macro-backtrace for more info)
[INFO] [stdout] 
[INFO] [stdout] 
[INFO] [stdout] warning: unexpected `cfg` condition value: `cargo-clippy`
[INFO] [stdout]   --> src/bifrost/core/config.rs:28:30
[INFO] [stdout]    |
[INFO] [stdout] 28 | #[derive(Debug, Deserialize, Serialize)]
[INFO] [stdout]    |                              ^^^^^^^^^
[INFO] [stdout]    |
[INFO] [stdout]    = note: no expected values for `feature`
[INFO] [stdout]    = help: consider adding `cargo-clippy` as a feature in `Cargo.toml`
[INFO] [stdout]    = note: see <https://doc.rust-lang.org/nightly/rustc/check-cfg/cargo-specifics.html> for more information about checking conditional configuration
[INFO] [stdout]    = note: this warning originates in the derive macro `Serialize` (in Nightly builds, run with -Z macro-backtrace for more info)
[INFO] [stdout] 
[INFO] [stdout] 
[INFO] [stdout] warning: unexpected `cfg` condition value: `cargo-clippy`
[INFO] [stdout]    --> src/bifrost/core/config.rs:169:17
[INFO] [stdout]     |
[INFO] [stdout] 169 | #[derive(Debug, Deserialize, Serialize)]
[INFO] [stdout]     |                 ^^^^^^^^^^^
[INFO] [stdout]     |
[INFO] [stdout]     = note: no expected values for `feature`
[INFO] [stdout]     = help: consider adding `cargo-clippy` as a feature in `Cargo.toml`
[INFO] [stdout]     = note: see <https://doc.rust-lang.org/nightly/rustc/check-cfg/cargo-specifics.html> for more information about checking conditional configuration
[INFO] [stdout]     = note: this warning originates in the derive macro `Deserialize` (in Nightly builds, run with -Z macro-backtrace for more info)
[INFO] [stdout] 
[INFO] [stdout] 
[INFO] [stdout] warning: unexpected `cfg` condition value: `cargo-clippy`
[INFO] [stdout]    --> src/bifrost/core/config.rs:169:30
[INFO] [stdout]     |
[INFO] [stdout] 169 | #[derive(Debug, Deserialize, Serialize)]
[INFO] [stdout]     |                              ^^^^^^^^^
[INFO] [stdout]     |
[INFO] [stdout]     = note: no expected values for `feature`
[INFO] [stdout]     = help: consider adding `cargo-clippy` as a feature in `Cargo.toml`
[INFO] [stdout]     = note: see <https://doc.rust-lang.org/nightly/rustc/check-cfg/cargo-specifics.html> for more information about checking conditional configuration
[INFO] [stdout]     = note: this warning originates in the derive macro `Serialize` (in Nightly builds, run with -Z macro-backtrace for more info)
[INFO] [stdout] 
[INFO] [stdout] 
[INFO] [stdout] warning: unexpected `cfg` condition value: `cargo-clippy`
[INFO] [stdout]    --> src/bifrost/core/config.rs:375:17
[INFO] [stdout]     |
[INFO] [stdout] 375 | #[derive(Debug, Deserialize, Serialize)]
[INFO] [stdout]     |                 ^^^^^^^^^^^
[INFO] [stdout]     |
[INFO] [stdout]     = note: no expected values for `feature`
[INFO] [stdout]     = help: consider adding `cargo-clippy` as a feature in `Cargo.toml`
[INFO] [stdout]     = note: see <https://doc.rust-lang.org/nightly/rustc/check-cfg/cargo-specifics.html> for more information about checking conditional configuration
[INFO] [stdout]     = note: this warning originates in the derive macro `Deserialize` (in Nightly builds, run with -Z macro-backtrace for more info)
[INFO] [stdout] 
[INFO] [stdout] 
[INFO] [stdout] warning: unexpected `cfg` condition value: `cargo-clippy`
[INFO] [stdout]    --> src/bifrost/core/config.rs:375:30
[INFO] [stdout]     |
[INFO] [stdout] 375 | #[derive(Debug, Deserialize, Serialize)]
[INFO] [stdout]     |                              ^^^^^^^^^
[INFO] [stdout]     |
[INFO] [stdout]     = note: no expected values for `feature`
[INFO] [stdout]     = help: consider adding `cargo-clippy` as a feature in `Cargo.toml`
[INFO] [stdout]     = note: see <https://doc.rust-lang.org/nightly/rustc/check-cfg/cargo-specifics.html> for more information about checking conditional configuration
[INFO] [stdout]     = note: this warning originates in the derive macro `Serialize` (in Nightly builds, run with -Z macro-backtrace for more info)
[INFO] [stdout] 
[INFO] [stdout] 
[INFO] [stdout] warning: unexpected `cfg` condition value: `cargo-clippy`
[INFO] [stdout]    --> src/bifrost/core/config.rs:380:17
[INFO] [stdout]     |
[INFO] [stdout] 380 | #[derive(Debug, Deserialize, Serialize)]
[INFO] [stdout]     |                 ^^^^^^^^^^^
[INFO] [stdout]     |
[INFO] [stdout]     = note: no expected values for `feature`
[INFO] [stdout]     = help: consider adding `cargo-clippy` as a feature in `Cargo.toml`
[INFO] [stdout]     = note: see <https://doc.rust-lang.org/nightly/rustc/check-cfg/cargo-specifics.html> for more information about checking conditional configuration
[INFO] [stdout]     = note: this warning originates in the derive macro `Deserialize` (in Nightly builds, run with -Z macro-backtrace for more info)
[INFO] [stdout] 
[INFO] [stdout] 
[INFO] [stdout] warning: unexpected `cfg` condition value: `cargo-clippy`
[INFO] [stdout]    --> src/bifrost/core/config.rs:380:30
[INFO] [stdout]     |
[INFO] [stdout] 380 | #[derive(Debug, Deserialize, Serialize)]
[INFO] [stdout]     |                              ^^^^^^^^^
[INFO] [stdout]     |
[INFO] [stdout]     = note: no expected values for `feature`
[INFO] [stdout]     = help: consider adding `cargo-clippy` as a feature in `Cargo.toml`
[INFO] [stdout]     = note: see <https://doc.rust-lang.org/nightly/rustc/check-cfg/cargo-specifics.html> for more information about checking conditional configuration
[INFO] [stdout]     = note: this warning originates in the derive macro `Serialize` (in Nightly builds, run with -Z macro-backtrace for more info)
[INFO] [stdout] 
[INFO] [stdout] 
[INFO] [stdout] warning: unexpected `cfg` condition value: `cargo-clippy`
[INFO] [stdout]    --> src/bifrost/core/config.rs:403:17
[INFO] [stdout]     |
[INFO] [stdout] 403 | #[derive(Debug, Deserialize, Serialize)]
[INFO] [stdout]     |                 ^^^^^^^^^^^
[INFO] [stdout]     |
[INFO] [stdout]     = note: no expected values for `feature`
[INFO] [stdout]     = help: consider adding `cargo-clippy` as a feature in `Cargo.toml`
[INFO] [stdout]     = note: see <https://doc.rust-lang.org/nightly/rustc/check-cfg/cargo-specifics.html> for more information about checking conditional configuration
[INFO] [stdout]     = note: this warning originates in the derive macro `Deserialize` (in Nightly builds, run with -Z macro-backtrace for more info)
[INFO] [stdout] 
[INFO] [stdout] 
[INFO] [stdout] warning: unexpected `cfg` condition value: `cargo-clippy`
[INFO] [stdout]    --> src/bifrost/core/config.rs:403:30
[INFO] [stdout]     |
[INFO] [stdout] 403 | #[derive(Debug, Deserialize, Serialize)]
[INFO] [stdout]     |                              ^^^^^^^^^
[INFO] [stdout]     |
[INFO] [stdout]     = note: no expected values for `feature`
[INFO] [stdout]     = help: consider adding `cargo-clippy` as a feature in `Cargo.toml`
[INFO] [stdout]     = note: see <https://doc.rust-lang.org/nightly/rustc/check-cfg/cargo-specifics.html> for more information about checking conditional configuration
[INFO] [stdout]     = note: this warning originates in the derive macro `Serialize` (in Nightly builds, run with -Z macro-backtrace for more info)
[INFO] [stdout] 
[INFO] [stdout] 
[INFO] [stdout] warning: use of deprecated constant `std::sync::ONCE_INIT`: the `Once::new()` function is now preferred
[INFO] [stdout]   --> src/bifrost/core/app.rs:25:17
[INFO] [stdout]    |
[INFO] [stdout] 25 |         .author(crate_authors!(",\n"))
[INFO] [stdout]    |                 ^^^^^^^^^^^^^^^^^^^^^
[INFO] [stdout]    |
[INFO] [stdout]    = note: `#[warn(deprecated)]` on by default
[INFO] [stdout]    = note: this warning originates in the macro `crate_authors` (in Nightly builds, run with -Z macro-backtrace for more info)
[INFO] [stdout] 
[INFO] [stdout] 
[INFO] [stdout] warning: use of deprecated constant `std::sync::ONCE_INIT`: the `Once::new()` function is now preferred
[INFO] [stdout]   --> src/bifrost/core/app.rs:25:17
[INFO] [stdout]    |
[INFO] [stdout] 25 |         .author(crate_authors!(",\n"))
[INFO] [stdout]    |                 ^^^^^^^^^^^^^^^^^^^^^
[INFO] [stdout]    |
[INFO] [stdout]    = note: this warning originates in the macro `crate_authors` (in Nightly builds, run with -Z macro-backtrace for more info)
[INFO] [stdout] 
[INFO] [stdout] 
[INFO] [stdout] warning: use of deprecated method `std::error::Error::description`: use the Display impl or to_string()
[INFO] [stdout]    --> src/bifrost/util/process_builder.rs:179:43
[INFO] [stdout]     |
[INFO] [stdout] 179 |             assert_eq!("process error", e.description());
[INFO] [stdout]     |                                           ^^^^^^^^^^^
[INFO] [stdout] 
[INFO] [stdout] 
[INFO] [stdout] warning: non-local `impl` definition, `impl` blocks should be written at the same level as their item
[INFO] [stdout]   --> src/bifrost/core/config.rs:28:17
[INFO] [stdout]    |
[INFO] [stdout] 28 | #[derive(Debug, Deserialize, Serialize)]
[INFO] [stdout]    |                 ^----------
[INFO] [stdout]    |                 |
[INFO] [stdout]    |                 `Deserialize` is not local
[INFO] [stdout]    |                 move the `impl` block outside of this constant `_IMPL_DESERIALIZE_FOR_Config`
[INFO] [stdout] 29 | pub struct Config {
[INFO] [stdout]    |            ------ `Config` is not local
[INFO] [stdout]    |
[INFO] [stdout]    = note: the derive macro `Deserialize` defines the non-local `impl`, and may need to be changed
[INFO] [stdout]    = note: the derive macro `Deserialize` may come from an old version of the `serde_derive` crate, try updating your dependency with `cargo update -p serde_derive`
[INFO] [stdout]    = note: an `impl` is never scoped, even when it is nested inside an item, as it may impact type checking outside of that item, which can be the case if neither the trait or the self type are at the same nesting level as the `impl`
[INFO] [stdout]    = note: items in an anonymous const item (`const _: () = { ... }`) are treated as in the same scope as the anonymous const's declaration for the purpose of this lint
[INFO] [stdout]    = note: `#[warn(non_local_definitions)]` on by default
[INFO] [stdout]    = note: this warning originates in the derive macro `Deserialize` (in Nightly builds, run with -Z macro-backtrace for more info)
[INFO] [stdout] 
[INFO] [stdout] 
[INFO] [stdout] warning: non-local `impl` definition, `impl` blocks should be written at the same level as their item
[INFO] [stdout]   --> src/bifrost/core/config.rs:28:30
[INFO] [stdout]    |
[INFO] [stdout] 28 | #[derive(Debug, Deserialize, Serialize)]
[INFO] [stdout]    |                              ^--------
[INFO] [stdout]    |                              |
[INFO] [stdout]    |                              `Serialize` is not local
[INFO] [stdout]    |                              move the `impl` block outside of this constant `_IMPL_SERIALIZE_FOR_Config`
[INFO] [stdout] 29 | pub struct Config {
[INFO] [stdout]    |            ------ `Config` is not local
[INFO] [stdout]    |
[INFO] [stdout]    = note: the derive macro `Serialize` defines the non-local `impl`, and may need to be changed
[INFO] [stdout]    = note: the derive macro `Serialize` may come from an old version of the `serde_derive` crate, try updating your dependency with `cargo update -p serde_derive`
[INFO] [stdout]    = note: an `impl` is never scoped, even when it is nested inside an item, as it may impact type checking outside of that item, which can be the case if neither the trait or the self type are at the same nesting level as the `impl`
[INFO] [stdout]    = note: items in an anonymous const item (`const _: () = { ... }`) are treated as in the same scope as the anonymous const's declaration for the purpose of this lint
[INFO] [stdout]    = note: this warning originates in the derive macro `Serialize` (in Nightly builds, run with -Z macro-backtrace for more info)
[INFO] [stdout] 
[INFO] [stdout] 
[INFO] [stdout] warning: non-local `impl` definition, `impl` blocks should be written at the same level as their item
[INFO] [stdout]    --> src/bifrost/core/config.rs:169:17
[INFO] [stdout]     |
[INFO] [stdout] 169 | #[derive(Debug, Deserialize, Serialize)]
[INFO] [stdout]     |                 ^----------
[INFO] [stdout]     |                 |
[INFO] [stdout]     |                 `Deserialize` is not local
[INFO] [stdout]     |                 move the `impl` block outside of this constant `_IMPL_DESERIALIZE_FOR_BifrostManifest`
[INFO] [stdout] 170 | pub struct BifrostManifest {
[INFO] [stdout]     |            --------------- `BifrostManifest` is not local
[INFO] [stdout]     |
[INFO] [stdout]     = note: the derive macro `Deserialize` defines the non-local `impl`, and may need to be changed
[INFO] [stdout]     = note: the derive macro `Deserialize` may come from an old version of the `serde_derive` crate, try updating your dependency with `cargo update -p serde_derive`
[INFO] [stdout]     = note: an `impl` is never scoped, even when it is nested inside an item, as it may impact type checking outside of that item, which can be the case if neither the trait or the self type are at the same nesting level as the `impl`
[INFO] [stdout]     = note: items in an anonymous const item (`const _: () = { ... }`) are treated as in the same scope as the anonymous const's declaration for the purpose of this lint
[INFO] [stdout]     = note: this warning originates in the derive macro `Deserialize` (in Nightly builds, run with -Z macro-backtrace for more info)
[INFO] [stdout] 
[INFO] [stdout] 
[INFO] [stdout] warning: non-local `impl` definition, `impl` blocks should be written at the same level as their item
[INFO] [stdout]    --> src/bifrost/core/config.rs:169:30
[INFO] [stdout]     |
[INFO] [stdout] 169 | #[derive(Debug, Deserialize, Serialize)]
[INFO] [stdout]     |                              ^--------
[INFO] [stdout]     |                              |
[INFO] [stdout]     |                              `Serialize` is not local
[INFO] [stdout]     |                              move the `impl` block outside of this constant `_IMPL_SERIALIZE_FOR_BifrostManifest`
[INFO] [stdout] 170 | pub struct BifrostManifest {
[INFO] [stdout]     |            --------------- `BifrostManifest` is not local
[INFO] [stdout]     |
[INFO] [stdout]     = note: the derive macro `Serialize` defines the non-local `impl`, and may need to be changed
[INFO] [stdout]     = note: the derive macro `Serialize` may come from an old version of the `serde_derive` crate, try updating your dependency with `cargo update -p serde_derive`
[INFO] [stdout]     = note: an `impl` is never scoped, even when it is nested inside an item, as it may impact type checking outside of that item, which can be the case if neither the trait or the self type are at the same nesting level as the `impl`
[INFO] [stdout]     = note: items in an anonymous const item (`const _: () = { ... }`) are treated as in the same scope as the anonymous const's declaration for the purpose of this lint
[INFO] [stdout]     = note: this warning originates in the derive macro `Serialize` (in Nightly builds, run with -Z macro-backtrace for more info)
[INFO] [stdout] 
[INFO] [stdout] 
[INFO] [stdout] warning: non-local `impl` definition, `impl` blocks should be written at the same level as their item
[INFO] [stdout]    --> src/bifrost/core/config.rs:375:17
[INFO] [stdout]     |
[INFO] [stdout] 375 | #[derive(Debug, Deserialize, Serialize)]
[INFO] [stdout]     |                 ^----------
[INFO] [stdout]     |                 |
[INFO] [stdout]     |                 `Deserialize` is not local
[INFO] [stdout]     |                 move the `impl` block outside of this constant `_IMPL_DESERIALIZE_FOR_ContainerConfig`
[INFO] [stdout] 376 | struct ContainerConfig {
[INFO] [stdout]     |        --------------- `ContainerConfig` is not local
[INFO] [stdout]     |
[INFO] [stdout]     = note: the derive macro `Deserialize` defines the non-local `impl`, and may need to be changed
[INFO] [stdout]     = note: the derive macro `Deserialize` may come from an old version of the `serde_derive` crate, try updating your dependency with `cargo update -p serde_derive`
[INFO] [stdout]     = note: an `impl` is never scoped, even when it is nested inside an item, as it may impact type checking outside of that item, which can be the case if neither the trait or the self type are at the same nesting level as the `impl`
[INFO] [stdout]     = note: items in an anonymous const item (`const _: () = { ... }`) are treated as in the same scope as the anonymous const's declaration for the purpose of this lint
[INFO] [stdout]     = note: this warning originates in the derive macro `Deserialize` (in Nightly builds, run with -Z macro-backtrace for more info)
[INFO] [stdout] 
[INFO] [stdout] 
[INFO] [stdout] warning: non-local `impl` definition, `impl` blocks should be written at the same level as their item
[INFO] [stdout]    --> src/bifrost/core/config.rs:375:30
[INFO] [stdout]     |
[INFO] [stdout] 375 | #[derive(Debug, Deserialize, Serialize)]
[INFO] [stdout]     |                              ^--------
[INFO] [stdout]     |                              |
[INFO] [stdout]     |                              `Serialize` is not local
[INFO] [stdout]     |                              move the `impl` block outside of this constant `_IMPL_SERIALIZE_FOR_ContainerConfig`
[INFO] [stdout] 376 | struct ContainerConfig {
[INFO] [stdout]     |        --------------- `ContainerConfig` is not local
[INFO] [stdout]     |
[INFO] [stdout]     = note: the derive macro `Serialize` defines the non-local `impl`, and may need to be changed
[INFO] [stdout]     = note: the derive macro `Serialize` may come from an old version of the `serde_derive` crate, try updating your dependency with `cargo update -p serde_derive`
[INFO] [stdout]     = note: an `impl` is never scoped, even when it is nested inside an item, as it may impact type checking outside of that item, which can be the case if neither the trait or the self type are at the same nesting level as the `impl`
[INFO] [stdout]     = note: items in an anonymous const item (`const _: () = { ... }`) are treated as in the same scope as the anonymous const's declaration for the purpose of this lint
[INFO] [stdout]     = note: this warning originates in the derive macro `Serialize` (in Nightly builds, run with -Z macro-backtrace for more info)
[INFO] [stdout] 
[INFO] [stdout] 
[INFO] [stdout] warning: non-local `impl` definition, `impl` blocks should be written at the same level as their item
[INFO] [stdout]    --> src/bifrost/core/config.rs:380:17
[INFO] [stdout]     |
[INFO] [stdout] 380 | #[derive(Debug, Deserialize, Serialize)]
[INFO] [stdout]     |                 ^----------
[INFO] [stdout]     |                 |
[INFO] [stdout]     |                 `Deserialize` is not local
[INFO] [stdout]     |                 move the `impl` block outside of this constant `_IMPL_DESERIALIZE_FOR_WorkSpaceConfig`
[INFO] [stdout] 381 | pub struct WorkSpaceConfig {
[INFO] [stdout]     |            --------------- `WorkSpaceConfig` is not local
[INFO] [stdout]     |
[INFO] [stdout]     = note: the derive macro `Deserialize` defines the non-local `impl`, and may need to be changed
[INFO] [stdout]     = note: the derive macro `Deserialize` may come from an old version of the `serde_derive` crate, try updating your dependency with `cargo update -p serde_derive`
[INFO] [stdout]     = note: an `impl` is never scoped, even when it is nested inside an item, as it may impact type checking outside of that item, which can be the case if neither the trait or the self type are at the same nesting level as the `impl`
[INFO] [stdout]     = note: items in an anonymous const item (`const _: () = { ... }`) are treated as in the same scope as the anonymous const's declaration for the purpose of this lint
[INFO] [stdout]     = note: this warning originates in the derive macro `Deserialize` (in Nightly builds, run with -Z macro-backtrace for more info)
[INFO] [stdout] 
[INFO] [stdout] 
[INFO] [stdout] warning: non-local `impl` definition, `impl` blocks should be written at the same level as their item
[INFO] [stdout]    --> src/bifrost/core/config.rs:380:30
[INFO] [stdout]     |
[INFO] [stdout] 380 | #[derive(Debug, Deserialize, Serialize)]
[INFO] [stdout]     |                              ^--------
[INFO] [stdout]     |                              |
[INFO] [stdout]     |                              `Serialize` is not local
[INFO] [stdout]     |                              move the `impl` block outside of this constant `_IMPL_SERIALIZE_FOR_WorkSpaceConfig`
[INFO] [stdout] 381 | pub struct WorkSpaceConfig {
[INFO] [stdout]     |            --------------- `WorkSpaceConfig` is not local
[INFO] [stdout]     |
[INFO] [stdout]     = note: the derive macro `Serialize` defines the non-local `impl`, and may need to be changed
[INFO] [stdout]     = note: the derive macro `Serialize` may come from an old version of the `serde_derive` crate, try updating your dependency with `cargo update -p serde_derive`
[INFO] [stdout]     = note: an `impl` is never scoped, even when it is nested inside an item, as it may impact type checking outside of that item, which can be the case if neither the trait or the self type are at the same nesting level as the `impl`
[INFO] [stdout]     = note: items in an anonymous const item (`const _: () = { ... }`) are treated as in the same scope as the anonymous const's declaration for the purpose of this lint
[INFO] [stdout]     = note: this warning originates in the derive macro `Serialize` (in Nightly builds, run with -Z macro-backtrace for more info)
[INFO] [stdout] 
[INFO] [stdout] 
[INFO] [stdout] warning: non-local `impl` definition, `impl` blocks should be written at the same level as their item
[INFO] [stdout]    --> src/bifrost/core/config.rs:403:17
[INFO] [stdout]     |
[INFO] [stdout] 403 | #[derive(Debug, Deserialize, Serialize)]
[INFO] [stdout]     |                 ^----------
[INFO] [stdout]     |                 |
[INFO] [stdout]     |                 `Deserialize` is not local
[INFO] [stdout]     |                 move the `impl` block outside of this constant `_IMPL_DESERIALIZE_FOR_CommandConfig`
[INFO] [stdout] 404 | pub struct CommandConfig {
[INFO] [stdout]     |            ------------- `CommandConfig` is not local
[INFO] [stdout]     |
[INFO] [stdout]     = note: the derive macro `Deserialize` defines the non-local `impl`, and may need to be changed
[INFO] [stdout]     = note: the derive macro `Deserialize` may come from an old version of the `serde_derive` crate, try updating your dependency with `cargo update -p serde_derive`
[INFO] [stdout]     = note: an `impl` is never scoped, even when it is nested inside an item, as it may impact type checking outside of that item, which can be the case if neither the trait or the self type are at the same nesting level as the `impl`
[INFO] [stdout]     = note: items in an anonymous const item (`const _: () = { ... }`) are treated as in the same scope as the anonymous const's declaration for the purpose of this lint
[INFO] [stdout]     = note: this warning originates in the derive macro `Deserialize` (in Nightly builds, run with -Z macro-backtrace for more info)
[INFO] [stdout] 
[INFO] [stdout] 
[INFO] [stdout] warning: non-local `impl` definition, `impl` blocks should be written at the same level as their item
[INFO] [stdout]    --> src/bifrost/core/config.rs:403:30
[INFO] [stdout]     |
[INFO] [stdout] 403 | #[derive(Debug, Deserialize, Serialize)]
[INFO] [stdout]     |                              ^--------
[INFO] [stdout]     |                              |
[INFO] [stdout]     |                              `Serialize` is not local
[INFO] [stdout]     |                              move the `impl` block outside of this constant `_IMPL_SERIALIZE_FOR_CommandConfig`
[INFO] [stdout] 404 | pub struct CommandConfig {
[INFO] [stdout]     |            ------------- `CommandConfig` is not local
[INFO] [stdout]     |
[INFO] [stdout]     = note: the derive macro `Serialize` defines the non-local `impl`, and may need to be changed
[INFO] [stdout]     = note: the derive macro `Serialize` may come from an old version of the `serde_derive` crate, try updating your dependency with `cargo update -p serde_derive`
[INFO] [stdout]     = note: an `impl` is never scoped, even when it is nested inside an item, as it may impact type checking outside of that item, which can be the case if neither the trait or the self type are at the same nesting level as the `impl`
[INFO] [stdout]     = note: items in an anonymous const item (`const _: () = { ... }`) are treated as in the same scope as the anonymous const's declaration for the purpose of this lint
[INFO] [stdout]     = note: this warning originates in the derive macro `Serialize` (in Nightly builds, run with -Z macro-backtrace for more info)
[INFO] [stdout] 
[INFO] [stdout] 
[INFO] [stdout] warning: call to `.clone()` on a reference in this situation does nothing
[INFO] [stdout]    --> src/bifrost/core/workingdir.rs:263:31
[INFO] [stdout]     |
[INFO] [stdout] 263 |     let to_dir = from.0.path().clone();
[INFO] [stdout]     |                               ^^^^^^^^
[INFO] [stdout]     |
[INFO] [stdout]     = note: the type `std::path::Path` does not implement `Clone`, so calling `clone` on `&std::path::Path` copies the reference, which does not do anything and can be removed
[INFO] [stdout]     = note: `#[warn(noop_method_call)]` on by default
[INFO] [stdout] help: remove this redundant call
[INFO] [stdout]     |
[INFO] [stdout] 263 -     let to_dir = from.0.path().clone();
[INFO] [stdout] 263 +     let to_dir = from.0.path();
[INFO] [stdout]     |
[INFO] [stdout] 
[INFO] [stdout] 
[INFO] [stdout] warning: call to `.clone()` on a reference in this situation does nothing
[INFO] [stdout]    --> src/bifrost/core/workingdir.rs:276:31
[INFO] [stdout]     |
[INFO] [stdout] 276 |     let to_dir = from.0.path().clone();
[INFO] [stdout]     |                               ^^^^^^^^
[INFO] [stdout]     |
[INFO] [stdout]     = note: the type `std::path::Path` does not implement `Clone`, so calling `clone` on `&std::path::Path` copies the reference, which does not do anything and can be removed
[INFO] [stdout] help: remove this redundant call
[INFO] [stdout]     |
[INFO] [stdout] 276 -     let to_dir = from.0.path().clone();
[INFO] [stdout] 276 +     let to_dir = from.0.path();
[INFO] [stdout]     |
[INFO] [stdout] 
[INFO] [stdout] 
[INFO] [stderr]     Finished `test` profile [unoptimized + debuginfo] target(s) in 4.04s
[INFO] running `Command { std: "docker" "inspect" "32bfb24d88204ffc5251526ccaa5b48dbc93d476355b34f7d770a4f1adeca874", kill_on_drop: false }`
[INFO] running `Command { std: "docker" "rm" "-f" "32bfb24d88204ffc5251526ccaa5b48dbc93d476355b34f7d770a4f1adeca874", kill_on_drop: false }`
[INFO] [stdout] 32bfb24d88204ffc5251526ccaa5b48dbc93d476355b34f7d770a4f1adeca874
[INFO] running `Command { std: "docker" "create" "-v" "/var/lib/crater-agent-workspace/builds/worker-1-tc2/target:/opt/rustwide/target:rw,Z" "-v" "/var/lib/crater-agent-workspace/builds/worker-1-tc2/source:/opt/rustwide/workdir:ro,Z" "-v" "/var/lib/crater-agent-workspace/cargo-home:/opt/rustwide/cargo-home:ro,Z" "-v" "/var/lib/crater-agent-workspace/rustup-home:/opt/rustwide/rustup-home:ro,Z" "-e" "SOURCE_DIR=/opt/rustwide/workdir" "-e" "CARGO_TARGET_DIR=/opt/rustwide/target" "-e" "CARGO_INCREMENTAL=0" "-e" "RUST_BACKTRACE=full" "-e" "RUSTFLAGS=--cap-lints=warn" "-e" "RUSTDOCFLAGS=--cap-lints=warn" "-e" "CARGO_HOME=/opt/rustwide/cargo-home" "-e" "RUSTUP_HOME=/opt/rustwide/rustup-home" "-w" "/opt/rustwide/workdir" "-m" "1610612736" "--user" "0:0" "--network" "none" "ghcr.io/rust-lang/crates-build-env/linux@sha256:f3a9d4ad9d972b27faf3965f35b62e55ba32bbce8f20bc8fe909558a86702fde" "/opt/rustwide/cargo-home/bin/cargo" "+beta-2024-12-08" "test" "--frozen", kill_on_drop: false }`
[INFO] [stdout] 7f72bcdfc78aa261d1bbcee1210933d9496bf7f78d5b57f0fa4d0d416db848a2
[INFO] running `Command { std: "docker" "start" "-a" "7f72bcdfc78aa261d1bbcee1210933d9496bf7f78d5b57f0fa4d0d416db848a2", kill_on_drop: false }`
[INFO] [stderr] warning: unexpected `cfg` condition value: `cargo-clippy`
[INFO] [stderr]   --> src/bifrost/core/config.rs:28:17
[INFO] [stderr]    |
[INFO] [stderr] 28 | #[derive(Debug, Deserialize, Serialize)]
[INFO] [stderr]    |                 ^^^^^^^^^^^
[INFO] [stderr]    |
[INFO] [stderr]    = note: no expected values for `feature`
[INFO] [stderr]    = help: consider adding `cargo-clippy` as a feature in `Cargo.toml`
[INFO] [stderr]    = note: see <https://doc.rust-lang.org/nightly/rustc/check-cfg/cargo-specifics.html> for more information about checking conditional configuration
[INFO] [stderr]    = note: `#[warn(unexpected_cfgs)]` on by default
[INFO] [stderr]    = note: this warning originates in the derive macro `Deserialize` (in Nightly builds, run with -Z macro-backtrace for more info)
[INFO] [stderr] 
[INFO] [stderr] warning: unexpected `cfg` condition value: `cargo-clippy`
[INFO] [stderr]   --> src/bifrost/core/config.rs:28:30
[INFO] [stderr]    |
[INFO] [stderr] 28 | #[derive(Debug, Deserialize, Serialize)]
[INFO] [stderr]    |                              ^^^^^^^^^
[INFO] [stderr]    |
[INFO] [stderr]    = note: no expected values for `feature`
[INFO] [stderr]    = help: consider adding `cargo-clippy` as a feature in `Cargo.toml`
[INFO] [stderr]    = note: see <https://doc.rust-lang.org/nightly/rustc/check-cfg/cargo-specifics.html> for more information about checking conditional configuration
[INFO] [stderr]    = note: this warning originates in the derive macro `Serialize` (in Nightly builds, run with -Z macro-backtrace for more info)
[INFO] [stderr] 
[INFO] [stderr] warning: unexpected `cfg` condition value: `cargo-clippy`
[INFO] [stderr]    --> src/bifrost/core/config.rs:169:17
[INFO] [stderr]     |
[INFO] [stderr] 169 | #[derive(Debug, Deserialize, Serialize)]
[INFO] [stderr]     |                 ^^^^^^^^^^^
[INFO] [stderr]     |
[INFO] [stderr]     = note: no expected values for `feature`
[INFO] [stderr]     = help: consider adding `cargo-clippy` as a feature in `Cargo.toml`
[INFO] [stderr]     = note: see <https://doc.rust-lang.org/nightly/rustc/check-cfg/cargo-specifics.html> for more information about checking conditional configuration
[INFO] [stderr]     = note: this warning originates in the derive macro `Deserialize` (in Nightly builds, run with -Z macro-backtrace for more info)
[INFO] [stderr] 
[INFO] [stderr] warning: unexpected `cfg` condition value: `cargo-clippy`
[INFO] [stderr]    --> src/bifrost/core/config.rs:169:30
[INFO] [stderr]     |
[INFO] [stderr] 169 | #[derive(Debug, Deserialize, Serialize)]
[INFO] [stderr]     |                              ^^^^^^^^^
[INFO] [stderr]     |
[INFO] [stderr]     = note: no expected values for `feature`
[INFO] [stderr]     = help: consider adding `cargo-clippy` as a feature in `Cargo.toml`
[INFO] [stderr]     = note: see <https://doc.rust-lang.org/nightly/rustc/check-cfg/cargo-specifics.html> for more information about checking conditional configuration
[INFO] [stderr]     = note: this warning originates in the derive macro `Serialize` (in Nightly builds, run with -Z macro-backtrace for more info)
[INFO] [stderr] 
[INFO] [stderr] warning: unexpected `cfg` condition value: `cargo-clippy`
[INFO] [stderr]    --> src/bifrost/core/config.rs:375:17
[INFO] [stderr]     |
[INFO] [stderr] 375 | #[derive(Debug, Deserialize, Serialize)]
[INFO] [stderr]     |                 ^^^^^^^^^^^
[INFO] [stderr]     |
[INFO] [stderr]     = note: no expected values for `feature`
[INFO] [stderr]     = help: consider adding `cargo-clippy` as a feature in `Cargo.toml`
[INFO] [stderr]     = note: see <https://doc.rust-lang.org/nightly/rustc/check-cfg/cargo-specifics.html> for more information about checking conditional configuration
[INFO] [stderr]     = note: this warning originates in the derive macro `Deserialize` (in Nightly builds, run with -Z macro-backtrace for more info)
[INFO] [stderr] 
[INFO] [stderr] warning: unexpected `cfg` condition value: `cargo-clippy`
[INFO] [stderr]    --> src/bifrost/core/config.rs:375:30
[INFO] [stderr]     |
[INFO] [stderr] 375 | #[derive(Debug, Deserialize, Serialize)]
[INFO] [stderr]     |                              ^^^^^^^^^
[INFO] [stderr]     |
[INFO] [stderr]     = note: no expected values for `feature`
[INFO] [stderr]     = help: consider adding `cargo-clippy` as a feature in `Cargo.toml`
[INFO] [stderr]     = note: see <https://doc.rust-lang.org/nightly/rustc/check-cfg/cargo-specifics.html> for more information about checking conditional configuration
[INFO] [stderr]     = note: this warning originates in the derive macro `Serialize` (in Nightly builds, run with -Z macro-backtrace for more info)
[INFO] [stderr] 
[INFO] [stderr] warning: unexpected `cfg` condition value: `cargo-clippy`
[INFO] [stderr]    --> src/bifrost/core/config.rs:380:17
[INFO] [stderr]     |
[INFO] [stderr] 380 | #[derive(Debug, Deserialize, Serialize)]
[INFO] [stderr]     |                 ^^^^^^^^^^^
[INFO] [stderr]     |
[INFO] [stderr]     = note: no expected values for `feature`
[INFO] [stderr]     = help: consider adding `cargo-clippy` as a feature in `Cargo.toml`
[INFO] [stderr]     = note: see <https://doc.rust-lang.org/nightly/rustc/check-cfg/cargo-specifics.html> for more information about checking conditional configuration
[INFO] [stderr]     = note: this warning originates in the derive macro `Deserialize` (in Nightly builds, run with -Z macro-backtrace for more info)
[INFO] [stderr] 
[INFO] [stderr] warning: unexpected `cfg` condition value: `cargo-clippy`
[INFO] [stderr]    --> src/bifrost/core/config.rs:380:30
[INFO] [stderr]     |
[INFO] [stderr] 380 | #[derive(Debug, Deserialize, Serialize)]
[INFO] [stderr]     |                              ^^^^^^^^^
[INFO] [stderr]     |
[INFO] [stderr]     = note: no expected values for `feature`
[INFO] [stderr]     = help: consider adding `cargo-clippy` as a feature in `Cargo.toml`
[INFO] [stderr]     = note: see <https://doc.rust-lang.org/nightly/rustc/check-cfg/cargo-specifics.html> for more information about checking conditional configuration
[INFO] [stderr]     = note: this warning originates in the derive macro `Serialize` (in Nightly builds, run with -Z macro-backtrace for more info)
[INFO] [stderr] 
[INFO] [stderr] warning: unexpected `cfg` condition value: `cargo-clippy`
[INFO] [stderr]    --> src/bifrost/core/config.rs:403:17
[INFO] [stderr]     |
[INFO] [stderr] 403 | #[derive(Debug, Deserialize, Serialize)]
[INFO] [stderr]     |                 ^^^^^^^^^^^
[INFO] [stderr]     |
[INFO] [stderr]     = note: no expected values for `feature`
[INFO] [stderr]     = help: consider adding `cargo-clippy` as a feature in `Cargo.toml`
[INFO] [stderr]     = note: see <https://doc.rust-lang.org/nightly/rustc/check-cfg/cargo-specifics.html> for more information about checking conditional configuration
[INFO] [stderr]     = note: this warning originates in the derive macro `Deserialize` (in Nightly builds, run with -Z macro-backtrace for more info)
[INFO] [stderr] 
[INFO] [stderr] warning: unexpected `cfg` condition value: `cargo-clippy`
[INFO] [stderr]    --> src/bifrost/core/config.rs:403:30
[INFO] [stderr]     |
[INFO] [stderr] 403 | #[derive(Debug, Deserialize, Serialize)]
[INFO] [stderr]     |                              ^^^^^^^^^
[INFO] [stderr]     |
[INFO] [stderr]     = note: no expected values for `feature`
[INFO] [stderr]     = help: consider adding `cargo-clippy` as a feature in `Cargo.toml`
[INFO] [stderr]     = note: see <https://doc.rust-lang.org/nightly/rustc/check-cfg/cargo-specifics.html> for more information about checking conditional configuration
[INFO] [stderr]     = note: this warning originates in the derive macro `Serialize` (in Nightly builds, run with -Z macro-backtrace for more info)
[INFO] [stderr] 
[INFO] [stderr] warning: use of deprecated constant `std::sync::ONCE_INIT`: the `Once::new()` function is now preferred
[INFO] [stderr]   --> src/bifrost/core/app.rs:25:17
[INFO] [stderr]    |
[INFO] [stderr] 25 |         .author(crate_authors!(",\n"))
[INFO] [stderr]    |                 ^^^^^^^^^^^^^^^^^^^^^
[INFO] [stderr]    |
[INFO] [stderr]    = note: `#[warn(deprecated)]` on by default
[INFO] [stderr]    = note: this warning originates in the macro `crate_authors` (in Nightly builds, run with -Z macro-backtrace for more info)
[INFO] [stderr] 
[INFO] [stderr] warning: use of deprecated constant `std::sync::ONCE_INIT`: the `Once::new()` function is now preferred
[INFO] [stderr]   --> src/bifrost/core/app.rs:25:17
[INFO] [stderr]    |
[INFO] [stderr] 25 |         .author(crate_authors!(",\n"))
[INFO] [stderr]    |                 ^^^^^^^^^^^^^^^^^^^^^
[INFO] [stderr]    |
[INFO] [stderr]    = note: this warning originates in the macro `crate_authors` (in Nightly builds, run with -Z macro-backtrace for more info)
[INFO] [stderr] 
[INFO] [stderr] warning: non-local `impl` definition, `impl` blocks should be written at the same level as their item
[INFO] [stderr]   --> src/bifrost/core/config.rs:28:17
[INFO] [stderr]    |
[INFO] [stderr] 28 | #[derive(Debug, Deserialize, Serialize)]
[INFO] [stderr]    |                 ^----------
[INFO] [stderr]    |                 |
[INFO] [stderr]    |                 `Deserialize` is not local
[INFO] [stderr]    |                 move the `impl` block outside of this constant `_IMPL_DESERIALIZE_FOR_Config`
[INFO] [stderr] 29 | pub struct Config {
[INFO] [stderr]    |            ------ `Config` is not local
[INFO] [stderr]    |
[INFO] [stderr]    = note: the derive macro `Deserialize` defines the non-local `impl`, and may need to be changed
[INFO] [stderr]    = note: the derive macro `Deserialize` may come from an old version of the `serde_derive` crate, try updating your dependency with `cargo update -p serde_derive`
[INFO] [stderr]    = note: an `impl` is never scoped, even when it is nested inside an item, as it may impact type checking outside of that item, which can be the case if neither the trait or the self type are at the same nesting level as the `impl`
[INFO] [stderr]    = note: items in an anonymous const item (`const _: () = { ... }`) are treated as in the same scope as the anonymous const's declaration for the purpose of this lint
[INFO] [stderr]    = note: `#[warn(non_local_definitions)]` on by default
[INFO] [stderr]    = note: this warning originates in the derive macro `Deserialize` (in Nightly builds, run with -Z macro-backtrace for more info)
[INFO] [stderr] 
[INFO] [stderr] warning: non-local `impl` definition, `impl` blocks should be written at the same level as their item
[INFO] [stderr]   --> src/bifrost/core/config.rs:28:30
[INFO] [stderr]    |
[INFO] [stderr] 28 | #[derive(Debug, Deserialize, Serialize)]
[INFO] [stderr]    |                              ^--------
[INFO] [stderr]    |                              |
[INFO] [stderr]    |                              `Serialize` is not local
[INFO] [stderr]    |                              move the `impl` block outside of this constant `_IMPL_SERIALIZE_FOR_Config`
[INFO] [stderr] 29 | pub struct Config {
[INFO] [stderr]    |            ------ `Config` is not local
[INFO] [stderr]    |
[INFO] [stderr]    = note: the derive macro `Serialize` defines the non-local `impl`, and may need to be changed
[INFO] [stderr]    = note: the derive macro `Serialize` may come from an old version of the `serde_derive` crate, try updating your dependency with `cargo update -p serde_derive`
[INFO] [stderr]    = note: an `impl` is never scoped, even when it is nested inside an item, as it may impact type checking outside of that item, which can be the case if neither the trait or the self type are at the same nesting level as the `impl`
[INFO] [stderr]    = note: items in an anonymous const item (`const _: () = { ... }`) are treated as in the same scope as the anonymous const's declaration for the purpose of this lint
[INFO] [stderr]    = note: this warning originates in the derive macro `Serialize` (in Nightly builds, run with -Z macro-backtrace for more info)
[INFO] [stderr] 
[INFO] [stderr] warning: non-local `impl` definition, `impl` blocks should be written at the same level as their item
[INFO] [stderr]    --> src/bifrost/core/config.rs:169:17
[INFO] [stderr]     |
[INFO] [stderr] 169 | #[derive(Debug, Deserialize, Serialize)]
[INFO] [stderr]     |                 ^----------
[INFO] [stderr]     |                 |
[INFO] [stderr]     |                 `Deserialize` is not local
[INFO] [stderr]     |                 move the `impl` block outside of this constant `_IMPL_DESERIALIZE_FOR_BifrostManifest`
[INFO] [stderr] 170 | pub struct BifrostManifest {
[INFO] [stderr]     |            --------------- `BifrostManifest` is not local
[INFO] [stderr]     |
[INFO] [stderr]     = note: the derive macro `Deserialize` defines the non-local `impl`, and may need to be changed
[INFO] [stderr]     = note: the derive macro `Deserialize` may come from an old version of the `serde_derive` crate, try updating your dependency with `cargo update -p serde_derive`
[INFO] [stderr]     = note: an `impl` is never scoped, even when it is nested inside an item, as it may impact type checking outside of that item, which can be the case if neither the trait or the self type are at the same nesting level as the `impl`
[INFO] [stderr]     = note: items in an anonymous const item (`const _: () = { ... }`) are treated as in the same scope as the anonymous const's declaration for the purpose of this lint
[INFO] [stderr]     = note: this warning originates in the derive macro `Deserialize` (in Nightly builds, run with -Z macro-backtrace for more info)
[INFO] [stderr] 
[INFO] [stderr] warning: non-local `impl` definition, `impl` blocks should be written at the same level as their item
[INFO] [stderr]    --> src/bifrost/core/config.rs:169:30
[INFO] [stderr]     |
[INFO] [stderr] 169 | #[derive(Debug, Deserialize, Serialize)]
[INFO] [stderr]     |                              ^--------
[INFO] [stderr]     |                              |
[INFO] [stderr]     |                              `Serialize` is not local
[INFO] [stderr]     |                              move the `impl` block outside of this constant `_IMPL_SERIALIZE_FOR_BifrostManifest`
[INFO] [stderr] 170 | pub struct BifrostManifest {
[INFO] [stderr]     |            --------------- `BifrostManifest` is not local
[INFO] [stderr]     |
[INFO] [stderr]     = note: the derive macro `Serialize` defines the non-local `impl`, and may need to be changed
[INFO] [stderr]     = note: the derive macro `Serialize` may come from an old version of the `serde_derive` crate, try updating your dependency with `cargo update -p serde_derive`
[INFO] [stderr]     = note: an `impl` is never scoped, even when it is nested inside an item, as it may impact type checking outside of that item, which can be the case if neither the trait or the self type are at the same nesting level as the `impl`
[INFO] [stderr]     = note: items in an anonymous const item (`const _: () = { ... }`) are treated as in the same scope as the anonymous const's declaration for the purpose of this lint
[INFO] [stderr]     = note: this warning originates in the derive macro `Serialize` (in Nightly builds, run with -Z macro-backtrace for more info)
[INFO] [stderr] 
[INFO] [stderr] warning: non-local `impl` definition, `impl` blocks should be written at the same level as their item
[INFO] [stderr]    --> src/bifrost/core/config.rs:375:17
[INFO] [stderr]     |
[INFO] [stderr] 375 | #[derive(Debug, Deserialize, Serialize)]
[INFO] [stderr]     |                 ^----------
[INFO] [stderr]     |                 |
[INFO] [stderr]     |                 `Deserialize` is not local
[INFO] [stderr]     |                 move the `impl` block outside of this constant `_IMPL_DESERIALIZE_FOR_ContainerConfig`
[INFO] [stderr] 376 | struct ContainerConfig {
[INFO] [stderr]     |        --------------- `ContainerConfig` is not local
[INFO] [stderr]     |
[INFO] [stderr]     = note: the derive macro `Deserialize` defines the non-local `impl`, and may need to be changed
[INFO] [stderr]     = note: the derive macro `Deserialize` may come from an old version of the `serde_derive` crate, try updating your dependency with `cargo update -p serde_derive`
[INFO] [stderr]     = note: an `impl` is never scoped, even when it is nested inside an item, as it may impact type checking outside of that item, which can be the case if neither the trait or the self type are at the same nesting level as the `impl`
[INFO] [stderr]     = note: items in an anonymous const item (`const _: () = { ... }`) are treated as in the same scope as the anonymous const's declaration for the purpose of this lint
[INFO] [stderr]     = note: this warning originates in the derive macro `Deserialize` (in Nightly builds, run with -Z macro-backtrace for more info)
[INFO] [stderr] 
[INFO] [stderr] warning: non-local `impl` definition, `impl` blocks should be written at the same level as their item
[INFO] [stderr]    --> src/bifrost/core/config.rs:375:30
[INFO] [stderr]     |
[INFO] [stderr] 375 | #[derive(Debug, Deserialize, Serialize)]
[INFO] [stderr]     |                              ^--------
[INFO] [stderr]     |                              |
[INFO] [stderr]     |                              `Serialize` is not local
[INFO] [stderr]     |                              move the `impl` block outside of this constant `_IMPL_SERIALIZE_FOR_ContainerConfig`
[INFO] [stderr] 376 | struct ContainerConfig {
[INFO] [stderr]     |        --------------- `ContainerConfig` is not local
[INFO] [stderr]     |
[INFO] [stderr]     = note: the derive macro `Serialize` defines the non-local `impl`, and may need to be changed
[INFO] [stderr]     = note: the derive macro `Serialize` may come from an old version of the `serde_derive` crate, try updating your dependency with `cargo update -p serde_derive`
[INFO] [stderr]     = note: an `impl` is never scoped, even when it is nested inside an item, as it may impact type checking outside of that item, which can be the case if neither the trait or the self type are at the same nesting level as the `impl`
[INFO] [stderr]     = note: items in an anonymous const item (`const _: () = { ... }`) are treated as in the same scope as the anonymous const's declaration for the purpose of this lint
[INFO] [stderr]     = note: this warning originates in the derive macro `Serialize` (in Nightly builds, run with -Z macro-backtrace for more info)
[INFO] [stderr] 
[INFO] [stderr] warning: non-local `impl` definition, `impl` blocks should be written at the same level as their item
[INFO] [stderr]    --> src/bifrost/core/config.rs:380:17
[INFO] [stderr]     |
[INFO] [stderr] 380 | #[derive(Debug, Deserialize, Serialize)]
[INFO] [stderr]     |                 ^----------
[INFO] [stderr]     |                 |
[INFO] [stderr]     |                 `Deserialize` is not local
[INFO] [stderr]     |                 move the `impl` block outside of this constant `_IMPL_DESERIALIZE_FOR_WorkSpaceConfig`
[INFO] [stderr] 381 | pub struct WorkSpaceConfig {
[INFO] [stderr]     |            --------------- `WorkSpaceConfig` is not local
[INFO] [stderr]     |
[INFO] [stderr]     = note: the derive macro `Deserialize` defines the non-local `impl`, and may need to be changed
[INFO] [stderr]     = note: the derive macro `Deserialize` may come from an old version of the `serde_derive` crate, try updating your dependency with `cargo update -p serde_derive`
[INFO] [stderr]     = note: an `impl` is never scoped, even when it is nested inside an item, as it may impact type checking outside of that item, which can be the case if neither the trait or the self type are at the same nesting level as the `impl`
[INFO] [stderr]     = note: items in an anonymous const item (`const _: () = { ... }`) are treated as in the same scope as the anonymous const's declaration for the purpose of this lint
[INFO] [stderr]     = note: this warning originates in the derive macro `Deserialize` (in Nightly builds, run with -Z macro-backtrace for more info)
[INFO] [stderr] 
[INFO] [stderr] warning: non-local `impl` definition, `impl` blocks should be written at the same level as their item
[INFO] [stderr]    --> src/bifrost/core/config.rs:380:30
[INFO] [stderr]     |
[INFO] [stderr] 380 | #[derive(Debug, Deserialize, Serialize)]
[INFO] [stderr]     |                              ^--------
[INFO] [stderr]     |                              |
[INFO] [stderr]     |                              `Serialize` is not local
[INFO] [stderr]     |                              move the `impl` block outside of this constant `_IMPL_SERIALIZE_FOR_WorkSpaceConfig`
[INFO] [stderr] 381 | pub struct WorkSpaceConfig {
[INFO] [stderr]     |            --------------- `WorkSpaceConfig` is not local
[INFO] [stderr]     |
[INFO] [stderr]     = note: the derive macro `Serialize` defines the non-local `impl`, and may need to be changed
[INFO] [stderr]     = note: the derive macro `Serialize` may come from an old version of the `serde_derive` crate, try updating your dependency with `cargo update -p serde_derive`
[INFO] [stderr]     = note: an `impl` is never scoped, even when it is nested inside an item, as it may impact type checking outside of that item, which can be the case if neither the trait or the self type are at the same nesting level as the `impl`
[INFO] [stderr]     = note: items in an anonymous const item (`const _: () = { ... }`) are treated as in the same scope as the anonymous const's declaration for the purpose of this lint
[INFO] [stderr]     = note: this warning originates in the derive macro `Serialize` (in Nightly builds, run with -Z macro-backtrace for more info)
[INFO] [stderr] 
[INFO] [stderr] warning: non-local `impl` definition, `impl` blocks should be written at the same level as their item
[INFO] [stderr]    --> src/bifrost/core/config.rs:403:17
[INFO] [stderr]     |
[INFO] [stderr] 403 | #[derive(Debug, Deserialize, Serialize)]
[INFO] [stderr]     |                 ^----------
[INFO] [stderr]     |                 |
[INFO] [stderr]     |                 `Deserialize` is not local
[INFO] [stderr]     |                 move the `impl` block outside of this constant `_IMPL_DESERIALIZE_FOR_CommandConfig`
[INFO] [stderr] 404 | pub struct CommandConfig {
[INFO] [stderr]     |            ------------- `CommandConfig` is not local
[INFO] [stderr]     |
[INFO] [stderr]     = note: the derive macro `Deserialize` defines the non-local `impl`, and may need to be changed
[INFO] [stderr]     = note: the derive macro `Deserialize` may come from an old version of the `serde_derive` crate, try updating your dependency with `cargo update -p serde_derive`
[INFO] [stderr]     = note: an `impl` is never scoped, even when it is nested inside an item, as it may impact type checking outside of that item, which can be the case if neither the trait or the self type are at the same nesting level as the `impl`
[INFO] [stderr]     = note: items in an anonymous const item (`const _: () = { ... }`) are treated as in the same scope as the anonymous const's declaration for the purpose of this lint
[INFO] [stderr]     = note: this warning originates in the derive macro `Deserialize` (in Nightly builds, run with -Z macro-backtrace for more info)
[INFO] [stderr] 
[INFO] [stderr] warning: non-local `impl` definition, `impl` blocks should be written at the same level as their item
[INFO] [stderr]    --> src/bifrost/core/config.rs:403:30
[INFO] [stderr]     |
[INFO] [stderr] 403 | #[derive(Debug, Deserialize, Serialize)]
[INFO] [stderr]     |                              ^--------
[INFO] [stderr]     |                              |
[INFO] [stderr]     |                              `Serialize` is not local
[INFO] [stderr]     |                              move the `impl` block outside of this constant `_IMPL_SERIALIZE_FOR_CommandConfig`
[INFO] [stderr] 404 | pub struct CommandConfig {
[INFO] [stderr]     |            ------------- `CommandConfig` is not local
[INFO] [stderr]     |
[INFO] [stderr]     = note: the derive macro `Serialize` defines the non-local `impl`, and may need to be changed
[INFO] [stderr]     = note: the derive macro `Serialize` may come from an old version of the `serde_derive` crate, try updating your dependency with `cargo update -p serde_derive`
[INFO] [stderr]     = note: an `impl` is never scoped, even when it is nested inside an item, as it may impact type checking outside of that item, which can be the case if neither the trait or the self type are at the same nesting level as the `impl`
[INFO] [stderr]     = note: items in an anonymous const item (`const _: () = { ... }`) are treated as in the same scope as the anonymous const's declaration for the purpose of this lint
[INFO] [stderr]     = note: this warning originates in the derive macro `Serialize` (in Nightly builds, run with -Z macro-backtrace for more info)
[INFO] [stderr] 
[INFO] [stderr] warning: call to `.clone()` on a reference in this situation does nothing
[INFO] [stderr]    --> src/bifrost/core/workingdir.rs:263:31
[INFO] [stderr]     |
[INFO] [stderr] 263 |     let to_dir = from.0.path().clone();
[INFO] [stderr]     |                               ^^^^^^^^
[INFO] [stderr]     |
[INFO] [stderr]     = note: the type `Path` does not implement `Clone`, so calling `clone` on `&Path` copies the reference, which does not do anything and can be removed
[INFO] [stderr]     = note: `#[warn(noop_method_call)]` on by default
[INFO] [stderr] help: remove this redundant call
[INFO] [stderr]     |
[INFO] [stderr] 263 -     let to_dir = from.0.path().clone();
[INFO] [stderr] 263 +     let to_dir = from.0.path();
[INFO] [stderr]     |
[INFO] [stderr] 
[INFO] [stderr] warning: call to `.clone()` on a reference in this situation does nothing
[INFO] [stderr]    --> src/bifrost/core/workingdir.rs:276:31
[INFO] [stderr]     |
[INFO] [stderr] 276 |     let to_dir = from.0.path().clone();
[INFO] [stderr]     |                               ^^^^^^^^
[INFO] [stderr]     |
[INFO] [stderr]     = note: the type `Path` does not implement `Clone`, so calling `clone` on `&Path` copies the reference, which does not do anything and can be removed
[INFO] [stderr] help: remove this redundant call
[INFO] [stderr]     |
[INFO] [stderr] 276 -     let to_dir = from.0.path().clone();
[INFO] [stderr] 276 +     let to_dir = from.0.path();
[INFO] [stderr]     |
[INFO] [stderr] 
[INFO] [stderr] warning: use of deprecated method `std::error::Error::description`: use the Display impl or to_string()
[INFO] [stderr]    --> src/bifrost/util/process_builder.rs:179:43
[INFO] [stderr]     |
[INFO] [stderr] 179 |             assert_eq!("process error", e.description());
[INFO] [stderr]     |                                           ^^^^^^^^^^^
[INFO] [stderr] 
[INFO] [stderr] warning: call to `.clone()` on a reference in this situation does nothing
[INFO] [stderr]    --> src/bifrost/core/workingdir.rs:263:31
[INFO] [stderr]     |
[INFO] [stderr] 263 |     let to_dir = from.0.path().clone();
[INFO] [stderr]     |                               ^^^^^^^^
[INFO] [stderr]     |
[INFO] [stderr]     = note: the type `std::path::Path` does not implement `Clone`, so calling `clone` on `&std::path::Path` copies the reference, which does not do anything and can be removed
[INFO] [stderr]     = note: `#[warn(noop_method_call)]` on by default
[INFO] [stderr] help: remove this redundant call
[INFO] [stderr]     |
[INFO] [stderr] 263 -     let to_dir = from.0.path().clone();
[INFO] [stderr] 263 +     let to_dir = from.0.path();
[INFO] [stderr]     |
[INFO] [stderr] 
[INFO] [stderr] warning: call to `.clone()` on a reference in this situation does nothing
[INFO] [stderr]    --> src/bifrost/core/workingdir.rs:276:31
[INFO] [stderr]     |
[INFO] [stderr] 276 |     let to_dir = from.0.path().clone();
[INFO] [stderr]     |                               ^^^^^^^^
[INFO] [stderr]     |
[INFO] [stderr]     = note: the type `std::path::Path` does not implement `Clone`, so calling `clone` on `&std::path::Path` copies the reference, which does not do anything and can be removed
[INFO] [stderr] help: remove this redundant call
[INFO] [stderr]     |
[INFO] [stderr] 276 -     let to_dir = from.0.path().clone();
[INFO] [stderr] 276 +     let to_dir = from.0.path();
[INFO] [stderr]     |
[INFO] [stderr] 
[INFO] [stderr] warning: `bifrost` (lib) generated 24 warnings (run `cargo fix --lib -p bifrost` to apply 2 suggestions)
[INFO] [stderr] warning: `bifrost` (lib test) generated 25 warnings (22 duplicates) (run `cargo fix --lib -p bifrost --tests` to apply 2 suggestions)
[INFO] [stderr]     Finished `test` profile [unoptimized + debuginfo] target(s) in 0.14s
[INFO] [stderr]      Running unittests src/bifrost/lib.rs (/opt/rustwide/target/debug/deps/bifrost-2be845eee61bdf20)
[INFO] [stdout] 
[INFO] [stdout] running 21 tests
[INFO] [stdout] test core::config::test::test_default_config ... ok
[INFO] [stdout] test core::config::test::test_default_manifest ... ok
[INFO] [stdout] test core::hofund::test::test_read_failure ... ok
[INFO] [stdout] test core::hofund::test::test_read_success ... ok
[INFO] [stdout] test core::config::test::test_from_manifest ... ok
[INFO] [stdout] test core::workingdir::tests::test_walk_dirs ... ok
[INFO] [stdout] test core::workspace::test::test_default_workspace ... ok
[INFO] [stdout] test core::workingdir::tests::test_default_working_dir ... ok
[INFO] [stdout] test core::workingdir::tests::test_propose_target_suffix ... ok
[INFO] [stdout] test core::workspace::test::test_strip ... ok
[INFO] [stdout] test core::workspace::test::test_strip_trailing_slash ... ok
[INFO] [stdout] test core::workingdir::tests::test_walk_dirs_with_ignores ... ok
[INFO] [stdout] test core::workspace::test::test_to_abs_paths ... ok
[INFO] [stdout] test util::process_builder::test::test_basic_command_ls ... ok
[INFO] [stdout] test util::process_builder::test::test_basic_command_bad_cat ... ok
[INFO] [stdout] test util::process_builder::test::test_basic_command_cat ... ok
[INFO] [stdout] test util::process_builder::test::test_process_error_display ... ok
[INFO] [stdout] test core::hofund::test::test_write ... FAILED
[INFO] [stdout] test core::hofund::test::test_append ... FAILED
[INFO] [stdout] test core::hofund::test::test_read ... FAILED
[INFO] [stdout] test core::hofund::test::test_remove_file ... FAILED
[INFO] [stdout] 
[INFO] [stdout] failures:
[INFO] [stdout] 
[INFO] [stdout] ---- core::hofund::test::test_write stdout ----
[INFO] [stdout] thread 'core::hofund::test::test_write' panicked at src/bifrost/core/hofund.rs:85:9:
[INFO] [stdout] assertion failed: write(&path, "testing... 1.. 2.. 3..".as_bytes()).is_ok()
[INFO] [stdout] stack backtrace:
[INFO] [stdout]    0:     0x59185abac69a - std::backtrace_rs::backtrace::libunwind::trace::h8810477743020387
[INFO] [stdout]                                at /rustc/202008a1b8de96d2e5b6bc02d379db03a877d34d/library/std/src/../../backtrace/src/backtrace/libunwind.rs:116:5
[INFO] [stdout]    1:     0x59185abac69a - std::backtrace_rs::backtrace::trace_unsynchronized::h3aa55355dd6c54a6
[INFO] [stdout]                                at /rustc/202008a1b8de96d2e5b6bc02d379db03a877d34d/library/std/src/../../backtrace/src/backtrace/mod.rs:66:5
[INFO] [stdout]    2:     0x59185abac69a - std::sys::backtrace::_print_fmt::h8588b0f62410823f
[INFO] [stdout]                                at /rustc/202008a1b8de96d2e5b6bc02d379db03a877d34d/library/std/src/sys/backtrace.rs:66:9
[INFO] [stdout]    3:     0x59185abac69a - <std::sys::backtrace::BacktraceLock::print::DisplayBacktrace as core::fmt::Display>::fmt::h98c26ac25ffe89bb
[INFO] [stdout]                                at /rustc/202008a1b8de96d2e5b6bc02d379db03a877d34d/library/std/src/sys/backtrace.rs:39:26
[INFO] [stdout]    4:     0x59185abd3ce3 - core::fmt::rt::Argument::fmt::hf95377f4aebd453b
[INFO] [stdout]                                at /rustc/202008a1b8de96d2e5b6bc02d379db03a877d34d/library/core/src/fmt/rt.rs:177:76
[INFO] [stdout]    5:     0x59185abd3ce3 - core::fmt::write::h0dd5f6e2238c7982
[INFO] [stdout]                                at /rustc/202008a1b8de96d2e5b6bc02d379db03a877d34d/library/core/src/fmt/mod.rs:1189:21
[INFO] [stdout]    6:     0x59185aba9453 - std::io::Write::write_fmt::h03bb0ca26e6faf8c
[INFO] [stdout]                                at /rustc/202008a1b8de96d2e5b6bc02d379db03a877d34d/library/std/src/io/mod.rs:1884:15
[INFO] [stdout]    7:     0x59185abac4e2 - std::sys::backtrace::BacktraceLock::print::h5c19c1c038ee186d
[INFO] [stdout]                                at /rustc/202008a1b8de96d2e5b6bc02d379db03a877d34d/library/std/src/sys/backtrace.rs:42:9
[INFO] [stdout]    8:     0x59185abadb1d - std::panicking::default_hook::{{closure}}::h77172f079a1fcb13
[INFO] [stdout]                                at /rustc/202008a1b8de96d2e5b6bc02d379db03a877d34d/library/std/src/panicking.rs:268:22
[INFO] [stdout]    9:     0x59185abad927 - std::panicking::default_hook::he5f8e3b203ccddba
[INFO] [stdout]                                at /rustc/202008a1b8de96d2e5b6bc02d379db03a877d34d/library/std/src/panicking.rs:292:9
[INFO] [stdout]   10:     0x59185ab2b727 - <alloc::boxed::Box<F,A> as core::ops::function::Fn<Args>>::call::h7a3c7b4a1ae77f2f
[INFO] [stdout]                                at /rustc/202008a1b8de96d2e5b6bc02d379db03a877d34d/library/alloc/src/boxed.rs:1986:9
[INFO] [stdout]   11:     0x59185ab2b727 - test::test_main::{{closure}}::hf0d3b69ae9b353d1
[INFO] [stdout]                                at /rustc/202008a1b8de96d2e5b6bc02d379db03a877d34d/library/test/src/lib.rs:134:21
[INFO] [stdout]   12:     0x59185abae1c8 - <alloc::boxed::Box<F,A> as core::ops::function::Fn<Args>>::call::h6332e82e7b189abd
[INFO] [stdout]                                at /rustc/202008a1b8de96d2e5b6bc02d379db03a877d34d/library/alloc/src/boxed.rs:1986:9
[INFO] [stdout]   13:     0x59185abae1c8 - std::panicking::rust_panic_with_hook::h53863d4e9018df39
[INFO] [stdout]                                at /rustc/202008a1b8de96d2e5b6bc02d379db03a877d34d/library/std/src/panicking.rs:809:13
[INFO] [stdout]   14:     0x59185abadf56 - std::panicking::begin_panic_handler::{{closure}}::h67280e6fa0757873
[INFO] [stdout]                                at /rustc/202008a1b8de96d2e5b6bc02d379db03a877d34d/library/std/src/panicking.rs:667:13
[INFO] [stdout]   15:     0x59185abacb79 - std::sys::backtrace::__rust_end_short_backtrace::h1dac3f54d6fbbeb2
[INFO] [stdout]                                at /rustc/202008a1b8de96d2e5b6bc02d379db03a877d34d/library/std/src/sys/backtrace.rs:170:18
[INFO] [stdout]   16:     0x59185abadc1c - rust_begin_unwind
[INFO] [stdout]                                at /rustc/202008a1b8de96d2e5b6bc02d379db03a877d34d/library/std/src/panicking.rs:665:5
[INFO] [stdout]   17:     0x59185aa8cd60 - core::panicking::panic_fmt::h6792bd1b2bf01041
[INFO] [stdout]                                at /rustc/202008a1b8de96d2e5b6bc02d379db03a877d34d/library/core/src/panicking.rs:76:14
[INFO] [stdout]   18:     0x59185aa8cdec - core::panicking::panic::hbb5c236a846c507c
[INFO] [stdout]                                at /rustc/202008a1b8de96d2e5b6bc02d379db03a877d34d/library/core/src/panicking.rs:148:5
[INFO] [stdout]   19:     0x59185aac4314 - bifrost::core::hofund::test::test_write::hce9cd8c89d140da8
[INFO] [stdout]                                at /opt/rustwide/workdir/src/bifrost/core/hofund.rs:85:9
[INFO] [stdout]   20:     0x59185aac3fd7 - bifrost::core::hofund::test::test_write::{{closure}}::h2dadcb628df7dec4
[INFO] [stdout]                                at /opt/rustwide/workdir/src/bifrost/core/hofund.rs:79:20
[INFO] [stdout]   21:     0x59185aac0f36 - core::ops::function::FnOnce::call_once::hb233cbf076038769
[INFO] [stdout]                                at /rustc/202008a1b8de96d2e5b6bc02d379db03a877d34d/library/core/src/ops/function.rs:250:5
[INFO] [stdout]   22:     0x59185ab3024b - core::ops::function::FnOnce::call_once::h871bf86719ec9aa4
[INFO] [stdout]                                at /rustc/202008a1b8de96d2e5b6bc02d379db03a877d34d/library/core/src/ops/function.rs:250:5
[INFO] [stdout]   23:     0x59185ab3024b - test::__rust_begin_short_backtrace::h2167df1e2b7d76fd
[INFO] [stdout]                                at /rustc/202008a1b8de96d2e5b6bc02d379db03a877d34d/library/test/src/lib.rs:632:18
[INFO] [stdout]   24:     0x59185ab2fc38 - test::run_test_in_process::{{closure}}::h15d92f75a3adfb79
[INFO] [stdout]                                at /rustc/202008a1b8de96d2e5b6bc02d379db03a877d34d/library/test/src/lib.rs:655:60
[INFO] [stdout]   25:     0x59185ab2fc38 - <core::panic::unwind_safe::AssertUnwindSafe<F> as core::ops::function::FnOnce<()>>::call_once::hb6c8955835a8dbbb
[INFO] [stdout]                                at /rustc/202008a1b8de96d2e5b6bc02d379db03a877d34d/library/core/src/panic/unwind_safe.rs:272:9
[INFO] [stdout]   26:     0x59185ab2fc38 - std::panicking::try::do_call::hc79d0fc888a0bd30
[INFO] [stdout]                                at /rustc/202008a1b8de96d2e5b6bc02d379db03a877d34d/library/std/src/panicking.rs:557:40
[INFO] [stdout]   27:     0x59185ab2fc38 - std::panicking::try::hb8a7878e3a8589d6
[INFO] [stdout]                                at /rustc/202008a1b8de96d2e5b6bc02d379db03a877d34d/library/std/src/panicking.rs:520:19
[INFO] [stdout]   28:     0x59185ab2fc38 - std::panic::catch_unwind::hb8e4600ff0ff5cfa
[INFO] [stdout]                                at /rustc/202008a1b8de96d2e5b6bc02d379db03a877d34d/library/std/src/panic.rs:358:14
[INFO] [stdout]   29:     0x59185ab2fc38 - test::run_test_in_process::hc2900b0b18688dd6
[INFO] [stdout]                                at /rustc/202008a1b8de96d2e5b6bc02d379db03a877d34d/library/test/src/lib.rs:655:27
[INFO] [stdout]   30:     0x59185ab2fc38 - test::run_test::{{closure}}::hac2a9cb07be3d48d
[INFO] [stdout]                                at /rustc/202008a1b8de96d2e5b6bc02d379db03a877d34d/library/test/src/lib.rs:576:43
[INFO] [stdout]   31:     0x59185aaf36da - test::run_test::{{closure}}::h4a5b729e66a38cd8
[INFO] [stdout]                                at /rustc/202008a1b8de96d2e5b6bc02d379db03a877d34d/library/test/src/lib.rs:606:41
[INFO] [stdout]   32:     0x59185aaf36da - std::sys::backtrace::__rust_begin_short_backtrace::h0496fb742492f573
[INFO] [stdout]                                at /rustc/202008a1b8de96d2e5b6bc02d379db03a877d34d/library/std/src/sys/backtrace.rs:154:18
[INFO] [stdout]   33:     0x59185aaf7054 - std::thread::Builder::spawn_unchecked_::{{closure}}::{{closure}}::hbb6d257c550a54bd
[INFO] [stdout]                                at /rustc/202008a1b8de96d2e5b6bc02d379db03a877d34d/library/std/src/thread/mod.rs:561:17
[INFO] [stdout]   34:     0x59185aaf7054 - <core::panic::unwind_safe::AssertUnwindSafe<F> as core::ops::function::FnOnce<()>>::call_once::h46696fe4a6832328
[INFO] [stdout]                                at /rustc/202008a1b8de96d2e5b6bc02d379db03a877d34d/library/core/src/panic/unwind_safe.rs:272:9
[INFO] [stdout]   35:     0x59185aaf7054 - std::panicking::try::do_call::h2625a51b667bfb64
[INFO] [stdout]                                at /rustc/202008a1b8de96d2e5b6bc02d379db03a877d34d/library/std/src/panicking.rs:557:40
[INFO] [stdout]   36:     0x59185aaf7054 - std::panicking::try::hb956a59a1973aa4c
[INFO] [stdout]                                at /rustc/202008a1b8de96d2e5b6bc02d379db03a877d34d/library/std/src/panicking.rs:520:19
[INFO] [stdout]   37:     0x59185aaf7054 - std::panic::catch_unwind::h64f3b9d1067ef6a0
[INFO] [stdout]                                at /rustc/202008a1b8de96d2e5b6bc02d379db03a877d34d/library/std/src/panic.rs:358:14
[INFO] [stdout]   38:     0x59185aaf7054 - std::thread::Builder::spawn_unchecked_::{{closure}}::h42b2841295b6c0b2
[INFO] [stdout]                                at /rustc/202008a1b8de96d2e5b6bc02d379db03a877d34d/library/std/src/thread/mod.rs:559:30
[INFO] [stdout]   39:     0x59185aaf7054 - core::ops::function::FnOnce::call_once{{vtable.shim}}::h6127de71b8124639
[INFO] [stdout]                                at /rustc/202008a1b8de96d2e5b6bc02d379db03a877d34d/library/core/src/ops/function.rs:250:5
[INFO] [stdout]   40:     0x59185abb2bbb - <alloc::boxed::Box<F,A> as core::ops::function::FnOnce<Args>>::call_once::h42f0ba71002a1b2c
[INFO] [stdout]                                at /rustc/202008a1b8de96d2e5b6bc02d379db03a877d34d/library/alloc/src/boxed.rs:1972:9
[INFO] [stdout]   41:     0x59185abb2bbb - <alloc::boxed::Box<F,A> as core::ops::function::FnOnce<Args>>::call_once::had9e47d7a3dcecb8
[INFO] [stdout]                                at /rustc/202008a1b8de96d2e5b6bc02d379db03a877d34d/library/alloc/src/boxed.rs:1972:9
[INFO] [stdout]   42:     0x59185abb2bbb - std::sys::pal::unix::thread::Thread::new::thread_start::h48cf765408f6f5f2
[INFO] [stdout]                                at /rustc/202008a1b8de96d2e5b6bc02d379db03a877d34d/library/std/src/sys/pal/unix/thread.rs:105:17
[INFO] [stdout]   43:     0x70f2b243dac3 - <unknown>
[INFO] [stdout]   44:     0x70f2b24cea04 - clone
[INFO] [stdout]   45:                0x0 - <unknown>
[INFO] [stdout] 
[INFO] [stdout] ---- core::hofund::test::test_append stdout ----
[INFO] [stdout] thread 'core::hofund::test::test_append' panicked at src/bifrost/core/hofund.rs:97:30:
[INFO] [stdout] `test_append` failed to `hofund::write`: Os { code: 30, kind: ReadOnlyFilesystem, message: "Read-only file system" }
[INFO] [stdout] 
[INFO] [stdout] stack backtrace:
[INFO] [stdout]    0: failure::backtrace::internal::InternalBacktrace::new::hb68365897acfb899 (0x59185ab3b3d8)
[INFO] [stdout]              at src/backtrace/internal.rs:44
[INFO] [stdout]    1: failure::backtrace::Backtrace::new::h3ac8e3d106465ce6 (0x59185ab3b9a7)
[INFO] [stdout]              at src/backtrace/mod.rs:111
[INFO] [stdout]    2: <failure::error::error_impl::ErrorImpl as core::convert::From<F>>::from::h84887e4060f2e2e9 (0x59185aab9925)
[INFO] [stdout]              at /opt/rustwide/cargo-home/registry/src/index.crates.io-6f17d22bba15001f/failure-0.1.5/src/error/error_impl.rs:19
[INFO] [stdout]    3: <failure::error::Error as core::convert::From<F>>::from::he0847d14d355e0b4 (0x59185aaad069)
[INFO] [stdout]              at /opt/rustwide/cargo-home/registry/src/index.crates.io-6f17d22bba15001f/failure-0.1.5/src/error/mod.rs:36
[INFO] [stdout]    4: <core::result::Result<T,F> as core::ops::try_trait::FromResidual<core::result::Result<core::convert::Infallible,E>>>::from_residual::h995eccdce78ca17d (0x59185aac6b17)
[INFO] [stdout]              at /rustc/202008a1b8de96d2e5b6bc02d379db03a877d34d/library/core/src/result.rs:2009
[INFO] [stdout]    5: bifrost::core::hofund::write::h4609e2b15a6ff30b (0x59185aac345e)
[INFO] [stdout]              at src/bifrost/core/hofund.rs:15
[INFO] [stdout]    6: bifrost::core::hofund::test::test_append::h83a644f1f933f9ae (0x59185aac469d)
[INFO] [stdout]              at src/bifrost/core/hofund.rs:97
[INFO] [stdout]    7: bifrost::core::hofund::test::test_append::{{closure}}::ha28790558faba184 (0x59185aac43b6)
[INFO] [stdout]              at src/bifrost/core/hofund.rs:90
[INFO] [stdout]    8: core::ops::function::FnOnce::call_once::hbd90a5e7eb49df31 (0x59185aac0fb5)
[INFO] [stdout]              at /rustc/202008a1b8de96d2e5b6bc02d379db03a877d34d/library/core/src/ops/function.rs:250
[INFO] [stdout]    9: core::ops::function::FnOnce::call_once::h871bf86719ec9aa4 (0x59185ab3024a)
[INFO] [stdout]              at core/src/ops/function.rs:250
[INFO] [stdout]       test::__rust_begin_short_backtrace::h2167df1e2b7d76fd
[INFO] [stdout]              at test/src/lib.rs:632
[INFO] [stdout]   10: test::run_test_in_process::{{closure}}::h15d92f75a3adfb79 (0x59185ab2fc37)
[INFO] [stdout]              at test/src/lib.rs:655
[INFO] [stdout]       <core::panic::unwind_safe::AssertUnwindSafe<F> as core::ops::function::FnOnce<()>>::call_once::hb6c8955835a8dbbb
[INFO] [stdout]              at core/src/panic/unwind_safe.rs:272
[INFO] [stdout]       std::panicking::try::do_call::hc79d0fc888a0bd30
[INFO] [stdout]              at std/src/panicking.rs:557
[INFO] [stdout]       std::panicking::try::hb8a7878e3a8589d6
[INFO] [stdout]              at std/src/panicking.rs:520
[INFO] [stdout]       std::panic::catch_unwind::hb8e4600ff0ff5cfa
[INFO] [stdout]              at std/src/panic.rs:358
[INFO] [stdout]       test::run_test_in_process::hc2900b0b18688dd6
[INFO] [stdout]              at test/src/lib.rs:655
[INFO] [stdout]       test::run_test::{{closure}}::hac2a9cb07be3d48d
[INFO] [stdout]              at test/src/lib.rs:576
[INFO] [stdout]   11: test::run_test::{{closure}}::h4a5b729e66a38cd8 (0x59185aaf36d9)
[INFO] [stdout]              at test/src/lib.rs:606
[INFO] [stdout]       std::sys::backtrace::__rust_begin_short_backtrace::h0496fb742492f573
[INFO] [stdout]              at std/src/sys/backtrace.rs:154
[INFO] [stdout]   12: std::thread::Builder::spawn_unchecked_::{{closure}}::{{closure}}::hbb6d257c550a54bd (0x59185aaf7053)
[INFO] [stdout]              at std/src/thread/mod.rs:561
[INFO] [stdout]       <core::panic::unwind_safe::AssertUnwindSafe<F> as core::ops::function::FnOnce<()>>::call_once::h46696fe4a6832328
[INFO] [stdout]              at core/src/panic/unwind_safe.rs:272
[INFO] [stdout]       std::panicking::try::do_call::h2625a51b667bfb64
[INFO] [stdout]              at std/src/panicking.rs:557
[INFO] [stdout]       std::panicking::try::hb956a59a1973aa4c
[INFO] [stdout]              at std/src/panicking.rs:520
[INFO] [stdout]       std::panic::catch_unwind::h64f3b9d1067ef6a0
[INFO] [stdout]              at std/src/panic.rs:358
[INFO] [stdout]       std::thread::Builder::spawn_unchecked_::{{closure}}::h42b2841295b6c0b2
[INFO] [stdout]              at std/src/thread/mod.rs:559
[INFO] [stdout]       core::ops::function::FnOnce::call_once{{vtable.shim}}::h6127de71b8124639
[INFO] [stdout]              at core/src/ops/function.rs:250
[INFO] [stdout]   13: <alloc::boxed::Box<F,A> as core::ops::function::FnOnce<Args>>::call_once::h42f0ba71002a1b2c (0x59185abb2bba)
[INFO] [stdout]              at alloc/src/boxed.rs:1972
[INFO] [stdout]       <alloc::boxed::Box<F,A> as core::ops::function::FnOnce<Args>>::call_once::had9e47d7a3dcecb8
[INFO] [stdout]              at alloc/src/boxed.rs:1972
[INFO] [stdout]       std::sys::pal::unix::thread::Thread::new::thread_start::h48cf765408f6f5f2
[INFO] [stdout]              at std/src/sys/pal/unix/thread.rs:105
[INFO] [stdout]   14: <unknown> (0x70f2b243dac2)
[INFO] [stdout]   15: __clone (0x70f2b24cea03)
[INFO] [stdout]   16: <unknown> (0x0)
[INFO] [stdout] stack backtrace:
[INFO] [stdout]    0:     0x59185abac69a - std::backtrace_rs::backtrace::libunwind::trace::h8810477743020387
[INFO] [stdout]                                at /rustc/202008a1b8de96d2e5b6bc02d379db03a877d34d/library/std/src/../../backtrace/src/backtrace/libunwind.rs:116:5
[INFO] [stdout]    1:     0x59185abac69a - std::backtrace_rs::backtrace::trace_unsynchronized::h3aa55355dd6c54a6
[INFO] [stdout]                                at /rustc/202008a1b8de96d2e5b6bc02d379db03a877d34d/library/std/src/../../backtrace/src/backtrace/mod.rs:66:5
[INFO] [stdout]    2:     0x59185abac69a - std::sys::backtrace::_print_fmt::h8588b0f62410823f
[INFO] [stdout]                                at /rustc/202008a1b8de96d2e5b6bc02d379db03a877d34d/library/std/src/sys/backtrace.rs:66:9
[INFO] [stdout]    3:     0x59185abac69a - <std::sys::backtrace::BacktraceLock::print::DisplayBacktrace as core::fmt::Display>::fmt::h98c26ac25ffe89bb
[INFO] [stdout]                                at /rustc/202008a1b8de96d2e5b6bc02d379db03a877d34d/library/std/src/sys/backtrace.rs:39:26
[INFO] [stdout]    4:     0x59185abd3ce3 - core::fmt::rt::Argument::fmt::hf95377f4aebd453b
[INFO] [stdout]                                at /rustc/202008a1b8de96d2e5b6bc02d379db03a877d34d/library/core/src/fmt/rt.rs:177:76
[INFO] [stdout]    5:     0x59185abd3ce3 - core::fmt::write::h0dd5f6e2238c7982
[INFO] [stdout]                                at /rustc/202008a1b8de96d2e5b6bc02d379db03a877d34d/library/core/src/fmt/mod.rs:1189:21
[INFO] [stdout]    6:     0x59185aba9453 - std::io::Write::write_fmt::h03bb0ca26e6faf8c
[INFO] [stdout]                                at /rustc/202008a1b8de96d2e5b6bc02d379db03a877d34d/library/std/src/io/mod.rs:1884:15
[INFO] [stdout]    7:     0x59185abac4e2 - std::sys::backtrace::BacktraceLock::print::h5c19c1c038ee186d
[INFO] [stdout]                                at /rustc/202008a1b8de96d2e5b6bc02d379db03a877d34d/library/std/src/sys/backtrace.rs:42:9
[INFO] [stdout]    8:     0x59185abadb1d - std::panicking::default_hook::{{closure}}::h77172f079a1fcb13
[INFO] [stdout]                                at /rustc/202008a1b8de96d2e5b6bc02d379db03a877d34d/library/std/src/panicking.rs:268:22
[INFO] [stdout]    9:     0x59185abad927 - std::panicking::default_hook::he5f8e3b203ccddba
[INFO] [stdout]                                at /rustc/202008a1b8de96d2e5b6bc02d379db03a877d34d/library/std/src/panicking.rs:292:9
[INFO] [stdout]   10:     0x59185ab2b727 - <alloc::boxed::Box<F,A> as core::ops::function::Fn<Args>>::call::h7a3c7b4a1ae77f2f
[INFO] [stdout]                                at /rustc/202008a1b8de96d2e5b6bc02d379db03a877d34d/library/alloc/src/boxed.rs:1986:9
[INFO] [stdout]   11:     0x59185ab2b727 - test::test_main::{{closure}}::hf0d3b69ae9b353d1
[INFO] [stdout]                                at /rustc/202008a1b8de96d2e5b6bc02d379db03a877d34d/library/test/src/lib.rs:134:21
[INFO] [stdout]   12:     0x59185abae1c8 - <alloc::boxed::Box<F,A> as core::ops::function::Fn<Args>>::call::h6332e82e7b189abd
[INFO] [stdout]                                at /rustc/202008a1b8de96d2e5b6bc02d379db03a877d34d/library/alloc/src/boxed.rs:1986:9
[INFO] [stdout]   13:     0x59185abae1c8 - std::panicking::rust_panic_with_hook::h53863d4e9018df39
[INFO] [stdout]                                at /rustc/202008a1b8de96d2e5b6bc02d379db03a877d34d/library/std/src/panicking.rs:809:13
[INFO] [stdout]   14:     0x59185abadf8a - std::panicking::begin_panic_handler::{{closure}}::h67280e6fa0757873
[INFO] [stdout]                                at /rustc/202008a1b8de96d2e5b6bc02d379db03a877d34d/library/std/src/panicking.rs:674:13
[INFO] [stdout]   15:     0x59185abacb79 - std::sys::backtrace::__rust_end_short_backtrace::h1dac3f54d6fbbeb2
[INFO] [stdout]                                at /rustc/202008a1b8de96d2e5b6bc02d379db03a877d34d/library/std/src/sys/backtrace.rs:170:18
[INFO] [stdout]   16:     0x59185abadc1c - rust_begin_unwind
[INFO] [stdout]                                at /rustc/202008a1b8de96d2e5b6bc02d379db03a877d34d/library/std/src/panicking.rs:665:5
[INFO] [stdout]   17:     0x59185aa8cd60 - core::panicking::panic_fmt::h6792bd1b2bf01041
[INFO] [stdout]                                at /rustc/202008a1b8de96d2e5b6bc02d379db03a877d34d/library/core/src/panicking.rs:76:14
[INFO] [stdout]   18:     0x59185aa8d1a6 - core::result::unwrap_failed::h05e0602ed34287c5
[INFO] [stdout]                                at /rustc/202008a1b8de96d2e5b6bc02d379db03a877d34d/library/core/src/result.rs:1699:5
[INFO] [stdout]   19:     0x59185aac82ae - core::result::Result<T,E>::expect::h1d2b99d5dd470d66
[INFO] [stdout]                                at /rustc/202008a1b8de96d2e5b6bc02d379db03a877d34d/library/core/src/result.rs:1061:23
[INFO] [stdout]   20:     0x59185aac46d2 - bifrost::core::hofund::test::test_append::h83a644f1f933f9ae
[INFO] [stdout]                                at /opt/rustwide/workdir/src/bifrost/core/hofund.rs:97:9
[INFO] [stdout]   21:     0x59185aac43b7 - bifrost::core::hofund::test::test_append::{{closure}}::ha28790558faba184
[INFO] [stdout]                                at /opt/rustwide/workdir/src/bifrost/core/hofund.rs:90:21
[INFO] [stdout]   22:     0x59185aac0fb6 - core::ops::function::FnOnce::call_once::hbd90a5e7eb49df31
[INFO] [stdout]                                at /rustc/202008a1b8de96d2e5b6bc02d379db03a877d34d/library/core/src/ops/function.rs:250:5
[INFO] [stdout]   23:     0x59185ab3024b - core::ops::function::FnOnce::call_once::h871bf86719ec9aa4
[INFO] [stdout]                                at /rustc/202008a1b8de96d2e5b6bc02d379db03a877d34d/library/core/src/ops/function.rs:250:5
[INFO] [stdout]   24:     0x59185ab3024b - test::__rust_begin_short_backtrace::h2167df1e2b7d76fd
[INFO] [stdout]                                at /rustc/202008a1b8de96d2e5b6bc02d379db03a877d34d/library/test/src/lib.rs:632:18
[INFO] [stdout]   25:     0x59185ab2fc38 - test::run_test_in_process::{{closure}}::h15d92f75a3adfb79
[INFO] [stdout]                                at /rustc/202008a1b8de96d2e5b6bc02d379db03a877d34d/library/test/src/lib.rs:655:60
[INFO] [stdout]   26:     0x59185ab2fc38 - <core::panic::unwind_safe::AssertUnwindSafe<F> as core::ops::function::FnOnce<()>>::call_once::hb6c8955835a8dbbb
[INFO] [stdout]                                at /rustc/202008a1b8de96d2e5b6bc02d379db03a877d34d/library/core/src/panic/unwind_safe.rs:272:9
[INFO] [stdout]   27:     0x59185ab2fc38 - std::panicking::try::do_call::hc79d0fc888a0bd30
[INFO] [stdout]                                at /rustc/202008a1b8de96d2e5b6bc02d379db03a877d34d/library/std/src/panicking.rs:557:40
[INFO] [stdout]   28:     0x59185ab2fc38 - std::panicking::try::hb8a7878e3a8589d6
[INFO] [stdout]                                at /rustc/202008a1b8de96d2e5b6bc02d379db03a877d34d/library/std/src/panicking.rs:520:19
[INFO] [stdout]   29:     0x59185ab2fc38 - std::panic::catch_unwind::hb8e4600ff0ff5cfa
[INFO] [stdout]                                at /rustc/202008a1b8de96d2e5b6bc02d379db03a877d34d/library/std/src/panic.rs:358:14
[INFO] [stdout]   30:     0x59185ab2fc38 - test::run_test_in_process::hc2900b0b18688dd6
[INFO] [stdout]                                at /rustc/202008a1b8de96d2e5b6bc02d379db03a877d34d/library/test/src/lib.rs:655:27
[INFO] [stdout]   31:     0x59185ab2fc38 - test::run_test::{{closure}}::hac2a9cb07be3d48d
[INFO] [stdout]                                at /rustc/202008a1b8de96d2e5b6bc02d379db03a877d34d/library/test/src/lib.rs:576:43
[INFO] [stdout]   32:     0x59185aaf36da - test::run_test::{{closure}}::h4a5b729e66a38cd8
[INFO] [stdout]                                at /rustc/202008a1b8de96d2e5b6bc02d379db03a877d34d/library/test/src/lib.rs:606:41
[INFO] [stdout]   33:     0x59185aaf36da - std::sys::backtrace::__rust_begin_short_backtrace::h0496fb742492f573
[INFO] [stdout]                                at /rustc/202008a1b8de96d2e5b6bc02d379db03a877d34d/library/std/src/sys/backtrace.rs:154:18
[INFO] [stdout]   34:     0x59185aaf7054 - std::thread::Builder::spawn_unchecked_::{{closure}}::{{closure}}::hbb6d257c550a54bd
[INFO] [stdout]                                at /rustc/202008a1b8de96d2e5b6bc02d379db03a877d34d/library/std/src/thread/mod.rs:561:17
[INFO] [stdout]   35:     0x59185aaf7054 - <core::panic::unwind_safe::AssertUnwindSafe<F> as core::ops::function::FnOnce<()>>::call_once::h46696fe4a6832328
[INFO] [stdout]                                at /rustc/202008a1b8de96d2e5b6bc02d379db03a877d34d/library/core/src/panic/unwind_safe.rs:272:9
[INFO] [stdout]   36:     0x59185aaf7054 - std::panicking::try::do_call::h2625a51b667bfb64
[INFO] [stdout]                                at /rustc/202008a1b8de96d2e5b6bc02d379db03a877d34d/library/std/src/panicking.rs:557:40
[INFO] [stdout]   37:     0x59185aaf7054 - std::panicking::try::hb956a59a1973aa4c
[INFO] [stdout]                                at /rustc/202008a1b8de96d2e5b6bc02d379db03a877d34d/library/std/src/panicking.rs:520:19
[INFO] [stdout]   38:     0x59185aaf7054 - std::panic::catch_unwind::h64f3b9d1067ef6a0
[INFO] [stdout]                                at /rustc/202008a1b8de96d2e5b6bc02d379db03a877d34d/library/std/src/panic.rs:358:14
[INFO] [stdout]   39:     0x59185aaf7054 - std::thread::Builder::spawn_unchecked_::{{closure}}::h42b2841295b6c0b2
[INFO] [stdout]                                at /rustc/202008a1b8de96d2e5b6bc02d379db03a877d34d/library/std/src/thread/mod.rs:559:30
[INFO] [stdout]   40:     0x59185aaf7054 - core::ops::function::FnOnce::call_once{{vtable.shim}}::h6127de71b8124639
[INFO] [stdout]                                at /rustc/202008a1b8de96d2e5b6bc02d379db03a877d34d/library/core/src/ops/function.rs:250:5
[INFO] [stdout]   41:     0x59185abb2bbb - <alloc::boxed::Box<F,A> as core::ops::function::FnOnce<Args>>::call_once::h42f0ba71002a1b2c
[INFO] [stdout]                                at /rustc/202008a1b8de96d2e5b6bc02d379db03a877d34d/library/alloc/src/boxed.rs:1972:9
[INFO] [stdout]   42:     0x59185abb2bbb - <alloc::boxed::Box<F,A> as core::ops::function::FnOnce<Args>>::call_once::had9e47d7a3dcecb8
[INFO] [stdout]                                at /rustc/202008a1b8de96d2e5b6bc02d379db03a877d34d/library/alloc/src/boxed.rs:1972:9
[INFO] [stdout]   43:     0x59185abb2bbb - std::sys::pal::unix::thread::Thread::new::thread_start::h48cf765408f6f5f2
[INFO] [stdout]                                at /rustc/202008a1b8de96d2e5b6bc02d379db03a877d34d/library/std/src/sys/pal/unix/thread.rs:105:17
[INFO] [stdout]   44:     0x70f2b243dac3 - <unknown>
[INFO] [stdout]   45:     0x70f2b24cea04 - clone
[INFO] [stdout]   46:                0x0 - <unknown>
[INFO] [stdout] 
[INFO] [stdout] ---- core::hofund::test::test_read stdout ----
[INFO] [stdout] thread 'core::hofund::test::test_read' panicked at src/bifrost/core/hofund.rs:116:29:
[INFO] [stdout] `test_read` failed to `hofund::write`: Os { code: 30, kind: ReadOnlyFilesystem, message: "Read-only file system" }
[INFO] [stdout] 
[INFO] [stdout] stack backtrace:
[INFO] [stdout]    0: failure::backtrace::internal::InternalBacktrace::new::hb68365897acfb899 (0x59185ab3b3d8)
[INFO] [stdout]              at src/backtrace/internal.rs:44
[INFO] [stdout]    1: failure::backtrace::Backtrace::new::h3ac8e3d106465ce6 (0x59185ab3b9a7)
[INFO] [stdout]              at src/backtrace/mod.rs:111
[INFO] [stdout]    2: <failure::error::error_impl::ErrorImpl as core::convert::From<F>>::from::h84887e4060f2e2e9 (0x59185aab9925)
[INFO] [stdout]              at /opt/rustwide/cargo-home/registry/src/index.crates.io-6f17d22bba15001f/failure-0.1.5/src/error/error_impl.rs:19
[INFO] [stdout]    3: <failure::error::Error as core::convert::From<F>>::from::he0847d14d355e0b4 (0x59185aaad069)
[INFO] [stdout]              at /opt/rustwide/cargo-home/registry/src/index.crates.io-6f17d22bba15001f/failure-0.1.5/src/error/mod.rs:36
[INFO] [stdout]    4: <core::result::Result<T,F> as core::ops::try_trait::FromResidual<core::result::Result<core::convert::Infallible,E>>>::from_residual::h995eccdce78ca17d (0x59185aac6b17)
[INFO] [stdout]              at /rustc/202008a1b8de96d2e5b6bc02d379db03a877d34d/library/core/src/result.rs:2009
[INFO] [stdout]    5: bifrost::core::hofund::write::h4609e2b15a6ff30b (0x59185aac345e)
[INFO] [stdout]              at src/bifrost/core/hofund.rs:15
[INFO] [stdout]    6: bifrost::core::hofund::test::test_read::hd140e9ebc55c9c33 (0x59185aac4cc5)
[INFO] [stdout]              at src/bifrost/core/hofund.rs:116
[INFO] [stdout]    7: bifrost::core::hofund::test::test_read::{{closure}}::heeaf8f4daa2ed21e (0x59185aac49d6)
[INFO] [stdout]              at src/bifrost/core/hofund.rs:109
[INFO] [stdout]    8: core::ops::function::FnOnce::call_once::h06951e3f0099e9f8 (0x59185aac0815)
[INFO] [stdout]              at /rustc/202008a1b8de96d2e5b6bc02d379db03a877d34d/library/core/src/ops/function.rs:250
[INFO] [stdout]    9: core::ops::function::FnOnce::call_once::h871bf86719ec9aa4 (0x59185ab3024a)
[INFO] [stdout]              at core/src/ops/function.rs:250
[INFO] [stdout]       test::__rust_begin_short_backtrace::h2167df1e2b7d76fd
[INFO] [stdout]              at test/src/lib.rs:632
[INFO] [stdout]   10: test::run_test_in_process::{{closure}}::h15d92f75a3adfb79 (0x59185ab2fc37)
[INFO] [stdout]              at test/src/lib.rs:655
[INFO] [stdout]       <core::panic::unwind_safe::AssertUnwindSafe<F> as core::ops::function::FnOnce<()>>::call_once::hb6c8955835a8dbbb
[INFO] [stdout]              at core/src/panic/unwind_safe.rs:272
[INFO] [stdout]       std::panicking::try::do_call::hc79d0fc888a0bd30
[INFO] [stdout]              at std/src/panicking.rs:557
[INFO] [stdout]       std::panicking::try::hb8a7878e3a8589d6
[INFO] [stdout]              at std/src/panicking.rs:520
[INFO] [stdout]       std::panic::catch_unwind::hb8e4600ff0ff5cfa
[INFO] [stdout]              at std/src/panic.rs:358
[INFO] [stdout]       test::run_test_in_process::hc2900b0b18688dd6
[INFO] [stdout]              at test/src/lib.rs:655
[INFO] [stdout]       test::run_test::{{closure}}::hac2a9cb07be3d48d
[INFO] [stdout]              at test/src/lib.rs:576
[INFO] [stdout]   11: test::run_test::{{closure}}::h4a5b729e66a38cd8 (0x59185aaf36d9)
[INFO] [stdout]              at test/src/lib.rs:606
[INFO] [stdout]       std::sys::backtrace::__rust_begin_short_backtrace::h0496fb742492f573
[INFO] [stdout]              at std/src/sys/backtrace.rs:154
[INFO] [stdout]   12: std::thread::Builder::spawn_unchecked_::{{closure}}::{{closure}}::hbb6d257c550a54bd (0x59185aaf7053)
[INFO] [stdout]              at std/src/thread/mod.rs:561
[INFO] [stdout]       <core::panic::unwind_safe::AssertUnwindSafe<F> as core::ops::function::FnOnce<()>>::call_once::h46696fe4a6832328
[INFO] [stdout]              at core/src/panic/unwind_safe.rs:272
[INFO] [stdout]       std::panicking::try::do_call::h2625a51b667bfb64
[INFO] [stdout]              at std/src/panicking.rs:557
[INFO] [stdout]       std::panicking::try::hb956a59a1973aa4c
[INFO] [stdout]              at std/src/panicking.rs:520
[INFO] [stdout]       std::panic::catch_unwind::h64f3b9d1067ef6a0
[INFO] [stdout]              at std/src/panic.rs:358
[INFO] [stdout]       std::thread::Builder::spawn_unchecked_::{{closure}}::h42b2841295b6c0b2
[INFO] [stdout]              at std/src/thread/mod.rs:559
[INFO] [stdout]       core::ops::function::FnOnce::call_once{{vtable.shim}}::h6127de71b8124639
[INFO] [stdout]              at core/src/ops/function.rs:250
[INFO] [stdout]   13: <alloc::boxed::Box<F,A> as core::ops::function::FnOnce<Args>>::call_once::h42f0ba71002a1b2c (0x59185abb2bba)
[INFO] [stdout]              at alloc/src/boxed.rs:1972
[INFO] [stdout]       <alloc::boxed::Box<F,A> as core::ops::function::FnOnce<Args>>::call_once::had9e47d7a3dcecb8
[INFO] [stdout]              at alloc/src/boxed.rs:1972
[INFO] [stdout]       std::sys::pal::unix::thread::Thread::new::thread_start::h48cf765408f6f5f2
[INFO] [stdout]              at std/src/sys/pal/unix/thread.rs:105
[INFO] [stdout]   14: <unknown> (0x70f2b243dac2)
[INFO] [stdout]   15: __clone (0x70f2b24cea03)
[INFO] [stdout]   16: <unknown> (0x0)
[INFO] [stdout] stack backtrace:
[INFO] [stdout]    0:     0x59185abac69a - std::backtrace_rs::backtrace::libunwind::trace::h8810477743020387
[INFO] [stdout]                                at /rustc/202008a1b8de96d2e5b6bc02d379db03a877d34d/library/std/src/../../backtrace/src/backtrace/libunwind.rs:116:5
[INFO] [stdout]    1:     0x59185abac69a - std::backtrace_rs::backtrace::trace_unsynchronized::h3aa55355dd6c54a6
[INFO] [stdout]                                at /rustc/202008a1b8de96d2e5b6bc02d379db03a877d34d/library/std/src/../../backtrace/src/backtrace/mod.rs:66:5
[INFO] [stdout]    2:     0x59185abac69a - std::sys::backtrace::_print_fmt::h8588b0f62410823f
[INFO] [stdout]                                at /rustc/202008a1b8de96d2e5b6bc02d379db03a877d34d/library/std/src/sys/backtrace.rs:66:9
[INFO] [stdout]    3:     0x59185abac69a - <std::sys::backtrace::BacktraceLock::print::DisplayBacktrace as core::fmt::Display>::fmt::h98c26ac25ffe89bb
[INFO] [stdout]                                at /rustc/202008a1b8de96d2e5b6bc02d379db03a877d34d/library/std/src/sys/backtrace.rs:39:26
[INFO] [stdout]    4:     0x59185abd3ce3 - core::fmt::rt::Argument::fmt::hf95377f4aebd453b
[INFO] [stdout]                                at /rustc/202008a1b8de96d2e5b6bc02d379db03a877d34d/library/core/src/fmt/rt.rs:177:76
[INFO] [stdout]    5:     0x59185abd3ce3 - core::fmt::write::h0dd5f6e2238c7982
[INFO] [stdout]                                at /rustc/202008a1b8de96d2e5b6bc02d379db03a877d34d/library/core/src/fmt/mod.rs:1189:21
[INFO] [stdout]    6:     0x59185aba9453 - std::io::Write::write_fmt::h03bb0ca26e6faf8c
[INFO] [stdout]                                at /rustc/202008a1b8de96d2e5b6bc02d379db03a877d34d/library/std/src/io/mod.rs:1884:15
[INFO] [stdout]    7:     0x59185abac4e2 - std::sys::backtrace::BacktraceLock::print::h5c19c1c038ee186d
[INFO] [stdout]                                at /rustc/202008a1b8de96d2e5b6bc02d379db03a877d34d/library/std/src/sys/backtrace.rs:42:9
[INFO] [stdout]    8:     0x59185abadb1d - std::panicking::default_hook::{{closure}}::h77172f079a1fcb13
[INFO] [stdout]                                at /rustc/202008a1b8de96d2e5b6bc02d379db03a877d34d/library/std/src/panicking.rs:268:22
[INFO] [stdout]    9:     0x59185abad927 - std::panicking::default_hook::he5f8e3b203ccddba
[INFO] [stdout]                                at /rustc/202008a1b8de96d2e5b6bc02d379db03a877d34d/library/std/src/panicking.rs:292:9
[INFO] [stdout]   10:     0x59185ab2b727 - <alloc::boxed::Box<F,A> as core::ops::function::Fn<Args>>::call::h7a3c7b4a1ae77f2f
[INFO] [stdout]                                at /rustc/202008a1b8de96d2e5b6bc02d379db03a877d34d/library/alloc/src/boxed.rs:1986:9
[INFO] [stdout]   11:     0x59185ab2b727 - test::test_main::{{closure}}::hf0d3b69ae9b353d1
[INFO] [stdout]                                at /rustc/202008a1b8de96d2e5b6bc02d379db03a877d34d/library/test/src/lib.rs:134:21
[INFO] [stdout]   12:     0x59185abae1c8 - <alloc::boxed::Box<F,A> as core::ops::function::Fn<Args>>::call::h6332e82e7b189abd
[INFO] [stdout]                                at /rustc/202008a1b8de96d2e5b6bc02d379db03a877d34d/library/alloc/src/boxed.rs:1986:9
[INFO] [stdout]   13:     0x59185abae1c8 - std::panicking::rust_panic_with_hook::h53863d4e9018df39
[INFO] [stdout]                                at /rustc/202008a1b8de96d2e5b6bc02d379db03a877d34d/library/std/src/panicking.rs:809:13
[INFO] [stdout]   14:     0x59185abadf8a - std::panicking::begin_panic_handler::{{closure}}::h67280e6fa0757873
[INFO] [stdout]                                at /rustc/202008a1b8de96d2e5b6bc02d379db03a877d34d/library/std/src/panicking.rs:674:13
[INFO] [stdout]   15:     0x59185abacb79 - std::sys::backtrace::__rust_end_short_backtrace::h1dac3f54d6fbbeb2
[INFO] [stdout]                                at /rustc/202008a1b8de96d2e5b6bc02d379db03a877d34d/library/std/src/sys/backtrace.rs:170:18
[INFO] [stdout]   16:     0x59185abadc1c - rust_begin_unwind
[INFO] [stdout]                                at /rustc/202008a1b8de96d2e5b6bc02d379db03a877d34d/library/std/src/panicking.rs:665:5
[INFO] [stdout]   17:     0x59185aa8cd60 - core::panicking::panic_fmt::h6792bd1b2bf01041
[INFO] [stdout]                                at /rustc/202008a1b8de96d2e5b6bc02d379db03a877d34d/library/core/src/panicking.rs:76:14
[INFO] [stdout]   18:     0x59185aa8d1a6 - core::result::unwrap_failed::h05e0602ed34287c5
[INFO] [stdout]                                at /rustc/202008a1b8de96d2e5b6bc02d379db03a877d34d/library/core/src/result.rs:1699:5
[INFO] [stdout]   19:     0x59185aac82ae - core::result::Result<T,E>::expect::h1d2b99d5dd470d66
[INFO] [stdout]                                at /rustc/202008a1b8de96d2e5b6bc02d379db03a877d34d/library/core/src/result.rs:1061:23
[INFO] [stdout]   20:     0x59185aac4cf4 - bifrost::core::hofund::test::test_read::hd140e9ebc55c9c33
[INFO] [stdout]                                at /opt/rustwide/workdir/src/bifrost/core/hofund.rs:116:9
[INFO] [stdout]   21:     0x59185aac49d7 - bifrost::core::hofund::test::test_read::{{closure}}::heeaf8f4daa2ed21e
[INFO] [stdout]                                at /opt/rustwide/workdir/src/bifrost/core/hofund.rs:109:19
[INFO] [stdout]   22:     0x59185aac0816 - core::ops::function::FnOnce::call_once::h06951e3f0099e9f8
[INFO] [stdout]                                at /rustc/202008a1b8de96d2e5b6bc02d379db03a877d34d/library/core/src/ops/function.rs:250:5
[INFO] [stdout]   23:     0x59185ab3024b - core::ops::function::FnOnce::call_once::h871bf86719ec9aa4
[INFO] [stdout]                                at /rustc/202008a1b8de96d2e5b6bc02d379db03a877d34d/library/core/src/ops/function.rs:250:5
[INFO] [stdout]   24:     0x59185ab3024b - test::__rust_begin_short_backtrace::h2167df1e2b7d76fd
[INFO] [stdout]                                at /rustc/202008a1b8de96d2e5b6bc02d379db03a877d34d/library/test/src/lib.rs:632:18
[INFO] [stdout]   25:     0x59185ab2fc38 - test::run_test_in_process::{{closure}}::h15d92f75a3adfb79
[INFO] [stdout]                                at /rustc/202008a1b8de96d2e5b6bc02d379db03a877d34d/library/test/src/lib.rs:655:60
[INFO] [stdout]   26:     0x59185ab2fc38 - <core::panic::unwind_safe::AssertUnwindSafe<F> as core::ops::function::FnOnce<()>>::call_once::hb6c8955835a8dbbb
[INFO] [stdout]                                at /rustc/202008a1b8de96d2e5b6bc02d379db03a877d34d/library/core/src/panic/unwind_safe.rs:272:9
[INFO] [stdout]   27:     0x59185ab2fc38 - std::panicking::try::do_call::hc79d0fc888a0bd30
[INFO] [stdout]                                at /rustc/202008a1b8de96d2e5b6bc02d379db03a877d34d/library/std/src/panicking.rs:557:40
[INFO] [stdout]   28:     0x59185ab2fc38 - std::panicking::try::hb8a7878e3a8589d6
[INFO] [stdout]                                at /rustc/202008a1b8de96d2e5b6bc02d379db03a877d34d/library/std/src/panicking.rs:520:19
[INFO] [stdout]   29:     0x59185ab2fc38 - std::panic::catch_unwind::hb8e4600ff0ff5cfa
[INFO] [stdout]                                at /rustc/202008a1b8de96d2e5b6bc02d379db03a877d34d/library/std/src/panic.rs:358:14
[INFO] [stdout]   30:     0x59185ab2fc38 - test::run_test_in_process::hc2900b0b18688dd6
[INFO] [stdout]                                at /rustc/202008a1b8de96d2e5b6bc02d379db03a877d34d/library/test/src/lib.rs:655:27
[INFO] [stdout]   31:     0x59185ab2fc38 - test::run_test::{{closure}}::hac2a9cb07be3d48d
[INFO] [stdout]                                at /rustc/202008a1b8de96d2e5b6bc02d379db03a877d34d/library/test/src/lib.rs:576:43
[INFO] [stdout]   32:     0x59185aaf36da - test::run_test::{{closure}}::h4a5b729e66a38cd8
[INFO] [stdout]                                at /rustc/202008a1b8de96d2e5b6bc02d379db03a877d34d/library/test/src/lib.rs:606:41
[INFO] [stdout]   33:     0x59185aaf36da - std::sys::backtrace::__rust_begin_short_backtrace::h0496fb742492f573
[INFO] [stdout]                                at /rustc/202008a1b8de96d2e5b6bc02d379db03a877d34d/library/std/src/sys/backtrace.rs:154:18
[INFO] [stdout]   34:     0x59185aaf7054 - std::thread::Builder::spawn_unchecked_::{{closure}}::{{closure}}::hbb6d257c550a54bd
[INFO] [stdout]                                at /rustc/202008a1b8de96d2e5b6bc02d379db03a877d34d/library/std/src/thread/mod.rs:561:17
[INFO] [stdout]   35:     0x59185aaf7054 - <core::panic::unwind_safe::AssertUnwindSafe<F> as core::ops::function::FnOnce<()>>::call_once::h46696fe4a6832328
[INFO] [stdout]                                at /rustc/202008a1b8de96d2e5b6bc02d379db03a877d34d/library/core/src/panic/unwind_safe.rs:272:9
[INFO] [stdout]   36:     0x59185aaf7054 - std::panicking::try::do_call::h2625a51b667bfb64
[INFO] [stdout]                                at /rustc/202008a1b8de96d2e5b6bc02d379db03a877d34d/library/std/src/panicking.rs:557:40
[INFO] [stdout]   37:     0x59185aaf7054 - std::panicking::try::hb956a59a1973aa4c
[INFO] [stdout]                                at /rustc/202008a1b8de96d2e5b6bc02d379db03a877d34d/library/std/src/panicking.rs:520:19
[INFO] [stdout]   38:     0x59185aaf7054 - std::panic::catch_unwind::h64f3b9d1067ef6a0
[INFO] [stdout]                                at /rustc/202008a1b8de96d2e5b6bc02d379db03a877d34d/library/std/src/panic.rs:358:14
[INFO] [stdout]   39:     0x59185aaf7054 - std::thread::Builder::spawn_unchecked_::{{closure}}::h42b2841295b6c0b2
[INFO] [stdout]                                at /rustc/202008a1b8de96d2e5b6bc02d379db03a877d34d/library/std/src/thread/mod.rs:559:30
[INFO] [stdout]   40:     0x59185aaf7054 - core::ops::function::FnOnce::call_once{{vtable.shim}}::h6127de71b8124639
[INFO] [stdout]                                at /rustc/202008a1b8de96d2e5b6bc02d379db03a877d34d/library/core/src/ops/function.rs:250:5
[INFO] [stdout]   41:     0x59185abb2bbb - <alloc::boxed::Box<F,A> as core::ops::function::FnOnce<Args>>::call_once::h42f0ba71002a1b2c
[INFO] [stdout]                                at /rustc/202008a1b8de96d2e5b6bc02d379db03a877d34d/library/alloc/src/boxed.rs:1972:9
[INFO] [stdout]   42:     0x59185abb2bbb - <alloc::boxed::Box<F,A> as core::ops::function::FnOnce<Args>>::call_once::had9e47d7a3dcecb8
[INFO] [stdout]                                at /rustc/202008a1b8de96d2e5b6bc02d379db03a877d34d/library/alloc/src/boxed.rs:1972:9
[INFO] [stdout]   43:     0x59185abb2bbb - std::sys::pal::unix::thread::Thread::new::thread_start::h48cf765408f6f5f2
[INFO] [stdout]                                at /rustc/202008a1b8de96d2e5b6bc02d379db03a877d34d/library/std/src/sys/pal/unix/thread.rs:105:17
[INFO] [stdout]   44:     0x70f2b243dac3 - <unknown>
[INFO] [stdout]   45:     0x70f2b24cea04 - clone
[INFO] [stdout]   46:                0x0 - <unknown>
[INFO] [stdout] 
[INFO] [stdout] ---- core::hofund::test::test_remove_file stdout ----
[INFO] [stdout] thread 'core::hofund::test::test_remove_file' panicked at src/bifrost/core/hofund.rs:133:30:
[INFO] [stdout] `test_remove_file` failed to `hofund::write`: Os { code: 30, kind: ReadOnlyFilesystem, message: "Read-only file system" }
[INFO] [stdout] 
[INFO] [stdout] stack backtrace:
[INFO] [stdout]    0: failure::backtrace::internal::InternalBacktrace::new::hb68365897acfb899 (0x59185ab3b3d8)
[INFO] [stdout]              at src/backtrace/internal.rs:44
[INFO] [stdout]    1: failure::backtrace::Backtrace::new::h3ac8e3d106465ce6 (0x59185ab3b9a7)
[INFO] [stdout]              at src/backtrace/mod.rs:111
[INFO] [stdout]    2: <failure::error::error_impl::ErrorImpl as core::convert::From<F>>::from::h84887e4060f2e2e9 (0x59185aab9925)
[INFO] [stdout]              at /opt/rustwide/cargo-home/registry/src/index.crates.io-6f17d22bba15001f/failure-0.1.5/src/error/error_impl.rs:19
[INFO] [stdout]    3: <failure::error::Error as core::convert::From<F>>::from::he0847d14d355e0b4 (0x59185aaad069)
[INFO] [stdout]              at /opt/rustwide/cargo-home/registry/src/index.crates.io-6f17d22bba15001f/failure-0.1.5/src/error/mod.rs:36
[INFO] [stdout]    4: <core::result::Result<T,F> as core::ops::try_trait::FromResidual<core::result::Result<core::convert::Infallible,E>>>::from_residual::h995eccdce78ca17d (0x59185aac6b17)
[INFO] [stdout]              at /rustc/202008a1b8de96d2e5b6bc02d379db03a877d34d/library/core/src/result.rs:2009
[INFO] [stdout]    5: bifrost::core::hofund::write::h4609e2b15a6ff30b (0x59185aac345e)
[INFO] [stdout]              at src/bifrost/core/hofund.rs:15
[INFO] [stdout]    6: bifrost::core::hofund::test::test_remove_file::h9dfb60e5c3723ab1 (0x59185aac53ff)
[INFO] [stdout]              at src/bifrost/core/hofund.rs:133
[INFO] [stdout]    7: bifrost::core::hofund::test::test_remove_file::{{closure}}::ha08575583579074d (0x59185aac5136)
[INFO] [stdout]              at src/bifrost/core/hofund.rs:127
[INFO] [stdout]    8: core::ops::function::FnOnce::call_once::hac61707c213f790a (0x59185aac0ef5)
[INFO] [stdout]              at /rustc/202008a1b8de96d2e5b6bc02d379db03a877d34d/library/core/src/ops/function.rs:250
[INFO] [stdout]    9: core::ops::function::FnOnce::call_once::h871bf86719ec9aa4 (0x59185ab3024a)
[INFO] [stdout]              at core/src/ops/function.rs:250
[INFO] [stdout]       test::__rust_begin_short_backtrace::h2167df1e2b7d76fd
[INFO] [stdout]              at test/src/lib.rs:632
[INFO] [stdout]   10: test::run_test_in_process::{{closure}}::h15d92f75a3adfb79 (0x59185ab2fc37)
[INFO] [stdout]              at test/src/lib.rs:655
[INFO] [stdout]       <core::panic::unwind_safe::AssertUnwindSafe<F> as core::ops::function::FnOnce<()>>::call_once::hb6c8955835a8dbbb
[INFO] [stdout]              at core/src/panic/unwind_safe.rs:272
[INFO] [stdout]       std::panicking::try::do_call::hc79d0fc888a0bd30
[INFO] [stdout]              at std/src/panicking.rs:557
[INFO] [stdout]       std::panicking::try::hb8a7878e3a8589d6
[INFO] [stdout]              at std/src/panicking.rs:520
[INFO] [stdout]       std::panic::catch_unwind::hb8e4600ff0ff5cfa
[INFO] [stdout]              at std/src/panic.rs:358
[INFO] [stdout]       test::run_test_in_process::hc2900b0b18688dd6
[INFO] [stdout]              at test/src/lib.rs:655
[INFO] [stdout]       test::run_test::{{closure}}::hac2a9cb07be3d48d
[INFO] [stdout]              at test/src/lib.rs:576
[INFO] [stdout]   11: test::run_test::{{closure}}::h4a5b729e66a38cd8 (0x59185aaf36d9)
[INFO] [stdout]              at test/src/lib.rs:606
[INFO] [stdout]       std::sys::backtrace::__rust_begin_short_backtrace::h0496fb742492f573
[INFO] [stdout]              at std/src/sys/backtrace.rs:154
[INFO] [stdout]   12: std::thread::Builder::spawn_unchecked_::{{closure}}::{{closure}}::hbb6d257c550a54bd (0x59185aaf7053)
[INFO] [stdout]              at std/src/thread/mod.rs:561
[INFO] [stdout]       <core::panic::unwind_safe::AssertUnwindSafe<F> as core::ops::function::FnOnce<()>>::call_once::h46696fe4a6832328
[INFO] [stdout]              at core/src/panic/unwind_safe.rs:272
[INFO] [stdout]       std::panicking::try::do_call::h2625a51b667bfb64
[INFO] [stdout]              at std/src/panicking.rs:557
[INFO] [stdout]       std::panicking::try::hb956a59a1973aa4c
[INFO] [stdout]              at std/src/panicking.rs:520
[INFO] [stdout]       std::panic::catch_unwind::h64f3b9d1067ef6a0
[INFO] [stdout]              at std/src/panic.rs:358
[INFO] [stdout]       std::thread::Builder::spawn_unchecked_::{{closure}}::h42b2841295b6c0b2
[INFO] [stdout]              at std/src/thread/mod.rs:559
[INFO] [stdout]       core::ops::function::FnOnce::call_once{{vtable.shim}}::h6127de71b8124639
[INFO] [stdout]              at core/src/ops/function.rs:250
[INFO] [stdout]   13: <alloc::boxed::Box<F,A> as core::ops::function::FnOnce<Args>>::call_once::h42f0ba71002a1b2c (0x59185abb2bba)
[INFO] [stdout]              at alloc/src/boxed.rs:1972
[INFO] [stdout]       <alloc::boxed::Box<F,A> as core::ops::function::FnOnce<Args>>::call_once::had9e47d7a3dcecb8
[INFO] [stdout]              at alloc/src/boxed.rs:1972
[INFO] [stdout]       std::sys::pal::unix::thread::Thread::new::thread_start::h48cf765408f6f5f2
[INFO] [stdout]              at std/src/sys/pal/unix/thread.rs:105
[INFO] [stdout]   14: <unknown> (0x70f2b243dac2)
[INFO] [stdout]   15: __clone (0x70f2b24cea03)
[INFO] [stdout]   16: <unknown> (0x0)
[INFO] [stdout] stack backtrace:
[INFO] [stdout]    0:     0x59185abac69a - std::backtrace_rs::backtrace::libunwind::trace::h8810477743020387
[INFO] [stdout]                                at /rustc/202008a1b8de96d2e5b6bc02d379db03a877d34d/library/std/src/../../backtrace/src/backtrace/libunwind.rs:116:5
[INFO] [stdout]    1:     0x59185abac69a - std::backtrace_rs::backtrace::trace_unsynchronized::h3aa55355dd6c54a6
[INFO] [stdout]                                at /rustc/202008a1b8de96d2e5b6bc02d379db03a877d34d/library/std/src/../../backtrace/src/backtrace/mod.rs:66:5
[INFO] [stdout]    2:     0x59185abac69a - std::sys::backtrace::_print_fmt::h8588b0f62410823f
[INFO] [stdout]                                at /rustc/202008a1b8de96d2e5b6bc02d379db03a877d34d/library/std/src/sys/backtrace.rs:66:9
[INFO] [stdout]    3:     0x59185abac69a - <std::sys::backtrace::BacktraceLock::print::DisplayBacktrace as core::fmt::Display>::fmt::h98c26ac25ffe89bb
[INFO] [stdout]                                at /rustc/202008a1b8de96d2e5b6bc02d379db03a877d34d/library/std/src/sys/backtrace.rs:39:26
[INFO] [stdout]    4:     0x59185abd3ce3 - core::fmt::rt::Argument::fmt::hf95377f4aebd453b
[INFO] [stdout]                                at /rustc/202008a1b8de96d2e5b6bc02d379db03a877d34d/library/core/src/fmt/rt.rs:177:76
[INFO] [stdout]    5:     0x59185abd3ce3 - core::fmt::write::h0dd5f6e2238c7982
[INFO] [stdout]                                at /rustc/202008a1b8de96d2e5b6bc02d379db03a877d34d/library/core/src/fmt/mod.rs:1189:21
[INFO] [stdout]    6:     0x59185aba9453 - std::io::Write::write_fmt::h03bb0ca26e6faf8c
[INFO] [stdout]                                at /rustc/202008a1b8de96d2e5b6bc02d379db03a877d34d/library/std/src/io/mod.rs:1884:15
[INFO] [stdout]    7:     0x59185abac4e2 - std::sys::backtrace::BacktraceLock::print::h5c19c1c038ee186d
[INFO] [stdout]                                at /rustc/202008a1b8de96d2e5b6bc02d379db03a877d34d/library/std/src/sys/backtrace.rs:42:9
[INFO] [stdout]    8:     0x59185abadb1d - std::panicking::default_hook::{{closure}}::h77172f079a1fcb13
[INFO] [stdout]                                at /rustc/202008a1b8de96d2e5b6bc02d379db03a877d34d/library/std/src/panicking.rs:268:22
[INFO] [stdout]    9:     0x59185abad927 - std::panicking::default_hook::he5f8e3b203ccddba
[INFO] [stdout]                                at /rustc/202008a1b8de96d2e5b6bc02d379db03a877d34d/library/std/src/panicking.rs:292:9
[INFO] [stdout]   10:     0x59185ab2b727 - <alloc::boxed::Box<F,A> as core::ops::function::Fn<Args>>::call::h7a3c7b4a1ae77f2f
[INFO] [stdout]                                at /rustc/202008a1b8de96d2e5b6bc02d379db03a877d34d/library/alloc/src/boxed.rs:1986:9
[INFO] [stdout]   11:     0x59185ab2b727 - test::test_main::{{closure}}::hf0d3b69ae9b353d1
[INFO] [stdout]                                at /rustc/202008a1b8de96d2e5b6bc02d379db03a877d34d/library/test/src/lib.rs:134:21
[INFO] [stdout]   12:     0x59185abae1c8 - <alloc::boxed::Box<F,A> as core::ops::function::Fn<Args>>::call::h6332e82e7b189abd
[INFO] [stdout]                                at /rustc/202008a1b8de96d2e5b6bc02d379db03a877d34d/library/alloc/src/boxed.rs:1986:9
[INFO] [stdout]   13:     0x59185abae1c8 - std::panicking::rust_panic_with_hook::h53863d4e9018df39
[INFO] [stdout]                                at /rustc/202008a1b8de96d2e5b6bc02d379db03a877d34d/library/std/src/panicking.rs:809:13
[INFO] [stdout]   14:     0x59185abadf8a - std::panicking::begin_panic_handler::{{closure}}::h67280e6fa0757873
[INFO] [stdout]                                at /rustc/202008a1b8de96d2e5b6bc02d379db03a877d34d/library/std/src/panicking.rs:674:13
[INFO] [stdout]   15:     0x59185abacb79 - std::sys::backtrace::__rust_end_short_backtrace::h1dac3f54d6fbbeb2
[INFO] [stdout]                                at /rustc/202008a1b8de96d2e5b6bc02d379db03a877d34d/library/std/src/sys/backtrace.rs:170:18
[INFO] [stdout]   16:     0x59185abadc1c - rust_begin_unwind
[INFO] [stdout]                                at /rustc/202008a1b8de96d2e5b6bc02d379db03a877d34d/library/std/src/panicking.rs:665:5
[INFO] [stdout]   17:     0x59185aa8cd60 - core::panicking::panic_fmt::h6792bd1b2bf01041
[INFO] [stdout]                                at /rustc/202008a1b8de96d2e5b6bc02d379db03a877d34d/library/core/src/panicking.rs:76:14
[INFO] [stdout]   18:     0x59185aa8d1a6 - core::result::unwrap_failed::h05e0602ed34287c5
[INFO] [stdout]                                at /rustc/202008a1b8de96d2e5b6bc02d379db03a877d34d/library/core/src/result.rs:1699:5
[INFO] [stdout]   19:     0x59185aac82ae - core::result::Result<T,E>::expect::h1d2b99d5dd470d66
[INFO] [stdout]                                at /rustc/202008a1b8de96d2e5b6bc02d379db03a877d34d/library/core/src/result.rs:1061:23
[INFO] [stdout]   20:     0x59185aac542e - bifrost::core::hofund::test::test_remove_file::h9dfb60e5c3723ab1
[INFO] [stdout]                                at /opt/rustwide/workdir/src/bifrost/core/hofund.rs:133:9
[INFO] [stdout]   21:     0x59185aac5137 - bifrost::core::hofund::test::test_remove_file::{{closure}}::ha08575583579074d
[INFO] [stdout]                                at /opt/rustwide/workdir/src/bifrost/core/hofund.rs:127:26
[INFO] [stdout]   22:     0x59185aac0ef6 - core::ops::function::FnOnce::call_once::hac61707c213f790a
[INFO] [stdout]                                at /rustc/202008a1b8de96d2e5b6bc02d379db03a877d34d/library/core/src/ops/function.rs:250:5
[INFO] [stdout]   23:     0x59185ab3024b - core::ops::function::FnOnce::call_once::h871bf86719ec9aa4
[INFO] [stdout]                                at /rustc/202008a1b8de96d2e5b6bc02d379db03a877d34d/library/core/src/ops/function.rs:250:5
[INFO] [stdout]   24:     0x59185ab3024b - test::__rust_begin_short_backtrace::h2167df1e2b7d76fd
[INFO] [stdout]                                at /rustc/202008a1b8de96d2e5b6bc02d379db03a877d34d/library/test/src/lib.rs:632:18
[INFO] [stdout]   25:     0x59185ab2fc38 - test::run_test_in_process::{{closure}}::h15d92f75a3adfb79
[INFO] [stdout]                                at /rustc/202008a1b8de96d2e5b6bc02d379db03a877d34d/library/test/src/lib.rs:655:60
[INFO] [stdout]   26:     0x59185ab2fc38 - <core::panic::unwind_safe::AssertUnwindSafe<F> as core::ops::function::FnOnce<()>>::call_once::hb6c8955835a8dbbb
[INFO] [stdout]                                at /rustc/202008a1b8de96d2e5b6bc02d379db03a877d34d/library/core/src/panic/unwind_safe.rs:272:9
[INFO] [stdout]   27:     0x59185ab2fc38 - std::panicking::try::do_call::hc79d0fc888a0bd30
[INFO] [stdout]                                at /rustc/202008a1b8de96d2e5b6bc02d379db03a877d34d/library/std/src/panicking.rs:557:40
[INFO] [stdout]   28:     0x59185ab2fc38 - std::panicking::try::hb8a7878e3a8589d6
[INFO] [stdout]                                at /rustc/202008a1b8de96d2e5b6bc02d379db03a877d34d/library/std/src/panicking.rs:520:19
[INFO] [stdout]   29:     0x59185ab2fc38 - std::panic::catch_unwind::hb8e4600ff0ff5cfa
[INFO] [stdout]                                at /rustc/202008a1b8de96d2e5b6bc02d379db03a877d34d/library/std/src/panic.rs:358:14
[INFO] [stdout]   30:     0x59185ab2fc38 - test::run_test_in_process::hc2900b0b18688dd6
[INFO] [stdout]                                at /rustc/202008a1b8de96d2e5b6bc02d379db03a877d34d/library/test/src/lib.rs:655:27
[INFO] [stdout]   31:     0x59185ab2fc38 - test::run_test::{{closure}}::hac2a9cb07be3d48d
[INFO] [stdout]                                at /rustc/202008a1b8de96d2e5b6bc02d379db03a877d34d/library/test/src/lib.rs:576:43
[INFO] [stdout]   32:     0x59185aaf36da - test::run_test::{{closure}}::h4a5b729e66a38cd8
[INFO] [stdout]                                at /rustc/202008a1b8de96d2e5b6bc02d379db03a877d34d/library/test/src/lib.rs:606:41
[INFO] [stdout]   33:     0x59185aaf36da - std::sys::backtrace::__rust_begin_short_backtrace::h0496fb742492f573
[INFO] [stdout]                                at /rustc/202008a1b8de96d2e5b6bc02d379db03a877d34d/library/std/src/sys/backtrace.rs:154:18
[INFO] [stdout]   34:     0x59185aaf7054 - std::thread::Builder::spawn_unchecked_::{{closure}}::{{closure}}::hbb6d257c550a54bd
[INFO] [stdout]                                at /rustc/202008a1b8de96d2e5b6bc02d379db03a877d34d/library/std/src/thread/mod.rs:561:17
[INFO] [stdout]   35:     0x59185aaf7054 - <core::panic::unwind_safe::AssertUnwindSafe<F> as core::ops::function::FnOnce<()>>::call_once::h46696fe4a6832328
[INFO] [stdout]                                at /rustc/202008a1b8de96d2e5b6bc02d379db03a877d34d/library/core/src/panic/unwind_safe.rs:272:9
[INFO] [stdout]   36:     0x59185aaf7054 - std::panicking::try::do_call::h2625a51b667bfb64
[INFO] [stdout]                                at /rustc/202008a1b8de96d2e5b6bc02d379db03a877d34d/library/std/src/panicking.rs:557:40
[INFO] [stdout]   37:     0x59185aaf7054 - std::panicking::try::hb956a59a1973aa4c
[INFO] [stdout]                                at /rustc/202008a1b8de96d2e5b6bc02d379db03a877d34d/library/std/src/panicking.rs:520:19
[INFO] [stdout]   38:     0x59185aaf7054 - std::panic::catch_unwind::h64f3b9d1067ef6a0
[INFO] [stdout]                                at /rustc/202008a1b8de96d2e5b6bc02d379db03a877d34d/library/std/src/panic.rs:358:14
[INFO] [stdout]   39:     0x59185aaf7054 - std::thread::Builder::spawn_unchecked_::{{closure}}::h42b2841295b6c0b2
[INFO] [stdout]                                at /rustc/202008a1b8de96d2e5b6bc02d379db03a877d34d/library/std/src/thread/mod.rs:559:30
[INFO] [stdout]   40:     0x59185aaf7054 - core::ops::function::FnOnce::call_once{{vtable.shim}}::h6127de71b8124639
[INFO] [stdout]                                at /rustc/202008a1b8de96d2e5b6bc02d379db03a877d34d/library/core/src/ops/function.rs:250:5
[INFO] [stdout]   41:     0x59185abb2bbb - <alloc::boxed::Box<F,A> as core::ops::function::FnOnce<Args>>::call_once::h42f0ba71002a1b2c
[INFO] [stdout]                                at /rustc/202008a1b8de96d2e5b6bc02d379db03a877d34d/library/alloc/src/boxed.rs:1972:9
[INFO] [stdout]   42:     0x59185abb2bbb - <alloc::boxed::Box<F,A> as core::ops::function::FnOnce<Args>>::call_once::had9e47d7a3dcecb8
[INFO] [stdout]                                at /rustc/202008a1b8de96d2e5b6bc02d379db03a877d34d/library/alloc/src/boxed.rs:1972:9
[INFO] [stdout]   43:     0x59185abb2bbb - std::sys::pal::unix::thread::Thread::new::thread_start::h48cf765408f6f5f2
[INFO] [stdout]                                at /rustc/202008a1b8de96d2e5b6bc02d379db03a877d34d/library/std/src/sys/pal/unix/thread.rs:105:17
[INFO] [stdout]   44:     0x70f2b243dac3 - <unknown>
[INFO] [stdout]   45:     0x70f2b24cea04 - clone
[INFO] [stdout]   46:                0x0 - <unknown>
[INFO] [stdout] 
[INFO] [stdout] 
[INFO] [stdout] failures:
[INFO] [stdout]     core::hofund::test::test_append
[INFO] [stdout]     core::hofund::test::test_read
[INFO] [stdout]     core::hofund::test::test_remove_file
[INFO] [stdout]     core::hofund::test::test_write
[INFO] [stdout] 
[INFO] [stdout] test result: FAILED. 17 passed; 4 failed; 0 ignored; 0 measured; 0 filtered out; finished in 0.39s
[INFO] [stdout] 
[INFO] [stderr] error: test failed, to rerun pass `--lib`
[INFO] running `Command { std: "docker" "inspect" "7f72bcdfc78aa261d1bbcee1210933d9496bf7f78d5b57f0fa4d0d416db848a2", kill_on_drop: false }`
[INFO] running `Command { std: "docker" "rm" "-f" "7f72bcdfc78aa261d1bbcee1210933d9496bf7f78d5b57f0fa4d0d416db848a2", kill_on_drop: false }`
[INFO] [stdout] 7f72bcdfc78aa261d1bbcee1210933d9496bf7f78d5b57f0fa4d0d416db848a2
