[INFO] cloning repository https://github.com/encisooliver/eas-modes-activity-group-5
[INFO] running `Command { std: "git" "-c" "credential.helper=" "-c" "credential.helper=/workspace/cargo-home/bin/git-credential-null" "clone" "--bare" "https://github.com/encisooliver/eas-modes-activity-group-5" "/workspace/cache/git-repos/https%3A%2F%2Fgithub.com%2Fencisooliver%2Feas-modes-activity-group-5", kill_on_drop: false }`
[INFO] [stderr] Cloning into bare repository '/workspace/cache/git-repos/https%3A%2F%2Fgithub.com%2Fencisooliver%2Feas-modes-activity-group-5'...
[INFO] running `Command { std: "git" "rev-parse" "HEAD", kill_on_drop: false }`
[INFO] [stdout] 78859a0393feb1af109f655b027993ae266b3baf
[INFO] testing encisooliver/eas-modes-activity-group-5 against 1.83.0 for beta-1.84.0-4-retry
[INFO] running `Command { std: "git" "clone" "/workspace/cache/git-repos/https%3A%2F%2Fgithub.com%2Fencisooliver%2Feas-modes-activity-group-5" "/workspace/builds/worker-5-tc1/source", kill_on_drop: false }`
[INFO] [stderr] Cloning into '/workspace/builds/worker-5-tc1/source'...
[INFO] [stderr] done.
[INFO] validating manifest of git repo https://github.com/encisooliver/eas-modes-activity-group-5 on toolchain 1.83.0
[INFO] running `Command { std: CARGO_HOME="/workspace/cargo-home" RUSTUP_HOME="/workspace/rustup-home" "/workspace/cargo-home/bin/cargo" "+1.83.0" "metadata" "--manifest-path" "Cargo.toml" "--no-deps", kill_on_drop: false }`
[INFO] started tweaking git repo https://github.com/encisooliver/eas-modes-activity-group-5
[INFO] finished tweaking git repo https://github.com/encisooliver/eas-modes-activity-group-5
[INFO] tweaked toml for git repo https://github.com/encisooliver/eas-modes-activity-group-5 written to /workspace/builds/worker-5-tc1/source/Cargo.toml
[INFO] crate git repo https://github.com/encisooliver/eas-modes-activity-group-5 already has a lockfile, it will not be regenerated
[INFO] running `Command { std: CARGO_HOME="/workspace/cargo-home" RUSTUP_HOME="/workspace/rustup-home" "/workspace/cargo-home/bin/cargo" "+1.83.0" "fetch" "--manifest-path" "Cargo.toml", kill_on_drop: false }`
[INFO] running `Command { std: "docker" "create" "-v" "/var/lib/crater-agent-workspace/builds/worker-5-tc1/target:/opt/rustwide/target:rw,Z" "-v" "/var/lib/crater-agent-workspace/builds/worker-5-tc1/source:/opt/rustwide/workdir:ro,Z" "-v" "/var/lib/crater-agent-workspace/cargo-home:/opt/rustwide/cargo-home:ro,Z" "-v" "/var/lib/crater-agent-workspace/rustup-home:/opt/rustwide/rustup-home:ro,Z" "-e" "SOURCE_DIR=/opt/rustwide/workdir" "-e" "CARGO_TARGET_DIR=/opt/rustwide/target" "-e" "CARGO_HOME=/opt/rustwide/cargo-home" "-e" "RUSTUP_HOME=/opt/rustwide/rustup-home" "-w" "/opt/rustwide/workdir" "-m" "1610612736" "--user" "0:0" "--network" "none" "ghcr.io/rust-lang/crates-build-env/linux@sha256:f3a9d4ad9d972b27faf3965f35b62e55ba32bbce8f20bc8fe909558a86702fde" "/opt/rustwide/cargo-home/bin/cargo" "+1.83.0" "metadata" "--no-deps" "--format-version=1", kill_on_drop: false }`
[INFO] [stdout] acdc38bc1e2bbbb8740b0c6a408e708b7b3f5d8a0c31bb7f157a471f3ae53baa
[INFO] running `Command { std: "docker" "start" "-a" "acdc38bc1e2bbbb8740b0c6a408e708b7b3f5d8a0c31bb7f157a471f3ae53baa", kill_on_drop: false }`
[INFO] running `Command { std: "docker" "inspect" "acdc38bc1e2bbbb8740b0c6a408e708b7b3f5d8a0c31bb7f157a471f3ae53baa", kill_on_drop: false }`
[INFO] running `Command { std: "docker" "rm" "-f" "acdc38bc1e2bbbb8740b0c6a408e708b7b3f5d8a0c31bb7f157a471f3ae53baa", kill_on_drop: false }`
[INFO] [stdout] acdc38bc1e2bbbb8740b0c6a408e708b7b3f5d8a0c31bb7f157a471f3ae53baa
[INFO] running `Command { std: "docker" "create" "-v" "/var/lib/crater-agent-workspace/builds/worker-5-tc1/target:/opt/rustwide/target:rw,Z" "-v" "/var/lib/crater-agent-workspace/builds/worker-5-tc1/source:/opt/rustwide/workdir:ro,Z" "-v" "/var/lib/crater-agent-workspace/cargo-home:/opt/rustwide/cargo-home:ro,Z" "-v" "/var/lib/crater-agent-workspace/rustup-home:/opt/rustwide/rustup-home:ro,Z" "-e" "SOURCE_DIR=/opt/rustwide/workdir" "-e" "CARGO_TARGET_DIR=/opt/rustwide/target" "-e" "CARGO_INCREMENTAL=0" "-e" "RUST_BACKTRACE=full" "-e" "RUSTFLAGS=--cap-lints=warn" "-e" "RUSTDOCFLAGS=--cap-lints=warn" "-e" "CARGO_HOME=/opt/rustwide/cargo-home" "-e" "RUSTUP_HOME=/opt/rustwide/rustup-home" "-w" "/opt/rustwide/workdir" "-m" "1610612736" "--user" "0:0" "--network" "none" "ghcr.io/rust-lang/crates-build-env/linux@sha256:f3a9d4ad9d972b27faf3965f35b62e55ba32bbce8f20bc8fe909558a86702fde" "/opt/rustwide/cargo-home/bin/cargo" "+1.83.0" "build" "--frozen" "--message-format=json", kill_on_drop: false }`
[INFO] [stdout] 9993f2785ed52fc84d33b142c4b1336d198e7077285465813c26337d19363cab
[INFO] running `Command { std: "docker" "start" "-a" "9993f2785ed52fc84d33b142c4b1336d198e7077285465813c26337d19363cab", kill_on_drop: false }`
[INFO] [stderr]    Compiling version_check v0.9.4
[INFO] [stderr]    Compiling typenum v1.17.0
[INFO] [stderr]    Compiling crossbeam-utils v0.8.20
[INFO] [stderr]    Compiling libc v0.2.155
[INFO] [stderr]    Compiling cfg-if v1.0.0
[INFO] [stderr]    Compiling rayon-core v1.12.1
[INFO] [stderr]    Compiling ppv-lite86 v0.2.17
[INFO] [stderr]    Compiling cpufeatures v0.2.12
[INFO] [stderr]    Compiling either v1.12.0
[INFO] [stderr]    Compiling generic-array v0.14.7
[INFO] [stderr]    Compiling crossbeam-epoch v0.9.18
[INFO] [stderr]    Compiling getrandom v0.2.15
[INFO] [stderr]    Compiling crossbeam-deque v0.8.5
[INFO] [stderr]    Compiling rand_core v0.6.4
[INFO] [stderr]    Compiling rand_chacha v0.3.1
[INFO] [stderr]    Compiling rand v0.8.5
[INFO] [stderr]    Compiling rayon v1.10.0
[INFO] [stderr]    Compiling crypto-common v0.1.6
[INFO] [stderr]    Compiling inout v0.1.3
[INFO] [stderr]    Compiling cipher v0.4.4
[INFO] [stderr]    Compiling aes v0.8.4
[INFO] [stderr]    Compiling eas-modes-activity v0.1.0 (/opt/rustwide/workdir)
[INFO] [stdout] warning: unused import: `BlockCipher`
[INFO] [stdout]   --> src/lib.rs:15:40
[INFO] [stdout]    |
[INFO] [stdout] 15 |     cipher::{generic_array::GenericArray, BlockCipher, BlockDecrypt, BlockEncrypt, KeyInit},
[INFO] [stdout]    |                                           ^^^^^^^^^^^
[INFO] [stdout]    |
[INFO] [stdout]    = note: `#[warn(unused_imports)]` on by default
[INFO] [stdout] 
[INFO] [stdout] 
[INFO] [stdout] warning: constant `BLOCK_SIZE` is never used
[INFO] [stdout]   --> src/lib.rs:21:7
[INFO] [stdout]    |
[INFO] [stdout] 21 | const BLOCK_SIZE: usize = 16;
[INFO] [stdout]    |       ^^^^^^^^^^
[INFO] [stdout]    |
[INFO] [stdout]    = note: `#[warn(dead_code)]` on by default
[INFO] [stdout] 
[INFO] [stdout] 
[INFO] [stdout] warning: function `aes_encrypt` is never used
[INFO] [stdout]   --> src/lib.rs:25:4
[INFO] [stdout]    |
[INFO] [stdout] 25 | fn aes_encrypt(data: [u8; BLOCK_SIZE], key: &[u8; BLOCK_SIZE]) -> [u8; BLOCK_SIZE] {
[INFO] [stdout]    |    ^^^^^^^^^^^
[INFO] [stdout] 
[INFO] [stdout] 
[INFO] [stdout] warning: function `string_to_u8_16` is never used
[INFO] [stdout]   --> src/lib.rs:37:4
[INFO] [stdout]    |
[INFO] [stdout] 37 | fn string_to_u8_16(s: &str) -> [u8; BLOCK_SIZE] {
[INFO] [stdout]    |    ^^^^^^^^^^^^^^^
[INFO] [stdout] 
[INFO] [stdout] 
[INFO] [stdout] warning: function `vec_u8_to_u8_16` is never used
[INFO] [stdout]   --> src/lib.rs:45:4
[INFO] [stdout]    |
[INFO] [stdout] 45 | fn vec_u8_to_u8_16(data: Vec<u8>)-> [u8; BLOCK_SIZE] {
[INFO] [stdout]    |    ^^^^^^^^^^^^^^^
[INFO] [stdout] 
[INFO] [stdout] 
[INFO] [stdout] warning: function `aes_decrypt` is never used
[INFO] [stdout]   --> src/lib.rs:55:4
[INFO] [stdout]    |
[INFO] [stdout] 55 | fn aes_decrypt(data: [u8; BLOCK_SIZE], key: &[u8; BLOCK_SIZE]) -> [u8; BLOCK_SIZE] {
[INFO] [stdout]    |    ^^^^^^^^^^^
[INFO] [stdout] 
[INFO] [stdout] 
[INFO] [stdout] warning: function `pad` is never used
[INFO] [stdout]   --> src/lib.rs:82:4
[INFO] [stdout]    |
[INFO] [stdout] 82 | fn pad(mut data: Vec<u8>) -> Vec<u8> {
[INFO] [stdout]    |    ^^^
[INFO] [stdout] 
[INFO] [stdout] 
[INFO] [stdout] warning: function `group` is never used
[INFO] [stdout]   --> src/lib.rs:95:4
[INFO] [stdout]    |
[INFO] [stdout] 95 | fn group(data: Vec<u8>) -> Vec<[u8; BLOCK_SIZE]> {
[INFO] [stdout]    |    ^^^^^
[INFO] [stdout] 
[INFO] [stdout] 
[INFO] [stdout] warning: function `un_group` is never used
[INFO] [stdout]    --> src/lib.rs:110:4
[INFO] [stdout]     |
[INFO] [stdout] 110 | fn un_group(blocks: Vec<[u8; BLOCK_SIZE]>) -> Vec<u8> {
[INFO] [stdout]     |    ^^^^^^^^
[INFO] [stdout] 
[INFO] [stdout] 
[INFO] [stdout] warning: function `un_pad` is never used
[INFO] [stdout]    --> src/lib.rs:121:4
[INFO] [stdout]     |
[INFO] [stdout] 121 | fn un_pad(data: Vec<u8>) -> Vec<u8> {
[INFO] [stdout]     |    ^^^^^^
[INFO] [stdout] 
[INFO] [stdout] 
[INFO] [stdout] warning: function `ecb_encrypt` is never used
[INFO] [stdout]    --> src/lib.rs:141:4
[INFO] [stdout]     |
[INFO] [stdout] 141 | fn ecb_encrypt(plain_text: Vec<u8>, key: [u8; 16]) -> Vec<u8> {
[INFO] [stdout]     |    ^^^^^^^^^^^
[INFO] [stdout] 
[INFO] [stdout] 
[INFO] [stdout] warning: function `ecb_decrypt` is never used
[INFO] [stdout]    --> src/lib.rs:148:4
[INFO] [stdout]     |
[INFO] [stdout] 148 | fn ecb_decrypt(cipher_text: Vec<u8>, key: [u8; BLOCK_SIZE]) -> Vec<u8> {
[INFO] [stdout]     |    ^^^^^^^^^^^
[INFO] [stdout] 
[INFO] [stdout] 
[INFO] [stdout] warning: function `cbc_encrypt` is never used
[INFO] [stdout]    --> src/lib.rs:166:4
[INFO] [stdout]     |
[INFO] [stdout] 166 | fn cbc_encrypt(plain_text: Vec<u8>, key: [u8; BLOCK_SIZE]) -> Vec<u8> {
[INFO] [stdout]     |    ^^^^^^^^^^^
[INFO] [stdout] 
[INFO] [stdout] 
[INFO] [stdout] warning: function `cbc_decrypt` is never used
[INFO] [stdout]    --> src/lib.rs:174:4
[INFO] [stdout]     |
[INFO] [stdout] 174 | fn cbc_decrypt(cipher_text: Vec<u8>, key: [u8; BLOCK_SIZE]) -> Vec<u8> {
[INFO] [stdout]     |    ^^^^^^^^^^^
[INFO] [stdout] 
[INFO] [stdout] 
[INFO] [stdout] warning: function `ctr_encrypt` is never used
[INFO] [stdout]    --> src/lib.rs:198:4
[INFO] [stdout]     |
[INFO] [stdout] 198 | fn ctr_encrypt(plain_text: Vec<u8>, key: [u8; BLOCK_SIZE]) -> Vec<u8> {
[INFO] [stdout]     |    ^^^^^^^^^^^
[INFO] [stdout] 
[INFO] [stdout] 
[INFO] [stdout] warning: function `ctr_decrypt` is never used
[INFO] [stdout]    --> src/lib.rs:223:4
[INFO] [stdout]     |
[INFO] [stdout] 223 | fn ctr_decrypt(cipher_text: Vec<u8>, key: [u8; BLOCK_SIZE]) -> Vec<u8> {
[INFO] [stdout]     |    ^^^^^^^^^^^
[INFO] [stdout] 
[INFO] [stdout] 
[INFO] [stdout] warning: comparison is useless due to type limits
[INFO] [stdout]    --> src/lib.rs:126:6
[INFO] [stdout]     |
[INFO] [stdout] 126 |         if data[i] >= 0 && data[i] <= 16 {
[INFO] [stdout]     |            ^^^^^^^^^^^^
[INFO] [stdout]     |
[INFO] [stdout]     = note: `#[warn(unused_comparisons)]` on by default
[INFO] [stdout] 
[INFO] [stdout] 
[INFO] [stderr]     Finished `dev` profile [unoptimized + debuginfo] target(s) in 7.91s
[INFO] running `Command { std: "docker" "inspect" "9993f2785ed52fc84d33b142c4b1336d198e7077285465813c26337d19363cab", kill_on_drop: false }`
[INFO] running `Command { std: "docker" "rm" "-f" "9993f2785ed52fc84d33b142c4b1336d198e7077285465813c26337d19363cab", kill_on_drop: false }`
[INFO] [stdout] 9993f2785ed52fc84d33b142c4b1336d198e7077285465813c26337d19363cab
[INFO] running `Command { std: "docker" "create" "-v" "/var/lib/crater-agent-workspace/builds/worker-5-tc1/target:/opt/rustwide/target:rw,Z" "-v" "/var/lib/crater-agent-workspace/builds/worker-5-tc1/source:/opt/rustwide/workdir:ro,Z" "-v" "/var/lib/crater-agent-workspace/cargo-home:/opt/rustwide/cargo-home:ro,Z" "-v" "/var/lib/crater-agent-workspace/rustup-home:/opt/rustwide/rustup-home:ro,Z" "-e" "SOURCE_DIR=/opt/rustwide/workdir" "-e" "CARGO_TARGET_DIR=/opt/rustwide/target" "-e" "CARGO_INCREMENTAL=0" "-e" "RUST_BACKTRACE=full" "-e" "RUSTFLAGS=--cap-lints=warn" "-e" "RUSTDOCFLAGS=--cap-lints=warn" "-e" "CARGO_HOME=/opt/rustwide/cargo-home" "-e" "RUSTUP_HOME=/opt/rustwide/rustup-home" "-w" "/opt/rustwide/workdir" "-m" "1610612736" "--user" "0:0" "--network" "none" "ghcr.io/rust-lang/crates-build-env/linux@sha256:f3a9d4ad9d972b27faf3965f35b62e55ba32bbce8f20bc8fe909558a86702fde" "/opt/rustwide/cargo-home/bin/cargo" "+1.83.0" "test" "--frozen" "--no-run" "--message-format=json", kill_on_drop: false }`
[INFO] [stdout] cfe33b2bda4b85dc7db30e7930a397358970bec011856deaa79859f202783e6f
[INFO] running `Command { std: "docker" "start" "-a" "cfe33b2bda4b85dc7db30e7930a397358970bec011856deaa79859f202783e6f", kill_on_drop: false }`
[INFO] [stdout] warning: unused import: `BlockCipher`
[INFO] [stdout]   --> src/lib.rs:15:40
[INFO] [stdout]    |
[INFO] [stdout] 15 |     cipher::{generic_array::GenericArray, BlockCipher, BlockDecrypt, BlockEncrypt, KeyInit},
[INFO] [stdout]    |                                           ^^^^^^^^^^^
[INFO] [stdout]    |
[INFO] [stdout]    = note: `#[warn(unused_imports)]` on by default
[INFO] [stdout] 
[INFO] [stdout] 
[INFO] [stdout] warning: constant `BLOCK_SIZE` is never used
[INFO] [stdout]   --> src/lib.rs:21:7
[INFO] [stdout]    |
[INFO] [stdout] 21 | const BLOCK_SIZE: usize = 16;
[INFO] [stdout]    |       ^^^^^^^^^^
[INFO] [stdout]    |
[INFO] [stdout]    = note: `#[warn(dead_code)]` on by default
[INFO] [stdout] 
[INFO] [stdout] 
[INFO] [stdout] warning: function `aes_encrypt` is never used
[INFO] [stdout]   --> src/lib.rs:25:4
[INFO] [stdout]    |
[INFO] [stdout] 25 | fn aes_encrypt(data: [u8; BLOCK_SIZE], key: &[u8; BLOCK_SIZE]) -> [u8; BLOCK_SIZE] {
[INFO] [stdout]    |    ^^^^^^^^^^^
[INFO] [stdout] 
[INFO] [stdout] 
[INFO] [stdout] warning: function `string_to_u8_16` is never used
[INFO] [stdout]   --> src/lib.rs:37:4
[INFO] [stdout]    |
[INFO] [stdout] 37 | fn string_to_u8_16(s: &str) -> [u8; BLOCK_SIZE] {
[INFO] [stdout]    |    ^^^^^^^^^^^^^^^
[INFO] [stdout] 
[INFO] [stdout] 
[INFO] [stdout] warning: function `vec_u8_to_u8_16` is never used
[INFO] [stdout]   --> src/lib.rs:45:4
[INFO] [stdout]    |
[INFO] [stdout] 45 | fn vec_u8_to_u8_16(data: Vec<u8>)-> [u8; BLOCK_SIZE] {
[INFO] [stdout]    |    ^^^^^^^^^^^^^^^
[INFO] [stdout] 
[INFO] [stdout] 
[INFO] [stdout] warning: function `aes_decrypt` is never used
[INFO] [stdout]   --> src/lib.rs:55:4
[INFO] [stdout]    |
[INFO] [stdout] 55 | fn aes_decrypt(data: [u8; BLOCK_SIZE], key: &[u8; BLOCK_SIZE]) -> [u8; BLOCK_SIZE] {
[INFO] [stdout]    |    ^^^^^^^^^^^
[INFO] [stdout] 
[INFO] [stdout] 
[INFO] [stderr]    Compiling eas-modes-activity v0.1.0 (/opt/rustwide/workdir)
[INFO] [stdout] warning: function `pad` is never used
[INFO] [stdout]   --> src/lib.rs:82:4
[INFO] [stdout]    |
[INFO] [stdout] 82 | fn pad(mut data: Vec<u8>) -> Vec<u8> {
[INFO] [stdout]    |    ^^^
[INFO] [stdout] 
[INFO] [stdout] 
[INFO] [stdout] warning: function `group` is never used
[INFO] [stdout]   --> src/lib.rs:95:4
[INFO] [stdout]    |
[INFO] [stdout] 95 | fn group(data: Vec<u8>) -> Vec<[u8; BLOCK_SIZE]> {
[INFO] [stdout]    |    ^^^^^
[INFO] [stdout] 
[INFO] [stdout] 
[INFO] [stdout] warning: function `un_group` is never used
[INFO] [stdout]    --> src/lib.rs:110:4
[INFO] [stdout]     |
[INFO] [stdout] 110 | fn un_group(blocks: Vec<[u8; BLOCK_SIZE]>) -> Vec<u8> {
[INFO] [stdout]     |    ^^^^^^^^
[INFO] [stdout] 
[INFO] [stdout] 
[INFO] [stdout] warning: function `un_pad` is never used
[INFO] [stdout]    --> src/lib.rs:121:4
[INFO] [stdout]     |
[INFO] [stdout] 121 | fn un_pad(data: Vec<u8>) -> Vec<u8> {
[INFO] [stdout]     |    ^^^^^^
[INFO] [stdout] 
[INFO] [stdout] 
[INFO] [stdout] warning: function `ecb_encrypt` is never used
[INFO] [stdout]    --> src/lib.rs:141:4
[INFO] [stdout]     |
[INFO] [stdout] 141 | fn ecb_encrypt(plain_text: Vec<u8>, key: [u8; 16]) -> Vec<u8> {
[INFO] [stdout]     |    ^^^^^^^^^^^
[INFO] [stdout] 
[INFO] [stdout] 
[INFO] [stdout] warning: function `ecb_decrypt` is never used
[INFO] [stdout]    --> src/lib.rs:148:4
[INFO] [stdout]     |
[INFO] [stdout] 148 | fn ecb_decrypt(cipher_text: Vec<u8>, key: [u8; BLOCK_SIZE]) -> Vec<u8> {
[INFO] [stdout]     |    ^^^^^^^^^^^
[INFO] [stdout] 
[INFO] [stdout] 
[INFO] [stdout] warning: function `cbc_encrypt` is never used
[INFO] [stdout]    --> src/lib.rs:166:4
[INFO] [stdout]     |
[INFO] [stdout] 166 | fn cbc_encrypt(plain_text: Vec<u8>, key: [u8; BLOCK_SIZE]) -> Vec<u8> {
[INFO] [stdout]     |    ^^^^^^^^^^^
[INFO] [stdout] 
[INFO] [stdout] 
[INFO] [stdout] warning: function `cbc_decrypt` is never used
[INFO] [stdout]    --> src/lib.rs:174:4
[INFO] [stdout]     |
[INFO] [stdout] 174 | fn cbc_decrypt(cipher_text: Vec<u8>, key: [u8; BLOCK_SIZE]) -> Vec<u8> {
[INFO] [stdout]     |    ^^^^^^^^^^^
[INFO] [stdout] 
[INFO] [stdout] 
[INFO] [stdout] warning: function `ctr_encrypt` is never used
[INFO] [stdout]    --> src/lib.rs:198:4
[INFO] [stdout]     |
[INFO] [stdout] 198 | fn ctr_encrypt(plain_text: Vec<u8>, key: [u8; BLOCK_SIZE]) -> Vec<u8> {
[INFO] [stdout]     |    ^^^^^^^^^^^
[INFO] [stdout] 
[INFO] [stdout] 
[INFO] [stdout] warning: function `ctr_decrypt` is never used
[INFO] [stdout]    --> src/lib.rs:223:4
[INFO] [stdout]     |
[INFO] [stdout] 223 | fn ctr_decrypt(cipher_text: Vec<u8>, key: [u8; BLOCK_SIZE]) -> Vec<u8> {
[INFO] [stdout]     |    ^^^^^^^^^^^
[INFO] [stdout] 
[INFO] [stdout] 
[INFO] [stdout] warning: comparison is useless due to type limits
[INFO] [stdout]    --> src/lib.rs:126:6
[INFO] [stdout]     |
[INFO] [stdout] 126 |         if data[i] >= 0 && data[i] <= 16 {
[INFO] [stdout]     |            ^^^^^^^^^^^^
[INFO] [stdout]     |
[INFO] [stdout]     = note: `#[warn(unused_comparisons)]` on by default
[INFO] [stdout] 
[INFO] [stdout] 
[INFO] [stdout] warning: unused import: `BlockCipher`
[INFO] [stdout]   --> src/lib.rs:15:40
[INFO] [stdout]    |
[INFO] [stdout] 15 |     cipher::{generic_array::GenericArray, BlockCipher, BlockDecrypt, BlockEncrypt, KeyInit},
[INFO] [stdout]    |                                           ^^^^^^^^^^^
[INFO] [stdout]    |
[INFO] [stdout]    = note: `#[warn(unused_imports)]` on by default
[INFO] [stdout] 
[INFO] [stdout] 
[INFO] [stdout] warning: function `ctr_encrypt` is never used
[INFO] [stdout]    --> src/lib.rs:198:4
[INFO] [stdout]     |
[INFO] [stdout] 198 | fn ctr_encrypt(plain_text: Vec<u8>, key: [u8; BLOCK_SIZE]) -> Vec<u8> {
[INFO] [stdout]     |    ^^^^^^^^^^^
[INFO] [stdout]     |
[INFO] [stdout]     = note: `#[warn(dead_code)]` on by default
[INFO] [stdout] 
[INFO] [stdout] 
[INFO] [stdout] warning: function `ctr_decrypt` is never used
[INFO] [stdout]    --> src/lib.rs:223:4
[INFO] [stdout]     |
[INFO] [stdout] 223 | fn ctr_decrypt(cipher_text: Vec<u8>, key: [u8; BLOCK_SIZE]) -> Vec<u8> {
[INFO] [stdout]     |    ^^^^^^^^^^^
[INFO] [stdout] 
[INFO] [stdout] 
[INFO] [stdout] warning: comparison is useless due to type limits
[INFO] [stdout]    --> src/lib.rs:126:6
[INFO] [stdout]     |
[INFO] [stdout] 126 |         if data[i] >= 0 && data[i] <= 16 {
[INFO] [stdout]     |            ^^^^^^^^^^^^
[INFO] [stdout]     |
[INFO] [stdout]     = note: `#[warn(unused_comparisons)]` on by default
[INFO] [stdout] 
[INFO] [stdout] 
[INFO] [stderr]     Finished `test` profile [unoptimized + debuginfo] target(s) in 0.69s
[INFO] running `Command { std: "docker" "inspect" "cfe33b2bda4b85dc7db30e7930a397358970bec011856deaa79859f202783e6f", kill_on_drop: false }`
[INFO] running `Command { std: "docker" "rm" "-f" "cfe33b2bda4b85dc7db30e7930a397358970bec011856deaa79859f202783e6f", kill_on_drop: false }`
[INFO] [stdout] cfe33b2bda4b85dc7db30e7930a397358970bec011856deaa79859f202783e6f
[INFO] running `Command { std: "docker" "create" "-v" "/var/lib/crater-agent-workspace/builds/worker-5-tc1/target:/opt/rustwide/target:rw,Z" "-v" "/var/lib/crater-agent-workspace/builds/worker-5-tc1/source:/opt/rustwide/workdir:ro,Z" "-v" "/var/lib/crater-agent-workspace/cargo-home:/opt/rustwide/cargo-home:ro,Z" "-v" "/var/lib/crater-agent-workspace/rustup-home:/opt/rustwide/rustup-home:ro,Z" "-e" "SOURCE_DIR=/opt/rustwide/workdir" "-e" "CARGO_TARGET_DIR=/opt/rustwide/target" "-e" "CARGO_INCREMENTAL=0" "-e" "RUST_BACKTRACE=full" "-e" "RUSTFLAGS=--cap-lints=warn" "-e" "RUSTDOCFLAGS=--cap-lints=warn" "-e" "CARGO_HOME=/opt/rustwide/cargo-home" "-e" "RUSTUP_HOME=/opt/rustwide/rustup-home" "-w" "/opt/rustwide/workdir" "-m" "1610612736" "--user" "0:0" "--network" "none" "ghcr.io/rust-lang/crates-build-env/linux@sha256:f3a9d4ad9d972b27faf3965f35b62e55ba32bbce8f20bc8fe909558a86702fde" "/opt/rustwide/cargo-home/bin/cargo" "+1.83.0" "test" "--frozen", kill_on_drop: false }`
[INFO] [stdout] 2c74e0e8d6ddccd96ead1688178634d6a33a40e21cba74b7c80b9ea723af1621
[INFO] running `Command { std: "docker" "start" "-a" "2c74e0e8d6ddccd96ead1688178634d6a33a40e21cba74b7c80b9ea723af1621", kill_on_drop: false }`
[INFO] [stderr] warning: unused import: `BlockCipher`
[INFO] [stderr]   --> src/lib.rs:15:40
[INFO] [stderr]    |
[INFO] [stderr] 15 |     cipher::{generic_array::GenericArray, BlockCipher, BlockDecrypt, BlockEncrypt, KeyInit},
[INFO] [stderr]    |                                           ^^^^^^^^^^^
[INFO] [stderr]    |
[INFO] [stderr]    = note: `#[warn(unused_imports)]` on by default
[INFO] [stderr] 
[INFO] [stderr] warning: constant `BLOCK_SIZE` is never used
[INFO] [stderr]   --> src/lib.rs:21:7
[INFO] [stderr]    |
[INFO] [stderr] 21 | const BLOCK_SIZE: usize = 16;
[INFO] [stderr]    |       ^^^^^^^^^^
[INFO] [stderr]    |
[INFO] [stderr]    = note: `#[warn(dead_code)]` on by default
[INFO] [stderr] 
[INFO] [stderr] warning: function `aes_encrypt` is never used
[INFO] [stderr]   --> src/lib.rs:25:4
[INFO] [stderr]    |
[INFO] [stderr] 25 | fn aes_encrypt(data: [u8; BLOCK_SIZE], key: &[u8; BLOCK_SIZE]) -> [u8; BLOCK_SIZE] {
[INFO] [stderr]    |    ^^^^^^^^^^^
[INFO] [stderr] 
[INFO] [stderr] warning: function `string_to_u8_16` is never used
[INFO] [stderr]   --> src/lib.rs:37:4
[INFO] [stderr]    |
[INFO] [stderr] 37 | fn string_to_u8_16(s: &str) -> [u8; BLOCK_SIZE] {
[INFO] [stderr]    |    ^^^^^^^^^^^^^^^
[INFO] [stderr] 
[INFO] [stderr] warning: function `vec_u8_to_u8_16` is never used
[INFO] [stderr]   --> src/lib.rs:45:4
[INFO] [stderr]    |
[INFO] [stderr] 45 | fn vec_u8_to_u8_16(data: Vec<u8>)-> [u8; BLOCK_SIZE] {
[INFO] [stderr]    |    ^^^^^^^^^^^^^^^
[INFO] [stderr] 
[INFO] [stderr] warning: function `aes_decrypt` is never used
[INFO] [stderr]   --> src/lib.rs:55:4
[INFO] [stderr]    |
[INFO] [stderr] 55 | fn aes_decrypt(data: [u8; BLOCK_SIZE], key: &[u8; BLOCK_SIZE]) -> [u8; BLOCK_SIZE] {
[INFO] [stderr]    |    ^^^^^^^^^^^
[INFO] [stderr] 
[INFO] [stderr] warning: function `pad` is never used
[INFO] [stderr]   --> src/lib.rs:82:4
[INFO] [stderr]    |
[INFO] [stderr] 82 | fn pad(mut data: Vec<u8>) -> Vec<u8> {
[INFO] [stderr]    |    ^^^
[INFO] [stderr] 
[INFO] [stderr] warning: function `group` is never used
[INFO] [stderr]   --> src/lib.rs:95:4
[INFO] [stderr]    |
[INFO] [stderr] 95 | fn group(data: Vec<u8>) -> Vec<[u8; BLOCK_SIZE]> {
[INFO] [stderr]    |    ^^^^^
[INFO] [stderr] 
[INFO] [stderr] warning: function `un_group` is never used
[INFO] [stderr]    --> src/lib.rs:110:4
[INFO] [stderr]     |
[INFO] [stderr] 110 | fn un_group(blocks: Vec<[u8; BLOCK_SIZE]>) -> Vec<u8> {
[INFO] [stderr]     |    ^^^^^^^^
[INFO] [stderr] 
[INFO] [stderr] warning: function `un_pad` is never used
[INFO] [stderr]    --> src/lib.rs:121:4
[INFO] [stderr]     |
[INFO] [stderr] 121 | fn un_pad(data: Vec<u8>) -> Vec<u8> {
[INFO] [stderr]     |    ^^^^^^
[INFO] [stderr] 
[INFO] [stderr] warning: function `ecb_encrypt` is never used
[INFO] [stderr]    --> src/lib.rs:141:4
[INFO] [stderr]     |
[INFO] [stderr] 141 | fn ecb_encrypt(plain_text: Vec<u8>, key: [u8; 16]) -> Vec<u8> {
[INFO] [stderr]     |    ^^^^^^^^^^^
[INFO] [stderr] 
[INFO] [stderr] warning: function `ecb_decrypt` is never used
[INFO] [stderr]    --> src/lib.rs:148:4
[INFO] [stderr]     |
[INFO] [stderr] 148 | fn ecb_decrypt(cipher_text: Vec<u8>, key: [u8; BLOCK_SIZE]) -> Vec<u8> {
[INFO] [stderr]     |    ^^^^^^^^^^^
[INFO] [stderr] 
[INFO] [stderr] warning: function `cbc_encrypt` is never used
[INFO] [stderr]    --> src/lib.rs:166:4
[INFO] [stderr]     |
[INFO] [stderr] 166 | fn cbc_encrypt(plain_text: Vec<u8>, key: [u8; BLOCK_SIZE]) -> Vec<u8> {
[INFO] [stderr]     |    ^^^^^^^^^^^
[INFO] [stderr] 
[INFO] [stderr] warning: function `cbc_decrypt` is never used
[INFO] [stderr]    --> src/lib.rs:174:4
[INFO] [stderr]     |
[INFO] [stderr] 174 | fn cbc_decrypt(cipher_text: Vec<u8>, key: [u8; BLOCK_SIZE]) -> Vec<u8> {
[INFO] [stderr]     |    ^^^^^^^^^^^
[INFO] [stderr] 
[INFO] [stderr] warning: function `ctr_encrypt` is never used
[INFO] [stderr]    --> src/lib.rs:198:4
[INFO] [stderr]     |
[INFO] [stderr] 198 | fn ctr_encrypt(plain_text: Vec<u8>, key: [u8; BLOCK_SIZE]) -> Vec<u8> {
[INFO] [stderr]     |    ^^^^^^^^^^^
[INFO] [stderr] 
[INFO] [stderr] warning: function `ctr_decrypt` is never used
[INFO] [stderr]    --> src/lib.rs:223:4
[INFO] [stderr]     |
[INFO] [stderr] 223 | fn ctr_decrypt(cipher_text: Vec<u8>, key: [u8; BLOCK_SIZE]) -> Vec<u8> {
[INFO] [stderr]     |    ^^^^^^^^^^^
[INFO] [stderr] 
[INFO] [stderr] warning: comparison is useless due to type limits
[INFO] [stderr]    --> src/lib.rs:126:6
[INFO] [stderr]     |
[INFO] [stderr] 126 |         if data[i] >= 0 && data[i] <= 16 {
[INFO] [stderr]     |            ^^^^^^^^^^^^
[INFO] [stderr]     |
[INFO] [stderr]     = note: `#[warn(unused_comparisons)]` on by default
[INFO] [stderr] 
[INFO] [stderr] warning: function `ctr_encrypt` is never used
[INFO] [stderr]    --> src/lib.rs:198:4
[INFO] [stderr]     |
[INFO] [stderr] 198 | fn ctr_encrypt(plain_text: Vec<u8>, key: [u8; BLOCK_SIZE]) -> Vec<u8> {
[INFO] [stderr]     |    ^^^^^^^^^^^
[INFO] [stderr]     |
[INFO] [stderr]     = note: `#[warn(dead_code)]` on by default
[INFO] [stderr] 
[INFO] [stderr] warning: `eas-modes-activity` (lib) generated 17 warnings (run `cargo fix --lib -p eas-modes-activity` to apply 1 suggestion)
[INFO] [stderr] warning: `eas-modes-activity` (lib test) generated 4 warnings (3 duplicates)
[INFO] [stderr]     Finished `test` profile [unoptimized + debuginfo] target(s) in 0.03s
[INFO] [stderr]      Running unittests src/lib.rs (/opt/rustwide/target/debug/deps/eas_modes_activity-7d4fecdabb46a096)
[INFO] [stdout] 
[INFO] [stdout] running 6 tests
[INFO] [stdout] test tests::cbc_decrypt_test ... ok
[INFO] [stdout] test tests::ecb_encrypt_test ... ok
[INFO] [stdout] test tests::cbc_encrypt_test ... ok
[INFO] [stdout] test tests::un_group_test ... ok
[INFO] [stdout] test tests::ecb_decrypt_test ... ok
[INFO] [stdout] test tests::un_pad_test ... FAILED
[INFO] [stdout] 
[INFO] [stdout] failures:
[INFO] [stdout] 
[INFO] [stdout] ---- tests::un_pad_test stdout ----
[INFO] [stdout] thread 'tests::un_pad_test' panicked at src/lib.rs:276:9:
[INFO] [stdout] assertion `left == right` failed
[INFO] [stdout]   left: [72, 101, 108, 108, 111, 44, 32, 119, 111, 114, 108, 100, 33, 0, 0, 0]
[INFO] [stdout]  right: [72, 101, 108, 108, 111, 44, 32, 119, 111, 114, 108, 100, 33, 0, 0, 0, 16, 16, 16, 16, 16, 16, 16, 16, 16, 16, 16, 16, 16, 16, 16, 16]
[INFO] [stdout] stack backtrace:
[INFO] [stdout]    0:     0x56782a8ae49a - std::backtrace_rs::backtrace::libunwind::trace::h5a5b8284f2d0c266
[INFO] [stdout]                                at /rustc/90b35a6239c3d8bdabc530a6a0816f7ff89a0aaf/library/std/src/../../backtrace/src/backtrace/libunwind.rs:116:5
[INFO] [stdout]    1:     0x56782a8ae49a - std::backtrace_rs::backtrace::trace_unsynchronized::h76d4f1c9b0b875e3
[INFO] [stdout]                                at /rustc/90b35a6239c3d8bdabc530a6a0816f7ff89a0aaf/library/std/src/../../backtrace/src/backtrace/mod.rs:66:5
[INFO] [stdout]    2:     0x56782a8ae49a - std::sys::backtrace::_print_fmt::hc4546b8364a537c6
[INFO] [stdout]                                at /rustc/90b35a6239c3d8bdabc530a6a0816f7ff89a0aaf/library/std/src/sys/backtrace.rs:66:9
[INFO] [stdout]    3:     0x56782a8ae49a - <std::sys::backtrace::BacktraceLock::print::DisplayBacktrace as core::fmt::Display>::fmt::h5b6bd5631a6d1f6b
[INFO] [stdout]                                at /rustc/90b35a6239c3d8bdabc530a6a0816f7ff89a0aaf/library/std/src/sys/backtrace.rs:39:26
[INFO] [stdout]    4:     0x56782a8d3753 - core::fmt::rt::Argument::fmt::h270f6602a2b96f62
[INFO] [stdout]                                at /rustc/90b35a6239c3d8bdabc530a6a0816f7ff89a0aaf/library/core/src/fmt/rt.rs:177:76
[INFO] [stdout]    5:     0x56782a8d3753 - core::fmt::write::h7550c97b06c86515
[INFO] [stdout]                                at /rustc/90b35a6239c3d8bdabc530a6a0816f7ff89a0aaf/library/core/src/fmt/mod.rs:1186:21
[INFO] [stdout]    6:     0x56782a8ab663 - std::io::Write::write_fmt::h509ff860e5956e5e
[INFO] [stdout]                                at /rustc/90b35a6239c3d8bdabc530a6a0816f7ff89a0aaf/library/std/src/io/mod.rs:1839:15
[INFO] [stdout]    7:     0x56782a8ae2e2 - std::sys::backtrace::BacktraceLock::print::h2395ccd2c84ba3aa
[INFO] [stdout]                                at /rustc/90b35a6239c3d8bdabc530a6a0816f7ff89a0aaf/library/std/src/sys/backtrace.rs:42:9
[INFO] [stdout]    8:     0x56782a8af8fa - std::panicking::default_hook::{{closure}}::he19d4c7230e07961
[INFO] [stdout]                                at /rustc/90b35a6239c3d8bdabc530a6a0816f7ff89a0aaf/library/std/src/panicking.rs:268:22
[INFO] [stdout]    9:     0x56782a8af704 - std::panicking::default_hook::hf614597d3c67bbdb
[INFO] [stdout]                                at /rustc/90b35a6239c3d8bdabc530a6a0816f7ff89a0aaf/library/std/src/panicking.rs:292:9
[INFO] [stdout]   10:     0x56782a8680a9 - <alloc::boxed::Box<F,A> as core::ops::function::Fn<Args>>::call::h39b51ce4599c23d1
[INFO] [stdout]                                at /rustc/90b35a6239c3d8bdabc530a6a0816f7ff89a0aaf/library/alloc/src/boxed.rs:2468:9
[INFO] [stdout]   11:     0x56782a8680a9 - test::test_main::{{closure}}::he977ae839a582784
[INFO] [stdout]                                at /rustc/90b35a6239c3d8bdabc530a6a0816f7ff89a0aaf/library/test/src/lib.rs:133:21
[INFO] [stdout]   12:     0x56782a8aff98 - <alloc::boxed::Box<F,A> as core::ops::function::Fn<Args>>::call::h9455091b6b06f9fb
[INFO] [stdout]                                at /rustc/90b35a6239c3d8bdabc530a6a0816f7ff89a0aaf/library/alloc/src/boxed.rs:2468:9
[INFO] [stdout]   13:     0x56782a8aff98 - std::panicking::rust_panic_with_hook::h8942133a8b252070
[INFO] [stdout]                                at /rustc/90b35a6239c3d8bdabc530a6a0816f7ff89a0aaf/library/std/src/panicking.rs:809:13
[INFO] [stdout]   14:     0x56782a8afd5a - std::panicking::begin_panic_handler::{{closure}}::hb5f5963570096b29
[INFO] [stdout]                                at /rustc/90b35a6239c3d8bdabc530a6a0816f7ff89a0aaf/library/std/src/panicking.rs:674:13
[INFO] [stdout]   15:     0x56782a8ae979 - std::sys::backtrace::__rust_end_short_backtrace::h6208cedc1922feda
[INFO] [stdout]                                at /rustc/90b35a6239c3d8bdabc530a6a0816f7ff89a0aaf/library/std/src/sys/backtrace.rs:170:18
[INFO] [stdout]   16:     0x56782a8af9ec - rust_begin_unwind
[INFO] [stdout]                                at /rustc/90b35a6239c3d8bdabc530a6a0816f7ff89a0aaf/library/std/src/panicking.rs:665:5
[INFO] [stdout]   17:     0x56782a828a60 - core::panicking::panic_fmt::h0c3082644d1bf418
[INFO] [stdout]                                at /rustc/90b35a6239c3d8bdabc530a6a0816f7ff89a0aaf/library/core/src/panicking.rs:74:14
[INFO] [stdout]   18:     0x56782a828d8b - core::panicking::assert_failed_inner::h2ddf1fcc067fa858
[INFO] [stdout]   19:     0x56782a82bd0f - core::panicking::assert_failed::hde5242d8531b3e4b
[INFO] [stdout]                                at /rustc/90b35a6239c3d8bdabc530a6a0816f7ff89a0aaf/library/core/src/panicking.rs:367:5
[INFO] [stdout]   20:     0x56782a82f31d - eas_modes_activity::tests::un_pad_test::h881109002e95b3b2
[INFO] [stdout]                                at /opt/rustwide/workdir/src/lib.rs:276:9
[INFO] [stdout]   21:     0x56782a82f127 - eas_modes_activity::tests::un_pad_test::{{closure}}::h010af5150643925c
[INFO] [stdout]                                at /opt/rustwide/workdir/src/lib.rs:269:21
[INFO] [stdout]   22:     0x56782a82aef6 - core::ops::function::FnOnce::call_once::h8f5e823ba0c1003b
[INFO] [stdout]                                at /rustc/90b35a6239c3d8bdabc530a6a0816f7ff89a0aaf/library/core/src/ops/function.rs:250:5
[INFO] [stdout]   23:     0x56782a86ca6b - core::ops::function::FnOnce::call_once::h109cf8051a59b34e
[INFO] [stdout]                                at /rustc/90b35a6239c3d8bdabc530a6a0816f7ff89a0aaf/library/core/src/ops/function.rs:250:5
[INFO] [stdout]   24:     0x56782a86ca6b - test::__rust_begin_short_backtrace::hf4fff89d377446ba
[INFO] [stdout]                                at /rustc/90b35a6239c3d8bdabc530a6a0816f7ff89a0aaf/library/test/src/lib.rs:621:18
[INFO] [stdout]   25:     0x56782a86c2a7 - test::run_test_in_process::{{closure}}::h0e39181dd7ee5a43
[INFO] [stdout]                                at /rustc/90b35a6239c3d8bdabc530a6a0816f7ff89a0aaf/library/test/src/lib.rs:644:60
[INFO] [stdout]   26:     0x56782a86c2a7 - <core::panic::unwind_safe::AssertUnwindSafe<F> as core::ops::function::FnOnce<()>>::call_once::hc5a66a30f0bdfd1f
[INFO] [stdout]                                at /rustc/90b35a6239c3d8bdabc530a6a0816f7ff89a0aaf/library/core/src/panic/unwind_safe.rs:272:9
[INFO] [stdout]   27:     0x56782a86c2a7 - std::panicking::try::do_call::h873b7cf639554a5e
[INFO] [stdout]                                at /rustc/90b35a6239c3d8bdabc530a6a0816f7ff89a0aaf/library/std/src/panicking.rs:557:40
[INFO] [stdout]   28:     0x56782a86c2a7 - std::panicking::try::hdb19862fad9c8bd1
[INFO] [stdout]                                at /rustc/90b35a6239c3d8bdabc530a6a0816f7ff89a0aaf/library/std/src/panicking.rs:520:19
[INFO] [stdout]   29:     0x56782a86c2a7 - std::panic::catch_unwind::h281fe732d236d260
[INFO] [stdout]                                at /rustc/90b35a6239c3d8bdabc530a6a0816f7ff89a0aaf/library/std/src/panic.rs:358:14
[INFO] [stdout]   30:     0x56782a86c2a7 - test::run_test_in_process::h949b6df8457ed338
[INFO] [stdout]                                at /rustc/90b35a6239c3d8bdabc530a6a0816f7ff89a0aaf/library/test/src/lib.rs:644:27
[INFO] [stdout]   31:     0x56782a86c2a7 - test::run_test::{{closure}}::h52c556a6d4740e10
[INFO] [stdout]                                at /rustc/90b35a6239c3d8bdabc530a6a0816f7ff89a0aaf/library/test/src/lib.rs:565:43
[INFO] [stdout]   32:     0x56782a831584 - test::run_test::{{closure}}::h4237f6381c45ccb9
[INFO] [stdout]                                at /rustc/90b35a6239c3d8bdabc530a6a0816f7ff89a0aaf/library/test/src/lib.rs:595:41
[INFO] [stdout]   33:     0x56782a831584 - std::sys::backtrace::__rust_begin_short_backtrace::h505c97a579eca628
[INFO] [stdout]                                at /rustc/90b35a6239c3d8bdabc530a6a0816f7ff89a0aaf/library/std/src/sys/backtrace.rs:154:18
[INFO] [stdout]   34:     0x56782a834c4e - std::thread::Builder::spawn_unchecked_::{{closure}}::{{closure}}::h9e86b2e2bc107ea3
[INFO] [stdout]                                at /rustc/90b35a6239c3d8bdabc530a6a0816f7ff89a0aaf/library/std/src/thread/mod.rs:538:17
[INFO] [stdout]   35:     0x56782a834c4e - <core::panic::unwind_safe::AssertUnwindSafe<F> as core::ops::function::FnOnce<()>>::call_once::h8b06ddb275ff4a25
[INFO] [stdout]                                at /rustc/90b35a6239c3d8bdabc530a6a0816f7ff89a0aaf/library/core/src/panic/unwind_safe.rs:272:9
[INFO] [stdout]   36:     0x56782a834c4e - std::panicking::try::do_call::hb26ecd7cd9a9355d
[INFO] [stdout]                                at /rustc/90b35a6239c3d8bdabc530a6a0816f7ff89a0aaf/library/std/src/panicking.rs:557:40
[INFO] [stdout]   37:     0x56782a834c4e - std::panicking::try::h8ddeca9d705f9069
[INFO] [stdout]                                at /rustc/90b35a6239c3d8bdabc530a6a0816f7ff89a0aaf/library/std/src/panicking.rs:520:19
[INFO] [stdout]   38:     0x56782a834c4e - std::panic::catch_unwind::h49e1c33078844c46
[INFO] [stdout]                                at /rustc/90b35a6239c3d8bdabc530a6a0816f7ff89a0aaf/library/std/src/panic.rs:358:14
[INFO] [stdout]   39:     0x56782a834c4e - std::thread::Builder::spawn_unchecked_::{{closure}}::h6073db6ff56ad35d
[INFO] [stdout]                                at /rustc/90b35a6239c3d8bdabc530a6a0816f7ff89a0aaf/library/std/src/thread/mod.rs:537:30
[INFO] [stdout]   40:     0x56782a834c4e - core::ops::function::FnOnce::call_once{{vtable.shim}}::h2c5a5f3779c774f1
[INFO] [stdout]                                at /rustc/90b35a6239c3d8bdabc530a6a0816f7ff89a0aaf/library/core/src/ops/function.rs:250:5
[INFO] [stdout]   41:     0x56782a8b3ceb - <alloc::boxed::Box<F,A> as core::ops::function::FnOnce<Args>>::call_once::hf75717d9f28faebf
[INFO] [stdout]                                at /rustc/90b35a6239c3d8bdabc530a6a0816f7ff89a0aaf/library/alloc/src/boxed.rs:2454:9
[INFO] [stdout]   42:     0x56782a8b3ceb - <alloc::boxed::Box<F,A> as core::ops::function::FnOnce<Args>>::call_once::h7bd883a5f3c5f3c1
[INFO] [stdout]                                at /rustc/90b35a6239c3d8bdabc530a6a0816f7ff89a0aaf/library/alloc/src/boxed.rs:2454:9
[INFO] [stdout]   43:     0x56782a8b3ceb - std::sys::pal::unix::thread::Thread::new::thread_start::hcc78f3943333fa94
[INFO] [stdout]                                at /rustc/90b35a6239c3d8bdabc530a6a0816f7ff89a0aaf/library/std/src/sys/pal/unix/thread.rs:105:17
[INFO] [stdout]   44:     0x7b5af856eac3 - <unknown>
[INFO] [stdout]   45:     0x7b5af85ffa04 - clone
[INFO] [stdout]   46:                0x0 - <unknown>
[INFO] [stdout] 
[INFO] [stdout] 
[INFO] [stdout] failures:
[INFO] [stdout]     tests::un_pad_test
[INFO] [stdout] 
[INFO] [stdout] test result: FAILED. 5 passed; 1 failed; 0 ignored; 0 measured; 0 filtered out; finished in 0.05s
[INFO] [stdout] 
[INFO] [stderr] error: test failed, to rerun pass `--lib`
[INFO] running `Command { std: "docker" "inspect" "2c74e0e8d6ddccd96ead1688178634d6a33a40e21cba74b7c80b9ea723af1621", kill_on_drop: false }`
[INFO] running `Command { std: "docker" "rm" "-f" "2c74e0e8d6ddccd96ead1688178634d6a33a40e21cba74b7c80b9ea723af1621", kill_on_drop: false }`
[INFO] [stdout] 2c74e0e8d6ddccd96ead1688178634d6a33a40e21cba74b7c80b9ea723af1621
