[INFO] cloning repository https://github.com/emrecancorapci/krustie
[INFO] running `Command { std: "git" "-c" "credential.helper=" "-c" "credential.helper=/workspace/cargo-home/bin/git-credential-null" "clone" "--bare" "https://github.com/emrecancorapci/krustie" "/workspace/cache/git-repos/https%3A%2F%2Fgithub.com%2Femrecancorapci%2Fkrustie", kill_on_drop: false }`
[INFO] [stderr] Cloning into bare repository '/workspace/cache/git-repos/https%3A%2F%2Fgithub.com%2Femrecancorapci%2Fkrustie'...
[INFO] running `Command { std: "git" "rev-parse" "HEAD", kill_on_drop: false }`
[INFO] [stdout] d2c08a0540758a100b5f9923413d75454b56ae86
[INFO] testing emrecancorapci/krustie against 1.83.0 for beta-1.84.0-4-retry
[INFO] running `Command { std: "git" "clone" "/workspace/cache/git-repos/https%3A%2F%2Fgithub.com%2Femrecancorapci%2Fkrustie" "/workspace/builds/worker-5-tc1/source", kill_on_drop: false }`
[INFO] [stderr] Cloning into '/workspace/builds/worker-5-tc1/source'...
[INFO] [stderr] done.
[INFO] validating manifest of git repo https://github.com/emrecancorapci/krustie on toolchain 1.83.0
[INFO] running `Command { std: CARGO_HOME="/workspace/cargo-home" RUSTUP_HOME="/workspace/rustup-home" "/workspace/cargo-home/bin/cargo" "+1.83.0" "metadata" "--manifest-path" "Cargo.toml" "--no-deps", kill_on_drop: false }`
[INFO] started tweaking git repo https://github.com/emrecancorapci/krustie
[INFO] finished tweaking git repo https://github.com/emrecancorapci/krustie
[INFO] tweaked toml for git repo https://github.com/emrecancorapci/krustie written to /workspace/builds/worker-5-tc1/source/Cargo.toml
[INFO] crate git repo https://github.com/emrecancorapci/krustie already has a lockfile, it will not be regenerated
[INFO] running `Command { std: CARGO_HOME="/workspace/cargo-home" RUSTUP_HOME="/workspace/rustup-home" "/workspace/cargo-home/bin/cargo" "+1.83.0" "fetch" "--manifest-path" "Cargo.toml", kill_on_drop: false }`
[INFO] running `Command { std: "docker" "create" "-v" "/var/lib/crater-agent-workspace/builds/worker-5-tc1/target:/opt/rustwide/target:rw,Z" "-v" "/var/lib/crater-agent-workspace/builds/worker-5-tc1/source:/opt/rustwide/workdir:ro,Z" "-v" "/var/lib/crater-agent-workspace/cargo-home:/opt/rustwide/cargo-home:ro,Z" "-v" "/var/lib/crater-agent-workspace/rustup-home:/opt/rustwide/rustup-home:ro,Z" "-e" "SOURCE_DIR=/opt/rustwide/workdir" "-e" "CARGO_TARGET_DIR=/opt/rustwide/target" "-e" "CARGO_HOME=/opt/rustwide/cargo-home" "-e" "RUSTUP_HOME=/opt/rustwide/rustup-home" "-w" "/opt/rustwide/workdir" "-m" "1610612736" "--user" "0:0" "--network" "none" "ghcr.io/rust-lang/crates-build-env/linux@sha256:f3a9d4ad9d972b27faf3965f35b62e55ba32bbce8f20bc8fe909558a86702fde" "/opt/rustwide/cargo-home/bin/cargo" "+1.83.0" "metadata" "--no-deps" "--format-version=1", kill_on_drop: false }`
[INFO] [stdout] 20b2e58792193a370d7a2b0484c6801c052530298b94dad0f908f4c1ba9b4f44
[INFO] running `Command { std: "docker" "start" "-a" "20b2e58792193a370d7a2b0484c6801c052530298b94dad0f908f4c1ba9b4f44", kill_on_drop: false }`
[INFO] running `Command { std: "docker" "inspect" "20b2e58792193a370d7a2b0484c6801c052530298b94dad0f908f4c1ba9b4f44", kill_on_drop: false }`
[INFO] running `Command { std: "docker" "rm" "-f" "20b2e58792193a370d7a2b0484c6801c052530298b94dad0f908f4c1ba9b4f44", kill_on_drop: false }`
[INFO] [stdout] 20b2e58792193a370d7a2b0484c6801c052530298b94dad0f908f4c1ba9b4f44
[INFO] running `Command { std: "docker" "create" "-v" "/var/lib/crater-agent-workspace/builds/worker-5-tc1/target:/opt/rustwide/target:rw,Z" "-v" "/var/lib/crater-agent-workspace/builds/worker-5-tc1/source:/opt/rustwide/workdir:ro,Z" "-v" "/var/lib/crater-agent-workspace/cargo-home:/opt/rustwide/cargo-home:ro,Z" "-v" "/var/lib/crater-agent-workspace/rustup-home:/opt/rustwide/rustup-home:ro,Z" "-e" "SOURCE_DIR=/opt/rustwide/workdir" "-e" "CARGO_TARGET_DIR=/opt/rustwide/target" "-e" "CARGO_INCREMENTAL=0" "-e" "RUST_BACKTRACE=full" "-e" "RUSTFLAGS=--cap-lints=warn" "-e" "RUSTDOCFLAGS=--cap-lints=warn" "-e" "CARGO_HOME=/opt/rustwide/cargo-home" "-e" "RUSTUP_HOME=/opt/rustwide/rustup-home" "-w" "/opt/rustwide/workdir" "-m" "1610612736" "--user" "0:0" "--network" "none" "ghcr.io/rust-lang/crates-build-env/linux@sha256:f3a9d4ad9d972b27faf3965f35b62e55ba32bbce8f20bc8fe909558a86702fde" "/opt/rustwide/cargo-home/bin/cargo" "+1.83.0" "build" "--frozen" "--message-format=json", kill_on_drop: false }`
[INFO] [stdout] be19ff03dcc66963a983c3b6d0ae3e076fa210cf23b56af1d0d58667e602917a
[INFO] running `Command { std: "docker" "start" "-a" "be19ff03dcc66963a983c3b6d0ae3e076fa210cf23b56af1d0d58667e602917a", kill_on_drop: false }`
[INFO] [stderr]    Compiling memchr v2.7.4
[INFO] [stderr]    Compiling serde v1.0.203
[INFO] [stderr]    Compiling regex-syntax v0.8.5
[INFO] [stderr]    Compiling adler2 v2.0.0
[INFO] [stderr]    Compiling cfg-if v1.0.0
[INFO] [stderr]    Compiling serde_json v1.0.133
[INFO] [stderr]    Compiling ryu v1.0.18
[INFO] [stderr]    Compiling itoa v1.0.11
[INFO] [stderr]    Compiling dyn-clone v1.0.17
[INFO] [stderr]    Compiling crc32fast v1.4.2
[INFO] [stderr]    Compiling miniz_oxide v0.8.0
[INFO] [stderr]    Compiling flate2 v1.0.35
[INFO] [stderr]    Compiling aho-corasick v1.1.3
[INFO] [stderr]    Compiling regex-automata v0.4.8
[INFO] [stderr]    Compiling regex v1.11.1
[INFO] [stderr]    Compiling krustie v0.2.1 (/opt/rustwide/workdir)
[INFO] [stderr]     Finished `dev` profile [unoptimized + debuginfo] target(s) in 12.01s
[INFO] running `Command { std: "docker" "inspect" "be19ff03dcc66963a983c3b6d0ae3e076fa210cf23b56af1d0d58667e602917a", kill_on_drop: false }`
[INFO] running `Command { std: "docker" "rm" "-f" "be19ff03dcc66963a983c3b6d0ae3e076fa210cf23b56af1d0d58667e602917a", kill_on_drop: false }`
[INFO] [stdout] be19ff03dcc66963a983c3b6d0ae3e076fa210cf23b56af1d0d58667e602917a
[INFO] running `Command { std: "docker" "create" "-v" "/var/lib/crater-agent-workspace/builds/worker-5-tc1/target:/opt/rustwide/target:rw,Z" "-v" "/var/lib/crater-agent-workspace/builds/worker-5-tc1/source:/opt/rustwide/workdir:ro,Z" "-v" "/var/lib/crater-agent-workspace/cargo-home:/opt/rustwide/cargo-home:ro,Z" "-v" "/var/lib/crater-agent-workspace/rustup-home:/opt/rustwide/rustup-home:ro,Z" "-e" "SOURCE_DIR=/opt/rustwide/workdir" "-e" "CARGO_TARGET_DIR=/opt/rustwide/target" "-e" "CARGO_INCREMENTAL=0" "-e" "RUST_BACKTRACE=full" "-e" "RUSTFLAGS=--cap-lints=warn" "-e" "RUSTDOCFLAGS=--cap-lints=warn" "-e" "CARGO_HOME=/opt/rustwide/cargo-home" "-e" "RUSTUP_HOME=/opt/rustwide/rustup-home" "-w" "/opt/rustwide/workdir" "-m" "1610612736" "--user" "0:0" "--network" "none" "ghcr.io/rust-lang/crates-build-env/linux@sha256:f3a9d4ad9d972b27faf3965f35b62e55ba32bbce8f20bc8fe909558a86702fde" "/opt/rustwide/cargo-home/bin/cargo" "+1.83.0" "test" "--frozen" "--no-run" "--message-format=json", kill_on_drop: false }`
[INFO] [stdout] 7fa70bec74123aba8cb8aad941b2570bc59e24d0fa0122c601dafa05f8b4538a
[INFO] running `Command { std: "docker" "start" "-a" "7fa70bec74123aba8cb8aad941b2570bc59e24d0fa0122c601dafa05f8b4538a", kill_on_drop: false }`
[INFO] [stderr]    Compiling memchr v2.7.4
[INFO] [stderr]    Compiling regex-syntax v0.8.5
[INFO] [stderr]    Compiling adler2 v2.0.0
[INFO] [stderr]    Compiling cfg-if v1.0.0
[INFO] [stderr]    Compiling ryu v1.0.18
[INFO] [stderr]    Compiling itoa v1.0.11
[INFO] [stderr]    Compiling dyn-clone v1.0.17
[INFO] [stderr]    Compiling serde v1.0.203
[INFO] [stderr]    Compiling crc32fast v1.4.2
[INFO] [stderr]    Compiling miniz_oxide v0.8.0
[INFO] [stderr]    Compiling flate2 v1.0.35
[INFO] [stderr]    Compiling aho-corasick v1.1.3
[INFO] [stderr]    Compiling regex-automata v0.4.8
[INFO] [stderr]    Compiling serde_json v1.0.133
[INFO] [stderr]    Compiling regex v1.11.1
[INFO] [stderr]    Compiling krustie v0.2.1 (/opt/rustwide/workdir)
[INFO] [stderr]     Finished `test` profile [unoptimized + debuginfo] target(s) in 14.92s
[INFO] running `Command { std: "docker" "inspect" "7fa70bec74123aba8cb8aad941b2570bc59e24d0fa0122c601dafa05f8b4538a", kill_on_drop: false }`
[INFO] running `Command { std: "docker" "rm" "-f" "7fa70bec74123aba8cb8aad941b2570bc59e24d0fa0122c601dafa05f8b4538a", kill_on_drop: false }`
[INFO] [stdout] 7fa70bec74123aba8cb8aad941b2570bc59e24d0fa0122c601dafa05f8b4538a
[INFO] running `Command { std: "docker" "create" "-v" "/var/lib/crater-agent-workspace/builds/worker-5-tc1/target:/opt/rustwide/target:rw,Z" "-v" "/var/lib/crater-agent-workspace/builds/worker-5-tc1/source:/opt/rustwide/workdir:ro,Z" "-v" "/var/lib/crater-agent-workspace/cargo-home:/opt/rustwide/cargo-home:ro,Z" "-v" "/var/lib/crater-agent-workspace/rustup-home:/opt/rustwide/rustup-home:ro,Z" "-e" "SOURCE_DIR=/opt/rustwide/workdir" "-e" "CARGO_TARGET_DIR=/opt/rustwide/target" "-e" "CARGO_INCREMENTAL=0" "-e" "RUST_BACKTRACE=full" "-e" "RUSTFLAGS=--cap-lints=warn" "-e" "RUSTDOCFLAGS=--cap-lints=warn" "-e" "CARGO_HOME=/opt/rustwide/cargo-home" "-e" "RUSTUP_HOME=/opt/rustwide/rustup-home" "-w" "/opt/rustwide/workdir" "-m" "1610612736" "--user" "0:0" "--network" "none" "ghcr.io/rust-lang/crates-build-env/linux@sha256:f3a9d4ad9d972b27faf3965f35b62e55ba32bbce8f20bc8fe909558a86702fde" "/opt/rustwide/cargo-home/bin/cargo" "+1.83.0" "test" "--frozen", kill_on_drop: false }`
[INFO] [stdout] 05dc3bdd24076636257400c2d9623a237a9f090fc4704024cddc8a6bd88d59aa
[INFO] running `Command { std: "docker" "start" "-a" "05dc3bdd24076636257400c2d9623a237a9f090fc4704024cddc8a6bd88d59aa", kill_on_drop: false }`
[INFO] [stderr]     Finished `test` profile [unoptimized + debuginfo] target(s) in 0.04s
[INFO] [stderr]      Running unittests src/lib.rs (/opt/rustwide/target/debug/deps/krustie-6a9b35161524d6f0)
[INFO] [stdout] 
[INFO] [stderr]      Running tests/response.rs (/opt/rustwide/target/debug/deps/response-bec4b0d3db68981c)
[INFO] [stdout] running 0 tests
[INFO] [stdout] 
[INFO] [stdout] test result: ok. 0 passed; 0 failed; 0 ignored; 0 measured; 0 filtered out; finished in 0.00s
[INFO] [stdout] 
[INFO] [stdout] 
[INFO] [stdout] running 1 test
[INFO] [stdout] test serialize_response ... ok
[INFO] [stdout] 
[INFO] [stdout] test result: ok. 1 passed; 0 failed; 0 ignored; 0 measured; 0 filtered out; finished in 0.00s
[INFO] [stdout] 
[INFO] [stderr]      Running tests/router.rs (/opt/rustwide/target/debug/deps/router-30d7342131035495)
[INFO] [stdout] 
[INFO] [stdout] running 3 tests
[INFO] [stdout] test query_parameters ... ok
[INFO] [stdout] test router_parameters ... ok
[INFO] [stdout] test router_and_query_parameters ... ok
[INFO] [stderr]    Doc-tests krustie
[INFO] [stdout] 
[INFO] [stdout] test result: ok. 3 passed; 0 failed; 0 ignored; 0 measured; 0 filtered out; finished in 0.01s
[INFO] [stdout] 
[INFO] [stdout] 
[INFO] [stdout] running 78 tests
[INFO] [stdout] test src/../docs/core/server.md - server::Server (line 5) - compile ... ok
[INFO] [stdout] test src/lib.rs - (line 36) - compile ... ok
[INFO] [stdout] test src/../docs/core/middleware.md - middleware::Middleware (line 5) ... ok
[INFO] [stdout] test src/json.rs - json::get_string_from_json (line 12) ... ok
[INFO] [stdout] test src/../docs/core/middleware.md - middleware::Middleware (line 61) ... ok
[INFO] [stdout] test src/../docs/core/response.md - response::Response (line 15) ... ok
[INFO] [stdout] test src/request.rs - request::Request::get_body (line 65) ... ok
[INFO] [stdout] test src/request.rs - request::Request::get_header (line 48) ... ok
[INFO] [stdout] test src/request.rs - request::Request::get_headers (line 32) ... ok
[INFO] [stdout] test src/request.rs - request::Request::get_param (line 197) ... ok
[INFO] [stdout] test src/../docs/core/router.md - router::Router (line 155) ... ok
[INFO] [stdout] test src/middleware/gzip.rs - middleware::gzip::GzipEncoder (line 11) ... ok
[INFO] [stdout] test src/request.rs - request::Request::get_path (line 176) ... ok
[INFO] [stdout] test src/request.rs - request::Request::get_peer_addr (line 92) ... ok
[INFO] [stdout] test src/middleware/rate_limiter.rs - middleware::rate_limiter::RateLimiter::new (line 24) ... ok
[INFO] [stdout] test src/../docs/core/router.md - router::Router (line 36) ... ok
[INFO] [stdout] test src/request.rs - request::Request::get_path_array (line 161) ... ok
[INFO] [stdout] test src/request.rs - request::Request::get_query_param (line 139) ... ok
[INFO] [stdout] test src/request.rs - request::Request::get_query_params (line 114) ... ok
[INFO] [stdout] test src/middleware/statics.rs - middleware::statics::ServeStatic (line 22) ... ok
[INFO] [stdout] test src/../docs/core/middleware.md - middleware::Middleware (line 20) ... FAILED
[INFO] [stdout] test src/../docs/core/router.md - router::Router (line 53) ... FAILED
[INFO] [stdout] test src/middleware/statics.rs - middleware::statics::ServeStatic::new (line 40) ... ok
[INFO] [stdout] test src/request/builder.rs - request::builder::RequestBuilder::headers (line 116) ... ok
[INFO] [stdout] test src/../docs/core/router.md - router::Router (line 71) ... ok
[INFO] [stdout] test src/request/builder.rs - request::builder::RequestBuilder::body (line 137) ... ok
[INFO] [stdout] test src/../docs/core/router.md - router::Router (line 132) ... ok
[INFO] [stdout] test src/request/../../docs/testing/request_builder.md - request::builder::RequestBuilder (line 7) ... ok
[INFO] [stdout] test src/../docs/core/router.md - router::Router (line 95) ... ok
[INFO] [stdout] test src/request/builder.rs - request::builder::RequestBuilder::build (line 155) ... ok
[INFO] [stdout] test src/request.rs - request::Request::get_method (line 233) ... ok
[INFO] [stdout] test src/response.rs - response::Response::status (line 30) ... ok
[INFO] [stdout] test src/request/builder.rs - request::builder::Request::builder (line 176) ... ok
[INFO] [stdout] test src/../docs/core/router.md - router::Router (line 13) ... ok
[INFO] [stdout] test src/response.rs - response::Response::headers (line 48) ... ok
[INFO] [stdout] test src/response/body.rs - response::body::Response::body_json (line 52) ... ok
[INFO] [stdout] test src/response.rs - response::Vec<u8>::from (line 125) ... ok
[INFO] [stdout] test src/response/body.rs - response::body::Response::body (line 11) ... ok
[INFO] [stdout] test src/request/builder.rs - request::builder::RequestBuilder::header (line 98) ... ok
[INFO] [stdout] test src/response/body.rs - response::body::Response::body_text (line 36) ... ok
[INFO] [stdout] test src/request/builder.rs - request::builder::RequestBuilder::method (line 44) ... ok
[INFO] [stdout] test src/request.rs - request::Request::get_version (line 212) ... ok
[INFO] [stdout] test src/response/body.rs - response::body::Response::body (line 19) ... ok
[INFO] [stdout] test src/response/utilities.rs - response::utilities::Response::get_body (line 69) ... ok
[INFO] [stdout] test src/response/utilities.rs - response::utilities::Response::get_body_mut (line 84) ... ok
[INFO] [stdout] test src/request/builder.rs - request::builder::RequestBuilder::request_line (line 22) ... ok
[INFO] [stdout] test src/response/utilities.rs - response::utilities::Response::get_header (line 33) ... ok
[INFO] [stdout] test src/response/utilities.rs - response::utilities::Response::get_headers (line 14) ... ok
[INFO] [stdout] test src/request/http_method.rs - request::http_method::HttpMethod::try_from (line 68) ... ok
[INFO] [stdout] test src/response/utilities.rs - response::utilities::Response::get_local (line 129) ... ok
[INFO] [stdout] test src/response/utilities.rs - response::utilities::Response::get_status (line 161) ... ok
[INFO] [stdout] test src/request/http_method.rs - request::http_method::ParseHttpMethodError (line 91) ... ok
[INFO] [stdout] test src/response/utilities.rs - response::utilities::Response::set_body (line 105) ... ok
[INFO] [stdout] test src/response/utilities.rs - response::utilities::Response::set_header (line 53) ... ok
[INFO] [stdout] test src/response/status_code.rs - response::status_code::StatusCode::try_from (line 164) ... ok
[INFO] [stdout] test src/request/builder.rs - request::builder::RequestBuilder::version (line 80) ... ok
[INFO] [stdout] test src/response/utilities.rs - response::utilities::Response::set_local (line 146) ... ok
[INFO] [stdout] test src/request/builder.rs - request::builder::RequestBuilder::path (line 62) ... ok
[INFO] [stdout] test src/response/status_code.rs - response::status_code::StatusCode::try_from (line 88) ... ok
[INFO] [stdout] test src/router.rs - router::Router::use_router (line 60) ... ok
[INFO] [stdout] test src/server.rs - server::Server::create (line 24) - compile ... ok
[INFO] [stdout] test src/response.rs - response::Response::default (line 148) ... ok
[INFO] [stdout] test src/server.rs - server::Server::listen (line 92) - compile ... ok
[INFO] [stdout] test src/response/status_code.rs - response::status_code::u16::from (line 187) ... ok
[INFO] [stdout] test src/response/testing.rs - response::testing::Response::assert_eq (line 10) ... ok
[INFO] [stdout] test src/response/status_code.rs - response::status_code::StatusCode::fmt (line 206) ... ok
[INFO] [stdout] test src/router.rs - router::Router::new (line 33) ... ok
[INFO] [stdout] test src/router/../../docs/core/endpoint.md - router::endpoint::Endpoint (line 5) ... ok
[INFO] [stdout] test src/router/methods.rs - router::methods::Router::delete (line 65) ... ok
[INFO] [stdout] test src/router/endpoint.rs - router::endpoint::Endpoint::new (line 18) ... ok
[INFO] [stdout] test src/response/status_code.rs - response::status_code::StatusCode::try_from (line 136) ... ok
[INFO] [stdout] test src/router/methods.rs - router::methods::Router::post (line 27) ... ok
[INFO] [stdout] test src/router/methods.rs - router::methods::Router::get (line 8) ... ok
[INFO] [stdout] test src/router.rs - router::Router::use_endpoint (line 97) ... ok
[INFO] [stdout] test src/server.rs - server::Server::use_handler (line 47) ... ok
[INFO] [stdout] test src/router/endpoint.rs - router::endpoint::Endpoint::new_with_middleware (line 39) ... ok
[INFO] [stdout] test src/router/methods.rs - router::methods::Router::put (line 46) ... ok
[INFO] [stdout] test src/router/methods.rs - router::methods::Router::patch (line 84) ... ok
[INFO] [stdout] 
[INFO] [stdout] failures:
[INFO] [stdout] 
[INFO] [stdout] ---- src/../docs/core/middleware.md - middleware::Middleware (line 20) stdout ----
[INFO] [stdout] error: linking with `cc` failed: exit status: 1
[INFO] [stdout]   |
[INFO] [stdout]   = note: LC_ALL="C" PATH="/opt/rustwide/rustup-home/toolchains/1.83.0-x86_64-unknown-linux-gnu/lib/rustlib/x86_64-unknown-linux-gnu/bin:/opt/rustwide/cargo-home/bin:/usr/local/sbin:/usr/local/bin:/usr/sbin:/usr/bin:/sbin:/bin" VSLANG="1033" "cc" "-m64" "/tmp/rustcdGHiCR/symbols.o" "/tmp/rustdoctestv5Sguv/rust_out.rust_out.cb03291d53e4e161-cgu.0.rcgu.o" "/tmp/rustdoctestv5Sguv/rust_out.1s7umcihpz0t7nkz1uc2ifee9.rcgu.o" "-Wl,--as-needed" "-Wl,-Bstatic" "/opt/rustwide/target/debug/deps/libkrustie-0791e04f7695b8b6.rlib" "/opt/rustwide/target/debug/deps/libregex-76d8e98af6de21eb.rlib" "/opt/rustwide/target/debug/deps/libregex_automata-85b212dc13d9b492.rlib" "/opt/rustwide/target/debug/deps/libaho_corasick-7c62546353774bfd.rlib" "/opt/rustwide/target/debug/deps/libregex_syntax-155e812807b49638.rlib" "/opt/rustwide/target/debug/deps/libflate2-ced89c5b21dca3b7.rlib" "/opt/rustwide/target/debug/deps/libminiz_oxide-dbe4d5c6b06aebd9.rlib" "/opt/rustwide/target/debug/deps/libadler2-e253e5013e39fbc6.rlib" "/opt/rustwide/target/debug/deps/libcrc32fast-6da0a50d86e2d24a.rlib" "/opt/rustwide/target/debug/deps/libcfg_if-8217498f8667ada9.rlib" "/opt/rustwide/target/debug/deps/libdyn_clone-a3c1bbdbfc658f88.rlib" "/opt/rustwide/target/debug/deps/libserde_json-ea2c2bac2b75839a.rlib" "/opt/rustwide/target/debug/deps/libmemchr-6b84ce758acd6c63.rlib" "/opt/rustwide/target/debug/deps/libitoa-cde9c8f28780c780.rlib" "/opt/rustwide/target/debug/deps/libryu-bba83beca99dd7c0.rlib" "/opt/rustwide/target/debug/deps/libserde-6f3f7f29263cadba.rlib" "/opt/rustwide/rustup-home/toolchains/1.83.0-x86_64-unknown-linux-gnu/lib/rustlib/x86_64-unknown-linux-gnu/lib/libstd-ca74a2d9c5166d9f.rlib" "/opt/rustwide/rustup-home/toolchains/1.83.0-x86_64-unknown-linux-gnu/lib/rustlib/x86_64-unknown-linux-gnu/lib/libpanic_unwind-e31ab23316ed5080.rlib" "/opt/rustwide/rustup-home/toolchains/1.83.0-x86_64-unknown-linux-gnu/lib/rustlib/x86_64-unknown-linux-gnu/lib/libobject-27dc4aa955912662.rlib" "/opt/rustwide/rustup-home/toolchains/1.83.0-x86_64-unknown-linux-gnu/lib/rustlib/x86_64-unknown-linux-gnu/lib/libmemchr-bd0d6cccce077b99.rlib" "/opt/rustwide/rustup-home/toolchains/1.83.0-x86_64-unknown-linux-gnu/lib/rustlib/x86_64-unknown-linux-gnu/lib/libaddr2line-8d001680935b5e3c.rlib" "/opt/rustwide/rustup-home/toolchains/1.83.0-x86_64-unknown-linux-gnu/lib/rustlib/x86_64-unknown-linux-gnu/lib/libgimli-ba8ce71964f984f4.rlib" "/opt/rustwide/rustup-home/toolchains/1.83.0-x86_64-unknown-linux-gnu/lib/rustlib/x86_64-unknown-linux-gnu/lib/librustc_demangle-99a73526abcec14b.rlib" "/opt/rustwide/rustup-home/toolchains/1.83.0-x86_64-unknown-linux-gnu/lib/rustlib/x86_64-unknown-linux-gnu/lib/libstd_detect-63ac0d22cff92579.rlib" "/opt/rustwide/rustup-home/toolchains/1.83.0-x86_64-unknown-linux-gnu/lib/rustlib/x86_64-unknown-linux-gnu/lib/libhashbrown-9057355c92c922d5.rlib" "/opt/rustwide/rustup-home/toolchains/1.83.0-x86_64-unknown-linux-gnu/lib/rustlib/x86_64-unknown-linux-gnu/lib/librustc_std_workspace_alloc-358be9bc1f6bab04.rlib" "/opt/rustwide/rustup-home/toolchains/1.83.0-x86_64-unknown-linux-gnu/lib/rustlib/x86_64-unknown-linux-gnu/lib/libminiz_oxide-aca15549d5bff974.rlib" "/opt/rustwide/rustup-home/toolchains/1.83.0-x86_64-unknown-linux-gnu/lib/rustlib/x86_64-unknown-linux-gnu/lib/libadler-8251d2cef7072448.rlib" "/opt/rustwide/rustup-home/toolchains/1.83.0-x86_64-unknown-linux-gnu/lib/rustlib/x86_64-unknown-linux-gnu/lib/libunwind-7d50b86011c66411.rlib" "/opt/rustwide/rustup-home/toolchains/1.83.0-x86_64-unknown-linux-gnu/lib/rustlib/x86_64-unknown-linux-gnu/lib/libcfg_if-51ea098fce5006bf.rlib" "/opt/rustwide/rustup-home/toolchains/1.83.0-x86_64-unknown-linux-gnu/lib/rustlib/x86_64-unknown-linux-gnu/lib/liblibc-5a14e0d0b712e731.rlib" "/opt/rustwide/rustup-home/toolchains/1.83.0-x86_64-unknown-linux-gnu/lib/rustlib/x86_64-unknown-linux-gnu/lib/liballoc-8b83dbf3a7b8f999.rlib" "/opt/rustwide/rustup-home/toolchains/1.83.0-x86_64-unknown-linux-gnu/lib/rustlib/x86_64-unknown-linux-gnu/lib/librustc_std_workspace_core-c6fd227bdc7b39ff.rlib" "/opt/rustwide/rustup-home/toolchains/1.83.0-x86_64-unknown-linux-gnu/lib/rustlib/x86_64-unknown-linux-gnu/lib/libcore-959d3389fa3da8a5.rlib" "/opt/rustwide/rustup-home/toolchains/1.83.0-x86_64-unknown-linux-gnu/lib/rustlib/x86_64-unknown-linux-gnu/lib/libcompiler_builtins-abe05db089cc2c62.rlib" "-Wl,-Bdynamic" "-lgcc_s" "-lutil" "-lrt" "-lpthread" "-lm" "-ldl" "-lc" "-Wl,--eh-frame-hdr" "-Wl,-z,noexecstack" "-L" "/opt/rustwide/rustup-home/toolchains/1.83.0-x86_64-unknown-linux-gnu/lib/rustlib/x86_64-unknown-linux-gnu/lib" "-o" "/tmp/rustdoctestv5Sguv/rust_out" "-Wl,--gc-sections" "-pie" "-Wl,-z,relro,-z,now" "-nodefaultlibs"
[INFO] [stdout]   = note: collect2: fatal error: ld terminated with signal 9 [Killed]
[INFO] [stdout]           compilation terminated.
[INFO] [stdout]           
[INFO] [stdout] 
[INFO] [stdout] error: aborting due to 1 previous error
[INFO] [stdout] 
[INFO] [stdout] Couldn't compile the test.
[INFO] [stdout] ---- src/../docs/core/router.md - router::Router (line 53) stdout ----
[INFO] [stdout] error: linking with `cc` failed: exit status: 1
[INFO] [stdout]   |
[INFO] [stdout]   = note: LC_ALL="C" PATH="/opt/rustwide/rustup-home/toolchains/1.83.0-x86_64-unknown-linux-gnu/lib/rustlib/x86_64-unknown-linux-gnu/bin:/opt/rustwide/cargo-home/bin:/usr/local/sbin:/usr/local/bin:/usr/sbin:/usr/bin:/sbin:/bin" VSLANG="1033" "cc" "-m64" "/tmp/rustcBdDot5/symbols.o" "/tmp/rustdoctestSYLLT2/rust_out.rust_out.cb03291d53e4e161-cgu.0.rcgu.o" "/tmp/rustdoctestSYLLT2/rust_out.1s7umcihpz0t7nkz1uc2ifee9.rcgu.o" "-Wl,--as-needed" "-Wl,-Bstatic" "/opt/rustwide/target/debug/deps/libkrustie-0791e04f7695b8b6.rlib" "/opt/rustwide/target/debug/deps/libregex-76d8e98af6de21eb.rlib" "/opt/rustwide/target/debug/deps/libregex_automata-85b212dc13d9b492.rlib" "/opt/rustwide/target/debug/deps/libaho_corasick-7c62546353774bfd.rlib" "/opt/rustwide/target/debug/deps/libregex_syntax-155e812807b49638.rlib" "/opt/rustwide/target/debug/deps/libflate2-ced89c5b21dca3b7.rlib" "/opt/rustwide/target/debug/deps/libminiz_oxide-dbe4d5c6b06aebd9.rlib" "/opt/rustwide/target/debug/deps/libadler2-e253e5013e39fbc6.rlib" "/opt/rustwide/target/debug/deps/libcrc32fast-6da0a50d86e2d24a.rlib" "/opt/rustwide/target/debug/deps/libcfg_if-8217498f8667ada9.rlib" "/opt/rustwide/target/debug/deps/libdyn_clone-a3c1bbdbfc658f88.rlib" "/opt/rustwide/target/debug/deps/libserde_json-ea2c2bac2b75839a.rlib" "/opt/rustwide/target/debug/deps/libmemchr-6b84ce758acd6c63.rlib" "/opt/rustwide/target/debug/deps/libitoa-cde9c8f28780c780.rlib" "/opt/rustwide/target/debug/deps/libryu-bba83beca99dd7c0.rlib" "/opt/rustwide/target/debug/deps/libserde-6f3f7f29263cadba.rlib" "/opt/rustwide/rustup-home/toolchains/1.83.0-x86_64-unknown-linux-gnu/lib/rustlib/x86_64-unknown-linux-gnu/lib/libstd-ca74a2d9c5166d9f.rlib" "/opt/rustwide/rustup-home/toolchains/1.83.0-x86_64-unknown-linux-gnu/lib/rustlib/x86_64-unknown-linux-gnu/lib/libpanic_unwind-e31ab23316ed5080.rlib" "/opt/rustwide/rustup-home/toolchains/1.83.0-x86_64-unknown-linux-gnu/lib/rustlib/x86_64-unknown-linux-gnu/lib/libobject-27dc4aa955912662.rlib" "/opt/rustwide/rustup-home/toolchains/1.83.0-x86_64-unknown-linux-gnu/lib/rustlib/x86_64-unknown-linux-gnu/lib/libmemchr-bd0d6cccce077b99.rlib" "/opt/rustwide/rustup-home/toolchains/1.83.0-x86_64-unknown-linux-gnu/lib/rustlib/x86_64-unknown-linux-gnu/lib/libaddr2line-8d001680935b5e3c.rlib" "/opt/rustwide/rustup-home/toolchains/1.83.0-x86_64-unknown-linux-gnu/lib/rustlib/x86_64-unknown-linux-gnu/lib/libgimli-ba8ce71964f984f4.rlib" "/opt/rustwide/rustup-home/toolchains/1.83.0-x86_64-unknown-linux-gnu/lib/rustlib/x86_64-unknown-linux-gnu/lib/librustc_demangle-99a73526abcec14b.rlib" "/opt/rustwide/rustup-home/toolchains/1.83.0-x86_64-unknown-linux-gnu/lib/rustlib/x86_64-unknown-linux-gnu/lib/libstd_detect-63ac0d22cff92579.rlib" "/opt/rustwide/rustup-home/toolchains/1.83.0-x86_64-unknown-linux-gnu/lib/rustlib/x86_64-unknown-linux-gnu/lib/libhashbrown-9057355c92c922d5.rlib" "/opt/rustwide/rustup-home/toolchains/1.83.0-x86_64-unknown-linux-gnu/lib/rustlib/x86_64-unknown-linux-gnu/lib/librustc_std_workspace_alloc-358be9bc1f6bab04.rlib" "/opt/rustwide/rustup-home/toolchains/1.83.0-x86_64-unknown-linux-gnu/lib/rustlib/x86_64-unknown-linux-gnu/lib/libminiz_oxide-aca15549d5bff974.rlib" "/opt/rustwide/rustup-home/toolchains/1.83.0-x86_64-unknown-linux-gnu/lib/rustlib/x86_64-unknown-linux-gnu/lib/libadler-8251d2cef7072448.rlib" "/opt/rustwide/rustup-home/toolchains/1.83.0-x86_64-unknown-linux-gnu/lib/rustlib/x86_64-unknown-linux-gnu/lib/libunwind-7d50b86011c66411.rlib" "/opt/rustwide/rustup-home/toolchains/1.83.0-x86_64-unknown-linux-gnu/lib/rustlib/x86_64-unknown-linux-gnu/lib/libcfg_if-51ea098fce5006bf.rlib" "/opt/rustwide/rustup-home/toolchains/1.83.0-x86_64-unknown-linux-gnu/lib/rustlib/x86_64-unknown-linux-gnu/lib/liblibc-5a14e0d0b712e731.rlib" "/opt/rustwide/rustup-home/toolchains/1.83.0-x86_64-unknown-linux-gnu/lib/rustlib/x86_64-unknown-linux-gnu/lib/liballoc-8b83dbf3a7b8f999.rlib" "/opt/rustwide/rustup-home/toolchains/1.83.0-x86_64-unknown-linux-gnu/lib/rustlib/x86_64-unknown-linux-gnu/lib/librustc_std_workspace_core-c6fd227bdc7b39ff.rlib" "/opt/rustwide/rustup-home/toolchains/1.83.0-x86_64-unknown-linux-gnu/lib/rustlib/x86_64-unknown-linux-gnu/lib/libcore-959d3389fa3da8a5.rlib" "/opt/rustwide/rustup-home/toolchains/1.83.0-x86_64-unknown-linux-gnu/lib/rustlib/x86_64-unknown-linux-gnu/lib/libcompiler_builtins-abe05db089cc2c62.rlib" "-Wl,-Bdynamic" "-lgcc_s" "-lutil" "-lrt" "-lpthread" "-lm" "-ldl" "-lc" "-Wl,--eh-frame-hdr" "-Wl,-z,noexecstack" "-L" "/opt/rustwide/rustup-home/toolchains/1.83.0-x86_64-unknown-linux-gnu/lib/rustlib/x86_64-unknown-linux-gnu/lib" "-o" "/tmp/rustdoctestSYLLT2/rust_out" "-Wl,--gc-sections" "-pie" "-Wl,-z,relro,-z,now" "-nodefaultlibs"
[INFO] [stdout]   = note: collect2: fatal error: ld terminated with signal 9 [Killed]
[INFO] [stdout]           compilation terminated.
[INFO] [stdout]           
[INFO] [stdout] 
[INFO] [stdout] error: aborting due to 1 previous error
[INFO] [stdout] 
[INFO] [stdout] Couldn't compile the test.
[INFO] [stdout] 
[INFO] [stdout] failures:
[INFO] [stdout]     src/../docs/core/middleware.md - middleware::Middleware (line 20)
[INFO] [stdout]     src/../docs/core/router.md - router::Router (line 53)
[INFO] [stdout] 
[INFO] [stdout] test result: FAILED. 76 passed; 2 failed; 0 ignored; 0 measured; 0 filtered out; finished in 22.89s
[INFO] [stdout] 
[INFO] [stderr] error: doctest failed, to rerun pass `--doc`
[INFO] running `Command { std: "docker" "inspect" "05dc3bdd24076636257400c2d9623a237a9f090fc4704024cddc8a6bd88d59aa", kill_on_drop: false }`
[INFO] running `Command { std: "docker" "rm" "-f" "05dc3bdd24076636257400c2d9623a237a9f090fc4704024cddc8a6bd88d59aa", kill_on_drop: false }`
[INFO] [stdout] 05dc3bdd24076636257400c2d9623a237a9f090fc4704024cddc8a6bd88d59aa
