[INFO] cloning repository https://github.com/emptyqwb/find_tzm
[INFO] running `Command { std: "git" "-c" "credential.helper=" "-c" "credential.helper=/workspace/cargo-home/bin/git-credential-null" "clone" "--bare" "https://github.com/emptyqwb/find_tzm" "/workspace/cache/git-repos/https%3A%2F%2Fgithub.com%2Femptyqwb%2Ffind_tzm", kill_on_drop: false }`
[INFO] [stderr] Cloning into bare repository '/workspace/cache/git-repos/https%3A%2F%2Fgithub.com%2Femptyqwb%2Ffind_tzm'...
[INFO] running `Command { std: "git" "rev-parse" "HEAD", kill_on_drop: false }`
[INFO] [stdout] 4bf6078da045e856191eb378789c822d6c6e0c50
[INFO] testing emptyqwb/find_tzm against 1.83.0 for beta-1.84.0-4-retry
[INFO] running `Command { std: "git" "clone" "/workspace/cache/git-repos/https%3A%2F%2Fgithub.com%2Femptyqwb%2Ffind_tzm" "/workspace/builds/worker-2-tc1/source", kill_on_drop: false }`
[INFO] [stderr] Cloning into '/workspace/builds/worker-2-tc1/source'...
[INFO] [stderr] done.
[INFO] validating manifest of git repo https://github.com/emptyqwb/find_tzm on toolchain 1.83.0
[INFO] running `Command { std: CARGO_HOME="/workspace/cargo-home" RUSTUP_HOME="/workspace/rustup-home" "/workspace/cargo-home/bin/cargo" "+1.83.0" "metadata" "--manifest-path" "Cargo.toml" "--no-deps", kill_on_drop: false }`
[INFO] started tweaking git repo https://github.com/emptyqwb/find_tzm
[INFO] finished tweaking git repo https://github.com/emptyqwb/find_tzm
[INFO] tweaked toml for git repo https://github.com/emptyqwb/find_tzm written to /workspace/builds/worker-2-tc1/source/Cargo.toml
[INFO] crate git repo https://github.com/emptyqwb/find_tzm already has a lockfile, it will not be regenerated
[INFO] running `Command { std: CARGO_HOME="/workspace/cargo-home" RUSTUP_HOME="/workspace/rustup-home" "/workspace/cargo-home/bin/cargo" "+1.83.0" "fetch" "--manifest-path" "Cargo.toml", kill_on_drop: false }`
[INFO] running `Command { std: "docker" "create" "-v" "/var/lib/crater-agent-workspace/builds/worker-2-tc1/target:/opt/rustwide/target:rw,Z" "-v" "/var/lib/crater-agent-workspace/builds/worker-2-tc1/source:/opt/rustwide/workdir:ro,Z" "-v" "/var/lib/crater-agent-workspace/cargo-home:/opt/rustwide/cargo-home:ro,Z" "-v" "/var/lib/crater-agent-workspace/rustup-home:/opt/rustwide/rustup-home:ro,Z" "-e" "SOURCE_DIR=/opt/rustwide/workdir" "-e" "CARGO_TARGET_DIR=/opt/rustwide/target" "-e" "CARGO_HOME=/opt/rustwide/cargo-home" "-e" "RUSTUP_HOME=/opt/rustwide/rustup-home" "-w" "/opt/rustwide/workdir" "-m" "1610612736" "--user" "0:0" "--network" "none" "ghcr.io/rust-lang/crates-build-env/linux@sha256:f3a9d4ad9d972b27faf3965f35b62e55ba32bbce8f20bc8fe909558a86702fde" "/opt/rustwide/cargo-home/bin/cargo" "+1.83.0" "metadata" "--no-deps" "--format-version=1", kill_on_drop: false }`
[INFO] [stdout] 2fb3d2489f420048c5031b02ec4cbbd0e60e870bd726ed0a9e28983749c44922
[INFO] running `Command { std: "docker" "start" "-a" "2fb3d2489f420048c5031b02ec4cbbd0e60e870bd726ed0a9e28983749c44922", kill_on_drop: false }`
[INFO] running `Command { std: "docker" "inspect" "2fb3d2489f420048c5031b02ec4cbbd0e60e870bd726ed0a9e28983749c44922", kill_on_drop: false }`
[INFO] running `Command { std: "docker" "rm" "-f" "2fb3d2489f420048c5031b02ec4cbbd0e60e870bd726ed0a9e28983749c44922", kill_on_drop: false }`
[INFO] [stdout] 2fb3d2489f420048c5031b02ec4cbbd0e60e870bd726ed0a9e28983749c44922
[INFO] running `Command { std: "docker" "create" "-v" "/var/lib/crater-agent-workspace/builds/worker-2-tc1/target:/opt/rustwide/target:rw,Z" "-v" "/var/lib/crater-agent-workspace/builds/worker-2-tc1/source:/opt/rustwide/workdir:ro,Z" "-v" "/var/lib/crater-agent-workspace/cargo-home:/opt/rustwide/cargo-home:ro,Z" "-v" "/var/lib/crater-agent-workspace/rustup-home:/opt/rustwide/rustup-home:ro,Z" "-e" "SOURCE_DIR=/opt/rustwide/workdir" "-e" "CARGO_TARGET_DIR=/opt/rustwide/target" "-e" "CARGO_INCREMENTAL=0" "-e" "RUST_BACKTRACE=full" "-e" "RUSTFLAGS=--cap-lints=warn" "-e" "RUSTDOCFLAGS=--cap-lints=warn" "-e" "CARGO_HOME=/opt/rustwide/cargo-home" "-e" "RUSTUP_HOME=/opt/rustwide/rustup-home" "-w" "/opt/rustwide/workdir" "-m" "1610612736" "--user" "0:0" "--network" "none" "ghcr.io/rust-lang/crates-build-env/linux@sha256:f3a9d4ad9d972b27faf3965f35b62e55ba32bbce8f20bc8fe909558a86702fde" "/opt/rustwide/cargo-home/bin/cargo" "+1.83.0" "build" "--frozen" "--message-format=json", kill_on_drop: false }`
[INFO] [stdout] ca3963957eb8eebc9c3bd0edc3a78b51e57b3b4ccb60c3bc2cee83d213d12ecd
[INFO] running `Command { std: "docker" "start" "-a" "ca3963957eb8eebc9c3bd0edc3a78b51e57b3b4ccb60c3bc2cee83d213d12ecd", kill_on_drop: false }`
[INFO] [stderr]    Compiling find_tzm v0.1.0 (/opt/rustwide/workdir)
[INFO] [stderr]     Finished `dev` profile [unoptimized + debuginfo] target(s) in 0.57s
[INFO] running `Command { std: "docker" "inspect" "ca3963957eb8eebc9c3bd0edc3a78b51e57b3b4ccb60c3bc2cee83d213d12ecd", kill_on_drop: false }`
[INFO] running `Command { std: "docker" "rm" "-f" "ca3963957eb8eebc9c3bd0edc3a78b51e57b3b4ccb60c3bc2cee83d213d12ecd", kill_on_drop: false }`
[INFO] [stdout] ca3963957eb8eebc9c3bd0edc3a78b51e57b3b4ccb60c3bc2cee83d213d12ecd
[INFO] running `Command { std: "docker" "create" "-v" "/var/lib/crater-agent-workspace/builds/worker-2-tc1/target:/opt/rustwide/target:rw,Z" "-v" "/var/lib/crater-agent-workspace/builds/worker-2-tc1/source:/opt/rustwide/workdir:ro,Z" "-v" "/var/lib/crater-agent-workspace/cargo-home:/opt/rustwide/cargo-home:ro,Z" "-v" "/var/lib/crater-agent-workspace/rustup-home:/opt/rustwide/rustup-home:ro,Z" "-e" "SOURCE_DIR=/opt/rustwide/workdir" "-e" "CARGO_TARGET_DIR=/opt/rustwide/target" "-e" "CARGO_INCREMENTAL=0" "-e" "RUST_BACKTRACE=full" "-e" "RUSTFLAGS=--cap-lints=warn" "-e" "RUSTDOCFLAGS=--cap-lints=warn" "-e" "CARGO_HOME=/opt/rustwide/cargo-home" "-e" "RUSTUP_HOME=/opt/rustwide/rustup-home" "-w" "/opt/rustwide/workdir" "-m" "1610612736" "--user" "0:0" "--network" "none" "ghcr.io/rust-lang/crates-build-env/linux@sha256:f3a9d4ad9d972b27faf3965f35b62e55ba32bbce8f20bc8fe909558a86702fde" "/opt/rustwide/cargo-home/bin/cargo" "+1.83.0" "test" "--frozen" "--no-run" "--message-format=json", kill_on_drop: false }`
[INFO] [stdout] cd15c289a4f70ab662985721001245f918d89993e83bec1514e2a7bfdcda749c
[INFO] running `Command { std: "docker" "start" "-a" "cd15c289a4f70ab662985721001245f918d89993e83bec1514e2a7bfdcda749c", kill_on_drop: false }`
[INFO] [stderr]    Compiling find_tzm v0.1.0 (/opt/rustwide/workdir)
[INFO] [stderr]     Finished `test` profile [unoptimized + debuginfo] target(s) in 0.65s
[INFO] running `Command { std: "docker" "inspect" "cd15c289a4f70ab662985721001245f918d89993e83bec1514e2a7bfdcda749c", kill_on_drop: false }`
[INFO] running `Command { std: "docker" "rm" "-f" "cd15c289a4f70ab662985721001245f918d89993e83bec1514e2a7bfdcda749c", kill_on_drop: false }`
[INFO] [stdout] cd15c289a4f70ab662985721001245f918d89993e83bec1514e2a7bfdcda749c
[INFO] running `Command { std: "docker" "create" "-v" "/var/lib/crater-agent-workspace/builds/worker-2-tc1/target:/opt/rustwide/target:rw,Z" "-v" "/var/lib/crater-agent-workspace/builds/worker-2-tc1/source:/opt/rustwide/workdir:ro,Z" "-v" "/var/lib/crater-agent-workspace/cargo-home:/opt/rustwide/cargo-home:ro,Z" "-v" "/var/lib/crater-agent-workspace/rustup-home:/opt/rustwide/rustup-home:ro,Z" "-e" "SOURCE_DIR=/opt/rustwide/workdir" "-e" "CARGO_TARGET_DIR=/opt/rustwide/target" "-e" "CARGO_INCREMENTAL=0" "-e" "RUST_BACKTRACE=full" "-e" "RUSTFLAGS=--cap-lints=warn" "-e" "RUSTDOCFLAGS=--cap-lints=warn" "-e" "CARGO_HOME=/opt/rustwide/cargo-home" "-e" "RUSTUP_HOME=/opt/rustwide/rustup-home" "-w" "/opt/rustwide/workdir" "-m" "1610612736" "--user" "0:0" "--network" "none" "ghcr.io/rust-lang/crates-build-env/linux@sha256:f3a9d4ad9d972b27faf3965f35b62e55ba32bbce8f20bc8fe909558a86702fde" "/opt/rustwide/cargo-home/bin/cargo" "+1.83.0" "test" "--frozen", kill_on_drop: false }`
[INFO] [stdout] 6e99359f37383716a322f3e2f708e345d81f0d3bde599f8c970dd71ec232b8d2
[INFO] running `Command { std: "docker" "start" "-a" "6e99359f37383716a322f3e2f708e345d81f0d3bde599f8c970dd71ec232b8d2", kill_on_drop: false }`
[INFO] [stderr]     Finished `test` profile [unoptimized + debuginfo] target(s) in 0.02s
[INFO] [stderr]      Running unittests src/lib.rs (/opt/rustwide/target/debug/deps/find_tzm-3f19be450bc8c74f)
[INFO] [stdout] 
[INFO] [stdout] running 2 tests
[INFO] [stdout] test tests::find_tzm_works ... ok
[INFO] [stdout] test tests::sse2_pattern_find_works ... ok
[INFO] [stdout] 
[INFO] [stdout] test result: ok. 2 passed; 0 failed; 0 ignored; 0 measured; 0 filtered out; finished in 0.40s
[INFO] [stdout] 
[INFO] [stderr]    Doc-tests find_tzm
[INFO] [stdout] 
[INFO] [stdout] running 1 test
[INFO] [stdout] test src/lib.rs - bit_scan_forward (line 283) ... FAILED
[INFO] [stdout] 
[INFO] [stdout] failures:
[INFO] [stdout] 
[INFO] [stdout] ---- src/lib.rs - bit_scan_forward (line 283) stdout ----
[INFO] [stdout] error[E0425]: cannot find function `bit_scan_forward` in this scope
[INFO] [stdout]  --> src/lib.rs:286:14
[INFO] [stdout]   |
[INFO] [stdout] 5 | let result = bit_scan_forward(&mut index, mask);
[INFO] [stdout]   |              ^^^^^^^^^^^^^^^^ not found in this scope
[INFO] [stdout] 
[INFO] [stdout] error: aborting due to 1 previous error
[INFO] [stdout] 
[INFO] [stdout] For more information about this error, try `rustc --explain E0425`.
[INFO] [stdout] Couldn't compile the test.
[INFO] [stdout] 
[INFO] [stdout] failures:
[INFO] [stdout]     src/lib.rs - bit_scan_forward (line 283)
[INFO] [stdout] 
[INFO] [stdout] test result: FAILED. 0 passed; 1 failed; 0 ignored; 0 measured; 0 filtered out; finished in 0.07s
[INFO] [stdout] 
[INFO] [stderr] error: doctest failed, to rerun pass `--doc`
[INFO] running `Command { std: "docker" "inspect" "6e99359f37383716a322f3e2f708e345d81f0d3bde599f8c970dd71ec232b8d2", kill_on_drop: false }`
[INFO] running `Command { std: "docker" "rm" "-f" "6e99359f37383716a322f3e2f708e345d81f0d3bde599f8c970dd71ec232b8d2", kill_on_drop: false }`
[INFO] [stdout] 6e99359f37383716a322f3e2f708e345d81f0d3bde599f8c970dd71ec232b8d2
