[INFO] cloning repository https://github.com/emmariescurrena/animals_cli
[INFO] running `Command { std: "git" "-c" "credential.helper=" "-c" "credential.helper=/workspace/cargo-home/bin/git-credential-null" "clone" "--bare" "https://github.com/emmariescurrena/animals_cli" "/workspace/cache/git-repos/https%3A%2F%2Fgithub.com%2Femmariescurrena%2Fanimals_cli", kill_on_drop: false }`
[INFO] [stderr] Cloning into bare repository '/workspace/cache/git-repos/https%3A%2F%2Fgithub.com%2Femmariescurrena%2Fanimals_cli'...
[INFO] running `Command { std: "git" "rev-parse" "HEAD", kill_on_drop: false }`
[INFO] [stdout] 9eda7c742e8e61040084ae59066b58fae66bfdf9
[INFO] testing emmariescurrena/animals_cli against beta-2024-12-08 for beta-1.84.0-4-retry
[INFO] running `Command { std: "git" "clone" "/workspace/cache/git-repos/https%3A%2F%2Fgithub.com%2Femmariescurrena%2Fanimals_cli" "/workspace/builds/worker-7-tc2/source", kill_on_drop: false }`
[INFO] [stderr] Cloning into '/workspace/builds/worker-7-tc2/source'...
[INFO] [stderr] done.
[INFO] validating manifest of git repo https://github.com/emmariescurrena/animals_cli on toolchain beta-2024-12-08
[INFO] running `Command { std: CARGO_HOME="/workspace/cargo-home" RUSTUP_HOME="/workspace/rustup-home" "/workspace/cargo-home/bin/cargo" "+beta-2024-12-08" "metadata" "--manifest-path" "Cargo.toml" "--no-deps", kill_on_drop: false }`
[INFO] started tweaking git repo https://github.com/emmariescurrena/animals_cli
[INFO] finished tweaking git repo https://github.com/emmariescurrena/animals_cli
[INFO] tweaked toml for git repo https://github.com/emmariescurrena/animals_cli written to /workspace/builds/worker-7-tc2/source/Cargo.toml
[INFO] running `Command { std: CARGO_HOME="/workspace/cargo-home" RUSTUP_HOME="/workspace/rustup-home" "/workspace/cargo-home/bin/cargo" "+beta-2024-12-08" "generate-lockfile" "--manifest-path" "Cargo.toml", kill_on_drop: false }`
[INFO] [stderr]     Updating crates.io index
[INFO] [stderr]      Locking 44 packages to latest compatible versions
[INFO] running `Command { std: CARGO_HOME="/workspace/cargo-home" RUSTUP_HOME="/workspace/rustup-home" "/workspace/cargo-home/bin/cargo" "+beta-2024-12-08" "fetch" "--manifest-path" "Cargo.toml", kill_on_drop: false }`
[INFO] running `Command { std: "docker" "create" "-v" "/var/lib/crater-agent-workspace/builds/worker-7-tc2/target:/opt/rustwide/target:rw,Z" "-v" "/var/lib/crater-agent-workspace/builds/worker-7-tc2/source:/opt/rustwide/workdir:ro,Z" "-v" "/var/lib/crater-agent-workspace/cargo-home:/opt/rustwide/cargo-home:ro,Z" "-v" "/var/lib/crater-agent-workspace/rustup-home:/opt/rustwide/rustup-home:ro,Z" "-e" "SOURCE_DIR=/opt/rustwide/workdir" "-e" "CARGO_TARGET_DIR=/opt/rustwide/target" "-e" "CARGO_HOME=/opt/rustwide/cargo-home" "-e" "RUSTUP_HOME=/opt/rustwide/rustup-home" "-w" "/opt/rustwide/workdir" "-m" "1610612736" "--user" "0:0" "--network" "none" "ghcr.io/rust-lang/crates-build-env/linux@sha256:f3a9d4ad9d972b27faf3965f35b62e55ba32bbce8f20bc8fe909558a86702fde" "/opt/rustwide/cargo-home/bin/cargo" "+beta-2024-12-08" "metadata" "--no-deps" "--format-version=1", kill_on_drop: false }`
[INFO] [stdout] f44e6639dda3f27f9c90db8ea0de9b5c592f3f6768df252fa7d6321208a36edc
[INFO] running `Command { std: "docker" "start" "-a" "f44e6639dda3f27f9c90db8ea0de9b5c592f3f6768df252fa7d6321208a36edc", kill_on_drop: false }`
[INFO] running `Command { std: "docker" "inspect" "f44e6639dda3f27f9c90db8ea0de9b5c592f3f6768df252fa7d6321208a36edc", kill_on_drop: false }`
[INFO] running `Command { std: "docker" "rm" "-f" "f44e6639dda3f27f9c90db8ea0de9b5c592f3f6768df252fa7d6321208a36edc", kill_on_drop: false }`
[INFO] [stdout] f44e6639dda3f27f9c90db8ea0de9b5c592f3f6768df252fa7d6321208a36edc
[INFO] running `Command { std: "docker" "create" "-v" "/var/lib/crater-agent-workspace/builds/worker-7-tc2/target:/opt/rustwide/target:rw,Z" "-v" "/var/lib/crater-agent-workspace/builds/worker-7-tc2/source:/opt/rustwide/workdir:ro,Z" "-v" "/var/lib/crater-agent-workspace/cargo-home:/opt/rustwide/cargo-home:ro,Z" "-v" "/var/lib/crater-agent-workspace/rustup-home:/opt/rustwide/rustup-home:ro,Z" "-e" "SOURCE_DIR=/opt/rustwide/workdir" "-e" "CARGO_TARGET_DIR=/opt/rustwide/target" "-e" "CARGO_INCREMENTAL=0" "-e" "RUST_BACKTRACE=full" "-e" "RUSTFLAGS=--cap-lints=warn" "-e" "RUSTDOCFLAGS=--cap-lints=warn" "-e" "CARGO_HOME=/opt/rustwide/cargo-home" "-e" "RUSTUP_HOME=/opt/rustwide/rustup-home" "-w" "/opt/rustwide/workdir" "-m" "1610612736" "--user" "0:0" "--network" "none" "ghcr.io/rust-lang/crates-build-env/linux@sha256:f3a9d4ad9d972b27faf3965f35b62e55ba32bbce8f20bc8fe909558a86702fde" "/opt/rustwide/cargo-home/bin/cargo" "+beta-2024-12-08" "build" "--frozen" "--message-format=json", kill_on_drop: false }`
[INFO] [stdout] 179e96a371f1e771b31191744a7bb23804aa2db68eb3171a1200d284c7b177e4
[INFO] running `Command { std: "docker" "start" "-a" "179e96a371f1e771b31191744a7bb23804aa2db68eb3171a1200d284c7b177e4", kill_on_drop: false }`
[INFO] [stderr]    Compiling proc-macro2 v1.0.92
[INFO] [stderr]    Compiling unicode-ident v1.0.14
[INFO] [stderr]    Compiling libc v0.2.168
[INFO] [stderr]    Compiling memchr v2.7.4
[INFO] [stderr]    Compiling byteorder v1.5.0
[INFO] [stderr]    Compiling serde v1.0.216
[INFO] [stderr]    Compiling rustix v0.38.42
[INFO] [stderr]    Compiling regex-syntax v0.8.5
[INFO] [stderr]    Compiling fastrand v2.3.0
[INFO] [stderr]    Compiling itoa v1.0.14
[INFO] [stderr]    Compiling once_cell v1.20.2
[INFO] [stderr]    Compiling ryu v1.0.18
[INFO] [stderr]    Compiling text_io v0.1.12
[INFO] [stderr]    Compiling aho-corasick v1.1.3
[INFO] [stderr]    Compiling csv-core v0.1.11
[INFO] [stderr]    Compiling quote v1.0.37
[INFO] [stderr]    Compiling syn v2.0.90
[INFO] [stderr]    Compiling getrandom v0.2.15
[INFO] [stderr]    Compiling rand_core v0.6.4
[INFO] [stderr]    Compiling regex-automata v0.4.9
[INFO] [stderr]    Compiling tempfile v3.14.0
[INFO] [stderr]    Compiling csv v1.3.1
[INFO] [stderr]    Compiling zerocopy-derive v0.7.35
[INFO] [stderr]    Compiling zerocopy v0.7.35
[INFO] [stderr]    Compiling regex v1.11.1
[INFO] [stderr]    Compiling ppv-lite86 v0.2.20
[INFO] [stderr]    Compiling rand_chacha v0.3.1
[INFO] [stderr]    Compiling rand v0.8.5
[INFO] [stderr]    Compiling animals_cli v0.1.0 (/opt/rustwide/workdir)
[INFO] [stderr]     Finished `dev` profile [unoptimized + debuginfo] target(s) in 31.92s
[INFO] running `Command { std: "docker" "inspect" "179e96a371f1e771b31191744a7bb23804aa2db68eb3171a1200d284c7b177e4", kill_on_drop: false }`
[INFO] running `Command { std: "docker" "rm" "-f" "179e96a371f1e771b31191744a7bb23804aa2db68eb3171a1200d284c7b177e4", kill_on_drop: false }`
[INFO] [stdout] 179e96a371f1e771b31191744a7bb23804aa2db68eb3171a1200d284c7b177e4
[INFO] running `Command { std: "docker" "create" "-v" "/var/lib/crater-agent-workspace/builds/worker-7-tc2/target:/opt/rustwide/target:rw,Z" "-v" "/var/lib/crater-agent-workspace/builds/worker-7-tc2/source:/opt/rustwide/workdir:ro,Z" "-v" "/var/lib/crater-agent-workspace/cargo-home:/opt/rustwide/cargo-home:ro,Z" "-v" "/var/lib/crater-agent-workspace/rustup-home:/opt/rustwide/rustup-home:ro,Z" "-e" "SOURCE_DIR=/opt/rustwide/workdir" "-e" "CARGO_TARGET_DIR=/opt/rustwide/target" "-e" "CARGO_INCREMENTAL=0" "-e" "RUST_BACKTRACE=full" "-e" "RUSTFLAGS=--cap-lints=warn" "-e" "RUSTDOCFLAGS=--cap-lints=warn" "-e" "CARGO_HOME=/opt/rustwide/cargo-home" "-e" "RUSTUP_HOME=/opt/rustwide/rustup-home" "-w" "/opt/rustwide/workdir" "-m" "1610612736" "--user" "0:0" "--network" "none" "ghcr.io/rust-lang/crates-build-env/linux@sha256:f3a9d4ad9d972b27faf3965f35b62e55ba32bbce8f20bc8fe909558a86702fde" "/opt/rustwide/cargo-home/bin/cargo" "+beta-2024-12-08" "test" "--frozen" "--no-run" "--message-format=json", kill_on_drop: false }`
[INFO] [stdout] 5f53019a7412cc1c4e22825ee02a3e7f0624c75d5ab9808e89a4cb9711b80348
[INFO] running `Command { std: "docker" "start" "-a" "5f53019a7412cc1c4e22825ee02a3e7f0624c75d5ab9808e89a4cb9711b80348", kill_on_drop: false }`
[INFO] [stderr]    Compiling animals_cli v0.1.0 (/opt/rustwide/workdir)
[INFO] [stderr]     Finished `test` profile [unoptimized + debuginfo] target(s) in 2.72s
[INFO] running `Command { std: "docker" "inspect" "5f53019a7412cc1c4e22825ee02a3e7f0624c75d5ab9808e89a4cb9711b80348", kill_on_drop: false }`
[INFO] running `Command { std: "docker" "rm" "-f" "5f53019a7412cc1c4e22825ee02a3e7f0624c75d5ab9808e89a4cb9711b80348", kill_on_drop: false }`
[INFO] [stdout] 5f53019a7412cc1c4e22825ee02a3e7f0624c75d5ab9808e89a4cb9711b80348
[INFO] running `Command { std: "docker" "create" "-v" "/var/lib/crater-agent-workspace/builds/worker-7-tc2/target:/opt/rustwide/target:rw,Z" "-v" "/var/lib/crater-agent-workspace/builds/worker-7-tc2/source:/opt/rustwide/workdir:ro,Z" "-v" "/var/lib/crater-agent-workspace/cargo-home:/opt/rustwide/cargo-home:ro,Z" "-v" "/var/lib/crater-agent-workspace/rustup-home:/opt/rustwide/rustup-home:ro,Z" "-e" "SOURCE_DIR=/opt/rustwide/workdir" "-e" "CARGO_TARGET_DIR=/opt/rustwide/target" "-e" "CARGO_INCREMENTAL=0" "-e" "RUST_BACKTRACE=full" "-e" "RUSTFLAGS=--cap-lints=warn" "-e" "RUSTDOCFLAGS=--cap-lints=warn" "-e" "CARGO_HOME=/opt/rustwide/cargo-home" "-e" "RUSTUP_HOME=/opt/rustwide/rustup-home" "-w" "/opt/rustwide/workdir" "-m" "1610612736" "--user" "0:0" "--network" "none" "ghcr.io/rust-lang/crates-build-env/linux@sha256:f3a9d4ad9d972b27faf3965f35b62e55ba32bbce8f20bc8fe909558a86702fde" "/opt/rustwide/cargo-home/bin/cargo" "+beta-2024-12-08" "test" "--frozen", kill_on_drop: false }`
[INFO] [stdout] 61795030b62a2f69d835ae3b274c893253cc111026c9723548ee9e85333640cc
[INFO] running `Command { std: "docker" "start" "-a" "61795030b62a2f69d835ae3b274c893253cc111026c9723548ee9e85333640cc", kill_on_drop: false }`
[INFO] [stderr]     Finished `test` profile [unoptimized + debuginfo] target(s) in 0.08s
[INFO] [stderr]      Running unittests src/lib.rs (/opt/rustwide/target/debug/deps/animals_cli-d32e082ba6f6bb79)
[INFO] [stdout] 
[INFO] [stdout] running 21 tests
[INFO] [stdout] test animal_csv_shared_functions::tests::test_delete_all_animals ... FAILED
[INFO] [stdout] test animal_alive_csv::tests::test_has_both_sexes ... FAILED
[INFO] [stdout] test animal_data_csv::tests::test_read_animal_data ... FAILED
[INFO] [stdout] test animal_structs::tests::test_blood_type ... ok
[INFO] [stdout] test animal_csv_shared_functions::tests::test_delete_animal_data ... FAILED
[INFO] [stdout] test animal_structs::tests::test_predators ... ok
[INFO] [stdout] test animal_structs::tests::test_sex ... ok
[INFO] [stdout] test animal_structs::tests::test_predators_str ... ok
[INFO] [stdout] test animal_structs::tests::test_preys ... ok
[INFO] [stdout] test csv_files_creator::tests::test_create_csv_for_testing ... FAILED
[INFO] [stdout] test custom_writers_and_readers::tests::test_create_writer_truncate_for_path ... FAILED
[INFO] [stdout] test animal_structs::tests::test_class ... ok
[INFO] [stdout] test animal_csv_shared_functions::tests::test_kill_one_animal_alive ... FAILED
[INFO] [stdout] test custom_writers_and_readers::tests::test_create_writer_append_for_path ... FAILED
[INFO] [stdout] test input_validators::tests::test_valid_class ... ok
[INFO] [stdout] test csv_files_creator::tests::test_create_csv_if_not_exists ... FAILED
[INFO] [stdout] test animal_structs::tests::test_name ... ok
[INFO] [stdout] test animal_alive_csv::tests::test_read_animal_alive ... FAILED
[INFO] [stdout] test custom_writers_and_readers::tests::test_create_reader_for_path ... FAILED
[INFO] [stdout] test input_validators::tests::test_valid_sex ... ok
[INFO] [stdout] test input_validators::tests::test_string_lowercased_with_hyphens ... ok
[INFO] [stdout] 
[INFO] [stdout] failures:
[INFO] [stdout] 
[INFO] [stdout] ---- animal_csv_shared_functions::tests::test_delete_all_animals stdout ----
[INFO] [stdout] Error: Os { code: 30, kind: ReadOnlyFilesystem, message: "Read-only file system" }
[INFO] [stdout] 
[INFO] [stdout] ---- animal_alive_csv::tests::test_has_both_sexes stdout ----
[INFO] [stdout] Error: Os { code: 30, kind: ReadOnlyFilesystem, message: "Read-only file system" }
[INFO] [stdout] 
[INFO] [stdout] ---- animal_data_csv::tests::test_read_animal_data stdout ----
[INFO] [stdout] Error: Os { code: 30, kind: ReadOnlyFilesystem, message: "Read-only file system" }
[INFO] [stdout] 
[INFO] [stdout] ---- animal_csv_shared_functions::tests::test_delete_animal_data stdout ----
[INFO] [stdout] Error: Os { code: 30, kind: ReadOnlyFilesystem, message: "Read-only file system" }
[INFO] [stdout] 
[INFO] [stdout] ---- csv_files_creator::tests::test_create_csv_for_testing stdout ----
[INFO] [stdout] Error: Os { code: 30, kind: ReadOnlyFilesystem, message: "Read-only file system" }
[INFO] [stdout] 
[INFO] [stdout] ---- custom_writers_and_readers::tests::test_create_writer_truncate_for_path stdout ----
[INFO] [stdout] Error: Os { code: 30, kind: ReadOnlyFilesystem, message: "Read-only file system" }
[INFO] [stdout] 
[INFO] [stdout] ---- animal_csv_shared_functions::tests::test_kill_one_animal_alive stdout ----
[INFO] [stdout] Error: Os { code: 30, kind: ReadOnlyFilesystem, message: "Read-only file system" }
[INFO] [stdout] 
[INFO] [stdout] ---- custom_writers_and_readers::tests::test_create_writer_append_for_path stdout ----
[INFO] [stdout] Error: Os { code: 30, kind: ReadOnlyFilesystem, message: "Read-only file system" }
[INFO] [stdout] 
[INFO] [stdout] ---- csv_files_creator::tests::test_create_csv_if_not_exists stdout ----
[INFO] [stdout] Error: Os { code: 30, kind: ReadOnlyFilesystem, message: "Read-only file system" }
[INFO] [stdout] 
[INFO] [stdout] ---- animal_alive_csv::tests::test_read_animal_alive stdout ----
[INFO] [stdout] Error: Os { code: 30, kind: ReadOnlyFilesystem, message: "Read-only file system" }
[INFO] [stdout] 
[INFO] [stdout] ---- custom_writers_and_readers::tests::test_create_reader_for_path stdout ----
[INFO] [stdout] Error: Os { code: 30, kind: ReadOnlyFilesystem, message: "Read-only file system" }
[INFO] [stdout] 
[INFO] [stdout] 
[INFO] [stdout] failures:
[INFO] [stdout]     animal_alive_csv::tests::test_has_both_sexes
[INFO] [stdout]     animal_alive_csv::tests::test_read_animal_alive
[INFO] [stdout]     animal_csv_shared_functions::tests::test_delete_all_animals
[INFO] [stdout]     animal_csv_shared_functions::tests::test_delete_animal_data
[INFO] [stdout]     animal_csv_shared_functions::tests::test_kill_one_animal_alive
[INFO] [stdout]     animal_data_csv::tests::test_read_animal_data
[INFO] [stdout]     csv_files_creator::tests::test_create_csv_for_testing
[INFO] [stdout]     csv_files_creator::tests::test_create_csv_if_not_exists
[INFO] [stdout]     custom_writers_and_readers::tests::test_create_reader_for_path
[INFO] [stdout]     custom_writers_and_readers::tests::test_create_writer_append_for_path
[INFO] [stdout]     custom_writers_and_readers::tests::test_create_writer_truncate_for_path
[INFO] [stdout] 
[INFO] [stdout] test result: FAILED. 10 passed; 11 failed; 0 ignored; 0 measured; 0 filtered out; finished in 0.04s
[INFO] [stdout] 
[INFO] [stderr] error: test failed, to rerun pass `--lib`
[INFO] running `Command { std: "docker" "inspect" "61795030b62a2f69d835ae3b274c893253cc111026c9723548ee9e85333640cc", kill_on_drop: false }`
[INFO] running `Command { std: "docker" "rm" "-f" "61795030b62a2f69d835ae3b274c893253cc111026c9723548ee9e85333640cc", kill_on_drop: false }`
[INFO] [stdout] 61795030b62a2f69d835ae3b274c893253cc111026c9723548ee9e85333640cc
