[INFO] cloning repository https://github.com/elpekenin/xap-specs
[INFO] running `Command { std: "git" "-c" "credential.helper=" "-c" "credential.helper=/workspace/cargo-home/bin/git-credential-null" "clone" "--bare" "https://github.com/elpekenin/xap-specs" "/workspace/cache/git-repos/https%3A%2F%2Fgithub.com%2Felpekenin%2Fxap-specs", kill_on_drop: false }`
[INFO] [stderr] Cloning into bare repository '/workspace/cache/git-repos/https%3A%2F%2Fgithub.com%2Felpekenin%2Fxap-specs'...
[INFO] running `Command { std: "git" "rev-parse" "HEAD", kill_on_drop: false }`
[INFO] [stdout] 0e20d0ff50375f68f0d54b2d192b8c9cba6071ba
[INFO] testing elpekenin/xap-specs against 1.83.0 for beta-1.84.0-4-retry
[INFO] running `Command { std: "git" "clone" "/workspace/cache/git-repos/https%3A%2F%2Fgithub.com%2Felpekenin%2Fxap-specs" "/workspace/builds/worker-7-tc1/source", kill_on_drop: false }`
[INFO] [stderr] Cloning into '/workspace/builds/worker-7-tc1/source'...
[INFO] [stderr] done.
[INFO] validating manifest of git repo https://github.com/elpekenin/xap-specs on toolchain 1.83.0
[INFO] running `Command { std: CARGO_HOME="/workspace/cargo-home" RUSTUP_HOME="/workspace/rustup-home" "/workspace/cargo-home/bin/cargo" "+1.83.0" "metadata" "--manifest-path" "Cargo.toml" "--no-deps", kill_on_drop: false }`
[INFO] started tweaking git repo https://github.com/elpekenin/xap-specs
[INFO] finished tweaking git repo https://github.com/elpekenin/xap-specs
[INFO] tweaked toml for git repo https://github.com/elpekenin/xap-specs written to /workspace/builds/worker-7-tc1/source/Cargo.toml
[INFO] crate git repo https://github.com/elpekenin/xap-specs already has a lockfile, it will not be regenerated
[INFO] running `Command { std: CARGO_HOME="/workspace/cargo-home" RUSTUP_HOME="/workspace/rustup-home" "/workspace/cargo-home/bin/cargo" "+1.83.0" "fetch" "--manifest-path" "Cargo.toml", kill_on_drop: false }`
[INFO] [stderr]     Updating crates.io index
[INFO] [stderr]     Updating git repository `https://github.com/Aleph-Alpha/ts-rs`
[INFO] [stderr]  Downloading crates ...
[INFO] [stderr]   Downloaded serde_with v2.2.0
[INFO] [stderr]   Downloaded binrw_derive v0.10.0
[INFO] [stderr]   Downloaded binrw v0.10.0
[INFO] [stderr]   Downloaded deser-hjson v1.1.0
[INFO] [stderr]   Downloaded serde_with_macros v2.2.0
[INFO] running `Command { std: "docker" "create" "-v" "/var/lib/crater-agent-workspace/builds/worker-7-tc1/target:/opt/rustwide/target:rw,Z" "-v" "/var/lib/crater-agent-workspace/builds/worker-7-tc1/source:/opt/rustwide/workdir:ro,Z" "-v" "/var/lib/crater-agent-workspace/cargo-home:/opt/rustwide/cargo-home:ro,Z" "-v" "/var/lib/crater-agent-workspace/rustup-home:/opt/rustwide/rustup-home:ro,Z" "-e" "SOURCE_DIR=/opt/rustwide/workdir" "-e" "CARGO_TARGET_DIR=/opt/rustwide/target" "-e" "CARGO_HOME=/opt/rustwide/cargo-home" "-e" "RUSTUP_HOME=/opt/rustwide/rustup-home" "-w" "/opt/rustwide/workdir" "-m" "1610612736" "--user" "0:0" "--network" "none" "ghcr.io/rust-lang/crates-build-env/linux@sha256:f3a9d4ad9d972b27faf3965f35b62e55ba32bbce8f20bc8fe909558a86702fde" "/opt/rustwide/cargo-home/bin/cargo" "+1.83.0" "metadata" "--no-deps" "--format-version=1", kill_on_drop: false }`
[INFO] [stdout] dd86f28364df06e79fc9e492ab022122ba13dfe78c44736e094e6ea266d8d5be
[INFO] running `Command { std: "docker" "start" "-a" "dd86f28364df06e79fc9e492ab022122ba13dfe78c44736e094e6ea266d8d5be", kill_on_drop: false }`
[INFO] running `Command { std: "docker" "inspect" "dd86f28364df06e79fc9e492ab022122ba13dfe78c44736e094e6ea266d8d5be", kill_on_drop: false }`
[INFO] running `Command { std: "docker" "rm" "-f" "dd86f28364df06e79fc9e492ab022122ba13dfe78c44736e094e6ea266d8d5be", kill_on_drop: false }`
[INFO] [stdout] dd86f28364df06e79fc9e492ab022122ba13dfe78c44736e094e6ea266d8d5be
[INFO] running `Command { std: "docker" "create" "-v" "/var/lib/crater-agent-workspace/builds/worker-7-tc1/target:/opt/rustwide/target:rw,Z" "-v" "/var/lib/crater-agent-workspace/builds/worker-7-tc1/source:/opt/rustwide/workdir:ro,Z" "-v" "/var/lib/crater-agent-workspace/cargo-home:/opt/rustwide/cargo-home:ro,Z" "-v" "/var/lib/crater-agent-workspace/rustup-home:/opt/rustwide/rustup-home:ro,Z" "-e" "SOURCE_DIR=/opt/rustwide/workdir" "-e" "CARGO_TARGET_DIR=/opt/rustwide/target" "-e" "CARGO_INCREMENTAL=0" "-e" "RUST_BACKTRACE=full" "-e" "RUSTFLAGS=--cap-lints=warn" "-e" "RUSTDOCFLAGS=--cap-lints=warn" "-e" "CARGO_HOME=/opt/rustwide/cargo-home" "-e" "RUSTUP_HOME=/opt/rustwide/rustup-home" "-w" "/opt/rustwide/workdir" "-m" "1610612736" "--user" "0:0" "--network" "none" "ghcr.io/rust-lang/crates-build-env/linux@sha256:f3a9d4ad9d972b27faf3965f35b62e55ba32bbce8f20bc8fe909558a86702fde" "/opt/rustwide/cargo-home/bin/cargo" "+1.83.0" "build" "--frozen" "--message-format=json", kill_on_drop: false }`
[INFO] [stdout] 172879c2a9baab10496f4850558b7adbb71dbc79c062069b8b9960ceeb9e6493
[INFO] running `Command { std: "docker" "start" "-a" "172879c2a9baab10496f4850558b7adbb71dbc79c062069b8b9960ceeb9e6493", kill_on_drop: false }`
[INFO] [stderr]    Compiling proc-macro2 v1.0.51
[INFO] [stderr]    Compiling unicode-ident v1.0.6
[INFO] [stderr]    Compiling quote v1.0.23
[INFO] [stderr]    Compiling syn v1.0.107
[INFO] [stderr]    Compiling cfg-if v1.0.0
[INFO] [stderr]    Compiling libc v0.2.139
[INFO] [stderr]    Compiling serde_derive v1.0.152
[INFO] [stderr]    Compiling serde v1.0.152
[INFO] [stderr]    Compiling strsim v0.10.0
[INFO] [stderr]    Compiling fnv v1.0.7
[INFO] [stderr]    Compiling ident_case v1.0.1
[INFO] [stderr]    Compiling thiserror v1.0.38
[INFO] [stderr]    Compiling crc32fast v1.3.2
[INFO] [stderr]    Compiling binrw_derive v0.10.0
[INFO] [stderr]    Compiling owo-colors v3.5.0
[INFO] [stderr]    Compiling Inflector v0.11.4
[INFO] [stderr]    Compiling anyhow v1.0.69
[INFO] [stderr]    Compiling ppv-lite86 v0.2.17
[INFO] [stderr]    Compiling serde_json v1.0.93
[INFO] [stderr]    Compiling log v0.4.17
[INFO] [stderr]    Compiling termcolor v1.2.0
[INFO] [stderr]    Compiling either v1.8.1
[INFO] [stderr]    Compiling adler v1.0.2
[INFO] [stderr]    Compiling itoa v1.0.5
[INFO] [stderr]    Compiling array-init v2.1.0
[INFO] [stderr]    Compiling bytemuck v1.13.0
[INFO] [stderr]    Compiling ryu v1.0.12
[INFO] [stderr]    Compiling miniz_oxide v0.6.2
[INFO] [stderr]    Compiling bitflags v1.3.2
[INFO] [stderr]    Compiling getrandom v0.2.8
[INFO] [stderr]    Compiling rand_core v0.6.4
[INFO] [stderr]    Compiling rand_chacha v0.3.1
[INFO] [stderr]    Compiling rand v0.8.5
[INFO] [stderr]    Compiling flate2 v1.0.25
[INFO] [stderr]    Compiling darling_core v0.14.3
[INFO] [stderr]    Compiling thiserror-impl v1.0.38
[INFO] [stderr]    Compiling ts-rs-macros v6.2.0 (https://github.com/Aleph-Alpha/ts-rs?branch=main#b4ba8b81)
[INFO] [stderr]    Compiling darling_macro v0.14.3
[INFO] [stderr]    Compiling darling v0.14.3
[INFO] [stderr]    Compiling serde_with_macros v2.2.0
[INFO] [stderr]    Compiling binrw v0.10.0
[INFO] [stderr]    Compiling uuid v1.3.0
[INFO] [stderr]    Compiling serde_with v2.2.0
[INFO] [stderr]    Compiling deser-hjson v1.1.0
[INFO] [stderr]    Compiling ts-rs v6.2.0 (https://github.com/Aleph-Alpha/ts-rs?branch=main#b4ba8b81)
[INFO] [stderr]    Compiling xap-specs v0.1.0 (/opt/rustwide/workdir)
[INFO] [stderr] warning: failed to parse serde attribute
[INFO] [stderr]   | 
[INFO] [stderr]   | #[serde(with = ":: serde_with :: As :: < NoneAsEmptyString >")]
[INFO] [stderr]   | 
[INFO] [stderr]   = note: ts-rs failed to parse this attribute. It will be ignored.
[INFO] [stderr]     Finished `dev` profile [unoptimized + debuginfo] target(s) in 28.57s
[INFO] running `Command { std: "docker" "inspect" "172879c2a9baab10496f4850558b7adbb71dbc79c062069b8b9960ceeb9e6493", kill_on_drop: false }`
[INFO] running `Command { std: "docker" "rm" "-f" "172879c2a9baab10496f4850558b7adbb71dbc79c062069b8b9960ceeb9e6493", kill_on_drop: false }`
[INFO] [stdout] 172879c2a9baab10496f4850558b7adbb71dbc79c062069b8b9960ceeb9e6493
[INFO] running `Command { std: "docker" "create" "-v" "/var/lib/crater-agent-workspace/builds/worker-7-tc1/target:/opt/rustwide/target:rw,Z" "-v" "/var/lib/crater-agent-workspace/builds/worker-7-tc1/source:/opt/rustwide/workdir:ro,Z" "-v" "/var/lib/crater-agent-workspace/cargo-home:/opt/rustwide/cargo-home:ro,Z" "-v" "/var/lib/crater-agent-workspace/rustup-home:/opt/rustwide/rustup-home:ro,Z" "-e" "SOURCE_DIR=/opt/rustwide/workdir" "-e" "CARGO_TARGET_DIR=/opt/rustwide/target" "-e" "CARGO_INCREMENTAL=0" "-e" "RUST_BACKTRACE=full" "-e" "RUSTFLAGS=--cap-lints=warn" "-e" "RUSTDOCFLAGS=--cap-lints=warn" "-e" "CARGO_HOME=/opt/rustwide/cargo-home" "-e" "RUSTUP_HOME=/opt/rustwide/rustup-home" "-w" "/opt/rustwide/workdir" "-m" "1610612736" "--user" "0:0" "--network" "none" "ghcr.io/rust-lang/crates-build-env/linux@sha256:f3a9d4ad9d972b27faf3965f35b62e55ba32bbce8f20bc8fe909558a86702fde" "/opt/rustwide/cargo-home/bin/cargo" "+1.83.0" "test" "--frozen" "--no-run" "--message-format=json", kill_on_drop: false }`
[INFO] [stdout] e5a1ef3fdbd15570e40bf7dbee41e7ac0b58efaf5714179d2d0d9206864e3c85
[INFO] running `Command { std: "docker" "start" "-a" "e5a1ef3fdbd15570e40bf7dbee41e7ac0b58efaf5714179d2d0d9206864e3c85", kill_on_drop: false }`
[INFO] [stderr]    Compiling libc v0.2.139
[INFO] [stderr]    Compiling memchr v2.5.0
[INFO] [stderr]    Compiling lazy_static v1.4.0
[INFO] [stderr]    Compiling regex-automata v0.1.10
[INFO] [stderr]    Compiling unicode-segmentation v1.10.1
[INFO] [stderr]    Compiling bstr v0.2.17
[INFO] [stderr]    Compiling similar v2.2.1
[INFO] [stderr]    Compiling getrandom v0.2.8
[INFO] [stderr]    Compiling console v0.15.5
[INFO] [stderr]    Compiling rand_core v0.6.4
[INFO] [stderr]    Compiling uuid v1.3.0
[INFO] [stderr]    Compiling rand_chacha v0.3.1
[INFO] [stderr]    Compiling ts-rs v6.2.0 (https://github.com/Aleph-Alpha/ts-rs?branch=main#b4ba8b81)
[INFO] [stderr]    Compiling similar-asserts v1.4.2
[INFO] [stderr]    Compiling rand v0.8.5
[INFO] [stderr]    Compiling xap-specs v0.1.0 (/opt/rustwide/workdir)
[INFO] [stderr] warning: failed to parse serde attribute
[INFO] [stderr]   | 
[INFO] [stderr]   | #[serde(with = ":: serde_with :: As :: < NoneAsEmptyString >")]
[INFO] [stderr]   | 
[INFO] [stderr]   = note: ts-rs failed to parse this attribute. It will be ignored.
[INFO] [stderr] warning: failed to parse serde attribute
[INFO] [stderr]   | 
[INFO] [stderr]   | #[serde(with = ":: serde_with :: As :: < NoneAsEmptyString >")]
[INFO] [stderr]   | 
[INFO] [stderr]   = note: ts-rs failed to parse this attribute. It will be ignored.
[INFO] [stderr]     Finished `test` profile [unoptimized + debuginfo] target(s) in 10.64s
[INFO] running `Command { std: "docker" "inspect" "e5a1ef3fdbd15570e40bf7dbee41e7ac0b58efaf5714179d2d0d9206864e3c85", kill_on_drop: false }`
[INFO] running `Command { std: "docker" "rm" "-f" "e5a1ef3fdbd15570e40bf7dbee41e7ac0b58efaf5714179d2d0d9206864e3c85", kill_on_drop: false }`
[INFO] [stdout] e5a1ef3fdbd15570e40bf7dbee41e7ac0b58efaf5714179d2d0d9206864e3c85
[INFO] running `Command { std: "docker" "create" "-v" "/var/lib/crater-agent-workspace/builds/worker-7-tc1/target:/opt/rustwide/target:rw,Z" "-v" "/var/lib/crater-agent-workspace/builds/worker-7-tc1/source:/opt/rustwide/workdir:ro,Z" "-v" "/var/lib/crater-agent-workspace/cargo-home:/opt/rustwide/cargo-home:ro,Z" "-v" "/var/lib/crater-agent-workspace/rustup-home:/opt/rustwide/rustup-home:ro,Z" "-e" "SOURCE_DIR=/opt/rustwide/workdir" "-e" "CARGO_TARGET_DIR=/opt/rustwide/target" "-e" "CARGO_INCREMENTAL=0" "-e" "RUST_BACKTRACE=full" "-e" "RUSTFLAGS=--cap-lints=warn" "-e" "RUSTDOCFLAGS=--cap-lints=warn" "-e" "CARGO_HOME=/opt/rustwide/cargo-home" "-e" "RUSTUP_HOME=/opt/rustwide/rustup-home" "-w" "/opt/rustwide/workdir" "-m" "1610612736" "--user" "0:0" "--network" "none" "ghcr.io/rust-lang/crates-build-env/linux@sha256:f3a9d4ad9d972b27faf3965f35b62e55ba32bbce8f20bc8fe909558a86702fde" "/opt/rustwide/cargo-home/bin/cargo" "+1.83.0" "test" "--frozen", kill_on_drop: false }`
[INFO] [stdout] cfca0e48b73ef441884a253c41f8b19831c4e7294af9f72faed9380a4378cda3
[INFO] running `Command { std: "docker" "start" "-a" "cfca0e48b73ef441884a253c41f8b19831c4e7294af9f72faed9380a4378cda3", kill_on_drop: false }`
[INFO] [stderr] warning: failed to parse serde attribute
[INFO] [stderr]   | 
[INFO] [stderr]   | #[serde(with = ":: serde_with :: As :: < NoneAsEmptyString >")]
[INFO] [stderr]   | 
[INFO] [stderr]   = note: ts-rs failed to parse this attribute. It will be ignored.
[INFO] [stderr] warning: failed to parse serde attribute
[INFO] [stderr]   | 
[INFO] [stderr]   | #[serde(with = ":: serde_with :: As :: < NoneAsEmptyString >")]
[INFO] [stderr]   | 
[INFO] [stderr]   = note: ts-rs failed to parse this attribute. It will be ignored.
[INFO] [stderr]     Finished `test` profile [unoptimized + debuginfo] target(s) in 0.11s
[INFO] [stderr]      Running unittests src/lib.rs (/opt/rustwide/target/debug/deps/xap_specs-2f9da3022484a474)
[INFO] [stdout] 
[INFO] [stdout] running 28 tests
[INFO] [stdout] test constants::keycode::export_bindings_xapkeycode ... ok
[INFO] [stdout] test constants::keycode::export_bindings_xapkeycodeconfig ... ok
[INFO] [stdout] test protocol::subsystems::keymap::export_bindings_encoderposition ... ok
[INFO] [stdout] test constants::keycode::test::deserialize_keycodes ... ok
[INFO] [stdout] test protocol::subsystems::keymap::export_bindings_keycode ... ok
[INFO] [stdout] test protocol::subsystems::lighting::backlight::export_bindings_backlightconfig ... ok
[INFO] [stdout] test protocol::subsystems::keymap::export_bindings_keyposition ... ok
[INFO] [stdout] test protocol::subsystems::lighting::rgbmatrix::export_bindings_rgbmatrixconfig ... ok
[INFO] [stdout] test protocol::subsystems::painter::export_bindings_hsvcolor ... ok
[INFO] [stdout] test protocol::subsystems::lighting::rgblight::export_bindings_rgblightconfig ... ok
[INFO] [stdout] test protocol::subsystems::painter::export_bindings_paintercircle ... ok
[INFO] [stdout] test protocol::subsystems::painter::export_bindings_painteranimaterecolor ... ok
[INFO] [stdout] test protocol::subsystems::painter::export_bindings_painterimage ... ok
[INFO] [stdout] test protocol::subsystems::painter::export_bindings_painterimagerecolor ... ok
[INFO] [stdout] test protocol::subsystems::painter::export_bindings_painterellipse ... ok
[INFO] [stdout] test protocol::subsystems::painter::export_bindings_painterpixel ... ok
[INFO] [stdout] test protocol::subsystems::painter::export_bindings_painterrect ... ok
[INFO] [stdout] test protocol::subsystems::painter::export_bindings_painterline ... ok
[INFO] [stdout] test protocol::subsystems::painter::export_bindings_paintertext ... ok
[INFO] [stdout] test protocol::subsystems::painter::export_bindings_paintertextrecolor ... ok
[INFO] [stdout] test protocol::subsystems::qmk::export_bindings_configbloboffset ... ok
[INFO] [stdout] test protocol::subsystems::qmk::export_bindings_qmkboardidentifiers ... ok
[INFO] [stdout] test protocol::subsystems::remap::export_bindings_encoderpositionconfig ... ok
[INFO] [stdout] test protocol::subsystems::remap::export_bindings_keypositionconfig ... ok
[INFO] [stdout] test protocol::subsystems::painter::export_bindings_painterdevice ... ok
[INFO] [stdout] test protocol::subsystems::painter::export_bindings_paintergeometry ... ok
[INFO] [stdout] test protocol::subsystems::painter::export_bindings_painteranimate ... ok
[INFO] [stdout] test protocol::subsystems::xap::export_bindings_xapsecurestatus ... FAILED
[INFO] [stdout] 
[INFO] [stdout] failures:
[INFO] [stdout] 
[INFO] [stdout] ---- protocol::subsystems::xap::export_bindings_xapsecurestatus stdout ----
[INFO] [stdout] thread 'protocol::subsystems::xap::export_bindings_xapsecurestatus' panicked at src/protocol/subsystems/xap.rs:79:28:
[INFO] [stdout] could not export type: Io(Os { code: 30, kind: ReadOnlyFilesystem, message: "Read-only file system" })
[INFO] [stdout] stack backtrace:
[INFO] [stdout]    0:     0x6250b13eb31a - std::backtrace_rs::backtrace::libunwind::trace::h5a5b8284f2d0c266
[INFO] [stdout]                                at /rustc/90b35a6239c3d8bdabc530a6a0816f7ff89a0aaf/library/std/src/../../backtrace/src/backtrace/libunwind.rs:116:5
[INFO] [stdout]    1:     0x6250b13eb31a - std::backtrace_rs::backtrace::trace_unsynchronized::h76d4f1c9b0b875e3
[INFO] [stdout]                                at /rustc/90b35a6239c3d8bdabc530a6a0816f7ff89a0aaf/library/std/src/../../backtrace/src/backtrace/mod.rs:66:5
[INFO] [stdout]    2:     0x6250b13eb31a - std::sys::backtrace::_print_fmt::hc4546b8364a537c6
[INFO] [stdout]                                at /rustc/90b35a6239c3d8bdabc530a6a0816f7ff89a0aaf/library/std/src/sys/backtrace.rs:66:9
[INFO] [stdout]    3:     0x6250b13eb31a - <std::sys::backtrace::BacktraceLock::print::DisplayBacktrace as core::fmt::Display>::fmt::h5b6bd5631a6d1f6b
[INFO] [stdout]                                at /rustc/90b35a6239c3d8bdabc530a6a0816f7ff89a0aaf/library/std/src/sys/backtrace.rs:39:26
[INFO] [stdout]    4:     0x6250b14116f3 - core::fmt::rt::Argument::fmt::h270f6602a2b96f62
[INFO] [stdout]                                at /rustc/90b35a6239c3d8bdabc530a6a0816f7ff89a0aaf/library/core/src/fmt/rt.rs:177:76
[INFO] [stdout]    5:     0x6250b14116f3 - core::fmt::write::h7550c97b06c86515
[INFO] [stdout]                                at /rustc/90b35a6239c3d8bdabc530a6a0816f7ff89a0aaf/library/core/src/fmt/mod.rs:1186:21
[INFO] [stdout]    6:     0x6250b13e8273 - std::io::Write::write_fmt::h509ff860e5956e5e
[INFO] [stdout]                                at /rustc/90b35a6239c3d8bdabc530a6a0816f7ff89a0aaf/library/std/src/io/mod.rs:1839:15
[INFO] [stdout]    7:     0x6250b13eb162 - std::sys::backtrace::BacktraceLock::print::h2395ccd2c84ba3aa
[INFO] [stdout]                                at /rustc/90b35a6239c3d8bdabc530a6a0816f7ff89a0aaf/library/std/src/sys/backtrace.rs:42:9
[INFO] [stdout]    8:     0x6250b13ec77a - std::panicking::default_hook::{{closure}}::he19d4c7230e07961
[INFO] [stdout]                                at /rustc/90b35a6239c3d8bdabc530a6a0816f7ff89a0aaf/library/std/src/panicking.rs:268:22
[INFO] [stdout]    9:     0x6250b13ec584 - std::panicking::default_hook::hf614597d3c67bbdb
[INFO] [stdout]                                at /rustc/90b35a6239c3d8bdabc530a6a0816f7ff89a0aaf/library/std/src/panicking.rs:292:9
[INFO] [stdout]   10:     0x6250b1330e19 - <alloc::boxed::Box<F,A> as core::ops::function::Fn<Args>>::call::h39b51ce4599c23d1
[INFO] [stdout]                                at /rustc/90b35a6239c3d8bdabc530a6a0816f7ff89a0aaf/library/alloc/src/boxed.rs:2468:9
[INFO] [stdout]   11:     0x6250b1330e19 - test::test_main::{{closure}}::he977ae839a582784
[INFO] [stdout]                                at /rustc/90b35a6239c3d8bdabc530a6a0816f7ff89a0aaf/library/test/src/lib.rs:133:21
[INFO] [stdout]   12:     0x6250b13ece18 - <alloc::boxed::Box<F,A> as core::ops::function::Fn<Args>>::call::h9455091b6b06f9fb
[INFO] [stdout]                                at /rustc/90b35a6239c3d8bdabc530a6a0816f7ff89a0aaf/library/alloc/src/boxed.rs:2468:9
[INFO] [stdout]   13:     0x6250b13ece18 - std::panicking::rust_panic_with_hook::h8942133a8b252070
[INFO] [stdout]                                at /rustc/90b35a6239c3d8bdabc530a6a0816f7ff89a0aaf/library/std/src/panicking.rs:809:13
[INFO] [stdout]   14:     0x6250b13ecbda - std::panicking::begin_panic_handler::{{closure}}::hb5f5963570096b29
[INFO] [stdout]                                at /rustc/90b35a6239c3d8bdabc530a6a0816f7ff89a0aaf/library/std/src/panicking.rs:674:13
[INFO] [stdout]   15:     0x6250b13eb7f9 - std::sys::backtrace::__rust_end_short_backtrace::h6208cedc1922feda
[INFO] [stdout]                                at /rustc/90b35a6239c3d8bdabc530a6a0816f7ff89a0aaf/library/std/src/sys/backtrace.rs:170:18
[INFO] [stdout]   16:     0x6250b13ec86c - rust_begin_unwind
[INFO] [stdout]                                at /rustc/90b35a6239c3d8bdabc530a6a0816f7ff89a0aaf/library/std/src/panicking.rs:665:5
[INFO] [stdout]   17:     0x6250b11f5bb0 - core::panicking::panic_fmt::h0c3082644d1bf418
[INFO] [stdout]                                at /rustc/90b35a6239c3d8bdabc530a6a0816f7ff89a0aaf/library/core/src/panicking.rs:74:14
[INFO] [stdout]   18:     0x6250b11f5ff6 - core::result::unwrap_failed::hd20b4aa073bda1e2
[INFO] [stdout]                                at /rustc/90b35a6239c3d8bdabc530a6a0816f7ff89a0aaf/library/core/src/result.rs:1700:5
[INFO] [stdout]   19:     0x6250b12908cb - core::result::Result<T,E>::expect::h5e8757465b83670d
[INFO] [stdout]                                at /rustc/90b35a6239c3d8bdabc530a6a0816f7ff89a0aaf/library/core/src/result.rs:1061:23
[INFO] [stdout]   20:     0x6250b12d2e44 - xap_specs::protocol::subsystems::xap::export_bindings_xapsecurestatus::h87272520fa29a318
[INFO] [stdout]                                at /opt/rustwide/workdir/src/protocol/subsystems/xap.rs:79:28
[INFO] [stdout]   21:     0x6250b12d2e07 - xap_specs::protocol::subsystems::xap::export_bindings_xapsecurestatus::{{closure}}::h1ee3649794cb5e32
[INFO] [stdout]                                at /opt/rustwide/workdir/src/protocol/subsystems/xap.rs:79:30
[INFO] [stdout]   22:     0x6250b12d5806 - core::ops::function::FnOnce::call_once::h3922355c534643f0
[INFO] [stdout]                                at /rustc/90b35a6239c3d8bdabc530a6a0816f7ff89a0aaf/library/core/src/ops/function.rs:250:5
[INFO] [stdout]   23:     0x6250b13357db - core::ops::function::FnOnce::call_once::h109cf8051a59b34e
[INFO] [stdout]                                at /rustc/90b35a6239c3d8bdabc530a6a0816f7ff89a0aaf/library/core/src/ops/function.rs:250:5
[INFO] [stdout]   24:     0x6250b13357db - test::__rust_begin_short_backtrace::hf4fff89d377446ba
[INFO] [stdout]                                at /rustc/90b35a6239c3d8bdabc530a6a0816f7ff89a0aaf/library/test/src/lib.rs:621:18
[INFO] [stdout]   25:     0x6250b1335017 - test::run_test_in_process::{{closure}}::h0e39181dd7ee5a43
[INFO] [stdout]                                at /rustc/90b35a6239c3d8bdabc530a6a0816f7ff89a0aaf/library/test/src/lib.rs:644:60
[INFO] [stdout]   26:     0x6250b1335017 - <core::panic::unwind_safe::AssertUnwindSafe<F> as core::ops::function::FnOnce<()>>::call_once::hc5a66a30f0bdfd1f
[INFO] [stdout]                                at /rustc/90b35a6239c3d8bdabc530a6a0816f7ff89a0aaf/library/core/src/panic/unwind_safe.rs:272:9
[INFO] [stdout]   27:     0x6250b1335017 - std::panicking::try::do_call::h873b7cf639554a5e
[INFO] [stdout]                                at /rustc/90b35a6239c3d8bdabc530a6a0816f7ff89a0aaf/library/std/src/panicking.rs:557:40
[INFO] [stdout]   28:     0x6250b1335017 - std::panicking::try::hdb19862fad9c8bd1
[INFO] [stdout]                                at /rustc/90b35a6239c3d8bdabc530a6a0816f7ff89a0aaf/library/std/src/panicking.rs:520:19
[INFO] [stdout]   29:     0x6250b1335017 - std::panic::catch_unwind::h281fe732d236d260
[INFO] [stdout]                                at /rustc/90b35a6239c3d8bdabc530a6a0816f7ff89a0aaf/library/std/src/panic.rs:358:14
[INFO] [stdout]   30:     0x6250b1335017 - test::run_test_in_process::h949b6df8457ed338
[INFO] [stdout]                                at /rustc/90b35a6239c3d8bdabc530a6a0816f7ff89a0aaf/library/test/src/lib.rs:644:27
[INFO] [stdout]   31:     0x6250b1335017 - test::run_test::{{closure}}::h52c556a6d4740e10
[INFO] [stdout]                                at /rustc/90b35a6239c3d8bdabc530a6a0816f7ff89a0aaf/library/test/src/lib.rs:565:43
[INFO] [stdout]   32:     0x6250b12fa2f4 - test::run_test::{{closure}}::h4237f6381c45ccb9
[INFO] [stdout]                                at /rustc/90b35a6239c3d8bdabc530a6a0816f7ff89a0aaf/library/test/src/lib.rs:595:41
[INFO] [stdout]   33:     0x6250b12fa2f4 - std::sys::backtrace::__rust_begin_short_backtrace::h505c97a579eca628
[INFO] [stdout]                                at /rustc/90b35a6239c3d8bdabc530a6a0816f7ff89a0aaf/library/std/src/sys/backtrace.rs:154:18
[INFO] [stdout]   34:     0x6250b12fd9be - std::thread::Builder::spawn_unchecked_::{{closure}}::{{closure}}::h9e86b2e2bc107ea3
[INFO] [stdout]                                at /rustc/90b35a6239c3d8bdabc530a6a0816f7ff89a0aaf/library/std/src/thread/mod.rs:538:17
[INFO] [stdout]   35:     0x6250b12fd9be - <core::panic::unwind_safe::AssertUnwindSafe<F> as core::ops::function::FnOnce<()>>::call_once::h8b06ddb275ff4a25
[INFO] [stdout]                                at /rustc/90b35a6239c3d8bdabc530a6a0816f7ff89a0aaf/library/core/src/panic/unwind_safe.rs:272:9
[INFO] [stdout]   36:     0x6250b12fd9be - std::panicking::try::do_call::hb26ecd7cd9a9355d
[INFO] [stdout]                                at /rustc/90b35a6239c3d8bdabc530a6a0816f7ff89a0aaf/library/std/src/panicking.rs:557:40
[INFO] [stdout]   37:     0x6250b12fd9be - std::panicking::try::h8ddeca9d705f9069
[INFO] [stdout]                                at /rustc/90b35a6239c3d8bdabc530a6a0816f7ff89a0aaf/library/std/src/panicking.rs:520:19
[INFO] [stdout]   38:     0x6250b12fd9be - std::panic::catch_unwind::h49e1c33078844c46
[INFO] [stdout]                                at /rustc/90b35a6239c3d8bdabc530a6a0816f7ff89a0aaf/library/std/src/panic.rs:358:14
[INFO] [stdout]   39:     0x6250b12fd9be - std::thread::Builder::spawn_unchecked_::{{closure}}::h6073db6ff56ad35d
[INFO] [stdout]                                at /rustc/90b35a6239c3d8bdabc530a6a0816f7ff89a0aaf/library/std/src/thread/mod.rs:537:30
[INFO] [stdout]   40:     0x6250b12fd9be - core::ops::function::FnOnce::call_once{{vtable.shim}}::h2c5a5f3779c774f1
[INFO] [stdout]                                at /rustc/90b35a6239c3d8bdabc530a6a0816f7ff89a0aaf/library/core/src/ops/function.rs:250:5
[INFO] [stdout]   41:     0x6250b13f0b9b - <alloc::boxed::Box<F,A> as core::ops::function::FnOnce<Args>>::call_once::hf75717d9f28faebf
[INFO] [stdout]                                at /rustc/90b35a6239c3d8bdabc530a6a0816f7ff89a0aaf/library/alloc/src/boxed.rs:2454:9
[INFO] [stdout]   42:     0x6250b13f0b9b - <alloc::boxed::Box<F,A> as core::ops::function::FnOnce<Args>>::call_once::h7bd883a5f3c5f3c1
[INFO] [stdout]                                at /rustc/90b35a6239c3d8bdabc530a6a0816f7ff89a0aaf/library/alloc/src/boxed.rs:2454:9
[INFO] [stdout]   43:     0x6250b13f0b9b - std::sys::pal::unix::thread::Thread::new::thread_start::hcc78f3943333fa94
[INFO] [stdout]                                at /rustc/90b35a6239c3d8bdabc530a6a0816f7ff89a0aaf/library/std/src/sys/pal/unix/thread.rs:105:17
[INFO] [stdout]   44:     0x7167b9571ac3 - <unknown>
[INFO] [stdout]   45:     0x7167b9602a04 - clone
[INFO] [stdout]   46:                0x0 - <unknown>
[INFO] [stdout] 
[INFO] [stdout] 
[INFO] [stdout] failures:
[INFO] [stdout]     protocol::subsystems::xap::export_bindings_xapsecurestatus
[INFO] [stdout] 
[INFO] [stdout] test result: FAILED. 27 passed; 1 failed; 0 ignored; 0 measured; 0 filtered out; finished in 0.07s
[INFO] [stdout] 
[INFO] [stderr] error: test failed, to rerun pass `--lib`
[INFO] running `Command { std: "docker" "inspect" "cfca0e48b73ef441884a253c41f8b19831c4e7294af9f72faed9380a4378cda3", kill_on_drop: false }`
[INFO] running `Command { std: "docker" "rm" "-f" "cfca0e48b73ef441884a253c41f8b19831c4e7294af9f72faed9380a4378cda3", kill_on_drop: false }`
[INFO] [stdout] cfca0e48b73ef441884a253c41f8b19831c4e7294af9f72faed9380a4378cda3
