[INFO] cloning repository https://github.com/elizabethli31/dbms
[INFO] running `Command { std: "git" "-c" "credential.helper=" "-c" "credential.helper=/workspace/cargo-home/bin/git-credential-null" "clone" "--bare" "https://github.com/elizabethli31/dbms" "/workspace/cache/git-repos/https%3A%2F%2Fgithub.com%2Felizabethli31%2Fdbms", kill_on_drop: false }`
[INFO] [stderr] Cloning into bare repository '/workspace/cache/git-repos/https%3A%2F%2Fgithub.com%2Felizabethli31%2Fdbms'...
[INFO] running `Command { std: "git" "rev-parse" "HEAD", kill_on_drop: false }`
[INFO] [stdout] dd33246f066dff8f77faa0a79a17b55d9cbfd81c
[INFO] testing elizabethli31/dbms against beta-2024-12-08 for beta-1.84.0-4-retry
[INFO] running `Command { std: "git" "clone" "/workspace/cache/git-repos/https%3A%2F%2Fgithub.com%2Felizabethli31%2Fdbms" "/workspace/builds/worker-3-tc2/source", kill_on_drop: false }`
[INFO] [stderr] Cloning into '/workspace/builds/worker-3-tc2/source'...
[INFO] [stderr] done.
[INFO] validating manifest of git repo https://github.com/elizabethli31/dbms on toolchain beta-2024-12-08
[INFO] running `Command { std: CARGO_HOME="/workspace/cargo-home" RUSTUP_HOME="/workspace/rustup-home" "/workspace/cargo-home/bin/cargo" "+beta-2024-12-08" "metadata" "--manifest-path" "Cargo.toml" "--no-deps", kill_on_drop: false }`
[INFO] started tweaking git repo https://github.com/elizabethli31/dbms
[INFO] finished tweaking git repo https://github.com/elizabethli31/dbms
[INFO] tweaked toml for git repo https://github.com/elizabethli31/dbms written to /workspace/builds/worker-3-tc2/source/Cargo.toml
[INFO] crate git repo https://github.com/elizabethli31/dbms already has a lockfile, it will not be regenerated
[INFO] running `Command { std: CARGO_HOME="/workspace/cargo-home" RUSTUP_HOME="/workspace/rustup-home" "/workspace/cargo-home/bin/cargo" "+beta-2024-12-08" "fetch" "--manifest-path" "Cargo.toml", kill_on_drop: false }`
[INFO] running `Command { std: "docker" "create" "-v" "/var/lib/crater-agent-workspace/builds/worker-3-tc2/target:/opt/rustwide/target:rw,Z" "-v" "/var/lib/crater-agent-workspace/builds/worker-3-tc2/source:/opt/rustwide/workdir:ro,Z" "-v" "/var/lib/crater-agent-workspace/cargo-home:/opt/rustwide/cargo-home:ro,Z" "-v" "/var/lib/crater-agent-workspace/rustup-home:/opt/rustwide/rustup-home:ro,Z" "-e" "SOURCE_DIR=/opt/rustwide/workdir" "-e" "CARGO_TARGET_DIR=/opt/rustwide/target" "-e" "CARGO_HOME=/opt/rustwide/cargo-home" "-e" "RUSTUP_HOME=/opt/rustwide/rustup-home" "-w" "/opt/rustwide/workdir" "-m" "1610612736" "--user" "0:0" "--network" "none" "ghcr.io/rust-lang/crates-build-env/linux@sha256:f3a9d4ad9d972b27faf3965f35b62e55ba32bbce8f20bc8fe909558a86702fde" "/opt/rustwide/cargo-home/bin/cargo" "+beta-2024-12-08" "metadata" "--no-deps" "--format-version=1", kill_on_drop: false }`
[INFO] [stdout] 9e02269e15909435c32355ff552f66aff70e8340a8f9ae995bb2caff75752812
[INFO] running `Command { std: "docker" "start" "-a" "9e02269e15909435c32355ff552f66aff70e8340a8f9ae995bb2caff75752812", kill_on_drop: false }`
[INFO] running `Command { std: "docker" "inspect" "9e02269e15909435c32355ff552f66aff70e8340a8f9ae995bb2caff75752812", kill_on_drop: false }`
[INFO] running `Command { std: "docker" "rm" "-f" "9e02269e15909435c32355ff552f66aff70e8340a8f9ae995bb2caff75752812", kill_on_drop: false }`
[INFO] [stdout] 9e02269e15909435c32355ff552f66aff70e8340a8f9ae995bb2caff75752812
[INFO] running `Command { std: "docker" "create" "-v" "/var/lib/crater-agent-workspace/builds/worker-3-tc2/target:/opt/rustwide/target:rw,Z" "-v" "/var/lib/crater-agent-workspace/builds/worker-3-tc2/source:/opt/rustwide/workdir:ro,Z" "-v" "/var/lib/crater-agent-workspace/cargo-home:/opt/rustwide/cargo-home:ro,Z" "-v" "/var/lib/crater-agent-workspace/rustup-home:/opt/rustwide/rustup-home:ro,Z" "-e" "SOURCE_DIR=/opt/rustwide/workdir" "-e" "CARGO_TARGET_DIR=/opt/rustwide/target" "-e" "CARGO_INCREMENTAL=0" "-e" "RUST_BACKTRACE=full" "-e" "RUSTFLAGS=--cap-lints=warn" "-e" "RUSTDOCFLAGS=--cap-lints=warn" "-e" "CARGO_HOME=/opt/rustwide/cargo-home" "-e" "RUSTUP_HOME=/opt/rustwide/rustup-home" "-w" "/opt/rustwide/workdir" "-m" "1610612736" "--user" "0:0" "--network" "none" "ghcr.io/rust-lang/crates-build-env/linux@sha256:f3a9d4ad9d972b27faf3965f35b62e55ba32bbce8f20bc8fe909558a86702fde" "/opt/rustwide/cargo-home/bin/cargo" "+beta-2024-12-08" "build" "--frozen" "--message-format=json", kill_on_drop: false }`
[INFO] [stdout] 5904b87fdeb606aa57d9877678be1d384a80913e2ab14dc71ffcc8c99a33016a
[INFO] running `Command { std: "docker" "start" "-a" "5904b87fdeb606aa57d9877678be1d384a80913e2ab14dc71ffcc8c99a33016a", kill_on_drop: false }`
[INFO] [stderr]    Compiling proc-macro2 v1.0.78
[INFO] [stderr]    Compiling unicode-ident v1.0.12
[INFO] [stderr]    Compiling libc v0.2.153
[INFO] [stderr]    Compiling memchr v2.7.1
[INFO] [stderr]    Compiling autocfg v1.1.0
[INFO] [stderr]    Compiling regex-syntax v0.8.2
[INFO] [stderr]    Compiling serde v1.0.197
[INFO] [stderr]    Compiling log v0.4.21
[INFO] [stderr]    Compiling itoa v1.0.10
[INFO] [stderr]    Compiling ryu v1.0.17
[INFO] [stderr]    Compiling ppv-lite86 v0.2.17
[INFO] [stderr]    Compiling termcolor v1.4.1
[INFO] [stderr]    Compiling serde_json v1.0.114
[INFO] [stderr]    Compiling iana-time-zone v0.1.60
[INFO] [stderr]    Compiling half v1.8.3
[INFO] [stderr]    Compiling either v1.10.0
[INFO] [stderr]    Compiling bitflags v2.5.0
[INFO] [stderr]    Compiling semver v1.0.22
[INFO] [stderr]    Compiling rustix v0.38.32
[INFO] [stderr]    Compiling humantime v2.1.0
[INFO] [stderr]    Compiling linux-raw-sys v0.4.13
[INFO] [stderr]    Compiling itertools v0.12.1
[INFO] [stderr]    Compiling futures-core v0.3.30
[INFO] [stderr]    Compiling futures-sink v0.3.30
[INFO] [stderr]    Compiling num-traits v0.2.18
[INFO] [stderr]    Compiling slab v0.4.9
[INFO] [stderr]    Compiling futures-io v0.3.30
[INFO] [stderr]    Compiling futures-channel v0.3.30
[INFO] [stderr]    Compiling futures-task v0.3.30
[INFO] [stderr]    Compiling pin-project-lite v0.2.14
[INFO] [stderr]    Compiling utf8parse v0.2.1
[INFO] [stderr]    Compiling glob v0.3.1
[INFO] [stderr]    Compiling relative-path v1.9.3
[INFO] [stderr]    Compiling temp_testdir v0.2.3
[INFO] [stderr]    Compiling anstyle-parse v0.2.3
[INFO] [stderr]    Compiling anstyle v1.0.6
[INFO] [stderr]    Compiling aho-corasick v1.1.2
[INFO] [stderr]    Compiling csv-core v0.1.11
[INFO] [stderr]    Compiling rustc_version v0.4.0
[INFO] [stderr]    Compiling colorchoice v1.0.0
[INFO] [stderr]    Compiling quick-error v1.2.3
[INFO] [stderr]    Compiling fastrand v2.1.0
[INFO] [stderr]    Compiling quote v1.0.35
[INFO] [stderr]    Compiling anstyle-query v1.0.2
[INFO] [stderr]    Compiling futures-timer v3.0.3
[INFO] [stderr]    Compiling anstream v0.6.13
[INFO] [stderr]    Compiling humantime v1.3.0
[INFO] [stderr]    Compiling strsim v0.11.1
[INFO] [stderr]    Compiling syn v2.0.52
[INFO] [stderr]    Compiling rstest_macros v0.18.2
[INFO] [stderr]    Compiling heck v0.4.1
[INFO] [stderr]    Compiling clap_lex v0.7.0
[INFO] [stderr]    Compiling smallvec v1.13.2
[INFO] [stderr]    Compiling sqlparser v0.41.0
[INFO] [stderr]    Compiling endian-type v0.1.2
[INFO] [stderr]    Compiling clap_builder v4.5.1
[INFO] [stderr]    Compiling unicode-segmentation v1.11.0
[INFO] [stderr]    Compiling nibble_vec v0.1.0
[INFO] [stderr]    Compiling home v0.5.9
[INFO] [stderr]    Compiling unicode-width v0.1.11
[INFO] [stderr]    Compiling radix_trie v0.2.1
[INFO] [stderr]    Compiling chrono v0.4.34
[INFO] [stderr]    Compiling getrandom v0.2.12
[INFO] [stderr]    Compiling is-terminal v0.4.12
[INFO] [stderr]    Compiling atty v0.2.14
[INFO] [stderr]    Compiling nix v0.27.1
[INFO] [stderr]    Compiling rand_core v0.6.4
[INFO] [stderr]    Compiling regex-automata v0.4.6
[INFO] [stderr]    Compiling rand_chacha v0.3.1
[INFO] [stderr]    Compiling rand v0.8.5
[INFO] [stderr]    Compiling tempfile v3.10.1
[INFO] [stderr]    Compiling fd-lock v4.0.2
[INFO] [stderr]    Compiling rustyline v13.0.0
[INFO] [stderr]    Compiling regex v1.10.3
[INFO] [stderr]    Compiling serde_derive v1.0.197
[INFO] [stderr]    Compiling futures-macro v0.3.30
[INFO] [stderr]    Compiling clap_derive v4.5.0
[INFO] [stderr]    Compiling env_logger v0.10.2
[INFO] [stderr]    Compiling env_logger v0.7.1
[INFO] [stderr]    Compiling futures-util v0.3.30
[INFO] [stderr]    Compiling clap v4.5.1
[INFO] [stderr]    Compiling futures-executor v0.3.30
[INFO] [stderr]    Compiling futures v0.3.30
[INFO] [stderr]    Compiling rstest v0.18.2
[INFO] [stderr]    Compiling csv v1.3.0
[INFO] [stderr]    Compiling serde_cbor v0.11.2
[INFO] [stderr]    Compiling utilities v0.1.0 (/opt/rustwide/workdir/src/utilities)
[INFO] [stderr]    Compiling common v0.1.0 (/opt/rustwide/workdir/src/common)
[INFO] [stdout] warning: unexpected `cfg` condition value: `inlinecc`
[INFO] [stdout]    --> src/common/src/lib.rs:264:11
[INFO] [stdout]     |
[INFO] [stdout] 264 |     #[cfg(feature = "inlinecc")]
[INFO] [stdout]     |           ^^^^^^^^^^^^^^^^^^^^ help: remove the condition
[INFO] [stdout]     |
[INFO] [stdout]     = note: no expected values for `feature`
[INFO] [stdout]     = help: consider adding `inlinecc` as a feature in `Cargo.toml`
[INFO] [stdout]     = note: see <https://doc.rust-lang.org/nightly/rustc/check-cfg/cargo-specifics.html> for more information about checking conditional configuration
[INFO] [stdout]     = note: `#[warn(unexpected_cfgs)]` on by default
[INFO] [stdout] 
[INFO] [stdout] 
[INFO] [stdout] warning: unexpected `cfg` condition value: `mvcc`
[INFO] [stdout]    --> src/common/src/lib.rs:269:11
[INFO] [stdout]     |
[INFO] [stdout] 269 |     #[cfg(feature = "mvcc")]
[INFO] [stdout]     |           ^^^^^^^^^^^^^^^^ help: remove the condition
[INFO] [stdout]     |
[INFO] [stdout]     = note: no expected values for `feature`
[INFO] [stdout]     = help: consider adding `mvcc` as a feature in `Cargo.toml`
[INFO] [stdout]     = note: see <https://doc.rust-lang.org/nightly/rustc/check-cfg/cargo-specifics.html> for more information about checking conditional configuration
[INFO] [stdout] 
[INFO] [stdout] 
[INFO] [stdout] warning: unexpected `cfg` condition value: `mvcc`
[INFO] [stdout]    --> src/common/src/lib.rs:274:11
[INFO] [stdout]     |
[INFO] [stdout] 274 |     #[cfg(feature = "mvcc")]
[INFO] [stdout]     |           ^^^^^^^^^^^^^^^^ help: remove the condition
[INFO] [stdout]     |
[INFO] [stdout]     = note: no expected values for `feature`
[INFO] [stdout]     = help: consider adding `mvcc` as a feature in `Cargo.toml`
[INFO] [stdout]     = note: see <https://doc.rust-lang.org/nightly/rustc/check-cfg/cargo-specifics.html> for more information about checking conditional configuration
[INFO] [stdout] 
[INFO] [stdout] 
[INFO] [stdout] warning: unexpected `cfg` condition value: `mvcc`
[INFO] [stdout]    --> src/common/src/lib.rs:279:11
[INFO] [stdout]     |
[INFO] [stdout] 279 |     #[cfg(feature = "mvcc")]
[INFO] [stdout]     |           ^^^^^^^^^^^^^^^^ help: remove the condition
[INFO] [stdout]     |
[INFO] [stdout]     = note: no expected values for `feature`
[INFO] [stdout]     = help: consider adding `mvcc` as a feature in `Cargo.toml`
[INFO] [stdout]     = note: see <https://doc.rust-lang.org/nightly/rustc/check-cfg/cargo-specifics.html> for more information about checking conditional configuration
[INFO] [stdout] 
[INFO] [stdout] 
[INFO] [stdout] warning: elided lifetime has a name
[INFO] [stdout]    --> src/common/src/crusty_graph.rs:178:78
[INFO] [stdout]     |
[INFO] [stdout] 178 |     pub fn node_references<'a>(&'a self) -> impl Iterator<Item = (NodeIndex, &Node<T>)> + 'a {
[INFO] [stdout]     |                            -- lifetime `'a` declared here                    ^ this elided lifetime gets resolved as `'a`
[INFO] [stdout]     |
[INFO] [stdout]     = note: `#[warn(elided_named_lifetimes)]` on by default
[INFO] [stdout] 
[INFO] [stdout] 
[INFO] [stdout] warning: elided lifetime has a name
[INFO] [stdout]    --> src/common/src/crusty_graph.rs:186:66
[INFO] [stdout]     |
[INFO] [stdout] 186 |     pub fn edge_references<'a>(&'a self) -> impl Iterator<Item = &Edge> + 'a {
[INFO] [stdout]     |                            -- lifetime `'a` declared here        ^ this elided lifetime gets resolved as `'a`
[INFO] [stdout] 
[INFO] [stdout] 
[INFO] [stdout] warning: elided lifetime has a name
[INFO] [stdout]    --> src/common/src/logical_plan/mod.rs:153:43
[INFO] [stdout]     |
[INFO] [stdout] 151 |     pub fn node_references<'a>(
[INFO] [stdout]     |                            -- lifetime `'a` declared here
[INFO] [stdout] 152 |         &'a self,
[INFO] [stdout] 153 |     ) -> impl Iterator<Item = (NodeIndex, &Node<LogicalOp>)> + 'a {
[INFO] [stdout]     |                                           ^ this elided lifetime gets resolved as `'a`
[INFO] [stdout] 
[INFO] [stdout] 
[INFO] [stdout] warning: elided lifetime has a name
[INFO] [stdout]    --> src/common/src/logical_plan/mod.rs:161:66
[INFO] [stdout]     |
[INFO] [stdout] 161 |     pub fn edge_references<'a>(&'a self) -> impl Iterator<Item = &Edge> + 'a {
[INFO] [stdout]     |                            -- lifetime `'a` declared here        ^ this elided lifetime gets resolved as `'a`
[INFO] [stdout] 
[INFO] [stdout] 
[INFO] [stderr]    Compiling heapstore v0.1.0 (/opt/rustwide/workdir/src/storage/heapstore)
[INFO] [stderr]    Compiling memstore v0.1.0 (/opt/rustwide/workdir/src/storage/memstore)
[INFO] [stderr]    Compiling txn_manager v0.1.0 (/opt/rustwide/workdir/src/txn_manager)
[INFO] [stderr]    Compiling cli-crusty v0.1.0 (/opt/rustwide/workdir/src/cli-crusty)
[INFO] [stderr]    Compiling storage v0.1.0 (/opt/rustwide/workdir/src/storage)
[INFO] [stderr]    Compiling index v0.1.0 (/opt/rustwide/workdir/src/index)
[INFO] [stderr]    Compiling queryexe v0.1.0 (/opt/rustwide/workdir/src/queryexe)
[INFO] [stderr]    Compiling optimizer v0.1.0 (/opt/rustwide/workdir/src/optimizer)
[INFO] [stderr]    Compiling server v0.1.0 (/opt/rustwide/workdir/src/server)
[INFO] [stdout] warning: fields `parser` and `optimizer` are never read
[INFO] [stdout]   --> src/server/src/conductor.rs:28:9
[INFO] [stdout]    |
[INFO] [stdout] 27 | pub struct Conductor {
[INFO] [stdout]    |            --------- fields in this struct
[INFO] [stdout] 28 |     pub parser: SQLParser,
[INFO] [stdout]    |         ^^^^^^
[INFO] [stdout] 29 |     pub optimizer: Optimizer,
[INFO] [stdout]    |         ^^^^^^^^^
[INFO] [stdout]    |
[INFO] [stdout]    = note: `#[warn(dead_code)]` on by default
[INFO] [stdout] 
[INFO] [stdout] 
[INFO] [stderr]     Finished `dev` profile [unoptimized + debuginfo] target(s) in 1m 01s
[INFO] running `Command { std: "docker" "inspect" "5904b87fdeb606aa57d9877678be1d384a80913e2ab14dc71ffcc8c99a33016a", kill_on_drop: false }`
[INFO] running `Command { std: "docker" "rm" "-f" "5904b87fdeb606aa57d9877678be1d384a80913e2ab14dc71ffcc8c99a33016a", kill_on_drop: false }`
[INFO] [stdout] 5904b87fdeb606aa57d9877678be1d384a80913e2ab14dc71ffcc8c99a33016a
[INFO] running `Command { std: "docker" "create" "-v" "/var/lib/crater-agent-workspace/builds/worker-3-tc2/target:/opt/rustwide/target:rw,Z" "-v" "/var/lib/crater-agent-workspace/builds/worker-3-tc2/source:/opt/rustwide/workdir:ro,Z" "-v" "/var/lib/crater-agent-workspace/cargo-home:/opt/rustwide/cargo-home:ro,Z" "-v" "/var/lib/crater-agent-workspace/rustup-home:/opt/rustwide/rustup-home:ro,Z" "-e" "SOURCE_DIR=/opt/rustwide/workdir" "-e" "CARGO_TARGET_DIR=/opt/rustwide/target" "-e" "CARGO_INCREMENTAL=0" "-e" "RUST_BACKTRACE=full" "-e" "RUSTFLAGS=--cap-lints=warn" "-e" "RUSTDOCFLAGS=--cap-lints=warn" "-e" "CARGO_HOME=/opt/rustwide/cargo-home" "-e" "RUSTUP_HOME=/opt/rustwide/rustup-home" "-w" "/opt/rustwide/workdir" "-m" "1610612736" "--user" "0:0" "--network" "none" "ghcr.io/rust-lang/crates-build-env/linux@sha256:f3a9d4ad9d972b27faf3965f35b62e55ba32bbce8f20bc8fe909558a86702fde" "/opt/rustwide/cargo-home/bin/cargo" "+beta-2024-12-08" "test" "--frozen" "--no-run" "--message-format=json", kill_on_drop: false }`
[INFO] [stdout] e388de34127547adcc10ac404ae4fddb7c7aa67775d97d66712a590e55bf3b4a
[INFO] running `Command { std: "docker" "start" "-a" "e388de34127547adcc10ac404ae4fddb7c7aa67775d97d66712a590e55bf3b4a", kill_on_drop: false }`
[INFO] [stderr]    Compiling serde v1.0.197
[INFO] [stderr]    Compiling num-traits v0.2.18
[INFO] [stderr]    Compiling crossbeam-utils v0.8.19
[INFO] [stderr]    Compiling rayon-core v1.12.1
[INFO] [stderr]    Compiling half v2.4.0
[INFO] [stderr]    Compiling plotters-backend v0.3.5
[INFO] [stderr]    Compiling ciborium-io v0.2.2
[INFO] [stderr]    Compiling itertools v0.10.5
[INFO] [stderr]    Compiling same-file v1.0.6
[INFO] [stderr]    Compiling cast v0.3.0
[INFO] [stderr]    Compiling anes v0.1.6
[INFO] [stderr]    Compiling oorandom v11.1.3
[INFO] [stderr]    Compiling plotters-svg v0.3.5
[INFO] [stderr]    Compiling walkdir v2.5.0
[INFO] [stderr]    Compiling ciborium-ll v0.2.2
[INFO] [stderr]    Compiling crossbeam-epoch v0.9.18
[INFO] [stderr]    Compiling crossbeam-deque v0.8.5
[INFO] [stderr]    Compiling chrono v0.4.34
[INFO] [stderr]    Compiling plotters v0.3.5
[INFO] [stderr]    Compiling criterion-plot v0.5.0
[INFO] [stderr]    Compiling rayon v1.9.0
[INFO] [stderr]    Compiling serde_json v1.0.114
[INFO] [stderr]    Compiling csv v1.3.0
[INFO] [stderr]    Compiling serde_cbor v0.11.2
[INFO] [stderr]    Compiling ciborium v0.2.2
[INFO] [stderr]    Compiling utilities v0.1.0 (/opt/rustwide/workdir/src/utilities)
[INFO] [stderr]    Compiling common v0.1.0 (/opt/rustwide/workdir/src/common)
[INFO] [stderr]    Compiling tinytemplate v1.2.1
[INFO] [stdout] warning: unexpected `cfg` condition value: `inlinecc`
[INFO] [stdout]    --> src/common/src/lib.rs:264:11
[INFO] [stdout]     |
[INFO] [stdout] 264 |     #[cfg(feature = "inlinecc")]
[INFO] [stdout]     |           ^^^^^^^^^^^^^^^^^^^^ help: remove the condition
[INFO] [stdout]     |
[INFO] [stdout]     = note: no expected values for `feature`
[INFO] [stdout]     = help: consider adding `inlinecc` as a feature in `Cargo.toml`
[INFO] [stdout]     = note: see <https://doc.rust-lang.org/nightly/rustc/check-cfg/cargo-specifics.html> for more information about checking conditional configuration
[INFO] [stdout]     = note: `#[warn(unexpected_cfgs)]` on by default
[INFO] [stdout] 
[INFO] [stdout] 
[INFO] [stdout] warning: unexpected `cfg` condition value: `mvcc`
[INFO] [stdout]    --> src/common/src/lib.rs:269:11
[INFO] [stdout]     |
[INFO] [stdout] 269 |     #[cfg(feature = "mvcc")]
[INFO] [stdout]     |           ^^^^^^^^^^^^^^^^ help: remove the condition
[INFO] [stdout]     |
[INFO] [stdout]     = note: no expected values for `feature`
[INFO] [stdout]     = help: consider adding `mvcc` as a feature in `Cargo.toml`
[INFO] [stdout]     = note: see <https://doc.rust-lang.org/nightly/rustc/check-cfg/cargo-specifics.html> for more information about checking conditional configuration
[INFO] [stdout] 
[INFO] [stdout] 
[INFO] [stdout] warning: unexpected `cfg` condition value: `mvcc`
[INFO] [stdout]    --> src/common/src/lib.rs:274:11
[INFO] [stdout]     |
[INFO] [stdout] 274 |     #[cfg(feature = "mvcc")]
[INFO] [stdout]     |           ^^^^^^^^^^^^^^^^ help: remove the condition
[INFO] [stdout]     |
[INFO] [stdout]     = note: no expected values for `feature`
[INFO] [stdout]     = help: consider adding `mvcc` as a feature in `Cargo.toml`
[INFO] [stdout]     = note: see <https://doc.rust-lang.org/nightly/rustc/check-cfg/cargo-specifics.html> for more information about checking conditional configuration
[INFO] [stdout] 
[INFO] [stdout] 
[INFO] [stdout] warning: unexpected `cfg` condition value: `mvcc`
[INFO] [stdout]    --> src/common/src/lib.rs:279:11
[INFO] [stdout]     |
[INFO] [stdout] 279 |     #[cfg(feature = "mvcc")]
[INFO] [stdout]     |           ^^^^^^^^^^^^^^^^ help: remove the condition
[INFO] [stdout]     |
[INFO] [stdout]     = note: no expected values for `feature`
[INFO] [stdout]     = help: consider adding `mvcc` as a feature in `Cargo.toml`
[INFO] [stdout]     = note: see <https://doc.rust-lang.org/nightly/rustc/check-cfg/cargo-specifics.html> for more information about checking conditional configuration
[INFO] [stdout] 
[INFO] [stdout] 
[INFO] [stdout] warning: elided lifetime has a name
[INFO] [stdout]    --> src/common/src/crusty_graph.rs:178:78
[INFO] [stdout]     |
[INFO] [stdout] 178 |     pub fn node_references<'a>(&'a self) -> impl Iterator<Item = (NodeIndex, &Node<T>)> + 'a {
[INFO] [stdout]     |                            -- lifetime `'a` declared here                    ^ this elided lifetime gets resolved as `'a`
[INFO] [stdout]     |
[INFO] [stdout]     = note: `#[warn(elided_named_lifetimes)]` on by default
[INFO] [stdout] 
[INFO] [stdout] 
[INFO] [stdout] warning: elided lifetime has a name
[INFO] [stdout]    --> src/common/src/crusty_graph.rs:186:66
[INFO] [stdout]     |
[INFO] [stdout] 186 |     pub fn edge_references<'a>(&'a self) -> impl Iterator<Item = &Edge> + 'a {
[INFO] [stdout]     |                            -- lifetime `'a` declared here        ^ this elided lifetime gets resolved as `'a`
[INFO] [stdout] 
[INFO] [stdout] 
[INFO] [stdout] warning: elided lifetime has a name
[INFO] [stdout]    --> src/common/src/logical_plan/mod.rs:153:43
[INFO] [stdout]     |
[INFO] [stdout] 151 |     pub fn node_references<'a>(
[INFO] [stdout]     |                            -- lifetime `'a` declared here
[INFO] [stdout] 152 |         &'a self,
[INFO] [stdout] 153 |     ) -> impl Iterator<Item = (NodeIndex, &Node<LogicalOp>)> + 'a {
[INFO] [stdout]     |                                           ^ this elided lifetime gets resolved as `'a`
[INFO] [stdout] 
[INFO] [stdout] 
[INFO] [stdout] warning: elided lifetime has a name
[INFO] [stdout]    --> src/common/src/logical_plan/mod.rs:161:66
[INFO] [stdout]     |
[INFO] [stdout] 161 |     pub fn edge_references<'a>(&'a self) -> impl Iterator<Item = &Edge> + 'a {
[INFO] [stdout]     |                            -- lifetime `'a` declared here        ^ this elided lifetime gets resolved as `'a`
[INFO] [stdout] 
[INFO] [stdout] 
[INFO] [stderr]    Compiling criterion v0.5.1
[INFO] [stdout] warning: unexpected `cfg` condition value: `inlinecc`
[INFO] [stdout]    --> src/common/src/lib.rs:264:11
[INFO] [stdout]     |
[INFO] [stdout] 264 |     #[cfg(feature = "inlinecc")]
[INFO] [stdout]     |           ^^^^^^^^^^^^^^^^^^^^ help: remove the condition
[INFO] [stdout]     |
[INFO] [stdout]     = note: no expected values for `feature`
[INFO] [stdout]     = help: consider adding `inlinecc` as a feature in `Cargo.toml`
[INFO] [stdout]     = note: see <https://doc.rust-lang.org/nightly/rustc/check-cfg/cargo-specifics.html> for more information about checking conditional configuration
[INFO] [stdout]     = note: `#[warn(unexpected_cfgs)]` on by default
[INFO] [stdout] 
[INFO] [stdout] 
[INFO] [stdout] warning: unexpected `cfg` condition value: `mvcc`
[INFO] [stdout]    --> src/common/src/lib.rs:269:11
[INFO] [stdout]     |
[INFO] [stdout] 269 |     #[cfg(feature = "mvcc")]
[INFO] [stdout]     |           ^^^^^^^^^^^^^^^^ help: remove the condition
[INFO] [stdout]     |
[INFO] [stdout]     = note: no expected values for `feature`
[INFO] [stdout]     = help: consider adding `mvcc` as a feature in `Cargo.toml`
[INFO] [stdout]     = note: see <https://doc.rust-lang.org/nightly/rustc/check-cfg/cargo-specifics.html> for more information about checking conditional configuration
[INFO] [stdout] 
[INFO] [stdout] 
[INFO] [stdout] warning: unexpected `cfg` condition value: `mvcc`
[INFO] [stdout]    --> src/common/src/lib.rs:274:11
[INFO] [stdout]     |
[INFO] [stdout] 274 |     #[cfg(feature = "mvcc")]
[INFO] [stdout]     |           ^^^^^^^^^^^^^^^^ help: remove the condition
[INFO] [stdout]     |
[INFO] [stdout]     = note: no expected values for `feature`
[INFO] [stdout]     = help: consider adding `mvcc` as a feature in `Cargo.toml`
[INFO] [stdout]     = note: see <https://doc.rust-lang.org/nightly/rustc/check-cfg/cargo-specifics.html> for more information about checking conditional configuration
[INFO] [stdout] 
[INFO] [stdout] 
[INFO] [stdout] warning: unexpected `cfg` condition value: `mvcc`
[INFO] [stdout]    --> src/common/src/lib.rs:279:11
[INFO] [stdout]     |
[INFO] [stdout] 279 |     #[cfg(feature = "mvcc")]
[INFO] [stdout]     |           ^^^^^^^^^^^^^^^^ help: remove the condition
[INFO] [stdout]     |
[INFO] [stdout]     = note: no expected values for `feature`
[INFO] [stdout]     = help: consider adding `mvcc` as a feature in `Cargo.toml`
[INFO] [stdout]     = note: see <https://doc.rust-lang.org/nightly/rustc/check-cfg/cargo-specifics.html> for more information about checking conditional configuration
[INFO] [stdout] 
[INFO] [stdout] 
[INFO] [stdout] warning: elided lifetime has a name
[INFO] [stdout]    --> src/common/src/crusty_graph.rs:178:78
[INFO] [stdout]     |
[INFO] [stdout] 178 |     pub fn node_references<'a>(&'a self) -> impl Iterator<Item = (NodeIndex, &Node<T>)> + 'a {
[INFO] [stdout]     |                            -- lifetime `'a` declared here                    ^ this elided lifetime gets resolved as `'a`
[INFO] [stdout]     |
[INFO] [stdout]     = note: `#[warn(elided_named_lifetimes)]` on by default
[INFO] [stdout] 
[INFO] [stdout] 
[INFO] [stdout] warning: elided lifetime has a name
[INFO] [stdout]    --> src/common/src/crusty_graph.rs:186:66
[INFO] [stdout]     |
[INFO] [stdout] 186 |     pub fn edge_references<'a>(&'a self) -> impl Iterator<Item = &Edge> + 'a {
[INFO] [stdout]     |                            -- lifetime `'a` declared here        ^ this elided lifetime gets resolved as `'a`
[INFO] [stdout] 
[INFO] [stdout] 
[INFO] [stdout] warning: elided lifetime has a name
[INFO] [stdout]    --> src/common/src/logical_plan/mod.rs:153:43
[INFO] [stdout]     |
[INFO] [stdout] 151 |     pub fn node_references<'a>(
[INFO] [stdout]     |                            -- lifetime `'a` declared here
[INFO] [stdout] 152 |         &'a self,
[INFO] [stdout] 153 |     ) -> impl Iterator<Item = (NodeIndex, &Node<LogicalOp>)> + 'a {
[INFO] [stdout]     |                                           ^ this elided lifetime gets resolved as `'a`
[INFO] [stdout] 
[INFO] [stdout] 
[INFO] [stdout] warning: elided lifetime has a name
[INFO] [stdout]    --> src/common/src/logical_plan/mod.rs:161:66
[INFO] [stdout]     |
[INFO] [stdout] 161 |     pub fn edge_references<'a>(&'a self) -> impl Iterator<Item = &Edge> + 'a {
[INFO] [stdout]     |                            -- lifetime `'a` declared here        ^ this elided lifetime gets resolved as `'a`
[INFO] [stdout] 
[INFO] [stdout] 
[INFO] [stderr]    Compiling heapstore v0.1.0 (/opt/rustwide/workdir/src/storage/heapstore)
[INFO] [stderr]    Compiling memstore v0.1.0 (/opt/rustwide/workdir/src/storage/memstore)
[INFO] [stderr]    Compiling txn_manager v0.1.0 (/opt/rustwide/workdir/src/txn_manager)
[INFO] [stderr]    Compiling cli-crusty v0.1.0 (/opt/rustwide/workdir/src/cli-crusty)
[INFO] [stderr]    Compiling storage v0.1.0 (/opt/rustwide/workdir/src/storage)
[INFO] [stderr]    Compiling index v0.1.0 (/opt/rustwide/workdir/src/index)
[INFO] [stderr]    Compiling queryexe v0.1.0 (/opt/rustwide/workdir/src/queryexe)
[INFO] [stderr]    Compiling optimizer v0.1.0 (/opt/rustwide/workdir/src/optimizer)
[INFO] [stderr]    Compiling server v0.1.0 (/opt/rustwide/workdir/src/server)
[INFO] [stdout] warning: fields `parser` and `optimizer` are never read
[INFO] [stdout]   --> src/server/src/conductor.rs:28:9
[INFO] [stdout]    |
[INFO] [stdout] 27 | pub struct Conductor {
[INFO] [stdout]    |            --------- fields in this struct
[INFO] [stdout] 28 |     pub parser: SQLParser,
[INFO] [stdout]    |         ^^^^^^
[INFO] [stdout] 29 |     pub optimizer: Optimizer,
[INFO] [stdout]    |         ^^^^^^^^^
[INFO] [stdout]    |
[INFO] [stdout]    = note: `#[warn(dead_code)]` on by default
[INFO] [stdout] 
[INFO] [stdout] 
[INFO] [stdout] warning: fields `parser` and `optimizer` are never read
[INFO] [stdout]   --> src/server/src/conductor.rs:28:9
[INFO] [stdout]    |
[INFO] [stdout] 27 | pub struct Conductor {
[INFO] [stdout]    |            --------- fields in this struct
[INFO] [stdout] 28 |     pub parser: SQLParser,
[INFO] [stdout]    |         ^^^^^^
[INFO] [stdout] 29 |     pub optimizer: Optimizer,
[INFO] [stdout]    |         ^^^^^^^^^
[INFO] [stdout]    |
[INFO] [stdout]    = note: `#[warn(dead_code)]` on by default
[INFO] [stdout] 
[INFO] [stdout] 
[INFO] [stderr]     Finished `test` profile [unoptimized + debuginfo] target(s) in 33.36s
[INFO] running `Command { std: "docker" "inspect" "e388de34127547adcc10ac404ae4fddb7c7aa67775d97d66712a590e55bf3b4a", kill_on_drop: false }`
[INFO] running `Command { std: "docker" "rm" "-f" "e388de34127547adcc10ac404ae4fddb7c7aa67775d97d66712a590e55bf3b4a", kill_on_drop: false }`
[INFO] [stdout] e388de34127547adcc10ac404ae4fddb7c7aa67775d97d66712a590e55bf3b4a
[INFO] running `Command { std: "docker" "create" "-v" "/var/lib/crater-agent-workspace/builds/worker-3-tc2/target:/opt/rustwide/target:rw,Z" "-v" "/var/lib/crater-agent-workspace/builds/worker-3-tc2/source:/opt/rustwide/workdir:ro,Z" "-v" "/var/lib/crater-agent-workspace/cargo-home:/opt/rustwide/cargo-home:ro,Z" "-v" "/var/lib/crater-agent-workspace/rustup-home:/opt/rustwide/rustup-home:ro,Z" "-e" "SOURCE_DIR=/opt/rustwide/workdir" "-e" "CARGO_TARGET_DIR=/opt/rustwide/target" "-e" "CARGO_INCREMENTAL=0" "-e" "RUST_BACKTRACE=full" "-e" "RUSTFLAGS=--cap-lints=warn" "-e" "RUSTDOCFLAGS=--cap-lints=warn" "-e" "CARGO_HOME=/opt/rustwide/cargo-home" "-e" "RUSTUP_HOME=/opt/rustwide/rustup-home" "-w" "/opt/rustwide/workdir" "-m" "1610612736" "--user" "0:0" "--network" "none" "ghcr.io/rust-lang/crates-build-env/linux@sha256:f3a9d4ad9d972b27faf3965f35b62e55ba32bbce8f20bc8fe909558a86702fde" "/opt/rustwide/cargo-home/bin/cargo" "+beta-2024-12-08" "test" "--frozen", kill_on_drop: false }`
[INFO] [stdout] 89991a2376e4357ffc8102e386206badc2f1e638102a5157b583d0567b1affb0
[INFO] running `Command { std: "docker" "start" "-a" "89991a2376e4357ffc8102e386206badc2f1e638102a5157b583d0567b1affb0", kill_on_drop: false }`
[INFO] [stderr] warning: unexpected `cfg` condition value: `inlinecc`
[INFO] [stderr]    --> src/common/src/lib.rs:264:11
[INFO] [stderr]     |
[INFO] [stderr] 264 |     #[cfg(feature = "inlinecc")]
[INFO] [stderr]     |           ^^^^^^^^^^^^^^^^^^^^ help: remove the condition
[INFO] [stderr]     |
[INFO] [stderr]     = note: no expected values for `feature`
[INFO] [stderr]     = help: consider adding `inlinecc` as a feature in `Cargo.toml`
[INFO] [stderr]     = note: see <https://doc.rust-lang.org/nightly/rustc/check-cfg/cargo-specifics.html> for more information about checking conditional configuration
[INFO] [stderr]     = note: `#[warn(unexpected_cfgs)]` on by default
[INFO] [stderr] 
[INFO] [stderr] warning: unexpected `cfg` condition value: `mvcc`
[INFO] [stderr]    --> src/common/src/lib.rs:269:11
[INFO] [stderr]     |
[INFO] [stderr] 269 |     #[cfg(feature = "mvcc")]
[INFO] [stderr]     |           ^^^^^^^^^^^^^^^^ help: remove the condition
[INFO] [stderr]     |
[INFO] [stderr]     = note: no expected values for `feature`
[INFO] [stderr]     = help: consider adding `mvcc` as a feature in `Cargo.toml`
[INFO] [stderr]     = note: see <https://doc.rust-lang.org/nightly/rustc/check-cfg/cargo-specifics.html> for more information about checking conditional configuration
[INFO] [stderr] 
[INFO] [stderr] warning: unexpected `cfg` condition value: `mvcc`
[INFO] [stderr]    --> src/common/src/lib.rs:274:11
[INFO] [stderr]     |
[INFO] [stderr] 274 |     #[cfg(feature = "mvcc")]
[INFO] [stderr]     |           ^^^^^^^^^^^^^^^^ help: remove the condition
[INFO] [stderr]     |
[INFO] [stderr]     = note: no expected values for `feature`
[INFO] [stderr]     = help: consider adding `mvcc` as a feature in `Cargo.toml`
[INFO] [stderr]     = note: see <https://doc.rust-lang.org/nightly/rustc/check-cfg/cargo-specifics.html> for more information about checking conditional configuration
[INFO] [stderr] 
[INFO] [stderr] warning: unexpected `cfg` condition value: `mvcc`
[INFO] [stderr]    --> src/common/src/lib.rs:279:11
[INFO] [stderr]     |
[INFO] [stderr] 279 |     #[cfg(feature = "mvcc")]
[INFO] [stderr]     |           ^^^^^^^^^^^^^^^^ help: remove the condition
[INFO] [stderr]     |
[INFO] [stderr]     = note: no expected values for `feature`
[INFO] [stderr]     = help: consider adding `mvcc` as a feature in `Cargo.toml`
[INFO] [stderr]     = note: see <https://doc.rust-lang.org/nightly/rustc/check-cfg/cargo-specifics.html> for more information about checking conditional configuration
[INFO] [stderr] 
[INFO] [stderr] warning: elided lifetime has a name
[INFO] [stderr]    --> src/common/src/crusty_graph.rs:178:78
[INFO] [stderr]     |
[INFO] [stderr] 178 |     pub fn node_references<'a>(&'a self) -> impl Iterator<Item = (NodeIndex, &Node<T>)> + 'a {
[INFO] [stderr]     |                            -- lifetime `'a` declared here                    ^ this elided lifetime gets resolved as `'a`
[INFO] [stderr]     |
[INFO] [stderr]     = note: `#[warn(elided_named_lifetimes)]` on by default
[INFO] [stderr] 
[INFO] [stderr] warning: elided lifetime has a name
[INFO] [stderr]    --> src/common/src/crusty_graph.rs:186:66
[INFO] [stderr]     |
[INFO] [stderr] 186 |     pub fn edge_references<'a>(&'a self) -> impl Iterator<Item = &Edge> + 'a {
[INFO] [stderr]     |                            -- lifetime `'a` declared here        ^ this elided lifetime gets resolved as `'a`
[INFO] [stderr] 
[INFO] [stderr] warning: elided lifetime has a name
[INFO] [stderr]    --> src/common/src/logical_plan/mod.rs:153:43
[INFO] [stderr]     |
[INFO] [stderr] 151 |     pub fn node_references<'a>(
[INFO] [stderr]     |                            -- lifetime `'a` declared here
[INFO] [stderr] 152 |         &'a self,
[INFO] [stderr] 153 |     ) -> impl Iterator<Item = (NodeIndex, &Node<LogicalOp>)> + 'a {
[INFO] [stderr]     |                                           ^ this elided lifetime gets resolved as `'a`
[INFO] [stderr] 
[INFO] [stderr] warning: elided lifetime has a name
[INFO] [stderr]    --> src/common/src/logical_plan/mod.rs:161:66
[INFO] [stderr]     |
[INFO] [stderr] 161 |     pub fn edge_references<'a>(&'a self) -> impl Iterator<Item = &Edge> + 'a {
[INFO] [stderr]     |                            -- lifetime `'a` declared here        ^ this elided lifetime gets resolved as `'a`
[INFO] [stderr] 
[INFO] [stderr] warning: `common` (lib) generated 8 warnings
[INFO] [stderr] warning: `common` (lib test) generated 8 warnings (8 duplicates)
[INFO] [stderr] warning: fields `parser` and `optimizer` are never read
[INFO] [stderr]   --> src/server/src/conductor.rs:28:9
[INFO] [stderr]    |
[INFO] [stderr] 27 | pub struct Conductor {
[INFO] [stderr]    |            --------- fields in this struct
[INFO] [stderr] 28 |     pub parser: SQLParser,
[INFO] [stderr]    |         ^^^^^^
[INFO] [stderr] 29 |     pub optimizer: Optimizer,
[INFO] [stderr]    |         ^^^^^^^^^
[INFO] [stderr]    |
[INFO] [stderr]    = note: `#[warn(dead_code)]` on by default
[INFO] [stderr] 
[INFO] [stderr] warning: `server` (lib) generated 1 warning
[INFO] [stderr] warning: `server` (lib test) generated 1 warning (1 duplicate)
[INFO] [stderr]     Finished `test` profile [unoptimized + debuginfo] target(s) in 0.15s
[INFO] [stderr]      Running unittests src/lib.rs (/opt/rustwide/target/debug/deps/cli_crusty-380b925186f81881)
[INFO] [stdout] 
[INFO] [stdout] running 0 tests
[INFO] [stdout] 
[INFO] [stdout] test result: ok. 0 passed; 0 failed; 0 ignored; 0 measured; 0 filtered out; finished in 0.00s
[INFO] [stdout] 
[INFO] [stderr]      Running unittests src/main.rs (/opt/rustwide/target/debug/deps/cli_crusty-ec70e8b5aa3c79b5)
[INFO] [stdout] 
[INFO] [stderr]      Running unittests src/lib.rs (/opt/rustwide/target/debug/deps/common-e150aca2a27a9d60)
[INFO] [stdout] running 0 tests
[INFO] [stdout] 
[INFO] [stdout] test result: ok. 0 passed; 0 failed; 0 ignored; 0 measured; 0 filtered out; finished in 0.00s
[INFO] [stdout] 
[INFO] [stdout] 
[INFO] [stdout] running 36 tests
[INFO] [stdout] test crusty_graph::test::add_node ... ok
[INFO] [stdout] test crusty_graph::test::all_reachable_from_node ... ok
[INFO] [stdout] test crusty_graph::test::edge_referneces ... ok
[INFO] [stdout] test crusty_graph::test::node ... ok
[INFO] [stdout] test crusty_graph::test::edges ... ok
[INFO] [stdout] test crusty_graph::test::node_count ... ok
[INFO] [stdout] test crusty_graph::test::edge_count ... ok
[INFO] [stdout] test crusty_graph::test::node_references ... ok
[INFO] [stdout] test libtests::test_tuple_bytes ... ok
[INFO] [stdout] test logical_plan::test::test_add_two_edges ... ok
[INFO] [stdout] test crusty_graph::test::add_edge ... ok
[INFO] [stdout] test logical_plan::test::test_all_reachable_from_root ... ok
[INFO] [stdout] test logical_plan::test::test_cycle_free ... ok
[INFO] [stdout] test crusty_graph::test::topological_order ... ok
[INFO] [stdout] test libtests::test_decimal_field ... ok
[INFO] [stdout] test logical_plan::test::test_edges ... ok
[INFO] [stdout] test logical_plan::test::test_get_operator ... ok
[INFO] [stdout] test crusty_graph::test::cycle_free ... ok
[INFO] [stdout] test logical_plan::test::test_json ... ok
[INFO] [stdout] test logical_plan::test::test_new ... ok
[INFO] [stdout] test physical_plan::test::test_add_node ... ok
[INFO] [stdout] test logical_plan::test::test_add_node ... ok
[INFO] [stdout] test physical_plan::test::test_add_two_edges ... ok
[INFO] [stdout] test physical_plan::test::test_cycle_free ... ok
[INFO] [stdout] test physical_plan::test::test_edges ... ok
[INFO] [stdout] test physical_plan::test::test_get_container_id ... ok
[INFO] [stdout] test physical_plan::test::test_get_operator ... ok
[INFO] [stdout] test physical_plan::test::test_json ... ok
[INFO] [stdout] test physical_plan::test::test_new ... ok
[INFO] [stdout] test testutil::test::test_uniform_range ... ok
[INFO] [stdout] test logical_plan::test::test_add_edge ... ok
[INFO] [stdout] test testutil::test::test_uniform_strings ... ok
[INFO] [stdout] test testutil::test::test_uniform_ints ... ok
[INFO] [stdout] test testutil::test::test_ascd_random_vec_bytes ... ok
[INFO] [stdout] test testutil::test::test_tuple_gen ... ok
[INFO] [stdout] test testutil::test::test_random_vec_bytes ... ok
[INFO] [stderr]      Running unittests src/lib.rs (/opt/rustwide/target/debug/deps/heapstore-d12e111d4d62ca18)
[INFO] [stdout] 
[INFO] [stdout] test result: ok. 36 passed; 0 failed; 0 ignored; 0 measured; 0 filtered out; finished in 1.12s
[INFO] [stdout] 
[INFO] [stdout] 
[INFO] [stdout] running 24 tests
[INFO] [stdout] test heap_page::tests::hs_page_debug_insert ... ok
[INFO] [stdout] test heap_page::tests::hs_page_get_value ... ok
[INFO] [stdout] test heap_page::tests::hs_page_delete_insert ... ok
[INFO] [stdout] test heap_page::tests::hs_page_header_size_small ... ok
[INFO] [stdout] test heap_page::tests::hs_page_simple_delete ... ok
[INFO] [stdout] test heap_page::tests::hs_page_iter ... ok
[INFO] [stdout] test heap_page::tests::hs_page_no_space ... ok
[INFO] [stdout] test heap_page::tests::hs_page_test_delete_reclaim_same_size ... ok
[INFO] [stdout] test storage_manager::test::hs_sm_b_iter_large ... ignored
[INFO] [stdout] test heap_page::tests::hs_page_serialization_is_deterministic ... ok
[INFO] [stdout] test heap_page::tests::hs_page_test_delete_reclaim_smaller_size ... ok
[INFO] [stdout] test heap_page::tests::hs_page_simple_byte_serialize ... ok
[INFO] [stdout] test heap_page::tests::hs_page_simple_insert ... ok
[INFO] [stdout] test heap_page::tests::hs_page_size ... ok
[INFO] [stdout] test heap_page::tests::hs_page_sizes_header_free_space ... ok
[INFO] [stdout] test heap_page::tests::hs_page_space ... ok
[INFO] [stdout] test page::tests::hs_page_create_basic ... ok
[INFO] [stdout] test heap_page::tests::hs_page_test_delete_reclaim_larger_size ... ok
[INFO] [stdout] test heap_page::tests::hs_page_test_multi_ser ... ok
[INFO] [stdout] test heap_page::tests::hs_page_header_size_full ... ok
[INFO] [stdout] test storage_manager::test::hs_sm_b_iter_small ... FAILED
[INFO] [stdout] test heapfile::test::hs_hf_insert ... FAILED
[INFO] [stdout] test storage_manager::test::hs_sm_a_insert ... FAILED
[INFO] [stdout] test heap_page::tests::hs_page_stress_test ... ok
[INFO] [stdout] 
[INFO] [stdout] failures:
[INFO] [stdout] 
[INFO] [stdout] ---- storage_manager::test::hs_sm_b_iter_small stdout ----
[INFO] [stdout] thread 'storage_manager::test::hs_sm_b_iter_small' panicked at src/storage/heapstore/src/storage_manager.rs:78:43:
[INFO] [stdout] called `Option::unwrap()` on a `None` value
[INFO] [stdout] stack backtrace:
[INFO] [stdout]    0:     0x58422a629e6a - std::backtrace_rs::backtrace::libunwind::trace::h8810477743020387
[INFO] [stdout]                                at /rustc/202008a1b8de96d2e5b6bc02d379db03a877d34d/library/std/src/../../backtrace/src/backtrace/libunwind.rs:116:5
[INFO] [stdout]    1:     0x58422a629e6a - std::backtrace_rs::backtrace::trace_unsynchronized::h3aa55355dd6c54a6
[INFO] [stdout]                                at /rustc/202008a1b8de96d2e5b6bc02d379db03a877d34d/library/std/src/../../backtrace/src/backtrace/mod.rs:66:5
[INFO] [stdout]    2:     0x58422a629e6a - std::sys::backtrace::_print_fmt::h8588b0f62410823f
[INFO] [stdout]                                at /rustc/202008a1b8de96d2e5b6bc02d379db03a877d34d/library/std/src/sys/backtrace.rs:66:9
[INFO] [stdout]    3:     0x58422a629e6a - <std::sys::backtrace::BacktraceLock::print::DisplayBacktrace as core::fmt::Display>::fmt::h98c26ac25ffe89bb
[INFO] [stdout]                                at /rustc/202008a1b8de96d2e5b6bc02d379db03a877d34d/library/std/src/sys/backtrace.rs:39:26
[INFO] [stdout]    4:     0x58422a650ea3 - core::fmt::rt::Argument::fmt::hf95377f4aebd453b
[INFO] [stdout]                                at /rustc/202008a1b8de96d2e5b6bc02d379db03a877d34d/library/core/src/fmt/rt.rs:177:76
[INFO] [stdout]    5:     0x58422a650ea3 - core::fmt::write::h0dd5f6e2238c7982
[INFO] [stdout]                                at /rustc/202008a1b8de96d2e5b6bc02d379db03a877d34d/library/core/src/fmt/mod.rs:1189:21
[INFO] [stdout]    6:     0x58422a626d23 - std::io::Write::write_fmt::h03bb0ca26e6faf8c
[INFO] [stdout]                                at /rustc/202008a1b8de96d2e5b6bc02d379db03a877d34d/library/std/src/io/mod.rs:1884:15
[INFO] [stdout]    7:     0x58422a629cb2 - std::sys::backtrace::BacktraceLock::print::h5c19c1c038ee186d
[INFO] [stdout]                                at /rustc/202008a1b8de96d2e5b6bc02d379db03a877d34d/library/std/src/sys/backtrace.rs:42:9
[INFO] [stdout]    8:     0x58422a62b2ed - std::panicking::default_hook::{{closure}}::h77172f079a1fcb13
[INFO] [stdout]                                at /rustc/202008a1b8de96d2e5b6bc02d379db03a877d34d/library/std/src/panicking.rs:268:22
[INFO] [stdout]    9:     0x58422a62b0f7 - std::panicking::default_hook::he5f8e3b203ccddba
[INFO] [stdout]                                at /rustc/202008a1b8de96d2e5b6bc02d379db03a877d34d/library/std/src/panicking.rs:292:9
[INFO] [stdout]   10:     0x58422a2746d7 - <alloc::boxed::Box<F,A> as core::ops::function::Fn<Args>>::call::h7a3c7b4a1ae77f2f
[INFO] [stdout]                                at /rustc/202008a1b8de96d2e5b6bc02d379db03a877d34d/library/alloc/src/boxed.rs:1986:9
[INFO] [stdout]   11:     0x58422a2746d7 - test::test_main::{{closure}}::hf0d3b69ae9b353d1
[INFO] [stdout]                                at /rustc/202008a1b8de96d2e5b6bc02d379db03a877d34d/library/test/src/lib.rs:134:21
[INFO] [stdout]   12:     0x58422a62b998 - <alloc::boxed::Box<F,A> as core::ops::function::Fn<Args>>::call::h6332e82e7b189abd
[INFO] [stdout]                                at /rustc/202008a1b8de96d2e5b6bc02d379db03a877d34d/library/alloc/src/boxed.rs:1986:9
[INFO] [stdout]   13:     0x58422a62b998 - std::panicking::rust_panic_with_hook::h53863d4e9018df39
[INFO] [stdout]                                at /rustc/202008a1b8de96d2e5b6bc02d379db03a877d34d/library/std/src/panicking.rs:809:13
[INFO] [stdout]   14:     0x58422a62b726 - std::panicking::begin_panic_handler::{{closure}}::h67280e6fa0757873
[INFO] [stdout]                                at /rustc/202008a1b8de96d2e5b6bc02d379db03a877d34d/library/std/src/panicking.rs:667:13
[INFO] [stdout]   15:     0x58422a62a349 - std::sys::backtrace::__rust_end_short_backtrace::h1dac3f54d6fbbeb2
[INFO] [stdout]                                at /rustc/202008a1b8de96d2e5b6bc02d379db03a877d34d/library/std/src/sys/backtrace.rs:170:18
[INFO] [stdout]   16:     0x58422a62b3ec - rust_begin_unwind
[INFO] [stdout]                                at /rustc/202008a1b8de96d2e5b6bc02d379db03a877d34d/library/std/src/panicking.rs:665:5
[INFO] [stdout]   17:     0x58422a2092a0 - core::panicking::panic_fmt::h6792bd1b2bf01041
[INFO] [stdout]                                at /rustc/202008a1b8de96d2e5b6bc02d379db03a877d34d/library/core/src/panicking.rs:76:14
[INFO] [stdout]   18:     0x58422a20932c - core::panicking::panic::hbb5c236a846c507c
[INFO] [stdout]                                at /rustc/202008a1b8de96d2e5b6bc02d379db03a877d34d/library/core/src/panicking.rs:148:5
[INFO] [stdout]   19:     0x58422a209219 - core::option::unwrap_failed::hc5b7b0e3b50bafe9
[INFO] [stdout]                                at /rustc/202008a1b8de96d2e5b6bc02d379db03a877d34d/library/core/src/option.rs:2009:5
[INFO] [stdout]   20:     0x58422a23275d - core::option::Option<T>::unwrap::h9595a9565ea6694c
[INFO] [stdout]                                at /rustc/202008a1b8de96d2e5b6bc02d379db03a877d34d/library/core/src/option.rs:972:21
[INFO] [stdout]   21:     0x58422a23275d - heapstore::storage_manager::StorageManager::get_num_pages::h20d4d16796d36774
[INFO] [stdout]                                at /opt/rustwide/workdir/src/storage/heapstore/src/storage_manager.rs:78:18
[INFO] [stdout]   22:     0x58422a232c10 - <heapstore::storage_manager::StorageManager as common::storage_trait::StorageTrait>::insert_value::h35839269c8cc450f
[INFO] [stdout]                                at /opt/rustwide/workdir/src/storage/heapstore/src/storage_manager.rs:195:25
[INFO] [stdout]   23:     0x58422a22c810 - heapstore::storage_manager::test::hs_sm_b_iter_small::h4b173155299b971c
[INFO] [stdout]                                at /opt/rustwide/workdir/src/storage/heapstore/src/storage_manager.rs:527:13
[INFO] [stdout]   24:     0x58422a22b8a7 - heapstore::storage_manager::test::hs_sm_b_iter_small::{{closure}}::hb91bd0d5e16d3bdc
[INFO] [stdout]                                at /opt/rustwide/workdir/src/storage/heapstore/src/storage_manager.rs:513:28
[INFO] [stdout]   25:     0x58422a228bb6 - core::ops::function::FnOnce::call_once::h9400790079134e60
[INFO] [stdout]                                at /rustc/202008a1b8de96d2e5b6bc02d379db03a877d34d/library/core/src/ops/function.rs:250:5
[INFO] [stdout]   26:     0x58422a2791fb - core::ops::function::FnOnce::call_once::h871bf86719ec9aa4
[INFO] [stdout]                                at /rustc/202008a1b8de96d2e5b6bc02d379db03a877d34d/library/core/src/ops/function.rs:250:5
[INFO] [stdout]   27:     0x58422a2791fb - test::__rust_begin_short_backtrace::h2167df1e2b7d76fd
[INFO] [stdout]                                at /rustc/202008a1b8de96d2e5b6bc02d379db03a877d34d/library/test/src/lib.rs:632:18
[INFO] [stdout]   28:     0x58422a278be8 - test::run_test_in_process::{{closure}}::h15d92f75a3adfb79
[INFO] [stdout]                                at /rustc/202008a1b8de96d2e5b6bc02d379db03a877d34d/library/test/src/lib.rs:655:60
[INFO] [stdout]   29:     0x58422a278be8 - <core::panic::unwind_safe::AssertUnwindSafe<F> as core::ops::function::FnOnce<()>>::call_once::hb6c8955835a8dbbb
[INFO] [stdout]                                at /rustc/202008a1b8de96d2e5b6bc02d379db03a877d34d/library/core/src/panic/unwind_safe.rs:272:9
[INFO] [stdout]   30:     0x58422a278be8 - std::panicking::try::do_call::hc79d0fc888a0bd30
[INFO] [stdout]                                at /rustc/202008a1b8de96d2e5b6bc02d379db03a877d34d/library/std/src/panicking.rs:557:40
[INFO] [stdout]   31:     0x58422a278be8 - std::panicking::try::hb8a7878e3a8589d6
[INFO] [stdout]                                at /rustc/202008a1b8de96d2e5b6bc02d379db03a877d34d/library/std/src/panicking.rs:520:19
[INFO] [stdout]   32:     0x58422a278be8 - std::panic::catch_unwind::hb8e4600ff0ff5cfa
[INFO] [stdout]                                at /rustc/202008a1b8de96d2e5b6bc02d379db03a877d34d/library/std/src/panic.rs:358:14
[INFO] [stdout]   33:     0x58422a278be8 - test::run_test_in_process::hc2900b0b18688dd6
[INFO] [stdout]                                at /rustc/202008a1b8de96d2e5b6bc02d379db03a877d34d/library/test/src/lib.rs:655:27
[INFO] [stdout]   34:     0x58422a278be8 - test::run_test::{{closure}}::hac2a9cb07be3d48d
[INFO] [stdout]                                at /rustc/202008a1b8de96d2e5b6bc02d379db03a877d34d/library/test/src/lib.rs:576:43
[INFO] [stdout]   35:     0x58422a23c68a - test::run_test::{{closure}}::h4a5b729e66a38cd8
[INFO] [stdout]                                at /rustc/202008a1b8de96d2e5b6bc02d379db03a877d34d/library/test/src/lib.rs:606:41
[INFO] [stdout]   36:     0x58422a23c68a - std::sys::backtrace::__rust_begin_short_backtrace::h0496fb742492f573
[INFO] [stdout]                                at /rustc/202008a1b8de96d2e5b6bc02d379db03a877d34d/library/std/src/sys/backtrace.rs:154:18
[INFO] [stdout]   37:     0x58422a240004 - std::thread::Builder::spawn_unchecked_::{{closure}}::{{closure}}::hbb6d257c550a54bd
[INFO] [stdout]                                at /rustc/202008a1b8de96d2e5b6bc02d379db03a877d34d/library/std/src/thread/mod.rs:561:17
[INFO] [stdout]   38:     0x58422a240004 - <core::panic::unwind_safe::AssertUnwindSafe<F> as core::ops::function::FnOnce<()>>::call_once::h46696fe4a6832328
[INFO] [stdout]                                at /rustc/202008a1b8de96d2e5b6bc02d379db03a877d34d/library/core/src/panic/unwind_safe.rs:272:9
[INFO] [stdout]   39:     0x58422a240004 - std::panicking::try::do_call::h2625a51b667bfb64
[INFO] [stdout]                                at /rustc/202008a1b8de96d2e5b6bc02d379db03a877d34d/library/std/src/panicking.rs:557:40
[INFO] [stdout]   40:     0x58422a240004 - std::panicking::try::hb956a59a1973aa4c
[INFO] [stdout]                                at /rustc/202008a1b8de96d2e5b6bc02d379db03a877d34d/library/std/src/panicking.rs:520:19
[INFO] [stdout]   41:     0x58422a240004 - std::panic::catch_unwind::h64f3b9d1067ef6a0
[INFO] [stdout]                                at /rustc/202008a1b8de96d2e5b6bc02d379db03a877d34d/library/std/src/panic.rs:358:14
[INFO] [stdout]   42:     0x58422a240004 - std::thread::Builder::spawn_unchecked_::{{closure}}::h42b2841295b6c0b2
[INFO] [stdout]                                at /rustc/202008a1b8de96d2e5b6bc02d379db03a877d34d/library/std/src/thread/mod.rs:559:30
[INFO] [stdout]   43:     0x58422a240004 - core::ops::function::FnOnce::call_once{{vtable.shim}}::h6127de71b8124639
[INFO] [stdout]                                at /rustc/202008a1b8de96d2e5b6bc02d379db03a877d34d/library/core/src/ops/function.rs:250:5
[INFO] [stdout]   44:     0x58422a63037b - <alloc::boxed::Box<F,A> as core::ops::function::FnOnce<Args>>::call_once::h42f0ba71002a1b2c
[INFO] [stdout]                                at /rustc/202008a1b8de96d2e5b6bc02d379db03a877d34d/library/alloc/src/boxed.rs:1972:9
[INFO] [stdout]   45:     0x58422a63037b - <alloc::boxed::Box<F,A> as core::ops::function::FnOnce<Args>>::call_once::had9e47d7a3dcecb8
[INFO] [stdout]                                at /rustc/202008a1b8de96d2e5b6bc02d379db03a877d34d/library/alloc/src/boxed.rs:1972:9
[INFO] [stdout]   46:     0x58422a63037b - std::sys::pal::unix::thread::Thread::new::thread_start::h48cf765408f6f5f2
[INFO] [stdout]                                at /rustc/202008a1b8de96d2e5b6bc02d379db03a877d34d/library/std/src/sys/pal/unix/thread.rs:105:17
[INFO] [stdout]   47:     0x76b3332a6ac3 - <unknown>
[INFO] [stdout]   48:     0x76b333337a04 - clone
[INFO] [stdout]   49:                0x0 - <unknown>
[INFO] [stdout] Error on removing temp dir No such file or directory (os error 2)
[INFO] [stdout] 
[INFO] [stdout] ---- heapfile::test::hs_hf_insert stdout ----
[INFO] [stdout] thread 'heapfile::test::hs_hf_insert' panicked at /opt/rustwide/cargo-home/registry/src/index.crates.io-6f17d22bba15001f/temp_testdir-0.2.3/src/lib.rs:64:46:
[INFO] [stdout] Should create the parent dir: Os { code: 30, kind: ReadOnlyFilesystem, message: "Read-only file system" }
[INFO] [stdout] stack backtrace:
[INFO] [stdout]    0:     0x58422a629e6a - std::backtrace_rs::backtrace::libunwind::trace::h8810477743020387
[INFO] [stdout]                                at /rustc/202008a1b8de96d2e5b6bc02d379db03a877d34d/library/std/src/../../backtrace/src/backtrace/libunwind.rs:116:5
[INFO] [stdout]    1:     0x58422a629e6a - std::backtrace_rs::backtrace::trace_unsynchronized::h3aa55355dd6c54a6
[INFO] [stdout]                                at /rustc/202008a1b8de96d2e5b6bc02d379db03a877d34d/library/std/src/../../backtrace/src/backtrace/mod.rs:66:5
[INFO] [stdout]    2:     0x58422a629e6a - std::sys::backtrace::_print_fmt::h8588b0f62410823f
[INFO] [stdout]                                at /rustc/202008a1b8de96d2e5b6bc02d379db03a877d34d/library/std/src/sys/backtrace.rs:66:9
[INFO] [stdout]    3:     0x58422a629e6a - <std::sys::backtrace::BacktraceLock::print::DisplayBacktrace as core::fmt::Display>::fmt::h98c26ac25ffe89bb
[INFO] [stdout]                                at /rustc/202008a1b8de96d2e5b6bc02d379db03a877d34d/library/std/src/sys/backtrace.rs:39:26
[INFO] [stdout]    4:     0x58422a650ea3 - core::fmt::rt::Argument::fmt::hf95377f4aebd453b
[INFO] [stdout]                                at /rustc/202008a1b8de96d2e5b6bc02d379db03a877d34d/library/core/src/fmt/rt.rs:177:76
[INFO] [stdout]    5:     0x58422a650ea3 - core::fmt::write::h0dd5f6e2238c7982
[INFO] [stdout]                                at /rustc/202008a1b8de96d2e5b6bc02d379db03a877d34d/library/core/src/fmt/mod.rs:1189:21
[INFO] [stdout]    6:     0x58422a626d23 - std::io::Write::write_fmt::h03bb0ca26e6faf8c
[INFO] [stdout]                                at /rustc/202008a1b8de96d2e5b6bc02d379db03a877d34d/library/std/src/io/mod.rs:1884:15
[INFO] [stdout]    7:     0x58422a629cb2 - std::sys::backtrace::BacktraceLock::print::h5c19c1c038ee186d
[INFO] [stdout]                                at /rustc/202008a1b8de96d2e5b6bc02d379db03a877d34d/library/std/src/sys/backtrace.rs:42:9
[INFO] [stdout]    8:     0x58422a62b2ed - std::panicking::default_hook::{{closure}}::h77172f079a1fcb13
[INFO] [stdout]                                at /rustc/202008a1b8de96d2e5b6bc02d379db03a877d34d/library/std/src/panicking.rs:268:22
[INFO] [stdout]    9:     0x58422a62b0f7 - std::panicking::default_hook::he5f8e3b203ccddba
[INFO] [stdout]                                at /rustc/202008a1b8de96d2e5b6bc02d379db03a877d34d/library/std/src/panicking.rs:292:9
[INFO] [stdout]   10:     0x58422a2746d7 - <alloc::boxed::Box<F,A> as core::ops::function::Fn<Args>>::call::h7a3c7b4a1ae77f2f
[INFO] [stdout]                                at /rustc/202008a1b8de96d2e5b6bc02d379db03a877d34d/library/alloc/src/boxed.rs:1986:9
[INFO] [stdout]   11:     0x58422a2746d7 - test::test_main::{{closure}}::hf0d3b69ae9b353d1
[INFO] [stdout]                                at /rustc/202008a1b8de96d2e5b6bc02d379db03a877d34d/library/test/src/lib.rs:134:21
[INFO] [stdout]   12:     0x58422a62b998 - <alloc::boxed::Box<F,A> as core::ops::function::Fn<Args>>::call::h6332e82e7b189abd
[INFO] [stdout]                                at /rustc/202008a1b8de96d2e5b6bc02d379db03a877d34d/library/alloc/src/boxed.rs:1986:9
[INFO] [stdout]   13:     0x58422a62b998 - std::panicking::rust_panic_with_hook::h53863d4e9018df39
[INFO] [stdout]                                at /rustc/202008a1b8de96d2e5b6bc02d379db03a877d34d/library/std/src/panicking.rs:809:13
[INFO] [stdout]   14:     0x58422a62b75a - std::panicking::begin_panic_handler::{{closure}}::h67280e6fa0757873
[INFO] [stdout]                                at /rustc/202008a1b8de96d2e5b6bc02d379db03a877d34d/library/std/src/panicking.rs:674:13
[INFO] [stdout]   15:     0x58422a62a349 - std::sys::backtrace::__rust_end_short_backtrace::h1dac3f54d6fbbeb2
[INFO] [stdout]                                at /rustc/202008a1b8de96d2e5b6bc02d379db03a877d34d/library/std/src/sys/backtrace.rs:170:18
[INFO] [stdout]   16:     0x58422a62b3ec - rust_begin_unwind
[INFO] [stdout]                                at /rustc/202008a1b8de96d2e5b6bc02d379db03a877d34d/library/std/src/panicking.rs:665:5
[INFO] [stdout]   17:     0x58422a2092a0 - core::panicking::panic_fmt::h6792bd1b2bf01041
[INFO] [stdout]                                at /rustc/202008a1b8de96d2e5b6bc02d379db03a877d34d/library/core/src/panicking.rs:76:14
[INFO] [stdout]   18:     0x58422a209726 - core::result::unwrap_failed::h05e0602ed34287c5
[INFO] [stdout]                                at /rustc/202008a1b8de96d2e5b6bc02d379db03a877d34d/library/core/src/result.rs:1699:5
[INFO] [stdout]   19:     0x58422a28162f - core::result::Result<T,E>::expect::hd0a421c37cc69994
[INFO] [stdout]                                at /rustc/202008a1b8de96d2e5b6bc02d379db03a877d34d/library/core/src/result.rs:1061:23
[INFO] [stdout]   20:     0x58422a2826d3 - temp_testdir::TempDir::create_root::h6e933a27e912b6f4
[INFO] [stdout]                                at /opt/rustwide/cargo-home/registry/src/index.crates.io-6f17d22bba15001f/temp_testdir-0.2.3/src/lib.rs:64:13
[INFO] [stdout]   21:     0x58422a282376 - temp_testdir::TempDir::new::hc9b5d9c39c8a30c4
[INFO] [stdout]                                at /opt/rustwide/cargo-home/registry/src/index.crates.io-6f17d22bba15001f/temp_testdir-0.2.3/src/lib.rs:48:9
[INFO] [stdout]   22:     0x58422a23696d - heapstore::heapfile::test::hs_hf_insert::hd8794a5a001f9dd5
[INFO] [stdout]                                at /opt/rustwide/workdir/src/storage/heapstore/src/heapfile.rs:157:20
[INFO] [stdout]   23:     0x58422a2368e7 - heapstore::heapfile::test::hs_hf_insert::{{closure}}::he8385adb2b57f3b1
[INFO] [stdout]                                at /opt/rustwide/workdir/src/storage/heapstore/src/heapfile.rs:152:22
[INFO] [stdout]   24:     0x58422a228c76 - core::ops::function::FnOnce::call_once::ha6e6aff375cad108
[INFO] [stdout]                                at /rustc/202008a1b8de96d2e5b6bc02d379db03a877d34d/library/core/src/ops/function.rs:250:5
[INFO] [stdout]   25:     0x58422a2791fb - core::ops::function::FnOnce::call_once::h871bf86719ec9aa4
[INFO] [stdout]                                at /rustc/202008a1b8de96d2e5b6bc02d379db03a877d34d/library/core/src/ops/function.rs:250:5
[INFO] [stdout]   26:     0x58422a2791fb - test::__rust_begin_short_backtrace::h2167df1e2b7d76fd
[INFO] [stdout]                                at /rustc/202008a1b8de96d2e5b6bc02d379db03a877d34d/library/test/src/lib.rs:632:18
[INFO] [stdout]   27:     0x58422a278be8 - test::run_test_in_process::{{closure}}::h15d92f75a3adfb79
[INFO] [stdout]                                at /rustc/202008a1b8de96d2e5b6bc02d379db03a877d34d/library/test/src/lib.rs:655:60
[INFO] [stdout]   28:     0x58422a278be8 - <core::panic::unwind_safe::AssertUnwindSafe<F> as core::ops::function::FnOnce<()>>::call_once::hb6c8955835a8dbbb
[INFO] [stdout]                                at /rustc/202008a1b8de96d2e5b6bc02d379db03a877d34d/library/core/src/panic/unwind_safe.rs:272:9
[INFO] [stdout]   29:     0x58422a278be8 - std::panicking::try::do_call::hc79d0fc888a0bd30
[INFO] [stdout]                                at /rustc/202008a1b8de96d2e5b6bc02d379db03a877d34d/library/std/src/panicking.rs:557:40
[INFO] [stdout]   30:     0x58422a278be8 - std::panicking::try::hb8a7878e3a8589d6
[INFO] [stdout]                                at /rustc/202008a1b8de96d2e5b6bc02d379db03a877d34d/library/std/src/panicking.rs:520:19
[INFO] [stdout]   31:     0x58422a278be8 - std::panic::catch_unwind::hb8e4600ff0ff5cfa
[INFO] [stdout]                                at /rustc/202008a1b8de96d2e5b6bc02d379db03a877d34d/library/std/src/panic.rs:358:14
[INFO] [stdout]   32:     0x58422a278be8 - test::run_test_in_process::hc2900b0b18688dd6
[INFO] [stdout]                                at /rustc/202008a1b8de96d2e5b6bc02d379db03a877d34d/library/test/src/lib.rs:655:27
[INFO] [stdout]   33:     0x58422a278be8 - test::run_test::{{closure}}::hac2a9cb07be3d48d
[INFO] [stdout]                                at /rustc/202008a1b8de96d2e5b6bc02d379db03a877d34d/library/test/src/lib.rs:576:43
[INFO] [stdout]   34:     0x58422a23c68a - test::run_test::{{closure}}::h4a5b729e66a38cd8
[INFO] [stdout]                                at /rustc/202008a1b8de96d2e5b6bc02d379db03a877d34d/library/test/src/lib.rs:606:41
[INFO] [stdout]   35:     0x58422a23c68a - std::sys::backtrace::__rust_begin_short_backtrace::h0496fb742492f573
[INFO] [stdout]                                at /rustc/202008a1b8de96d2e5b6bc02d379db03a877d34d/library/std/src/sys/backtrace.rs:154:18
[INFO] [stdout]   36:     0x58422a240004 - std::thread::Builder::spawn_unchecked_::{{closure}}::{{closure}}::hbb6d257c550a54bd
[INFO] [stdout]                                at /rustc/202008a1b8de96d2e5b6bc02d379db03a877d34d/library/std/src/thread/mod.rs:561:17
[INFO] [stdout]   37:     0x58422a240004 - <core::panic::unwind_safe::AssertUnwindSafe<F> as core::ops::function::FnOnce<()>>::call_once::h46696fe4a6832328
[INFO] [stdout]                                at /rustc/202008a1b8de96d2e5b6bc02d379db03a877d34d/library/core/src/panic/unwind_safe.rs:272:9
[INFO] [stdout]   38:     0x58422a240004 - std::panicking::try::do_call::h2625a51b667bfb64
[INFO] [stdout]                                at /rustc/202008a1b8de96d2e5b6bc02d379db03a877d34d/library/std/src/panicking.rs:557:40
[INFO] [stdout]   39:     0x58422a240004 - std::panicking::try::hb956a59a1973aa4c
[INFO] [stdout]                                at /rustc/202008a1b8de96d2e5b6bc02d379db03a877d34d/library/std/src/panicking.rs:520:19
[INFO] [stdout]   40:     0x58422a240004 - std::panic::catch_unwind::h64f3b9d1067ef6a0
[INFO] [stdout]                                at /rustc/202008a1b8de96d2e5b6bc02d379db03a877d34d/library/std/src/panic.rs:358:14
[INFO] [stdout]   41:     0x58422a240004 - std::thread::Builder::spawn_unchecked_::{{closure}}::h42b2841295b6c0b2
[INFO] [stdout]                                at /rustc/202008a1b8de96d2e5b6bc02d379db03a877d34d/library/std/src/thread/mod.rs:559:30
[INFO] [stdout]   42:     0x58422a240004 - core::ops::function::FnOnce::call_once{{vtable.shim}}::h6127de71b8124639
[INFO] [stdout]                                at /rustc/202008a1b8de96d2e5b6bc02d379db03a877d34d/library/core/src/ops/function.rs:250:5
[INFO] [stdout]   43:     0x58422a63037b - <alloc::boxed::Box<F,A> as core::ops::function::FnOnce<Args>>::call_once::h42f0ba71002a1b2c
[INFO] [stdout]                                at /rustc/202008a1b8de96d2e5b6bc02d379db03a877d34d/library/alloc/src/boxed.rs:1972:9
[INFO] [stdout]   44:     0x58422a63037b - <alloc::boxed::Box<F,A> as core::ops::function::FnOnce<Args>>::call_once::had9e47d7a3dcecb8
[INFO] [stdout]                                at /rustc/202008a1b8de96d2e5b6bc02d379db03a877d34d/library/alloc/src/boxed.rs:1972:9
[INFO] [stdout]   45:     0x58422a63037b - std::sys::pal::unix::thread::Thread::new::thread_start::h48cf765408f6f5f2
[INFO] [stdout]                                at /rustc/202008a1b8de96d2e5b6bc02d379db03a877d34d/library/std/src/sys/pal/unix/thread.rs:105:17
[INFO] [stdout]   46:     0x76b3332a6ac3 - <unknown>
[INFO] [stdout]   47:     0x76b333337a04 - clone
[INFO] [stdout]   48:                0x0 - <unknown>
[INFO] [stdout] 
[INFO] [stdout] ---- storage_manager::test::hs_sm_a_insert stdout ----
[INFO] [stdout] thread 'storage_manager::test::hs_sm_a_insert' panicked at src/storage/heapstore/src/storage_manager.rs:78:43:
[INFO] [stdout] called `Option::unwrap()` on a `None` value
[INFO] [stdout] stack backtrace:
[INFO] [stdout]    0:     0x58422a629e6a - std::backtrace_rs::backtrace::libunwind::trace::h8810477743020387
[INFO] [stdout]                                at /rustc/202008a1b8de96d2e5b6bc02d379db03a877d34d/library/std/src/../../backtrace/src/backtrace/libunwind.rs:116:5
[INFO] [stdout]    1:     0x58422a629e6a - std::backtrace_rs::backtrace::trace_unsynchronized::h3aa55355dd6c54a6
[INFO] [stdout]                                at /rustc/202008a1b8de96d2e5b6bc02d379db03a877d34d/library/std/src/../../backtrace/src/backtrace/mod.rs:66:5
[INFO] [stdout]    2:     0x58422a629e6a - std::sys::backtrace::_print_fmt::h8588b0f62410823f
[INFO] [stdout]                                at /rustc/202008a1b8de96d2e5b6bc02d379db03a877d34d/library/std/src/sys/backtrace.rs:66:9
[INFO] [stdout]    3:     0x58422a629e6a - <std::sys::backtrace::BacktraceLock::print::DisplayBacktrace as core::fmt::Display>::fmt::h98c26ac25ffe89bb
[INFO] [stdout]                                at /rustc/202008a1b8de96d2e5b6bc02d379db03a877d34d/library/std/src/sys/backtrace.rs:39:26
[INFO] [stdout]    4:     0x58422a650ea3 - core::fmt::rt::Argument::fmt::hf95377f4aebd453b
[INFO] [stdout]                                at /rustc/202008a1b8de96d2e5b6bc02d379db03a877d34d/library/core/src/fmt/rt.rs:177:76
[INFO] [stdout]    5:     0x58422a650ea3 - core::fmt::write::h0dd5f6e2238c7982
[INFO] [stdout]                                at /rustc/202008a1b8de96d2e5b6bc02d379db03a877d34d/library/core/src/fmt/mod.rs:1189:21
[INFO] [stdout]    6:     0x58422a626d23 - std::io::Write::write_fmt::h03bb0ca26e6faf8c
[INFO] [stdout]                                at /rustc/202008a1b8de96d2e5b6bc02d379db03a877d34d/library/std/src/io/mod.rs:1884:15
[INFO] [stdout]    7:     0x58422a629cb2 - std::sys::backtrace::BacktraceLock::print::h5c19c1c038ee186d
[INFO] [stdout]                                at /rustc/202008a1b8de96d2e5b6bc02d379db03a877d34d/library/std/src/sys/backtrace.rs:42:9
[INFO] [stdout]    8:     0x58422a62b2ed - std::panicking::default_hook::{{closure}}::h77172f079a1fcb13
[INFO] [stdout]                                at /rustc/202008a1b8de96d2e5b6bc02d379db03a877d34d/library/std/src/panicking.rs:268:22
[INFO] [stdout]    9:     0x58422a62b0f7 - std::panicking::default_hook::he5f8e3b203ccddba
[INFO] [stdout]                                at /rustc/202008a1b8de96d2e5b6bc02d379db03a877d34d/library/std/src/panicking.rs:292:9
[INFO] [stdout]   10:     0x58422a2746d7 - <alloc::boxed::Box<F,A> as core::ops::function::Fn<Args>>::call::h7a3c7b4a1ae77f2f
[INFO] [stdout]                                at /rustc/202008a1b8de96d2e5b6bc02d379db03a877d34d/library/alloc/src/boxed.rs:1986:9
[INFO] [stdout]   11:     0x58422a2746d7 - test::test_main::{{closure}}::hf0d3b69ae9b353d1
[INFO] [stdout]                                at /rustc/202008a1b8de96d2e5b6bc02d379db03a877d34d/library/test/src/lib.rs:134:21
[INFO] [stdout]   12:     0x58422a62b998 - <alloc::boxed::Box<F,A> as core::ops::function::Fn<Args>>::call::h6332e82e7b189abd
[INFO] [stdout]                                at /rustc/202008a1b8de96d2e5b6bc02d379db03a877d34d/library/alloc/src/boxed.rs:1986:9
[INFO] [stdout]   13:     0x58422a62b998 - std::panicking::rust_panic_with_hook::h53863d4e9018df39
[INFO] [stdout]                                at /rustc/202008a1b8de96d2e5b6bc02d379db03a877d34d/library/std/src/panicking.rs:809:13
[INFO] [stdout]   14:     0x58422a62b726 - std::panicking::begin_panic_handler::{{closure}}::h67280e6fa0757873
[INFO] [stdout]                                at /rustc/202008a1b8de96d2e5b6bc02d379db03a877d34d/library/std/src/panicking.rs:667:13
[INFO] [stdout]   15:     0x58422a62a349 - std::sys::backtrace::__rust_end_short_backtrace::h1dac3f54d6fbbeb2
[INFO] [stdout]                                at /rustc/202008a1b8de96d2e5b6bc02d379db03a877d34d/library/std/src/sys/backtrace.rs:170:18
[INFO] [stdout]   16:     0x58422a62b3ec - rust_begin_unwind
[INFO] [stdout]                                at /rustc/202008a1b8de96d2e5b6bc02d379db03a877d34d/library/std/src/panicking.rs:665:5
[INFO] [stdout]   17:     0x58422a2092a0 - core::panicking::panic_fmt::h6792bd1b2bf01041
[INFO] [stdout]                                at /rustc/202008a1b8de96d2e5b6bc02d379db03a877d34d/library/core/src/panicking.rs:76:14
[INFO] [stdout]   18:     0x58422a20932c - core::panicking::panic::hbb5c236a846c507c
[INFO] [stdout]                                at /rustc/202008a1b8de96d2e5b6bc02d379db03a877d34d/library/core/src/panicking.rs:148:5
[INFO] [stdout]   19:     0x58422a209219 - core::option::unwrap_failed::hc5b7b0e3b50bafe9
[INFO] [stdout]                                at /rustc/202008a1b8de96d2e5b6bc02d379db03a877d34d/library/core/src/option.rs:2009:5
[INFO] [stdout]   20:     0x58422a23275d - core::option::Option<T>::unwrap::h9595a9565ea6694c
[INFO] [stdout]                                at /rustc/202008a1b8de96d2e5b6bc02d379db03a877d34d/library/core/src/option.rs:972:21
[INFO] [stdout]   21:     0x58422a23275d - heapstore::storage_manager::StorageManager::get_num_pages::h20d4d16796d36774
[INFO] [stdout]                                at /opt/rustwide/workdir/src/storage/heapstore/src/storage_manager.rs:78:18
[INFO] [stdout]   22:     0x58422a232c10 - <heapstore::storage_manager::StorageManager as common::storage_trait::StorageTrait>::insert_value::h35839269c8cc450f
[INFO] [stdout]                                at /opt/rustwide/workdir/src/storage/heapstore/src/storage_manager.rs:195:25
[INFO] [stdout]   23:     0x58422a22b0cb - heapstore::storage_manager::test::hs_sm_a_insert::hec0ffc1a4a1a2e69
[INFO] [stdout]                                at /opt/rustwide/workdir/src/storage/heapstore/src/storage_manager.rs:492:20
[INFO] [stdout]   24:     0x58422a22af37 - heapstore::storage_manager::test::hs_sm_a_insert::{{closure}}::h45f449694b2367eb
[INFO] [stdout]                                at /opt/rustwide/workdir/src/storage/heapstore/src/storage_manager.rs:483:24
[INFO] [stdout]   25:     0x58422a228cb6 - core::ops::function::FnOnce::call_once::hb3cecaf099ac3022
[INFO] [stdout]                                at /rustc/202008a1b8de96d2e5b6bc02d379db03a877d34d/library/core/src/ops/function.rs:250:5
[INFO] [stdout]   26:     0x58422a2791fb - core::ops::function::FnOnce::call_once::h871bf86719ec9aa4
[INFO] [stdout]                                at /rustc/202008a1b8de96d2e5b6bc02d379db03a877d34d/library/core/src/ops/function.rs:250:5
[INFO] [stdout]   27:     0x58422a2791fb - test::__rust_begin_short_backtrace::h2167df1e2b7d76fd
[INFO] [stdout]                                at /rustc/202008a1b8de96d2e5b6bc02d379db03a877d34d/library/test/src/lib.rs:632:18
[INFO] [stdout]   28:     0x58422a278be8 - test::run_test_in_process::{{closure}}::h15d92f75a3adfb79
[INFO] [stdout]                                at /rustc/202008a1b8de96d2e5b6bc02d379db03a877d34d/library/test/src/lib.rs:655:60
[INFO] [stdout]   29:     0x58422a278be8 - <core::panic::unwind_safe::AssertUnwindSafe<F> as core::ops::function::FnOnce<()>>::call_once::hb6c8955835a8dbbb
[INFO] [stdout]                                at /rustc/202008a1b8de96d2e5b6bc02d379db03a877d34d/library/core/src/panic/unwind_safe.rs:272:9
[INFO] [stdout]   30:     0x58422a278be8 - std::panicking::try::do_call::hc79d0fc888a0bd30
[INFO] [stdout]                                at /rustc/202008a1b8de96d2e5b6bc02d379db03a877d34d/library/std/src/panicking.rs:557:40
[INFO] [stdout]   31:     0x58422a278be8 - std::panicking::try::hb8a7878e3a8589d6
[INFO] [stdout]                                at /rustc/202008a1b8de96d2e5b6bc02d379db03a877d34d/library/std/src/panicking.rs:520:19
[INFO] [stdout]   32:     0x58422a278be8 - std::panic::catch_unwind::hb8e4600ff0ff5cfa
[INFO] [stdout]                                at /rustc/202008a1b8de96d2e5b6bc02d379db03a877d34d/library/std/src/panic.rs:358:14
[INFO] [stdout]   33:     0x58422a278be8 - test::run_test_in_process::hc2900b0b18688dd6
[INFO] [stdout]                                at /rustc/202008a1b8de96d2e5b6bc02d379db03a877d34d/library/test/src/lib.rs:655:27
[INFO] [stdout]   34:     0x58422a278be8 - test::run_test::{{closure}}::hac2a9cb07be3d48d
[INFO] [stdout]                                at /rustc/202008a1b8de96d2e5b6bc02d379db03a877d34d/library/test/src/lib.rs:576:43
[INFO] [stdout]   35:     0x58422a23c68a - test::run_test::{{closure}}::h4a5b729e66a38cd8
[INFO] [stdout]                                at /rustc/202008a1b8de96d2e5b6bc02d379db03a877d34d/library/test/src/lib.rs:606:41
[INFO] [stdout]   36:     0x58422a23c68a - std::sys::backtrace::__rust_begin_short_backtrace::h0496fb742492f573
[INFO] [stdout]                                at /rustc/202008a1b8de96d2e5b6bc02d379db03a877d34d/library/std/src/sys/backtrace.rs:154:18
[INFO] [stdout]   37:     0x58422a240004 - std::thread::Builder::spawn_unchecked_::{{closure}}::{{closure}}::hbb6d257c550a54bd
[INFO] [stdout]                                at /rustc/202008a1b8de96d2e5b6bc02d379db03a877d34d/library/std/src/thread/mod.rs:561:17
[INFO] [stdout]   38:     0x58422a240004 - <core::panic::unwind_safe::AssertUnwindSafe<F> as core::ops::function::FnOnce<()>>::call_once::h46696fe4a6832328
[INFO] [stdout]                                at /rustc/202008a1b8de96d2e5b6bc02d379db03a877d34d/library/core/src/panic/unwind_safe.rs:272:9
[INFO] [stdout]   39:     0x58422a240004 - std::panicking::try::do_call::h2625a51b667bfb64
[INFO] [stdout]                                at /rustc/202008a1b8de96d2e5b6bc02d379db03a877d34d/library/std/src/panicking.rs:557:40
[INFO] [stdout]   40:     0x58422a240004 - std::panicking::try::hb956a59a1973aa4c
[INFO] [stdout]                                at /rustc/202008a1b8de96d2e5b6bc02d379db03a877d34d/library/std/src/panicking.rs:520:19
[INFO] [stdout]   41:     0x58422a240004 - std::panic::catch_unwind::h64f3b9d1067ef6a0
[INFO] [stdout]                                at /rustc/202008a1b8de96d2e5b6bc02d379db03a877d34d/library/std/src/panic.rs:358:14
[INFO] [stdout]   42:     0x58422a240004 - std::thread::Builder::spawn_unchecked_::{{closure}}::h42b2841295b6c0b2
[INFO] [stdout]                                at /rustc/202008a1b8de96d2e5b6bc02d379db03a877d34d/library/std/src/thread/mod.rs:559:30
[INFO] [stdout]   43:     0x58422a240004 - core::ops::function::FnOnce::call_once{{vtable.shim}}::h6127de71b8124639
[INFO] [stdout]                                at /rustc/202008a1b8de96d2e5b6bc02d379db03a877d34d/library/core/src/ops/function.rs:250:5
[INFO] [stdout]   44:     0x58422a63037b - <alloc::boxed::Box<F,A> as core::ops::function::FnOnce<Args>>::call_once::h42f0ba71002a1b2c
[INFO] [stdout]                                at /rustc/202008a1b8de96d2e5b6bc02d379db03a877d34d/library/alloc/src/boxed.rs:1972:9
[INFO] [stdout]   45:     0x58422a63037b - <alloc::boxed::Box<F,A> as core::ops::function::FnOnce<Args>>::call_once::had9e47d7a3dcecb8
[INFO] [stdout]                                at /rustc/202008a1b8de96d2e5b6bc02d379db03a877d34d/library/alloc/src/boxed.rs:1972:9
[INFO] [stdout]   46:     0x58422a63037b - std::sys::pal::unix::thread::Thread::new::thread_start::h48cf765408f6f5f2
[INFO] [stdout]                                at /rustc/202008a1b8de96d2e5b6bc02d379db03a877d34d/library/std/src/sys/pal/unix/thread.rs:105:17
[INFO] [stdout]   47:     0x76b3332a6ac3 - <unknown>
[INFO] [stdout]   48:     0x76b333337a04 - clone
[INFO] [stdout]   49:                0x0 - <unknown>
[INFO] [stdout] Error on removing temp dir No such file or directory (os error 2)
[INFO] [stdout] 
[INFO] [stdout] 
[INFO] [stdout] failures:
[INFO] [stdout]     heapfile::test::hs_hf_insert
[INFO] [stdout]     storage_manager::test::hs_sm_a_insert
[INFO] [stdout]     storage_manager::test::hs_sm_b_iter_small
[INFO] [stdout] 
[INFO] [stdout] test result: FAILED. 20 passed; 3 failed; 1 ignored; 0 measured; 0 filtered out; finished in 0.11s
[INFO] [stdout] 
[INFO] [stderr] error: test failed, to rerun pass `-p heapstore --lib`
[INFO] running `Command { std: "docker" "inspect" "89991a2376e4357ffc8102e386206badc2f1e638102a5157b583d0567b1affb0", kill_on_drop: false }`
[INFO] running `Command { std: "docker" "rm" "-f" "89991a2376e4357ffc8102e386206badc2f1e638102a5157b583d0567b1affb0", kill_on_drop: false }`
[INFO] [stdout] 89991a2376e4357ffc8102e386206badc2f1e638102a5157b583d0567b1affb0
