[INFO] cloning repository https://github.com/elasticrash/sat_rs
[INFO] running `Command { std: "git" "-c" "credential.helper=" "-c" "credential.helper=/workspace/cargo-home/bin/git-credential-null" "clone" "--bare" "https://github.com/elasticrash/sat_rs" "/workspace/cache/git-repos/https%3A%2F%2Fgithub.com%2Felasticrash%2Fsat_rs", kill_on_drop: false }`
[INFO] [stderr] Cloning into bare repository '/workspace/cache/git-repos/https%3A%2F%2Fgithub.com%2Felasticrash%2Fsat_rs'...
[INFO] running `Command { std: "git" "rev-parse" "HEAD", kill_on_drop: false }`
[INFO] [stdout] d5cc054cac0d10c03d9b4d79f78a923395263393
[INFO] testing elasticrash/sat_rs against 1.83.0 for beta-1.84.0-4-retry
[INFO] running `Command { std: "git" "clone" "/workspace/cache/git-repos/https%3A%2F%2Fgithub.com%2Felasticrash%2Fsat_rs" "/workspace/builds/worker-6-tc1/source", kill_on_drop: false }`
[INFO] [stderr] Cloning into '/workspace/builds/worker-6-tc1/source'...
[INFO] [stderr] done.
[INFO] validating manifest of git repo https://github.com/elasticrash/sat_rs on toolchain 1.83.0
[INFO] running `Command { std: CARGO_HOME="/workspace/cargo-home" RUSTUP_HOME="/workspace/rustup-home" "/workspace/cargo-home/bin/cargo" "+1.83.0" "metadata" "--manifest-path" "Cargo.toml" "--no-deps", kill_on_drop: false }`
[INFO] started tweaking git repo https://github.com/elasticrash/sat_rs
[INFO] finished tweaking git repo https://github.com/elasticrash/sat_rs
[INFO] tweaked toml for git repo https://github.com/elasticrash/sat_rs written to /workspace/builds/worker-6-tc1/source/Cargo.toml
[INFO] crate git repo https://github.com/elasticrash/sat_rs already has a lockfile, it will not be regenerated
[INFO] running `Command { std: CARGO_HOME="/workspace/cargo-home" RUSTUP_HOME="/workspace/rustup-home" "/workspace/cargo-home/bin/cargo" "+1.83.0" "fetch" "--manifest-path" "Cargo.toml", kill_on_drop: false }`
[INFO] [stderr]  Downloading crates ...
[INFO] [stderr]   Downloaded sys-info v0.8.0
[INFO] running `Command { std: "docker" "create" "-v" "/var/lib/crater-agent-workspace/builds/worker-6-tc1/target:/opt/rustwide/target:rw,Z" "-v" "/var/lib/crater-agent-workspace/builds/worker-6-tc1/source:/opt/rustwide/workdir:ro,Z" "-v" "/var/lib/crater-agent-workspace/cargo-home:/opt/rustwide/cargo-home:ro,Z" "-v" "/var/lib/crater-agent-workspace/rustup-home:/opt/rustwide/rustup-home:ro,Z" "-e" "SOURCE_DIR=/opt/rustwide/workdir" "-e" "CARGO_TARGET_DIR=/opt/rustwide/target" "-e" "CARGO_HOME=/opt/rustwide/cargo-home" "-e" "RUSTUP_HOME=/opt/rustwide/rustup-home" "-w" "/opt/rustwide/workdir" "-m" "1610612736" "--user" "0:0" "--network" "none" "ghcr.io/rust-lang/crates-build-env/linux@sha256:f3a9d4ad9d972b27faf3965f35b62e55ba32bbce8f20bc8fe909558a86702fde" "/opt/rustwide/cargo-home/bin/cargo" "+1.83.0" "metadata" "--no-deps" "--format-version=1", kill_on_drop: false }`
[INFO] [stdout] 6225292a1f8021d04b69853cb31182655da6c214c7979eac4bfc93af29fe82d9
[INFO] running `Command { std: "docker" "start" "-a" "6225292a1f8021d04b69853cb31182655da6c214c7979eac4bfc93af29fe82d9", kill_on_drop: false }`
[INFO] running `Command { std: "docker" "inspect" "6225292a1f8021d04b69853cb31182655da6c214c7979eac4bfc93af29fe82d9", kill_on_drop: false }`
[INFO] running `Command { std: "docker" "rm" "-f" "6225292a1f8021d04b69853cb31182655da6c214c7979eac4bfc93af29fe82d9", kill_on_drop: false }`
[INFO] [stdout] 6225292a1f8021d04b69853cb31182655da6c214c7979eac4bfc93af29fe82d9
[INFO] running `Command { std: "docker" "create" "-v" "/var/lib/crater-agent-workspace/builds/worker-6-tc1/target:/opt/rustwide/target:rw,Z" "-v" "/var/lib/crater-agent-workspace/builds/worker-6-tc1/source:/opt/rustwide/workdir:ro,Z" "-v" "/var/lib/crater-agent-workspace/cargo-home:/opt/rustwide/cargo-home:ro,Z" "-v" "/var/lib/crater-agent-workspace/rustup-home:/opt/rustwide/rustup-home:ro,Z" "-e" "SOURCE_DIR=/opt/rustwide/workdir" "-e" "CARGO_TARGET_DIR=/opt/rustwide/target" "-e" "CARGO_INCREMENTAL=0" "-e" "RUST_BACKTRACE=full" "-e" "RUSTFLAGS=--cap-lints=warn" "-e" "RUSTDOCFLAGS=--cap-lints=warn" "-e" "CARGO_HOME=/opt/rustwide/cargo-home" "-e" "RUSTUP_HOME=/opt/rustwide/rustup-home" "-w" "/opt/rustwide/workdir" "-m" "1610612736" "--user" "0:0" "--network" "none" "ghcr.io/rust-lang/crates-build-env/linux@sha256:f3a9d4ad9d972b27faf3965f35b62e55ba32bbce8f20bc8fe909558a86702fde" "/opt/rustwide/cargo-home/bin/cargo" "+1.83.0" "build" "--frozen" "--message-format=json", kill_on_drop: false }`
[INFO] [stdout] 205a5b0efb968ba013343a4386a2deaf30e09b3dbaf6daa16938046b913c7e44
[INFO] running `Command { std: "docker" "start" "-a" "205a5b0efb968ba013343a4386a2deaf30e09b3dbaf6daa16938046b913c7e44", kill_on_drop: false }`
[INFO] [stderr]    Compiling autocfg v1.0.1
[INFO] [stderr]    Compiling libc v0.2.86
[INFO] [stderr]    Compiling cc v1.0.45
[INFO] [stderr]    Compiling log v0.4.14
[INFO] [stderr]    Compiling memchr v2.7.2
[INFO] [stderr]    Compiling regex-syntax v0.8.3
[INFO] [stderr]    Compiling termcolor v1.1.2
[INFO] [stderr]    Compiling num-traits v0.2.14
[INFO] [stderr]    Compiling num-integer v0.1.44
[INFO] [stderr]    Compiling aho-corasick v1.1.3
[INFO] [stderr]    Compiling sys-info v0.8.0
[INFO] [stderr]    Compiling time v0.1.44
[INFO] [stderr]    Compiling chrono v0.4.19
[INFO] [stderr]    Compiling regex-automata v0.4.6
[INFO] [stderr]    Compiling simplelog v0.9.0
[INFO] [stderr]    Compiling regex v1.10.4
[INFO] [stderr]    Compiling sat_rs v0.1.0 (/opt/rustwide/workdir)
[INFO] [stdout] warning: methods `learnt`, `get_by_index`, `to_string`, and `get_data` are never used
[INFO] [stdout]   --> src/models/clause.rs:13:8
[INFO] [stdout]    |
[INFO] [stdout] 10 | pub trait IClause {
[INFO] [stdout]    |           ------- methods in this trait
[INFO] [stdout] ...
[INFO] [stdout] 13 |     fn learnt(&self) -> bool;
[INFO] [stdout]    |        ^^^^^^
[INFO] [stdout] 14 |     fn get_by_index(&self, i: usize) -> Lit;
[INFO] [stdout]    |        ^^^^^^^^^^^^
[INFO] [stdout] 15 |     fn to_string(&self) -> String;
[INFO] [stdout]    |        ^^^^^^^^^
[INFO] [stdout] 16 |     fn get_data(&self) -> &Vec<Lit>;
[INFO] [stdout]    |        ^^^^^^^^
[INFO] [stdout]    |
[INFO] [stdout]    = note: `#[warn(dead_code)]` on by default
[INFO] [stdout] 
[INFO] [stdout] 
[INFO] [stdout] warning: associated items `to_string`, `get_hash_code`, and `equals` are never used
[INFO] [stdout]   --> src/models/lit.rs:16:8
[INFO] [stdout]    |
[INFO] [stdout] 12 | pub trait ILit {
[INFO] [stdout]    |           ---- associated items in this trait
[INFO] [stdout] ...
[INFO] [stdout] 16 |     fn to_string(lit: &Lit) -> String;
[INFO] [stdout]    |        ^^^^^^^^^
[INFO] [stdout] 17 |     fn get_hash_code(lit: &Lit) -> i32;
[INFO] [stdout]    |        ^^^^^^^^^^^^^
[INFO] [stdout] 18 |     fn equals(&self, lit: &Lit) -> bool;
[INFO] [stdout]    |        ^^^^^^
[INFO] [stdout] 
[INFO] [stdout] 
[INFO] [stdout] warning: associated items `new`, `clone`, and `unit` are never used
[INFO] [stdout]    --> src/models/solverstate.rs:125:8
[INFO] [stdout]     |
[INFO] [stdout] 124 | pub trait ISearchParams {
[INFO] [stdout]     |           ------------- associated items in this trait
[INFO] [stdout] 125 |     fn new(v: f64, c: f64, r: f64) -> Self;
[INFO] [stdout]     |        ^^^
[INFO] [stdout] 126 |     fn clone(self, other: SearchParams);
[INFO] [stdout]     |        ^^^^^
[INFO] [stdout] 127 |     fn unit(&mut self);
[INFO] [stdout]     |        ^^^^
[INFO] [stdout] 
[INFO] [stdout] 
[INFO] [stdout] warning: methods `i_analyze_final` and `i_new_clause` are never used
[INFO] [stdout]    --> src/models/solverstate.rs:151:8
[INFO] [stdout]     |
[INFO] [stdout] 150 | pub trait Internal {
[INFO] [stdout]     |           -------- methods in this trait
[INFO] [stdout] 151 |     fn i_analyze_final(&mut self, confl: Clause);
[INFO] [stdout]     |        ^^^^^^^^^^^^^^^
[INFO] [stdout] ...
[INFO] [stdout] 156 |     fn i_new_clause(self, ps: &mut Vec<Lit>);
[INFO] [stdout]     |        ^^^^^^^^^^^^
[INFO] [stdout] 
[INFO] [stdout] 
[INFO] [stdout] warning: methods `add_unit`, `add_binary`, and `add_ternary` are never used
[INFO] [stdout]    --> src/models/solverstate.rs:164:8
[INFO] [stdout]     |
[INFO] [stdout] 162 | pub trait NewVar {
[INFO] [stdout]     |           ------ methods in this trait
[INFO] [stdout] 163 |     fn n_vars(&mut self) -> i32;
[INFO] [stdout] 164 |     fn add_unit(&mut self, p: Lit);
[INFO] [stdout]     |        ^^^^^^^^
[INFO] [stdout] 165 |     fn add_binary(&mut self, p: Lit, q: Lit);
[INFO] [stdout]     |        ^^^^^^^^^^
[INFO] [stdout] 166 |     fn add_ternary(&mut self, p: Lit, q: Lit, r: Lit);
[INFO] [stdout]     |        ^^^^^^^^^^^
[INFO] [stdout] 
[INFO] [stdout] 
[INFO] [stderr]     Finished `dev` profile [unoptimized + debuginfo] target(s) in 22.64s
[INFO] running `Command { std: "docker" "inspect" "205a5b0efb968ba013343a4386a2deaf30e09b3dbaf6daa16938046b913c7e44", kill_on_drop: false }`
[INFO] running `Command { std: "docker" "rm" "-f" "205a5b0efb968ba013343a4386a2deaf30e09b3dbaf6daa16938046b913c7e44", kill_on_drop: false }`
[INFO] [stdout] 205a5b0efb968ba013343a4386a2deaf30e09b3dbaf6daa16938046b913c7e44
[INFO] running `Command { std: "docker" "create" "-v" "/var/lib/crater-agent-workspace/builds/worker-6-tc1/target:/opt/rustwide/target:rw,Z" "-v" "/var/lib/crater-agent-workspace/builds/worker-6-tc1/source:/opt/rustwide/workdir:ro,Z" "-v" "/var/lib/crater-agent-workspace/cargo-home:/opt/rustwide/cargo-home:ro,Z" "-v" "/var/lib/crater-agent-workspace/rustup-home:/opt/rustwide/rustup-home:ro,Z" "-e" "SOURCE_DIR=/opt/rustwide/workdir" "-e" "CARGO_TARGET_DIR=/opt/rustwide/target" "-e" "CARGO_INCREMENTAL=0" "-e" "RUST_BACKTRACE=full" "-e" "RUSTFLAGS=--cap-lints=warn" "-e" "RUSTDOCFLAGS=--cap-lints=warn" "-e" "CARGO_HOME=/opt/rustwide/cargo-home" "-e" "RUSTUP_HOME=/opt/rustwide/rustup-home" "-w" "/opt/rustwide/workdir" "-m" "1610612736" "--user" "0:0" "--network" "none" "ghcr.io/rust-lang/crates-build-env/linux@sha256:f3a9d4ad9d972b27faf3965f35b62e55ba32bbce8f20bc8fe909558a86702fde" "/opt/rustwide/cargo-home/bin/cargo" "+1.83.0" "test" "--frozen" "--no-run" "--message-format=json", kill_on_drop: false }`
[INFO] [stdout] 771b3c2e9cef3f90083722acf57006b07a7e46eef2c3a5ccc2fcccb6c4ca8b0d
[INFO] running `Command { std: "docker" "start" "-a" "771b3c2e9cef3f90083722acf57006b07a7e46eef2c3a5ccc2fcccb6c4ca8b0d", kill_on_drop: false }`
[INFO] [stderr]    Compiling sat_rs v0.1.0 (/opt/rustwide/workdir)
[INFO] [stdout] warning: methods `learnt`, `get_by_index`, `to_string`, and `get_data` are never used
[INFO] [stdout]   --> src/models/clause.rs:13:8
[INFO] [stdout]    |
[INFO] [stdout] 10 | pub trait IClause {
[INFO] [stdout]    |           ------- methods in this trait
[INFO] [stdout] ...
[INFO] [stdout] 13 |     fn learnt(&self) -> bool;
[INFO] [stdout]    |        ^^^^^^
[INFO] [stdout] 14 |     fn get_by_index(&self, i: usize) -> Lit;
[INFO] [stdout]    |        ^^^^^^^^^^^^
[INFO] [stdout] 15 |     fn to_string(&self) -> String;
[INFO] [stdout]    |        ^^^^^^^^^
[INFO] [stdout] 16 |     fn get_data(&self) -> &Vec<Lit>;
[INFO] [stdout]    |        ^^^^^^^^
[INFO] [stdout]    |
[INFO] [stdout]    = note: `#[warn(dead_code)]` on by default
[INFO] [stdout] 
[INFO] [stdout] 
[INFO] [stdout] warning: associated items `to_string`, `get_hash_code`, and `equals` are never used
[INFO] [stdout]   --> src/models/lit.rs:16:8
[INFO] [stdout]    |
[INFO] [stdout] 12 | pub trait ILit {
[INFO] [stdout]    |           ---- associated items in this trait
[INFO] [stdout] ...
[INFO] [stdout] 16 |     fn to_string(lit: &Lit) -> String;
[INFO] [stdout]    |        ^^^^^^^^^
[INFO] [stdout] 17 |     fn get_hash_code(lit: &Lit) -> i32;
[INFO] [stdout]    |        ^^^^^^^^^^^^^
[INFO] [stdout] 18 |     fn equals(&self, lit: &Lit) -> bool;
[INFO] [stdout]    |        ^^^^^^
[INFO] [stdout] 
[INFO] [stdout] 
[INFO] [stdout] warning: associated items `new`, `clone`, and `unit` are never used
[INFO] [stdout]    --> src/models/solverstate.rs:125:8
[INFO] [stdout]     |
[INFO] [stdout] 124 | pub trait ISearchParams {
[INFO] [stdout]     |           ------------- associated items in this trait
[INFO] [stdout] 125 |     fn new(v: f64, c: f64, r: f64) -> Self;
[INFO] [stdout]     |        ^^^
[INFO] [stdout] 126 |     fn clone(self, other: SearchParams);
[INFO] [stdout]     |        ^^^^^
[INFO] [stdout] 127 |     fn unit(&mut self);
[INFO] [stdout]     |        ^^^^
[INFO] [stdout] 
[INFO] [stdout] 
[INFO] [stdout] warning: methods `i_analyze_final` and `i_new_clause` are never used
[INFO] [stdout]    --> src/models/solverstate.rs:151:8
[INFO] [stdout]     |
[INFO] [stdout] 150 | pub trait Internal {
[INFO] [stdout]     |           -------- methods in this trait
[INFO] [stdout] 151 |     fn i_analyze_final(&mut self, confl: Clause);
[INFO] [stdout]     |        ^^^^^^^^^^^^^^^
[INFO] [stdout] ...
[INFO] [stdout] 156 |     fn i_new_clause(self, ps: &mut Vec<Lit>);
[INFO] [stdout]     |        ^^^^^^^^^^^^
[INFO] [stdout] 
[INFO] [stdout] 
[INFO] [stdout] warning: methods `add_unit`, `add_binary`, and `add_ternary` are never used
[INFO] [stdout]    --> src/models/solverstate.rs:164:8
[INFO] [stdout]     |
[INFO] [stdout] 162 | pub trait NewVar {
[INFO] [stdout]     |           ------ methods in this trait
[INFO] [stdout] 163 |     fn n_vars(&mut self) -> i32;
[INFO] [stdout] 164 |     fn add_unit(&mut self, p: Lit);
[INFO] [stdout]     |        ^^^^^^^^
[INFO] [stdout] 165 |     fn add_binary(&mut self, p: Lit, q: Lit);
[INFO] [stdout]     |        ^^^^^^^^^^
[INFO] [stdout] 166 |     fn add_ternary(&mut self, p: Lit, q: Lit, r: Lit);
[INFO] [stdout]     |        ^^^^^^^^^^^
[INFO] [stdout] 
[INFO] [stdout] 
[INFO] [stderr]     Finished `test` profile [unoptimized + debuginfo] target(s) in 2.30s
[INFO] running `Command { std: "docker" "inspect" "771b3c2e9cef3f90083722acf57006b07a7e46eef2c3a5ccc2fcccb6c4ca8b0d", kill_on_drop: false }`
[INFO] running `Command { std: "docker" "rm" "-f" "771b3c2e9cef3f90083722acf57006b07a7e46eef2c3a5ccc2fcccb6c4ca8b0d", kill_on_drop: false }`
[INFO] [stdout] 771b3c2e9cef3f90083722acf57006b07a7e46eef2c3a5ccc2fcccb6c4ca8b0d
[INFO] running `Command { std: "docker" "create" "-v" "/var/lib/crater-agent-workspace/builds/worker-6-tc1/target:/opt/rustwide/target:rw,Z" "-v" "/var/lib/crater-agent-workspace/builds/worker-6-tc1/source:/opt/rustwide/workdir:ro,Z" "-v" "/var/lib/crater-agent-workspace/cargo-home:/opt/rustwide/cargo-home:ro,Z" "-v" "/var/lib/crater-agent-workspace/rustup-home:/opt/rustwide/rustup-home:ro,Z" "-e" "SOURCE_DIR=/opt/rustwide/workdir" "-e" "CARGO_TARGET_DIR=/opt/rustwide/target" "-e" "CARGO_INCREMENTAL=0" "-e" "RUST_BACKTRACE=full" "-e" "RUSTFLAGS=--cap-lints=warn" "-e" "RUSTDOCFLAGS=--cap-lints=warn" "-e" "CARGO_HOME=/opt/rustwide/cargo-home" "-e" "RUSTUP_HOME=/opt/rustwide/rustup-home" "-w" "/opt/rustwide/workdir" "-m" "1610612736" "--user" "0:0" "--network" "none" "ghcr.io/rust-lang/crates-build-env/linux@sha256:f3a9d4ad9d972b27faf3965f35b62e55ba32bbce8f20bc8fe909558a86702fde" "/opt/rustwide/cargo-home/bin/cargo" "+1.83.0" "test" "--frozen", kill_on_drop: false }`
[INFO] [stdout] cf98c66c1b9cf8621c5d21ccffd5dadbcb65dbbd859813c10518069280939381
[INFO] running `Command { std: "docker" "start" "-a" "cf98c66c1b9cf8621c5d21ccffd5dadbcb65dbbd859813c10518069280939381", kill_on_drop: false }`
[INFO] [stderr] warning: methods `learnt`, `get_by_index`, `to_string`, and `get_data` are never used
[INFO] [stderr]   --> src/models/clause.rs:13:8
[INFO] [stderr]    |
[INFO] [stderr] 10 | pub trait IClause {
[INFO] [stderr]    |           ------- methods in this trait
[INFO] [stderr] ...
[INFO] [stderr] 13 |     fn learnt(&self) -> bool;
[INFO] [stderr]    |        ^^^^^^
[INFO] [stderr] 14 |     fn get_by_index(&self, i: usize) -> Lit;
[INFO] [stderr]    |        ^^^^^^^^^^^^
[INFO] [stderr] 15 |     fn to_string(&self) -> String;
[INFO] [stderr]    |        ^^^^^^^^^
[INFO] [stderr] 16 |     fn get_data(&self) -> &Vec<Lit>;
[INFO] [stderr]    |        ^^^^^^^^
[INFO] [stderr]    |
[INFO] [stderr]    = note: `#[warn(dead_code)]` on by default
[INFO] [stderr] 
[INFO] [stderr] warning: associated items `to_string`, `get_hash_code`, and `equals` are never used
[INFO] [stderr]   --> src/models/lit.rs:16:8
[INFO] [stderr]    |
[INFO] [stderr] 12 | pub trait ILit {
[INFO] [stderr]    |           ---- associated items in this trait
[INFO] [stderr] ...
[INFO] [stderr] 16 |     fn to_string(lit: &Lit) -> String;
[INFO] [stderr]    |        ^^^^^^^^^
[INFO] [stderr] 17 |     fn get_hash_code(lit: &Lit) -> i32;
[INFO] [stderr]    |        ^^^^^^^^^^^^^
[INFO] [stderr] 18 |     fn equals(&self, lit: &Lit) -> bool;
[INFO] [stderr]    |        ^^^^^^
[INFO] [stderr] 
[INFO] [stderr] warning: associated items `new`, `clone`, and `unit` are never used
[INFO] [stderr]    --> src/models/solverstate.rs:125:8
[INFO] [stderr]     |
[INFO] [stderr] 124 | pub trait ISearchParams {
[INFO] [stderr]     |           ------------- associated items in this trait
[INFO] [stderr] 125 |     fn new(v: f64, c: f64, r: f64) -> Self;
[INFO] [stderr]     |        ^^^
[INFO] [stderr] 126 |     fn clone(self, other: SearchParams);
[INFO] [stderr]     |        ^^^^^
[INFO] [stderr] 127 |     fn unit(&mut self);
[INFO] [stderr]     |        ^^^^
[INFO] [stderr] 
[INFO] [stderr] warning: methods `i_analyze_final` and `i_new_clause` are never used
[INFO] [stderr]    --> src/models/solverstate.rs:151:8
[INFO] [stderr]     |
[INFO] [stderr] 150 | pub trait Internal {
[INFO] [stderr]     |           -------- methods in this trait
[INFO] [stderr] 151 |     fn i_analyze_final(&mut self, confl: Clause);
[INFO] [stderr]     |        ^^^^^^^^^^^^^^^
[INFO] [stderr] ...
[INFO] [stderr] 156 |     fn i_new_clause(self, ps: &mut Vec<Lit>);
[INFO] [stderr]     |        ^^^^^^^^^^^^
[INFO] [stderr] 
[INFO] [stderr] warning: methods `add_unit`, `add_binary`, and `add_ternary` are never used
[INFO] [stderr]    --> src/models/solverstate.rs:164:8
[INFO] [stderr]     |
[INFO] [stderr] 162 | pub trait NewVar {
[INFO] [stderr]     |           ------ methods in this trait
[INFO] [stderr] 163 |     fn n_vars(&mut self) -> i32;
[INFO] [stderr] 164 |     fn add_unit(&mut self, p: Lit);
[INFO] [stderr]     |        ^^^^^^^^
[INFO] [stderr] 165 |     fn add_binary(&mut self, p: Lit, q: Lit);
[INFO] [stderr]     |        ^^^^^^^^^^
[INFO] [stderr] 166 |     fn add_ternary(&mut self, p: Lit, q: Lit, r: Lit);
[INFO] [stderr]     |        ^^^^^^^^^^^
[INFO] [stderr] 
[INFO] [stderr] warning: `sat_rs` (bin "sat_rs" test) generated 5 warnings
[INFO] [stderr]     Finished `test` profile [unoptimized + debuginfo] target(s) in 0.11s
[INFO] [stderr]      Running unittests src/main.rs (/opt/rustwide/target/debug/deps/sat_rs-ce89ed97c8fb5db0)
[INFO] [stdout] 
[INFO] [stdout] running 6 tests
[INFO] [stdout] test control_problem ... ok
[INFO] [stdout] test quinn_problem ... ok
[INFO] [stdout] test models::varorder::tests::new_var_order ... ok
[INFO] [stdout] test models::varorder::tests::insert_new_var ... ok
[INFO] [stdout] test aim_100_problem ... FAILED
[INFO] [stdout] test aim_50_problem ... FAILED
[INFO] [stdout] 
[INFO] [stdout] failures:
[INFO] [stdout] 
[INFO] [stdout] ---- aim_100_problem stdout ----
[INFO] [stdout] thread 'aim_100_problem' panicked at src/functions/analyse.rs:195:38:
[INFO] [stdout] attempt to shift left with overflow
[INFO] [stdout] stack backtrace:
[INFO] [stdout]    0:     0x63682c5e9d8a - std::backtrace_rs::backtrace::libunwind::trace::h5a5b8284f2d0c266
[INFO] [stdout]                                at /rustc/90b35a6239c3d8bdabc530a6a0816f7ff89a0aaf/library/std/src/../../backtrace/src/backtrace/libunwind.rs:116:5
[INFO] [stdout]    1:     0x63682c5e9d8a - std::backtrace_rs::backtrace::trace_unsynchronized::h76d4f1c9b0b875e3
[INFO] [stdout]                                at /rustc/90b35a6239c3d8bdabc530a6a0816f7ff89a0aaf/library/std/src/../../backtrace/src/backtrace/mod.rs:66:5
[INFO] [stdout]    2:     0x63682c5e9d8a - std::sys::backtrace::_print_fmt::hc4546b8364a537c6
[INFO] [stdout]                                at /rustc/90b35a6239c3d8bdabc530a6a0816f7ff89a0aaf/library/std/src/sys/backtrace.rs:66:9
[INFO] [stdout]    3:     0x63682c5e9d8a - <std::sys::backtrace::BacktraceLock::print::DisplayBacktrace as core::fmt::Display>::fmt::h5b6bd5631a6d1f6b
[INFO] [stdout]                                at /rustc/90b35a6239c3d8bdabc530a6a0816f7ff89a0aaf/library/std/src/sys/backtrace.rs:39:26
[INFO] [stdout]    4:     0x63682c60faa3 - core::fmt::rt::Argument::fmt::h270f6602a2b96f62
[INFO] [stdout]                                at /rustc/90b35a6239c3d8bdabc530a6a0816f7ff89a0aaf/library/core/src/fmt/rt.rs:177:76
[INFO] [stdout]    5:     0x63682c60faa3 - core::fmt::write::h7550c97b06c86515
[INFO] [stdout]                                at /rustc/90b35a6239c3d8bdabc530a6a0816f7ff89a0aaf/library/core/src/fmt/mod.rs:1186:21
[INFO] [stdout]    6:     0x63682c5e6f53 - std::io::Write::write_fmt::h509ff860e5956e5e
[INFO] [stdout]                                at /rustc/90b35a6239c3d8bdabc530a6a0816f7ff89a0aaf/library/std/src/io/mod.rs:1839:15
[INFO] [stdout]    7:     0x63682c5e9bd2 - std::sys::backtrace::BacktraceLock::print::h2395ccd2c84ba3aa
[INFO] [stdout]                                at /rustc/90b35a6239c3d8bdabc530a6a0816f7ff89a0aaf/library/std/src/sys/backtrace.rs:42:9
[INFO] [stdout]    8:     0x63682c5eb1ea - std::panicking::default_hook::{{closure}}::he19d4c7230e07961
[INFO] [stdout]                                at /rustc/90b35a6239c3d8bdabc530a6a0816f7ff89a0aaf/library/std/src/panicking.rs:268:22
[INFO] [stdout]    9:     0x63682c5eaff4 - std::panicking::default_hook::hf614597d3c67bbdb
[INFO] [stdout]                                at /rustc/90b35a6239c3d8bdabc530a6a0816f7ff89a0aaf/library/std/src/panicking.rs:292:9
[INFO] [stdout]   10:     0x63682c5b2b99 - <alloc::boxed::Box<F,A> as core::ops::function::Fn<Args>>::call::h39b51ce4599c23d1
[INFO] [stdout]                                at /rustc/90b35a6239c3d8bdabc530a6a0816f7ff89a0aaf/library/alloc/src/boxed.rs:2468:9
[INFO] [stdout]   11:     0x63682c5b2b99 - test::test_main::{{closure}}::he977ae839a582784
[INFO] [stdout]                                at /rustc/90b35a6239c3d8bdabc530a6a0816f7ff89a0aaf/library/test/src/lib.rs:133:21
[INFO] [stdout]   12:     0x63682c5eb888 - <alloc::boxed::Box<F,A> as core::ops::function::Fn<Args>>::call::h9455091b6b06f9fb
[INFO] [stdout]                                at /rustc/90b35a6239c3d8bdabc530a6a0816f7ff89a0aaf/library/alloc/src/boxed.rs:2468:9
[INFO] [stdout]   13:     0x63682c5eb888 - std::panicking::rust_panic_with_hook::h8942133a8b252070
[INFO] [stdout]                                at /rustc/90b35a6239c3d8bdabc530a6a0816f7ff89a0aaf/library/std/src/panicking.rs:809:13
[INFO] [stdout]   14:     0x63682c5eb616 - std::panicking::begin_panic_handler::{{closure}}::hb5f5963570096b29
[INFO] [stdout]                                at /rustc/90b35a6239c3d8bdabc530a6a0816f7ff89a0aaf/library/std/src/panicking.rs:667:13
[INFO] [stdout]   15:     0x63682c5ea269 - std::sys::backtrace::__rust_end_short_backtrace::h6208cedc1922feda
[INFO] [stdout]                                at /rustc/90b35a6239c3d8bdabc530a6a0816f7ff89a0aaf/library/std/src/sys/backtrace.rs:170:18
[INFO] [stdout]   16:     0x63682c5eb2dc - rust_begin_unwind
[INFO] [stdout]                                at /rustc/90b35a6239c3d8bdabc530a6a0816f7ff89a0aaf/library/std/src/panicking.rs:665:5
[INFO] [stdout]   17:     0x63682c2d4130 - core::panicking::panic_fmt::h0c3082644d1bf418
[INFO] [stdout]                                at /rustc/90b35a6239c3d8bdabc530a6a0816f7ff89a0aaf/library/core/src/panicking.rs:74:14
[INFO] [stdout]   18:     0x63682c2d4a87 - core::panicking::panic_const::panic_const_shl_overflow::hf0b71fb818b83a38
[INFO] [stdout]                                at /rustc/90b35a6239c3d8bdabc530a6a0816f7ff89a0aaf/library/core/src/panicking.rs:181:21
[INFO] [stdout]   19:     0x63682c2da57b - <sat_rs::models::solverstate::SolverState as sat_rs::functions::analyse::Analyze>::analyze_removeable::h6102f4a749c77f0a
[INFO] [stdout]                                at /opt/rustwide/workdir/src/functions/analyse.rs:195:38
[INFO] [stdout]   20:     0x63682c2d9a66 - <sat_rs::models::solverstate::SolverState as sat_rs::functions::analyse::Analyze>::analyze::h5a5f615d2c81f493
[INFO] [stdout]                                at /opt/rustwide/workdir/src/functions/analyse.rs:111:33
[INFO] [stdout]   21:     0x63682c2e03ec - <sat_rs::models::solverstate::SolverState as sat_rs::functions::search::Search>::search::h31d8a9a877ed7d05
[INFO] [stdout]                                at /opt/rustwide/workdir/src/functions/search.rs:69:48
[INFO] [stdout]   22:     0x63682c2e223d - <sat_rs::models::solverstate::SolverState as sat_rs::functions::solve::Solver>::solve::hc71175353c548e41
[INFO] [stdout]                                at /opt/rustwide/workdir/src/functions/solve.rs:103:22
[INFO] [stdout]   23:     0x63682c2e2c31 - <sat_rs::models::solverstate::SolverState as sat_rs::functions::solve::Solver>::solve_no_assumptions::hd1d96f0104e056f6
[INFO] [stdout]                                at /opt/rustwide/workdir/src/functions/solve.rs:121:9
[INFO] [stdout]   24:     0x63682c2e9025 - sat_rs::process_problem::h13249b66b51696bb
[INFO] [stdout]                                at /opt/rustwide/workdir/src/main.rs:88:5
[INFO] [stdout]   25:     0x63682c2ea268 - sat_rs::aim_100_problem::h177e1c439f688011
[INFO] [stdout]                                at /opt/rustwide/workdir/src/main.rs:417:17
[INFO] [stdout]   26:     0x63682c2ea217 - sat_rs::aim_100_problem::{{closure}}::hfccbb756ce579e65
[INFO] [stdout]                                at /opt/rustwide/workdir/src/main.rs:245:21
[INFO] [stdout]   27:     0x63682c2f09f6 - core::ops::function::FnOnce::call_once::h5f606618b1632350
[INFO] [stdout]                                at /rustc/90b35a6239c3d8bdabc530a6a0816f7ff89a0aaf/library/core/src/ops/function.rs:250:5
[INFO] [stdout]   28:     0x63682c5b755b - core::ops::function::FnOnce::call_once::h109cf8051a59b34e
[INFO] [stdout]                                at /rustc/90b35a6239c3d8bdabc530a6a0816f7ff89a0aaf/library/core/src/ops/function.rs:250:5
[INFO] [stdout]   29:     0x63682c5b755b - test::__rust_begin_short_backtrace::hf4fff89d377446ba
[INFO] [stdout]                                at /rustc/90b35a6239c3d8bdabc530a6a0816f7ff89a0aaf/library/test/src/lib.rs:621:18
[INFO] [stdout]   30:     0x63682c5b6d97 - test::run_test_in_process::{{closure}}::h0e39181dd7ee5a43
[INFO] [stdout]                                at /rustc/90b35a6239c3d8bdabc530a6a0816f7ff89a0aaf/library/test/src/lib.rs:644:60
[INFO] [stdout]   31:     0x63682c5b6d97 - <core::panic::unwind_safe::AssertUnwindSafe<F> as core::ops::function::FnOnce<()>>::call_once::hc5a66a30f0bdfd1f
[INFO] [stdout]                                at /rustc/90b35a6239c3d8bdabc530a6a0816f7ff89a0aaf/library/core/src/panic/unwind_safe.rs:272:9
[INFO] [stdout]   32:     0x63682c5b6d97 - std::panicking::try::do_call::h873b7cf639554a5e
[INFO] [stdout]                                at /rustc/90b35a6239c3d8bdabc530a6a0816f7ff89a0aaf/library/std/src/panicking.rs:557:40
[INFO] [stdout]   33:     0x63682c5b6d97 - std::panicking::try::hdb19862fad9c8bd1
[INFO] [stdout]                                at /rustc/90b35a6239c3d8bdabc530a6a0816f7ff89a0aaf/library/std/src/panicking.rs:520:19
[INFO] [stdout]   34:     0x63682c5b6d97 - std::panic::catch_unwind::h281fe732d236d260
[INFO] [stdout]                                at /rustc/90b35a6239c3d8bdabc530a6a0816f7ff89a0aaf/library/std/src/panic.rs:358:14
[INFO] [stdout]   35:     0x63682c5b6d97 - test::run_test_in_process::h949b6df8457ed338
[INFO] [stdout]                                at /rustc/90b35a6239c3d8bdabc530a6a0816f7ff89a0aaf/library/test/src/lib.rs:644:27
[INFO] [stdout]   36:     0x63682c5b6d97 - test::run_test::{{closure}}::h52c556a6d4740e10
[INFO] [stdout]                                at /rustc/90b35a6239c3d8bdabc530a6a0816f7ff89a0aaf/library/test/src/lib.rs:565:43
[INFO] [stdout]   37:     0x63682c57c074 - test::run_test::{{closure}}::h4237f6381c45ccb9
[INFO] [stdout]                                at /rustc/90b35a6239c3d8bdabc530a6a0816f7ff89a0aaf/library/test/src/lib.rs:595:41
[INFO] [stdout]   38:     0x63682c57c074 - std::sys::backtrace::__rust_begin_short_backtrace::h505c97a579eca628
[INFO] [stdout]                                at /rustc/90b35a6239c3d8bdabc530a6a0816f7ff89a0aaf/library/std/src/sys/backtrace.rs:154:18
[INFO] [stdout]   39:     0x63682c57f73e - std::thread::Builder::spawn_unchecked_::{{closure}}::{{closure}}::h9e86b2e2bc107ea3
[INFO] [stdout]                                at /rustc/90b35a6239c3d8bdabc530a6a0816f7ff89a0aaf/library/std/src/thread/mod.rs:538:17
[INFO] [stdout]   40:     0x63682c57f73e - <core::panic::unwind_safe::AssertUnwindSafe<F> as core::ops::function::FnOnce<()>>::call_once::h8b06ddb275ff4a25
[INFO] [stdout]                                at /rustc/90b35a6239c3d8bdabc530a6a0816f7ff89a0aaf/library/core/src/panic/unwind_safe.rs:272:9
[INFO] [stdout]   41:     0x63682c57f73e - std::panicking::try::do_call::hb26ecd7cd9a9355d
[INFO] [stdout]                                at /rustc/90b35a6239c3d8bdabc530a6a0816f7ff89a0aaf/library/std/src/panicking.rs:557:40
[INFO] [stdout]   42:     0x63682c57f73e - std::panicking::try::h8ddeca9d705f9069
[INFO] [stdout]                                at /rustc/90b35a6239c3d8bdabc530a6a0816f7ff89a0aaf/library/std/src/panicking.rs:520:19
[INFO] [stdout]   43:     0x63682c57f73e - std::panic::catch_unwind::h49e1c33078844c46
[INFO] [stdout]                                at /rustc/90b35a6239c3d8bdabc530a6a0816f7ff89a0aaf/library/std/src/panic.rs:358:14
[INFO] [stdout]   44:     0x63682c57f73e - std::thread::Builder::spawn_unchecked_::{{closure}}::h6073db6ff56ad35d
[INFO] [stdout]                                at /rustc/90b35a6239c3d8bdabc530a6a0816f7ff89a0aaf/library/std/src/thread/mod.rs:537:30
[INFO] [stdout]   45:     0x63682c57f73e - core::ops::function::FnOnce::call_once{{vtable.shim}}::h2c5a5f3779c774f1
[INFO] [stdout]                                at /rustc/90b35a6239c3d8bdabc530a6a0816f7ff89a0aaf/library/core/src/ops/function.rs:250:5
[INFO] [stdout]   46:     0x63682c5ef5db - <alloc::boxed::Box<F,A> as core::ops::function::FnOnce<Args>>::call_once::hf75717d9f28faebf
[INFO] [stdout]                                at /rustc/90b35a6239c3d8bdabc530a6a0816f7ff89a0aaf/library/alloc/src/boxed.rs:2454:9
[INFO] [stdout]   47:     0x63682c5ef5db - <alloc::boxed::Box<F,A> as core::ops::function::FnOnce<Args>>::call_once::h7bd883a5f3c5f3c1
[INFO] [stdout]                                at /rustc/90b35a6239c3d8bdabc530a6a0816f7ff89a0aaf/library/alloc/src/boxed.rs:2454:9
[INFO] [stdout]   48:     0x63682c5ef5db - std::sys::pal::unix::thread::Thread::new::thread_start::hcc78f3943333fa94
[INFO] [stdout]                                at /rustc/90b35a6239c3d8bdabc530a6a0816f7ff89a0aaf/library/std/src/sys/pal/unix/thread.rs:105:17
[INFO] [stdout]   49:     0x7d1d4e315ac3 - <unknown>
[INFO] [stdout]   50:     0x7d1d4e3a6a04 - clone
[INFO] [stdout]   51:                0x0 - <unknown>
[INFO] [stdout] 
[INFO] [stdout] ---- aim_50_problem stdout ----
[INFO] [stdout] thread 'aim_50_problem' panicked at src/main.rs:205:5:
[INFO] [stdout] assertion `left == right` failed
[INFO] [stdout]   left: 46.0
[INFO] [stdout]  right: 11.0
[INFO] [stdout] stack backtrace:
[INFO] [stdout]    0:     0x63682c5e9d8a - std::backtrace_rs::backtrace::libunwind::trace::h5a5b8284f2d0c266
[INFO] [stdout]                                at /rustc/90b35a6239c3d8bdabc530a6a0816f7ff89a0aaf/library/std/src/../../backtrace/src/backtrace/libunwind.rs:116:5
[INFO] [stdout]    1:     0x63682c5e9d8a - std::backtrace_rs::backtrace::trace_unsynchronized::h76d4f1c9b0b875e3
[INFO] [stdout]                                at /rustc/90b35a6239c3d8bdabc530a6a0816f7ff89a0aaf/library/std/src/../../backtrace/src/backtrace/mod.rs:66:5
[INFO] [stdout]    2:     0x63682c5e9d8a - std::sys::backtrace::_print_fmt::hc4546b8364a537c6
[INFO] [stdout]                                at /rustc/90b35a6239c3d8bdabc530a6a0816f7ff89a0aaf/library/std/src/sys/backtrace.rs:66:9
[INFO] [stdout]    3:     0x63682c5e9d8a - <std::sys::backtrace::BacktraceLock::print::DisplayBacktrace as core::fmt::Display>::fmt::h5b6bd5631a6d1f6b
[INFO] [stdout]                                at /rustc/90b35a6239c3d8bdabc530a6a0816f7ff89a0aaf/library/std/src/sys/backtrace.rs:39:26
[INFO] [stdout]    4:     0x63682c60faa3 - core::fmt::rt::Argument::fmt::h270f6602a2b96f62
[INFO] [stdout]                                at /rustc/90b35a6239c3d8bdabc530a6a0816f7ff89a0aaf/library/core/src/fmt/rt.rs:177:76
[INFO] [stdout]    5:     0x63682c60faa3 - core::fmt::write::h7550c97b06c86515
[INFO] [stdout]                                at /rustc/90b35a6239c3d8bdabc530a6a0816f7ff89a0aaf/library/core/src/fmt/mod.rs:1186:21
[INFO] [stdout]    6:     0x63682c5e6f53 - std::io::Write::write_fmt::h509ff860e5956e5e
[INFO] [stdout]                                at /rustc/90b35a6239c3d8bdabc530a6a0816f7ff89a0aaf/library/std/src/io/mod.rs:1839:15
[INFO] [stdout]    7:     0x63682c5e9bd2 - std::sys::backtrace::BacktraceLock::print::h2395ccd2c84ba3aa
[INFO] [stdout]                                at /rustc/90b35a6239c3d8bdabc530a6a0816f7ff89a0aaf/library/std/src/sys/backtrace.rs:42:9
[INFO] [stdout]    8:     0x63682c5eb1ea - std::panicking::default_hook::{{closure}}::he19d4c7230e07961
[INFO] [stdout]                                at /rustc/90b35a6239c3d8bdabc530a6a0816f7ff89a0aaf/library/std/src/panicking.rs:268:22
[INFO] [stdout]    9:     0x63682c5eaff4 - std::panicking::default_hook::hf614597d3c67bbdb
[INFO] [stdout]                                at /rustc/90b35a6239c3d8bdabc530a6a0816f7ff89a0aaf/library/std/src/panicking.rs:292:9
[INFO] [stdout]   10:     0x63682c5b2b99 - <alloc::boxed::Box<F,A> as core::ops::function::Fn<Args>>::call::h39b51ce4599c23d1
[INFO] [stdout]                                at /rustc/90b35a6239c3d8bdabc530a6a0816f7ff89a0aaf/library/alloc/src/boxed.rs:2468:9
[INFO] [stdout]   11:     0x63682c5b2b99 - test::test_main::{{closure}}::he977ae839a582784
[INFO] [stdout]                                at /rustc/90b35a6239c3d8bdabc530a6a0816f7ff89a0aaf/library/test/src/lib.rs:133:21
[INFO] [stdout]   12:     0x63682c5eb888 - <alloc::boxed::Box<F,A> as core::ops::function::Fn<Args>>::call::h9455091b6b06f9fb
[INFO] [stdout]                                at /rustc/90b35a6239c3d8bdabc530a6a0816f7ff89a0aaf/library/alloc/src/boxed.rs:2468:9
[INFO] [stdout]   13:     0x63682c5eb888 - std::panicking::rust_panic_with_hook::h8942133a8b252070
[INFO] [stdout]                                at /rustc/90b35a6239c3d8bdabc530a6a0816f7ff89a0aaf/library/std/src/panicking.rs:809:13
[INFO] [stdout]   14:     0x63682c5eb64a - std::panicking::begin_panic_handler::{{closure}}::hb5f5963570096b29
[INFO] [stdout]                                at /rustc/90b35a6239c3d8bdabc530a6a0816f7ff89a0aaf/library/std/src/panicking.rs:674:13
[INFO] [stdout]   15:     0x63682c5ea269 - std::sys::backtrace::__rust_end_short_backtrace::h6208cedc1922feda
[INFO] [stdout]                                at /rustc/90b35a6239c3d8bdabc530a6a0816f7ff89a0aaf/library/std/src/sys/backtrace.rs:170:18
[INFO] [stdout]   16:     0x63682c5eb2dc - rust_begin_unwind
[INFO] [stdout]                                at /rustc/90b35a6239c3d8bdabc530a6a0816f7ff89a0aaf/library/std/src/panicking.rs:665:5
[INFO] [stdout]   17:     0x63682c2d4130 - core::panicking::panic_fmt::h0c3082644d1bf418
[INFO] [stdout]                                at /rustc/90b35a6239c3d8bdabc530a6a0816f7ff89a0aaf/library/core/src/panicking.rs:74:14
[INFO] [stdout]   18:     0x63682c2d4534 - core::panicking::assert_failed_inner::h2ddf1fcc067fa858
[INFO] [stdout]   19:     0x63682c2e7724 - core::panicking::assert_failed::h408fb39d62e49337
[INFO] [stdout]                                at /rustc/90b35a6239c3d8bdabc530a6a0816f7ff89a0aaf/library/core/src/panicking.rs:367:5
[INFO] [stdout]   20:     0x63682c2e9d09 - sat_rs::aim_50_problem::h3c8c41b7e8331508
[INFO] [stdout]                                at /opt/rustwide/workdir/src/main.rs:205:5
[INFO] [stdout]   21:     0x63682c2e9b97 - sat_rs::aim_50_problem::{{closure}}::h135680701e3f4994
[INFO] [stdout]                                at /opt/rustwide/workdir/src/main.rs:110:20
[INFO] [stdout]   22:     0x63682c2f0ab6 - core::ops::function::FnOnce::call_once::h7601669dc6a66406
[INFO] [stdout]                                at /rustc/90b35a6239c3d8bdabc530a6a0816f7ff89a0aaf/library/core/src/ops/function.rs:250:5
[INFO] [stdout]   23:     0x63682c5b755b - core::ops::function::FnOnce::call_once::h109cf8051a59b34e
[INFO] [stdout]                                at /rustc/90b35a6239c3d8bdabc530a6a0816f7ff89a0aaf/library/core/src/ops/function.rs:250:5
[INFO] [stdout]   24:     0x63682c5b755b - test::__rust_begin_short_backtrace::hf4fff89d377446ba
[INFO] [stdout]                                at /rustc/90b35a6239c3d8bdabc530a6a0816f7ff89a0aaf/library/test/src/lib.rs:621:18
[INFO] [stdout]   25:     0x63682c5b6d97 - test::run_test_in_process::{{closure}}::h0e39181dd7ee5a43
[INFO] [stdout]                                at /rustc/90b35a6239c3d8bdabc530a6a0816f7ff89a0aaf/library/test/src/lib.rs:644:60
[INFO] [stdout]   26:     0x63682c5b6d97 - <core::panic::unwind_safe::AssertUnwindSafe<F> as core::ops::function::FnOnce<()>>::call_once::hc5a66a30f0bdfd1f
[INFO] [stdout]                                at /rustc/90b35a6239c3d8bdabc530a6a0816f7ff89a0aaf/library/core/src/panic/unwind_safe.rs:272:9
[INFO] [stdout]   27:     0x63682c5b6d97 - std::panicking::try::do_call::h873b7cf639554a5e
[INFO] [stdout]                                at /rustc/90b35a6239c3d8bdabc530a6a0816f7ff89a0aaf/library/std/src/panicking.rs:557:40
[INFO] [stdout]   28:     0x63682c5b6d97 - std::panicking::try::hdb19862fad9c8bd1
[INFO] [stdout]                                at /rustc/90b35a6239c3d8bdabc530a6a0816f7ff89a0aaf/library/std/src/panicking.rs:520:19
[INFO] [stdout]   29:     0x63682c5b6d97 - std::panic::catch_unwind::h281fe732d236d260
[INFO] [stdout]                                at /rustc/90b35a6239c3d8bdabc530a6a0816f7ff89a0aaf/library/std/src/panic.rs:358:14
[INFO] [stdout]   30:     0x63682c5b6d97 - test::run_test_in_process::h949b6df8457ed338
[INFO] [stdout]                                at /rustc/90b35a6239c3d8bdabc530a6a0816f7ff89a0aaf/library/test/src/lib.rs:644:27
[INFO] [stdout]   31:     0x63682c5b6d97 - test::run_test::{{closure}}::h52c556a6d4740e10
[INFO] [stdout]                                at /rustc/90b35a6239c3d8bdabc530a6a0816f7ff89a0aaf/library/test/src/lib.rs:565:43
[INFO] [stdout]   32:     0x63682c57c074 - test::run_test::{{closure}}::h4237f6381c45ccb9
[INFO] [stdout]                                at /rustc/90b35a6239c3d8bdabc530a6a0816f7ff89a0aaf/library/test/src/lib.rs:595:41
[INFO] [stdout]   33:     0x63682c57c074 - std::sys::backtrace::__rust_begin_short_backtrace::h505c97a579eca628
[INFO] [stdout]                                at /rustc/90b35a6239c3d8bdabc530a6a0816f7ff89a0aaf/library/std/src/sys/backtrace.rs:154:18
[INFO] [stdout]   34:     0x63682c57f73e - std::thread::Builder::spawn_unchecked_::{{closure}}::{{closure}}::h9e86b2e2bc107ea3
[INFO] [stdout]                                at /rustc/90b35a6239c3d8bdabc530a6a0816f7ff89a0aaf/library/std/src/thread/mod.rs:538:17
[INFO] [stdout]   35:     0x63682c57f73e - <core::panic::unwind_safe::AssertUnwindSafe<F> as core::ops::function::FnOnce<()>>::call_once::h8b06ddb275ff4a25
[INFO] [stdout]                                at /rustc/90b35a6239c3d8bdabc530a6a0816f7ff89a0aaf/library/core/src/panic/unwind_safe.rs:272:9
[INFO] [stdout]   36:     0x63682c57f73e - std::panicking::try::do_call::hb26ecd7cd9a9355d
[INFO] [stdout]                                at /rustc/90b35a6239c3d8bdabc530a6a0816f7ff89a0aaf/library/std/src/panicking.rs:557:40
[INFO] [stdout]   37:     0x63682c57f73e - std::panicking::try::h8ddeca9d705f9069
[INFO] [stdout]                                at /rustc/90b35a6239c3d8bdabc530a6a0816f7ff89a0aaf/library/std/src/panicking.rs:520:19
[INFO] [stdout]   38:     0x63682c57f73e - std::panic::catch_unwind::h49e1c33078844c46
[INFO] [stdout]                                at /rustc/90b35a6239c3d8bdabc530a6a0816f7ff89a0aaf/library/std/src/panic.rs:358:14
[INFO] [stdout]   39:     0x63682c57f73e - std::thread::Builder::spawn_unchecked_::{{closure}}::h6073db6ff56ad35d
[INFO] [stdout]                                at /rustc/90b35a6239c3d8bdabc530a6a0816f7ff89a0aaf/library/std/src/thread/mod.rs:537:30
[INFO] [stdout]   40:     0x63682c57f73e - core::ops::function::FnOnce::call_once{{vtable.shim}}::h2c5a5f3779c774f1
[INFO] [stdout]                                at /rustc/90b35a6239c3d8bdabc530a6a0816f7ff89a0aaf/library/core/src/ops/function.rs:250:5
[INFO] [stdout]   41:     0x63682c5ef5db - <alloc::boxed::Box<F,A> as core::ops::function::FnOnce<Args>>::call_once::hf75717d9f28faebf
[INFO] [stdout]                                at /rustc/90b35a6239c3d8bdabc530a6a0816f7ff89a0aaf/library/alloc/src/boxed.rs:2454:9
[INFO] [stdout]   42:     0x63682c5ef5db - <alloc::boxed::Box<F,A> as core::ops::function::FnOnce<Args>>::call_once::h7bd883a5f3c5f3c1
[INFO] [stdout]                                at /rustc/90b35a6239c3d8bdabc530a6a0816f7ff89a0aaf/library/alloc/src/boxed.rs:2454:9
[INFO] [stdout]   43:     0x63682c5ef5db - std::sys::pal::unix::thread::Thread::new::thread_start::hcc78f3943333fa94
[INFO] [stdout]                                at /rustc/90b35a6239c3d8bdabc530a6a0816f7ff89a0aaf/library/std/src/sys/pal/unix/thread.rs:105:17
[INFO] [stdout]   44:     0x7d1d4e315ac3 - <unknown>
[INFO] [stdout]   45:     0x7d1d4e3a6a04 - clone
[INFO] [stdout]   46:                0x0 - <unknown>
[INFO] [stdout] 
[INFO] [stdout] 
[INFO] [stdout] failures:
[INFO] [stdout]     aim_100_problem
[INFO] [stdout]     aim_50_problem
[INFO] [stdout] 
[INFO] [stdout] test result: FAILED. 4 passed; 2 failed; 0 ignored; 0 measured; 0 filtered out; finished in 0.26s
[INFO] [stdout] 
[INFO] [stderr] error: test failed, to rerun pass `--bin sat_rs`
[INFO] running `Command { std: "docker" "inspect" "cf98c66c1b9cf8621c5d21ccffd5dadbcb65dbbd859813c10518069280939381", kill_on_drop: false }`
[INFO] running `Command { std: "docker" "rm" "-f" "cf98c66c1b9cf8621c5d21ccffd5dadbcb65dbbd859813c10518069280939381", kill_on_drop: false }`
[INFO] [stdout] cf98c66c1b9cf8621c5d21ccffd5dadbcb65dbbd859813c10518069280939381
