[INFO] cloning repository https://github.com/einarkjellback/smiles-parser
[INFO] running `Command { std: "git" "-c" "credential.helper=" "-c" "credential.helper=/workspace/cargo-home/bin/git-credential-null" "clone" "--bare" "https://github.com/einarkjellback/smiles-parser" "/workspace/cache/git-repos/https%3A%2F%2Fgithub.com%2Feinarkjellback%2Fsmiles-parser", kill_on_drop: false }`
[INFO] [stderr] Cloning into bare repository '/workspace/cache/git-repos/https%3A%2F%2Fgithub.com%2Feinarkjellback%2Fsmiles-parser'...
[INFO] running `Command { std: "git" "rev-parse" "HEAD", kill_on_drop: false }`
[INFO] [stdout] 07349082d4f9bd3895dac63bd48b1db80c5afb71
[INFO] testing einarkjellback/smiles-parser against 1.83.0 for beta-1.84.0-4-retry
[INFO] running `Command { std: "git" "clone" "/workspace/cache/git-repos/https%3A%2F%2Fgithub.com%2Feinarkjellback%2Fsmiles-parser" "/workspace/builds/worker-6-tc1/source", kill_on_drop: false }`
[INFO] [stderr] Cloning into '/workspace/builds/worker-6-tc1/source'...
[INFO] [stderr] done.
[INFO] validating manifest of git repo https://github.com/einarkjellback/smiles-parser on toolchain 1.83.0
[INFO] running `Command { std: CARGO_HOME="/workspace/cargo-home" RUSTUP_HOME="/workspace/rustup-home" "/workspace/cargo-home/bin/cargo" "+1.83.0" "metadata" "--manifest-path" "Cargo.toml" "--no-deps", kill_on_drop: false }`
[INFO] started tweaking git repo https://github.com/einarkjellback/smiles-parser
[INFO] finished tweaking git repo https://github.com/einarkjellback/smiles-parser
[INFO] tweaked toml for git repo https://github.com/einarkjellback/smiles-parser written to /workspace/builds/worker-6-tc1/source/Cargo.toml
[INFO] crate git repo https://github.com/einarkjellback/smiles-parser already has a lockfile, it will not be regenerated
[INFO] running `Command { std: CARGO_HOME="/workspace/cargo-home" RUSTUP_HOME="/workspace/rustup-home" "/workspace/cargo-home/bin/cargo" "+1.83.0" "fetch" "--manifest-path" "Cargo.toml", kill_on_drop: false }`
[INFO] [stderr]     Blocking waiting for file lock on package cache
[INFO] running `Command { std: "docker" "create" "-v" "/var/lib/crater-agent-workspace/builds/worker-6-tc1/target:/opt/rustwide/target:rw,Z" "-v" "/var/lib/crater-agent-workspace/builds/worker-6-tc1/source:/opt/rustwide/workdir:ro,Z" "-v" "/var/lib/crater-agent-workspace/cargo-home:/opt/rustwide/cargo-home:ro,Z" "-v" "/var/lib/crater-agent-workspace/rustup-home:/opt/rustwide/rustup-home:ro,Z" "-e" "SOURCE_DIR=/opt/rustwide/workdir" "-e" "CARGO_TARGET_DIR=/opt/rustwide/target" "-e" "CARGO_HOME=/opt/rustwide/cargo-home" "-e" "RUSTUP_HOME=/opt/rustwide/rustup-home" "-w" "/opt/rustwide/workdir" "-m" "1610612736" "--user" "0:0" "--network" "none" "ghcr.io/rust-lang/crates-build-env/linux@sha256:f3a9d4ad9d972b27faf3965f35b62e55ba32bbce8f20bc8fe909558a86702fde" "/opt/rustwide/cargo-home/bin/cargo" "+1.83.0" "metadata" "--no-deps" "--format-version=1", kill_on_drop: false }`
[INFO] [stdout] 7056ca97ef01c5d0c58cbf16630ba39778fd8ba4fad6634d253319f492ddc633
[INFO] running `Command { std: "docker" "start" "-a" "7056ca97ef01c5d0c58cbf16630ba39778fd8ba4fad6634d253319f492ddc633", kill_on_drop: false }`
[INFO] running `Command { std: "docker" "inspect" "7056ca97ef01c5d0c58cbf16630ba39778fd8ba4fad6634d253319f492ddc633", kill_on_drop: false }`
[INFO] running `Command { std: "docker" "rm" "-f" "7056ca97ef01c5d0c58cbf16630ba39778fd8ba4fad6634d253319f492ddc633", kill_on_drop: false }`
[INFO] [stdout] 7056ca97ef01c5d0c58cbf16630ba39778fd8ba4fad6634d253319f492ddc633
[INFO] running `Command { std: "docker" "create" "-v" "/var/lib/crater-agent-workspace/builds/worker-6-tc1/target:/opt/rustwide/target:rw,Z" "-v" "/var/lib/crater-agent-workspace/builds/worker-6-tc1/source:/opt/rustwide/workdir:ro,Z" "-v" "/var/lib/crater-agent-workspace/cargo-home:/opt/rustwide/cargo-home:ro,Z" "-v" "/var/lib/crater-agent-workspace/rustup-home:/opt/rustwide/rustup-home:ro,Z" "-e" "SOURCE_DIR=/opt/rustwide/workdir" "-e" "CARGO_TARGET_DIR=/opt/rustwide/target" "-e" "CARGO_INCREMENTAL=0" "-e" "RUST_BACKTRACE=full" "-e" "RUSTFLAGS=--cap-lints=warn" "-e" "RUSTDOCFLAGS=--cap-lints=warn" "-e" "CARGO_HOME=/opt/rustwide/cargo-home" "-e" "RUSTUP_HOME=/opt/rustwide/rustup-home" "-w" "/opt/rustwide/workdir" "-m" "1610612736" "--user" "0:0" "--network" "none" "ghcr.io/rust-lang/crates-build-env/linux@sha256:f3a9d4ad9d972b27faf3965f35b62e55ba32bbce8f20bc8fe909558a86702fde" "/opt/rustwide/cargo-home/bin/cargo" "+1.83.0" "build" "--frozen" "--message-format=json", kill_on_drop: false }`
[INFO] [stdout] 01d0a848d02abdd226a019ad23baf062cb25f8a2c7b79ffc620e94219d1e1f5c
[INFO] running `Command { std: "docker" "start" "-a" "01d0a848d02abdd226a019ad23baf062cb25f8a2c7b79ffc620e94219d1e1f5c", kill_on_drop: false }`
[INFO] [stderr]    Compiling smiles_parser v0.1.0 (/opt/rustwide/workdir)
[INFO] [stdout] warning: field `from_organic_subset` is never read
[INFO] [stdout]  --> src/molecule_building.rs:6:5
[INFO] [stdout]   |
[INFO] [stdout] 4 | pub struct SmilesAtom {
[INFO] [stdout]   |            ---------- field in this struct
[INFO] [stdout] 5 |     atom: Atom,
[INFO] [stdout] 6 |     from_organic_subset: bool,
[INFO] [stdout]   |     ^^^^^^^^^^^^^^^^^^^
[INFO] [stdout]   |
[INFO] [stdout]   = note: `SmilesAtom` has a derived impl for the trait `Clone`, but this is intentionally ignored during dead code analysis
[INFO] [stdout]   = note: `#[warn(dead_code)]` on by default
[INFO] [stdout] 
[INFO] [stdout] 
[INFO] [stdout] warning: method `get_missing_hydrogens` is never used
[INFO] [stdout]   --> src/molecule_building.rs:21:8
[INFO] [stdout]    |
[INFO] [stdout] 9  | impl SmilesAtom {
[INFO] [stdout]    | --------------- method in this implementation
[INFO] [stdout] ...
[INFO] [stdout] 21 |     fn get_missing_hydrogens(&self, neighbor_count: usize) -> usize {
[INFO] [stdout]    |        ^^^^^^^^^^^^^^^^^^^^^
[INFO] [stdout] 
[INFO] [stdout] 
[INFO] [stderr]     Finished `dev` profile [unoptimized + debuginfo] target(s) in 0.72s
[INFO] running `Command { std: "docker" "inspect" "01d0a848d02abdd226a019ad23baf062cb25f8a2c7b79ffc620e94219d1e1f5c", kill_on_drop: false }`
[INFO] running `Command { std: "docker" "rm" "-f" "01d0a848d02abdd226a019ad23baf062cb25f8a2c7b79ffc620e94219d1e1f5c", kill_on_drop: false }`
[INFO] [stdout] 01d0a848d02abdd226a019ad23baf062cb25f8a2c7b79ffc620e94219d1e1f5c
[INFO] running `Command { std: "docker" "create" "-v" "/var/lib/crater-agent-workspace/builds/worker-6-tc1/target:/opt/rustwide/target:rw,Z" "-v" "/var/lib/crater-agent-workspace/builds/worker-6-tc1/source:/opt/rustwide/workdir:ro,Z" "-v" "/var/lib/crater-agent-workspace/cargo-home:/opt/rustwide/cargo-home:ro,Z" "-v" "/var/lib/crater-agent-workspace/rustup-home:/opt/rustwide/rustup-home:ro,Z" "-e" "SOURCE_DIR=/opt/rustwide/workdir" "-e" "CARGO_TARGET_DIR=/opt/rustwide/target" "-e" "CARGO_INCREMENTAL=0" "-e" "RUST_BACKTRACE=full" "-e" "RUSTFLAGS=--cap-lints=warn" "-e" "RUSTDOCFLAGS=--cap-lints=warn" "-e" "CARGO_HOME=/opt/rustwide/cargo-home" "-e" "RUSTUP_HOME=/opt/rustwide/rustup-home" "-w" "/opt/rustwide/workdir" "-m" "1610612736" "--user" "0:0" "--network" "none" "ghcr.io/rust-lang/crates-build-env/linux@sha256:f3a9d4ad9d972b27faf3965f35b62e55ba32bbce8f20bc8fe909558a86702fde" "/opt/rustwide/cargo-home/bin/cargo" "+1.83.0" "test" "--frozen" "--no-run" "--message-format=json", kill_on_drop: false }`
[INFO] [stdout] d6ae41037b5cc75a8b8e4beebdc588f5dcd6a24afbf06f0a6df5e9d944e38dac
[INFO] running `Command { std: "docker" "start" "-a" "d6ae41037b5cc75a8b8e4beebdc588f5dcd6a24afbf06f0a6df5e9d944e38dac", kill_on_drop: false }`
[INFO] [stdout] warning: field `from_organic_subset` is never read
[INFO] [stdout]  --> src/molecule_building.rs:6:5
[INFO] [stdout]   |
[INFO] [stdout] 4 | pub struct SmilesAtom {
[INFO] [stdout]   |            ---------- field in this struct
[INFO] [stdout] 5 |     atom: Atom,
[INFO] [stdout] 6 |     from_organic_subset: bool,
[INFO] [stdout]   |     ^^^^^^^^^^^^^^^^^^^
[INFO] [stdout]   |
[INFO] [stdout]   = note: `SmilesAtom` has a derived impl for the trait `Clone`, but this is intentionally ignored during dead code analysis
[INFO] [stdout]   = note: `#[warn(dead_code)]` on by default
[INFO] [stdout] 
[INFO] [stdout] 
[INFO] [stderr]    Compiling smiles_parser v0.1.0 (/opt/rustwide/workdir)
[INFO] [stdout] warning: method `get_missing_hydrogens` is never used
[INFO] [stdout]   --> src/molecule_building.rs:21:8
[INFO] [stdout]    |
[INFO] [stdout] 9  | impl SmilesAtom {
[INFO] [stdout]    | --------------- method in this implementation
[INFO] [stdout] ...
[INFO] [stdout] 21 |     fn get_missing_hydrogens(&self, neighbor_count: usize) -> usize {
[INFO] [stdout]    |        ^^^^^^^^^^^^^^^^^^^^^
[INFO] [stdout] 
[INFO] [stdout] 
[INFO] [stdout] warning: field `from_organic_subset` is never read
[INFO] [stdout]  --> src/molecule_building.rs:6:5
[INFO] [stdout]   |
[INFO] [stdout] 4 | pub struct SmilesAtom {
[INFO] [stdout]   |            ---------- field in this struct
[INFO] [stdout] 5 |     atom: Atom,
[INFO] [stdout] 6 |     from_organic_subset: bool,
[INFO] [stdout]   |     ^^^^^^^^^^^^^^^^^^^
[INFO] [stdout]   |
[INFO] [stdout]   = note: `SmilesAtom` has a derived impl for the trait `Clone`, but this is intentionally ignored during dead code analysis
[INFO] [stdout]   = note: `#[warn(dead_code)]` on by default
[INFO] [stdout] 
[INFO] [stdout] 
[INFO] [stdout] warning: method `get_missing_hydrogens` is never used
[INFO] [stdout]   --> src/molecule_building.rs:21:8
[INFO] [stdout]    |
[INFO] [stdout] 9  | impl SmilesAtom {
[INFO] [stdout]    | --------------- method in this implementation
[INFO] [stdout] ...
[INFO] [stdout] 21 |     fn get_missing_hydrogens(&self, neighbor_count: usize) -> usize {
[INFO] [stdout]    |        ^^^^^^^^^^^^^^^^^^^^^
[INFO] [stdout] 
[INFO] [stdout] 
[INFO] [stderr]     Finished `test` profile [unoptimized + debuginfo] target(s) in 1.13s
[INFO] running `Command { std: "docker" "inspect" "d6ae41037b5cc75a8b8e4beebdc588f5dcd6a24afbf06f0a6df5e9d944e38dac", kill_on_drop: false }`
[INFO] running `Command { std: "docker" "rm" "-f" "d6ae41037b5cc75a8b8e4beebdc588f5dcd6a24afbf06f0a6df5e9d944e38dac", kill_on_drop: false }`
[INFO] [stdout] d6ae41037b5cc75a8b8e4beebdc588f5dcd6a24afbf06f0a6df5e9d944e38dac
[INFO] running `Command { std: "docker" "create" "-v" "/var/lib/crater-agent-workspace/builds/worker-6-tc1/target:/opt/rustwide/target:rw,Z" "-v" "/var/lib/crater-agent-workspace/builds/worker-6-tc1/source:/opt/rustwide/workdir:ro,Z" "-v" "/var/lib/crater-agent-workspace/cargo-home:/opt/rustwide/cargo-home:ro,Z" "-v" "/var/lib/crater-agent-workspace/rustup-home:/opt/rustwide/rustup-home:ro,Z" "-e" "SOURCE_DIR=/opt/rustwide/workdir" "-e" "CARGO_TARGET_DIR=/opt/rustwide/target" "-e" "CARGO_INCREMENTAL=0" "-e" "RUST_BACKTRACE=full" "-e" "RUSTFLAGS=--cap-lints=warn" "-e" "RUSTDOCFLAGS=--cap-lints=warn" "-e" "CARGO_HOME=/opt/rustwide/cargo-home" "-e" "RUSTUP_HOME=/opt/rustwide/rustup-home" "-w" "/opt/rustwide/workdir" "-m" "1610612736" "--user" "0:0" "--network" "none" "ghcr.io/rust-lang/crates-build-env/linux@sha256:f3a9d4ad9d972b27faf3965f35b62e55ba32bbce8f20bc8fe909558a86702fde" "/opt/rustwide/cargo-home/bin/cargo" "+1.83.0" "test" "--frozen", kill_on_drop: false }`
[INFO] [stdout] 4c6ede8e3909c2c0e3d9b02de36a2bd8ba8891e76ce3a3c4cc3d497f486de905
[INFO] running `Command { std: "docker" "start" "-a" "4c6ede8e3909c2c0e3d9b02de36a2bd8ba8891e76ce3a3c4cc3d497f486de905", kill_on_drop: false }`
[INFO] [stderr] warning: field `from_organic_subset` is never read
[INFO] [stderr]  --> src/molecule_building.rs:6:5
[INFO] [stderr]   |
[INFO] [stderr] 4 | pub struct SmilesAtom {
[INFO] [stderr]   |            ---------- field in this struct
[INFO] [stderr] 5 |     atom: Atom,
[INFO] [stderr] 6 |     from_organic_subset: bool,
[INFO] [stderr]   |     ^^^^^^^^^^^^^^^^^^^
[INFO] [stderr]   |
[INFO] [stderr]   = note: `SmilesAtom` has a derived impl for the trait `Clone`, but this is intentionally ignored during dead code analysis
[INFO] [stderr]   = note: `#[warn(dead_code)]` on by default
[INFO] [stderr] 
[INFO] [stderr] warning: method `get_missing_hydrogens` is never used
[INFO] [stderr]   --> src/molecule_building.rs:21:8
[INFO] [stderr]    |
[INFO] [stderr] 9  | impl SmilesAtom {
[INFO] [stderr]    | --------------- method in this implementation
[INFO] [stderr] ...
[INFO] [stderr] 21 |     fn get_missing_hydrogens(&self, neighbor_count: usize) -> usize {
[INFO] [stderr]    |        ^^^^^^^^^^^^^^^^^^^^^
[INFO] [stderr] 
[INFO] [stderr] warning: `smiles_parser` (lib) generated 2 warnings
[INFO] [stderr] warning: `smiles_parser` (lib test) generated 2 warnings (2 duplicates)
[INFO] [stderr]     Finished `test` profile [unoptimized + debuginfo] target(s) in 0.02s
[INFO] [stderr]      Running unittests src/lib.rs (/opt/rustwide/target/debug/deps/smiles_parser-f0371d61840b3e57)
[INFO] [stdout] 
[INFO] [stdout] running 14 tests
[INFO] [stdout] test tests::smiles_conv_branch_neighbors ... ignored
[INFO] [stdout] test tests::smiles_conv_class ... ok
[INFO] [stdout] test tests::smiles_conv_charge ... ok
[INFO] [stdout] test tests::smiles_conv_hydrogen_from ... ok
[INFO] [stdout] test tests::smiles_conv_diatomic_bonds ... ok
[INFO] [stdout] test tests::smiles_conv_hydrogen_single_bond ... ok
[INFO] [stdout] test tests::smiles_conv_chiral ... ok
[INFO] [stdout] test tests::smiles_conv_double_letter_element ... ok
[INFO] [stdout] test tests::smiles_conv_implicit_single_bond ... ok
[INFO] [stdout] test tests::smiles_conv_hydrogens ... ok
[INFO] [stdout] test tests::smiles_conv_isotope ... ok
[INFO] [stdout] test tests::smiles_conv_organic_subset_atoms ... ok
[INFO] [stdout] test tests::smiles_conv_single_letter_element ... ok
[INFO] [stdout] test tests::smiles_conv_organic_subset_implicit_hydrogens ... FAILED
[INFO] [stdout] 
[INFO] [stdout] failures:
[INFO] [stdout] 
[INFO] [stdout] ---- tests::smiles_conv_organic_subset_implicit_hydrogens stdout ----
[INFO] [stdout] thread 'tests::smiles_conv_organic_subset_implicit_hydrogens' panicked at src/lib.rs:515:13:
[INFO] [stdout] assertion `left == right` failed: Failed for case: B
[INFO] [stdout]   left: 3
[INFO] [stdout]  right: 0
[INFO] [stdout] stack backtrace:
[INFO] [stdout]    0:     0x636b860efc8a - std::backtrace_rs::backtrace::libunwind::trace::h5a5b8284f2d0c266
[INFO] [stdout]                                at /rustc/90b35a6239c3d8bdabc530a6a0816f7ff89a0aaf/library/std/src/../../backtrace/src/backtrace/libunwind.rs:116:5
[INFO] [stdout]    1:     0x636b860efc8a - std::backtrace_rs::backtrace::trace_unsynchronized::h76d4f1c9b0b875e3
[INFO] [stdout]                                at /rustc/90b35a6239c3d8bdabc530a6a0816f7ff89a0aaf/library/std/src/../../backtrace/src/backtrace/mod.rs:66:5
[INFO] [stdout]    2:     0x636b860efc8a - std::sys::backtrace::_print_fmt::hc4546b8364a537c6
[INFO] [stdout]                                at /rustc/90b35a6239c3d8bdabc530a6a0816f7ff89a0aaf/library/std/src/sys/backtrace.rs:66:9
[INFO] [stdout]    3:     0x636b860efc8a - <std::sys::backtrace::BacktraceLock::print::DisplayBacktrace as core::fmt::Display>::fmt::h5b6bd5631a6d1f6b
[INFO] [stdout]                                at /rustc/90b35a6239c3d8bdabc530a6a0816f7ff89a0aaf/library/std/src/sys/backtrace.rs:39:26
[INFO] [stdout]    4:     0x636b861150a3 - core::fmt::rt::Argument::fmt::h270f6602a2b96f62
[INFO] [stdout]                                at /rustc/90b35a6239c3d8bdabc530a6a0816f7ff89a0aaf/library/core/src/fmt/rt.rs:177:76
[INFO] [stdout]    5:     0x636b861150a3 - core::fmt::write::h7550c97b06c86515
[INFO] [stdout]                                at /rustc/90b35a6239c3d8bdabc530a6a0816f7ff89a0aaf/library/core/src/fmt/mod.rs:1186:21
[INFO] [stdout]    6:     0x636b860ece53 - std::io::Write::write_fmt::h509ff860e5956e5e
[INFO] [stdout]                                at /rustc/90b35a6239c3d8bdabc530a6a0816f7ff89a0aaf/library/std/src/io/mod.rs:1839:15
[INFO] [stdout]    7:     0x636b860efad2 - std::sys::backtrace::BacktraceLock::print::h2395ccd2c84ba3aa
[INFO] [stdout]                                at /rustc/90b35a6239c3d8bdabc530a6a0816f7ff89a0aaf/library/std/src/sys/backtrace.rs:42:9
[INFO] [stdout]    8:     0x636b860f10ea - std::panicking::default_hook::{{closure}}::he19d4c7230e07961
[INFO] [stdout]                                at /rustc/90b35a6239c3d8bdabc530a6a0816f7ff89a0aaf/library/std/src/panicking.rs:268:22
[INFO] [stdout]    9:     0x636b860f0ef4 - std::panicking::default_hook::hf614597d3c67bbdb
[INFO] [stdout]                                at /rustc/90b35a6239c3d8bdabc530a6a0816f7ff89a0aaf/library/std/src/panicking.rs:292:9
[INFO] [stdout]   10:     0x636b860bc7d9 - <alloc::boxed::Box<F,A> as core::ops::function::Fn<Args>>::call::h39b51ce4599c23d1
[INFO] [stdout]                                at /rustc/90b35a6239c3d8bdabc530a6a0816f7ff89a0aaf/library/alloc/src/boxed.rs:2468:9
[INFO] [stdout]   11:     0x636b860bc7d9 - test::test_main::{{closure}}::he977ae839a582784
[INFO] [stdout]                                at /rustc/90b35a6239c3d8bdabc530a6a0816f7ff89a0aaf/library/test/src/lib.rs:133:21
[INFO] [stdout]   12:     0x636b860f1788 - <alloc::boxed::Box<F,A> as core::ops::function::Fn<Args>>::call::h9455091b6b06f9fb
[INFO] [stdout]                                at /rustc/90b35a6239c3d8bdabc530a6a0816f7ff89a0aaf/library/alloc/src/boxed.rs:2468:9
[INFO] [stdout]   13:     0x636b860f1788 - std::panicking::rust_panic_with_hook::h8942133a8b252070
[INFO] [stdout]                                at /rustc/90b35a6239c3d8bdabc530a6a0816f7ff89a0aaf/library/std/src/panicking.rs:809:13
[INFO] [stdout]   14:     0x636b860f154a - std::panicking::begin_panic_handler::{{closure}}::hb5f5963570096b29
[INFO] [stdout]                                at /rustc/90b35a6239c3d8bdabc530a6a0816f7ff89a0aaf/library/std/src/panicking.rs:674:13
[INFO] [stdout]   15:     0x636b860f0169 - std::sys::backtrace::__rust_end_short_backtrace::h6208cedc1922feda
[INFO] [stdout]                                at /rustc/90b35a6239c3d8bdabc530a6a0816f7ff89a0aaf/library/std/src/sys/backtrace.rs:170:18
[INFO] [stdout]   16:     0x636b860f11dc - rust_begin_unwind
[INFO] [stdout]                                at /rustc/90b35a6239c3d8bdabc530a6a0816f7ff89a0aaf/library/std/src/panicking.rs:665:5
[INFO] [stdout]   17:     0x636b86064ac0 - core::panicking::panic_fmt::h0c3082644d1bf418
[INFO] [stdout]                                at /rustc/90b35a6239c3d8bdabc530a6a0816f7ff89a0aaf/library/core/src/panicking.rs:74:14
[INFO] [stdout]   18:     0x636b86064e8b - core::panicking::assert_failed_inner::h2ddf1fcc067fa858
[INFO] [stdout]   19:     0x636b86072e36 - core::panicking::assert_failed::haebd6f242b1f4ed0
[INFO] [stdout]                                at /rustc/90b35a6239c3d8bdabc530a6a0816f7ff89a0aaf/library/core/src/panicking.rs:367:5
[INFO] [stdout]   20:     0x636b86083fc1 - smiles_parser::tests::smiles_conv_organic_subset_implicit_hydrogens::hb5cb700af7a5d37a
[INFO] [stdout]                                at /opt/rustwide/workdir/src/lib.rs:515:13
[INFO] [stdout]   21:     0x636b86083667 - smiles_parser::tests::smiles_conv_organic_subset_implicit_hydrogens::{{closure}}::h6f6404216e85fc74
[INFO] [stdout]                                at /opt/rustwide/workdir/src/lib.rs:490:55
[INFO] [stdout]   22:     0x636b86074dc6 - core::ops::function::FnOnce::call_once::h248bd8f609b7ba0f
[INFO] [stdout]                                at /rustc/90b35a6239c3d8bdabc530a6a0816f7ff89a0aaf/library/core/src/ops/function.rs:250:5
[INFO] [stdout]   23:     0x636b860c119b - core::ops::function::FnOnce::call_once::h109cf8051a59b34e
[INFO] [stdout]                                at /rustc/90b35a6239c3d8bdabc530a6a0816f7ff89a0aaf/library/core/src/ops/function.rs:250:5
[INFO] [stdout]   24:     0x636b860c119b - test::__rust_begin_short_backtrace::hf4fff89d377446ba
[INFO] [stdout]                                at /rustc/90b35a6239c3d8bdabc530a6a0816f7ff89a0aaf/library/test/src/lib.rs:621:18
[INFO] [stdout]   25:     0x636b860c09d7 - test::run_test_in_process::{{closure}}::h0e39181dd7ee5a43
[INFO] [stdout]                                at /rustc/90b35a6239c3d8bdabc530a6a0816f7ff89a0aaf/library/test/src/lib.rs:644:60
[INFO] [stdout]   26:     0x636b860c09d7 - <core::panic::unwind_safe::AssertUnwindSafe<F> as core::ops::function::FnOnce<()>>::call_once::hc5a66a30f0bdfd1f
[INFO] [stdout]                                at /rustc/90b35a6239c3d8bdabc530a6a0816f7ff89a0aaf/library/core/src/panic/unwind_safe.rs:272:9
[INFO] [stdout]   27:     0x636b860c09d7 - std::panicking::try::do_call::h873b7cf639554a5e
[INFO] [stdout]                                at /rustc/90b35a6239c3d8bdabc530a6a0816f7ff89a0aaf/library/std/src/panicking.rs:557:40
[INFO] [stdout]   28:     0x636b860c09d7 - std::panicking::try::hdb19862fad9c8bd1
[INFO] [stdout]                                at /rustc/90b35a6239c3d8bdabc530a6a0816f7ff89a0aaf/library/std/src/panicking.rs:520:19
[INFO] [stdout]   29:     0x636b860c09d7 - std::panic::catch_unwind::h281fe732d236d260
[INFO] [stdout]                                at /rustc/90b35a6239c3d8bdabc530a6a0816f7ff89a0aaf/library/std/src/panic.rs:358:14
[INFO] [stdout]   30:     0x636b860c09d7 - test::run_test_in_process::h949b6df8457ed338
[INFO] [stdout]                                at /rustc/90b35a6239c3d8bdabc530a6a0816f7ff89a0aaf/library/test/src/lib.rs:644:27
[INFO] [stdout]   31:     0x636b860c09d7 - test::run_test::{{closure}}::h52c556a6d4740e10
[INFO] [stdout]                                at /rustc/90b35a6239c3d8bdabc530a6a0816f7ff89a0aaf/library/test/src/lib.rs:565:43
[INFO] [stdout]   32:     0x636b86085cb4 - test::run_test::{{closure}}::h4237f6381c45ccb9
[INFO] [stdout]                                at /rustc/90b35a6239c3d8bdabc530a6a0816f7ff89a0aaf/library/test/src/lib.rs:595:41
[INFO] [stdout]   33:     0x636b86085cb4 - std::sys::backtrace::__rust_begin_short_backtrace::h505c97a579eca628
[INFO] [stdout]                                at /rustc/90b35a6239c3d8bdabc530a6a0816f7ff89a0aaf/library/std/src/sys/backtrace.rs:154:18
[INFO] [stdout]   34:     0x636b8608937e - std::thread::Builder::spawn_unchecked_::{{closure}}::{{closure}}::h9e86b2e2bc107ea3
[INFO] [stdout]                                at /rustc/90b35a6239c3d8bdabc530a6a0816f7ff89a0aaf/library/std/src/thread/mod.rs:538:17
[INFO] [stdout]   35:     0x636b8608937e - <core::panic::unwind_safe::AssertUnwindSafe<F> as core::ops::function::FnOnce<()>>::call_once::h8b06ddb275ff4a25
[INFO] [stdout]                                at /rustc/90b35a6239c3d8bdabc530a6a0816f7ff89a0aaf/library/core/src/panic/unwind_safe.rs:272:9
[INFO] [stdout]   36:     0x636b8608937e - std::panicking::try::do_call::hb26ecd7cd9a9355d
[INFO] [stdout]                                at /rustc/90b35a6239c3d8bdabc530a6a0816f7ff89a0aaf/library/std/src/panicking.rs:557:40
[INFO] [stdout]   37:     0x636b8608937e - std::panicking::try::h8ddeca9d705f9069
[INFO] [stdout]                                at /rustc/90b35a6239c3d8bdabc530a6a0816f7ff89a0aaf/library/std/src/panicking.rs:520:19
[INFO] [stdout]   38:     0x636b8608937e - std::panic::catch_unwind::h49e1c33078844c46
[INFO] [stdout]                                at /rustc/90b35a6239c3d8bdabc530a6a0816f7ff89a0aaf/library/std/src/panic.rs:358:14
[INFO] [stdout]   39:     0x636b8608937e - std::thread::Builder::spawn_unchecked_::{{closure}}::h6073db6ff56ad35d
[INFO] [stdout]                                at /rustc/90b35a6239c3d8bdabc530a6a0816f7ff89a0aaf/library/std/src/thread/mod.rs:537:30
[INFO] [stdout]   40:     0x636b8608937e - core::ops::function::FnOnce::call_once{{vtable.shim}}::h2c5a5f3779c774f1
[INFO] [stdout]                                at /rustc/90b35a6239c3d8bdabc530a6a0816f7ff89a0aaf/library/core/src/ops/function.rs:250:5
[INFO] [stdout]   41:     0x636b860f54db - <alloc::boxed::Box<F,A> as core::ops::function::FnOnce<Args>>::call_once::hf75717d9f28faebf
[INFO] [stdout]                                at /rustc/90b35a6239c3d8bdabc530a6a0816f7ff89a0aaf/library/alloc/src/boxed.rs:2454:9
[INFO] [stdout]   42:     0x636b860f54db - <alloc::boxed::Box<F,A> as core::ops::function::FnOnce<Args>>::call_once::h7bd883a5f3c5f3c1
[INFO] [stdout]                                at /rustc/90b35a6239c3d8bdabc530a6a0816f7ff89a0aaf/library/alloc/src/boxed.rs:2454:9
[INFO] [stdout]   43:     0x636b860f54db - std::sys::pal::unix::thread::Thread::new::thread_start::hcc78f3943333fa94
[INFO] [stdout]                                at /rustc/90b35a6239c3d8bdabc530a6a0816f7ff89a0aaf/library/std/src/sys/pal/unix/thread.rs:105:17
[INFO] [stdout]   44:     0x7a5583caeac3 - <unknown>
[INFO] [stdout]   45:     0x7a5583d3fa04 - clone
[INFO] [stdout]   46:                0x0 - <unknown>
[INFO] [stdout] 
[INFO] [stdout] 
[INFO] [stdout] failures:
[INFO] [stdout]     tests::smiles_conv_organic_subset_implicit_hydrogens
[INFO] [stdout] 
[INFO] [stdout] test result: FAILED. 12 passed; 1 failed; 1 ignored; 0 measured; 0 filtered out; finished in 0.05s
[INFO] [stdout] 
[INFO] [stderr] error: test failed, to rerun pass `--lib`
[INFO] running `Command { std: "docker" "inspect" "4c6ede8e3909c2c0e3d9b02de36a2bd8ba8891e76ce3a3c4cc3d497f486de905", kill_on_drop: false }`
[INFO] running `Command { std: "docker" "rm" "-f" "4c6ede8e3909c2c0e3d9b02de36a2bd8ba8891e76ce3a3c4cc3d497f486de905", kill_on_drop: false }`
[INFO] [stdout] 4c6ede8e3909c2c0e3d9b02de36a2bd8ba8891e76ce3a3c4cc3d497f486de905
