[INFO] cloning repository https://github.com/efirlus/advent-rust
[INFO] running `Command { std: "git" "-c" "credential.helper=" "-c" "credential.helper=/workspace/cargo-home/bin/git-credential-null" "clone" "--bare" "https://github.com/efirlus/advent-rust" "/workspace/cache/git-repos/https%3A%2F%2Fgithub.com%2Fefirlus%2Fadvent-rust", kill_on_drop: false }`
[INFO] [stderr] Cloning into bare repository '/workspace/cache/git-repos/https%3A%2F%2Fgithub.com%2Fefirlus%2Fadvent-rust'...
[INFO] running `Command { std: "git" "rev-parse" "HEAD", kill_on_drop: false }`
[INFO] [stdout] d516cd6eab869ac760c3af9a70a9d8398ba4efc1
[INFO] testing efirlus/advent-rust against 1.83.0 for beta-1.84.0-4-retry
[INFO] running `Command { std: "git" "clone" "/workspace/cache/git-repos/https%3A%2F%2Fgithub.com%2Fefirlus%2Fadvent-rust" "/workspace/builds/worker-3-tc1/source", kill_on_drop: false }`
[INFO] [stderr] Cloning into '/workspace/builds/worker-3-tc1/source'...
[INFO] [stderr] done.
[INFO] validating manifest of git repo https://github.com/efirlus/advent-rust on toolchain 1.83.0
[INFO] running `Command { std: CARGO_HOME="/workspace/cargo-home" RUSTUP_HOME="/workspace/rustup-home" "/workspace/cargo-home/bin/cargo" "+1.83.0" "metadata" "--manifest-path" "Cargo.toml" "--no-deps", kill_on_drop: false }`
[INFO] started tweaking git repo https://github.com/efirlus/advent-rust
[INFO] finished tweaking git repo https://github.com/efirlus/advent-rust
[INFO] tweaked toml for git repo https://github.com/efirlus/advent-rust written to /workspace/builds/worker-3-tc1/source/Cargo.toml
[INFO] crate git repo https://github.com/efirlus/advent-rust already has a lockfile, it will not be regenerated
[INFO] running `Command { std: CARGO_HOME="/workspace/cargo-home" RUSTUP_HOME="/workspace/rustup-home" "/workspace/cargo-home/bin/cargo" "+1.83.0" "fetch" "--manifest-path" "Cargo.toml", kill_on_drop: false }`
[INFO] [stderr]     Blocking waiting for file lock on package cache
[INFO] running `Command { std: "docker" "create" "-v" "/var/lib/crater-agent-workspace/builds/worker-3-tc1/target:/opt/rustwide/target:rw,Z" "-v" "/var/lib/crater-agent-workspace/builds/worker-3-tc1/source:/opt/rustwide/workdir:ro,Z" "-v" "/var/lib/crater-agent-workspace/cargo-home:/opt/rustwide/cargo-home:ro,Z" "-v" "/var/lib/crater-agent-workspace/rustup-home:/opt/rustwide/rustup-home:ro,Z" "-e" "SOURCE_DIR=/opt/rustwide/workdir" "-e" "CARGO_TARGET_DIR=/opt/rustwide/target" "-e" "CARGO_HOME=/opt/rustwide/cargo-home" "-e" "RUSTUP_HOME=/opt/rustwide/rustup-home" "-w" "/opt/rustwide/workdir" "-m" "1610612736" "--user" "0:0" "--network" "none" "ghcr.io/rust-lang/crates-build-env/linux@sha256:f3a9d4ad9d972b27faf3965f35b62e55ba32bbce8f20bc8fe909558a86702fde" "/opt/rustwide/cargo-home/bin/cargo" "+1.83.0" "metadata" "--no-deps" "--format-version=1", kill_on_drop: false }`
[INFO] [stdout] dd5a30577b015f4ece06d97ca3fe736a18a2daa71a1e3c82f3044f1e73716f34
[INFO] running `Command { std: "docker" "start" "-a" "dd5a30577b015f4ece06d97ca3fe736a18a2daa71a1e3c82f3044f1e73716f34", kill_on_drop: false }`
[INFO] running `Command { std: "docker" "inspect" "dd5a30577b015f4ece06d97ca3fe736a18a2daa71a1e3c82f3044f1e73716f34", kill_on_drop: false }`
[INFO] running `Command { std: "docker" "rm" "-f" "dd5a30577b015f4ece06d97ca3fe736a18a2daa71a1e3c82f3044f1e73716f34", kill_on_drop: false }`
[INFO] [stdout] dd5a30577b015f4ece06d97ca3fe736a18a2daa71a1e3c82f3044f1e73716f34
[INFO] running `Command { std: "docker" "create" "-v" "/var/lib/crater-agent-workspace/builds/worker-3-tc1/target:/opt/rustwide/target:rw,Z" "-v" "/var/lib/crater-agent-workspace/builds/worker-3-tc1/source:/opt/rustwide/workdir:ro,Z" "-v" "/var/lib/crater-agent-workspace/cargo-home:/opt/rustwide/cargo-home:ro,Z" "-v" "/var/lib/crater-agent-workspace/rustup-home:/opt/rustwide/rustup-home:ro,Z" "-e" "SOURCE_DIR=/opt/rustwide/workdir" "-e" "CARGO_TARGET_DIR=/opt/rustwide/target" "-e" "CARGO_INCREMENTAL=0" "-e" "RUST_BACKTRACE=full" "-e" "RUSTFLAGS=--cap-lints=warn" "-e" "RUSTDOCFLAGS=--cap-lints=warn" "-e" "CARGO_HOME=/opt/rustwide/cargo-home" "-e" "RUSTUP_HOME=/opt/rustwide/rustup-home" "-w" "/opt/rustwide/workdir" "-m" "1610612736" "--user" "0:0" "--network" "none" "ghcr.io/rust-lang/crates-build-env/linux@sha256:f3a9d4ad9d972b27faf3965f35b62e55ba32bbce8f20bc8fe909558a86702fde" "/opt/rustwide/cargo-home/bin/cargo" "+1.83.0" "build" "--frozen" "--message-format=json", kill_on_drop: false }`
[INFO] [stdout] c96c635563c2eed07cf83711616420ee23ba57f367fb73efa1824605f5697159
[INFO] running `Command { std: "docker" "start" "-a" "c96c635563c2eed07cf83711616420ee23ba57f367fb73efa1824605f5697159", kill_on_drop: false }`
[INFO] [stderr]    Compiling memchr v2.7.4
[INFO] [stderr]    Compiling regex-syntax v0.8.5
[INFO] [stderr]    Compiling aho-corasick v1.1.3
[INFO] [stderr]    Compiling regex-automata v0.4.9
[INFO] [stderr]    Compiling regex v1.11.1
[INFO] [stderr]    Compiling advent-rust v0.1.0 (/opt/rustwide/workdir)
[INFO] [stdout] warning: value assigned to `읽을까_말까` is never read
[INFO] [stdout]   --> src/day03.rs:41:13
[INFO] [stdout]    |
[INFO] [stdout] 41 |     let mut 읽을까_말까 = false;
[INFO] [stdout]    |             ^^^^^^^^^^^
[INFO] [stdout]    |
[INFO] [stdout]    = help: maybe it is overwritten before being read?
[INFO] [stdout]    = note: `#[warn(unused_assignments)]` on by default
[INFO] [stdout] 
[INFO] [stdout] 
[INFO] [stdout] warning: value assigned to `다음_좌표` is never read
[INFO] [stdout]   --> src/day04.rs:87:13
[INFO] [stdout]    |
[INFO] [stdout] 87 |     let mut 다음_좌표 = Vec::new();
[INFO] [stdout]    |             ^^^^^^^^^
[INFO] [stdout]    |
[INFO] [stdout]    = help: maybe it is overwritten before being read?
[INFO] [stdout] 
[INFO] [stdout] 
[INFO] [stdout] warning: value assigned to `총점` is never read
[INFO] [stdout]   --> src/day05.rs:47:13
[INFO] [stdout]    |
[INFO] [stdout] 47 |     let mut 총점:i32 = 0;
[INFO] [stdout]    |             ^^^^
[INFO] [stdout]    |
[INFO] [stdout]    = help: maybe it is overwritten before being read?
[INFO] [stdout] 
[INFO] [stdout] 
[INFO] [stdout] warning: value assigned to `문서` is never read
[INFO] [stdout]   --> src/day05.rs:49:6
[INFO] [stdout]    |
[INFO] [stdout] 49 |     (문서, 총점) = 재정렬을_해볼까(문서, 딱_맞는_규칙);
[INFO] [stdout]    |      ^^^^
[INFO] [stdout]    |
[INFO] [stdout]    = help: maybe it is overwritten before being read?
[INFO] [stdout] 
[INFO] [stdout] 
[INFO] [stdout] warning: unused variable: `입력`
[INFO] [stdout]    --> src/day08.rs:163:14
[INFO] [stdout]     |
[INFO] [stdout] 163 | pub fn part2(입력: &str) -> i32 {
[INFO] [stdout]     |              ^^^^ help: if this is intentional, prefix it with an underscore: `_입력`
[INFO] [stdout]     |
[INFO] [stdout]     = note: `#[warn(unused_variables)]` on by default
[INFO] [stdout] 
[INFO] [stdout] 
[INFO] [stdout] warning: function `차이점_점수_구하기` is never used
[INFO] [stdout]   --> src/day01.rs:22:4
[INFO] [stdout]    |
[INFO] [stdout] 22 | fn 차이점_점수_구하기(왼쪽_메모:Vec<i32>, 오른쪽_메모:Vec<i32>) -> i32 {
[INFO] [stdout]    |    ^^^^^^^^^^^^^^^^^^
[INFO] [stdout]    |
[INFO] [stdout]    = note: `#[warn(dead_code)]` on by default
[INFO] [stdout] 
[INFO] [stdout] 
[INFO] [stdout] warning: function `초콜렛이_먹고싶은데` is never used
[INFO] [stdout]   --> src/day08.rs:70:4
[INFO] [stdout]    |
[INFO] [stdout] 70 | fn 초콜렛이_먹고싶은데(이번_계산_대상:Vec<&안테나>, mut 공명_극대화_지점:HashSet<(i32, i32)>, 맵_크기:(i32, i32)) -> HashSet<(i32, i32)>{                         ...
[INFO] [stdout]    |    ^^^^^^^^^^^^^^^^^^^
[INFO] [stdout] 
[INFO] [stdout] 
[INFO] [stderr]     Finished `dev` profile [unoptimized + debuginfo] target(s) in 9.58s
[INFO] running `Command { std: "docker" "inspect" "c96c635563c2eed07cf83711616420ee23ba57f367fb73efa1824605f5697159", kill_on_drop: false }`
[INFO] running `Command { std: "docker" "rm" "-f" "c96c635563c2eed07cf83711616420ee23ba57f367fb73efa1824605f5697159", kill_on_drop: false }`
[INFO] [stdout] c96c635563c2eed07cf83711616420ee23ba57f367fb73efa1824605f5697159
[INFO] running `Command { std: "docker" "create" "-v" "/var/lib/crater-agent-workspace/builds/worker-3-tc1/target:/opt/rustwide/target:rw,Z" "-v" "/var/lib/crater-agent-workspace/builds/worker-3-tc1/source:/opt/rustwide/workdir:ro,Z" "-v" "/var/lib/crater-agent-workspace/cargo-home:/opt/rustwide/cargo-home:ro,Z" "-v" "/var/lib/crater-agent-workspace/rustup-home:/opt/rustwide/rustup-home:ro,Z" "-e" "SOURCE_DIR=/opt/rustwide/workdir" "-e" "CARGO_TARGET_DIR=/opt/rustwide/target" "-e" "CARGO_INCREMENTAL=0" "-e" "RUST_BACKTRACE=full" "-e" "RUSTFLAGS=--cap-lints=warn" "-e" "RUSTDOCFLAGS=--cap-lints=warn" "-e" "CARGO_HOME=/opt/rustwide/cargo-home" "-e" "RUSTUP_HOME=/opt/rustwide/rustup-home" "-w" "/opt/rustwide/workdir" "-m" "1610612736" "--user" "0:0" "--network" "none" "ghcr.io/rust-lang/crates-build-env/linux@sha256:f3a9d4ad9d972b27faf3965f35b62e55ba32bbce8f20bc8fe909558a86702fde" "/opt/rustwide/cargo-home/bin/cargo" "+1.83.0" "test" "--frozen" "--no-run" "--message-format=json", kill_on_drop: false }`
[INFO] [stdout] 948ecbd108530511095df6a7371b0f04695bfac6dab36393aba77e6729689b76
[INFO] running `Command { std: "docker" "start" "-a" "948ecbd108530511095df6a7371b0f04695bfac6dab36393aba77e6729689b76", kill_on_drop: false }`
[INFO] [stderr]    Compiling advent-rust v0.1.0 (/opt/rustwide/workdir)
[INFO] [stdout] warning: value assigned to `읽을까_말까` is never read
[INFO] [stdout]   --> src/day03.rs:41:13
[INFO] [stdout]    |
[INFO] [stdout] 41 |     let mut 읽을까_말까 = false;
[INFO] [stdout]    |             ^^^^^^^^^^^
[INFO] [stdout]    |
[INFO] [stdout]    = help: maybe it is overwritten before being read?
[INFO] [stdout]    = note: `#[warn(unused_assignments)]` on by default
[INFO] [stdout] 
[INFO] [stdout] 
[INFO] [stdout] warning: value assigned to `다음_좌표` is never read
[INFO] [stdout]   --> src/day04.rs:87:13
[INFO] [stdout]    |
[INFO] [stdout] 87 |     let mut 다음_좌표 = Vec::new();
[INFO] [stdout]    |             ^^^^^^^^^
[INFO] [stdout]    |
[INFO] [stdout]    = help: maybe it is overwritten before being read?
[INFO] [stdout] 
[INFO] [stdout] 
[INFO] [stdout] warning: value assigned to `총점` is never read
[INFO] [stdout]   --> src/day05.rs:47:13
[INFO] [stdout]    |
[INFO] [stdout] 47 |     let mut 총점:i32 = 0;
[INFO] [stdout]    |             ^^^^
[INFO] [stdout]    |
[INFO] [stdout]    = help: maybe it is overwritten before being read?
[INFO] [stdout] 
[INFO] [stdout] 
[INFO] [stdout] warning: value assigned to `문서` is never read
[INFO] [stdout]   --> src/day05.rs:49:6
[INFO] [stdout]    |
[INFO] [stdout] 49 |     (문서, 총점) = 재정렬을_해볼까(문서, 딱_맞는_규칙);
[INFO] [stdout]    |      ^^^^
[INFO] [stdout]    |
[INFO] [stdout]    = help: maybe it is overwritten before being read?
[INFO] [stdout] 
[INFO] [stdout] 
[INFO] [stdout] warning: unused variable: `입력`
[INFO] [stdout]    --> src/day08.rs:163:14
[INFO] [stdout]     |
[INFO] [stdout] 163 | pub fn part2(입력: &str) -> i32 {
[INFO] [stdout]     |              ^^^^ help: if this is intentional, prefix it with an underscore: `_입력`
[INFO] [stdout]     |
[INFO] [stdout]     = note: `#[warn(unused_variables)]` on by default
[INFO] [stdout] 
[INFO] [stdout] 
[INFO] [stdout] warning: function `차이점_점수_구하기` is never used
[INFO] [stdout]   --> src/day01.rs:22:4
[INFO] [stdout]    |
[INFO] [stdout] 22 | fn 차이점_점수_구하기(왼쪽_메모:Vec<i32>, 오른쪽_메모:Vec<i32>) -> i32 {
[INFO] [stdout]    |    ^^^^^^^^^^^^^^^^^^
[INFO] [stdout]    |
[INFO] [stdout]    = note: `#[warn(dead_code)]` on by default
[INFO] [stdout] 
[INFO] [stdout] 
[INFO] [stdout] warning: function `초콜렛이_먹고싶은데` is never used
[INFO] [stdout]   --> src/day08.rs:70:4
[INFO] [stdout]    |
[INFO] [stdout] 70 | fn 초콜렛이_먹고싶은데(이번_계산_대상:Vec<&안테나>, mut 공명_극대화_지점:HashSet<(i32, i32)>, 맵_크기:(i32, i32)) -> HashSet<(i32, i32)>{                         ...
[INFO] [stdout]    |    ^^^^^^^^^^^^^^^^^^^
[INFO] [stdout] 
[INFO] [stdout] 
[INFO] [stdout] warning: value assigned to `읽을까_말까` is never read
[INFO] [stdout]   --> src/day03.rs:41:13
[INFO] [stdout]    |
[INFO] [stdout] 41 |     let mut 읽을까_말까 = false;
[INFO] [stdout]    |             ^^^^^^^^^^^
[INFO] [stdout]    |
[INFO] [stdout]    = help: maybe it is overwritten before being read?
[INFO] [stdout]    = note: `#[warn(unused_assignments)]` on by default
[INFO] [stdout] 
[INFO] [stdout] 
[INFO] [stdout] warning: value assigned to `다음_좌표` is never read
[INFO] [stdout]   --> src/day04.rs:87:13
[INFO] [stdout]    |
[INFO] [stdout] 87 |     let mut 다음_좌표 = Vec::new();
[INFO] [stdout]    |             ^^^^^^^^^
[INFO] [stdout]    |
[INFO] [stdout]    = help: maybe it is overwritten before being read?
[INFO] [stdout] 
[INFO] [stdout] 
[INFO] [stdout] warning: value assigned to `총점` is never read
[INFO] [stdout]   --> src/day05.rs:47:13
[INFO] [stdout]    |
[INFO] [stdout] 47 |     let mut 총점:i32 = 0;
[INFO] [stdout]    |             ^^^^
[INFO] [stdout]    |
[INFO] [stdout]    = help: maybe it is overwritten before being read?
[INFO] [stdout] 
[INFO] [stdout] 
[INFO] [stdout] warning: value assigned to `문서` is never read
[INFO] [stdout]   --> src/day05.rs:49:6
[INFO] [stdout]    |
[INFO] [stdout] 49 |     (문서, 총점) = 재정렬을_해볼까(문서, 딱_맞는_규칙);
[INFO] [stdout]    |      ^^^^
[INFO] [stdout]    |
[INFO] [stdout]    = help: maybe it is overwritten before being read?
[INFO] [stdout] 
[INFO] [stdout] 
[INFO] [stdout] warning: unused variable: `입력`
[INFO] [stdout]    --> src/day08.rs:163:14
[INFO] [stdout]     |
[INFO] [stdout] 163 | pub fn part2(입력: &str) -> i32 {
[INFO] [stdout]     |              ^^^^ help: if this is intentional, prefix it with an underscore: `_입력`
[INFO] [stdout]     |
[INFO] [stdout]     = note: `#[warn(unused_variables)]` on by default
[INFO] [stdout] 
[INFO] [stdout] 
[INFO] [stdout] warning: function `차이점_점수_구하기` is never used
[INFO] [stdout]   --> src/day01.rs:22:4
[INFO] [stdout]    |
[INFO] [stdout] 22 | fn 차이점_점수_구하기(왼쪽_메모:Vec<i32>, 오른쪽_메모:Vec<i32>) -> i32 {
[INFO] [stdout]    |    ^^^^^^^^^^^^^^^^^^
[INFO] [stdout]    |
[INFO] [stdout]    = note: `#[warn(dead_code)]` on by default
[INFO] [stdout] 
[INFO] [stdout] 
[INFO] [stdout] warning: function `초콜렛이_먹고싶은데` is never used
[INFO] [stdout]   --> src/day08.rs:70:4
[INFO] [stdout]    |
[INFO] [stdout] 70 | fn 초콜렛이_먹고싶은데(이번_계산_대상:Vec<&안테나>, mut 공명_극대화_지점:HashSet<(i32, i32)>, 맵_크기:(i32, i32)) -> HashSet<(i32, i32)>{                         ...
[INFO] [stdout]    |    ^^^^^^^^^^^^^^^^^^^
[INFO] [stdout] 
[INFO] [stdout] 
[INFO] [stderr]     Finished `test` profile [unoptimized + debuginfo] target(s) in 1.45s
[INFO] running `Command { std: "docker" "inspect" "948ecbd108530511095df6a7371b0f04695bfac6dab36393aba77e6729689b76", kill_on_drop: false }`
[INFO] running `Command { std: "docker" "rm" "-f" "948ecbd108530511095df6a7371b0f04695bfac6dab36393aba77e6729689b76", kill_on_drop: false }`
[INFO] [stdout] 948ecbd108530511095df6a7371b0f04695bfac6dab36393aba77e6729689b76
[INFO] running `Command { std: "docker" "create" "-v" "/var/lib/crater-agent-workspace/builds/worker-3-tc1/target:/opt/rustwide/target:rw,Z" "-v" "/var/lib/crater-agent-workspace/builds/worker-3-tc1/source:/opt/rustwide/workdir:ro,Z" "-v" "/var/lib/crater-agent-workspace/cargo-home:/opt/rustwide/cargo-home:ro,Z" "-v" "/var/lib/crater-agent-workspace/rustup-home:/opt/rustwide/rustup-home:ro,Z" "-e" "SOURCE_DIR=/opt/rustwide/workdir" "-e" "CARGO_TARGET_DIR=/opt/rustwide/target" "-e" "CARGO_INCREMENTAL=0" "-e" "RUST_BACKTRACE=full" "-e" "RUSTFLAGS=--cap-lints=warn" "-e" "RUSTDOCFLAGS=--cap-lints=warn" "-e" "CARGO_HOME=/opt/rustwide/cargo-home" "-e" "RUSTUP_HOME=/opt/rustwide/rustup-home" "-w" "/opt/rustwide/workdir" "-m" "1610612736" "--user" "0:0" "--network" "none" "ghcr.io/rust-lang/crates-build-env/linux@sha256:f3a9d4ad9d972b27faf3965f35b62e55ba32bbce8f20bc8fe909558a86702fde" "/opt/rustwide/cargo-home/bin/cargo" "+1.83.0" "test" "--frozen", kill_on_drop: false }`
[INFO] [stdout] 8b75cfd7621115fc76747bc71c0b1af4249e7739439e446958fd17037659f27b
[INFO] running `Command { std: "docker" "start" "-a" "8b75cfd7621115fc76747bc71c0b1af4249e7739439e446958fd17037659f27b", kill_on_drop: false }`
[INFO] [stderr] warning: value assigned to `읽을까_말까` is never read
[INFO] [stderr]   --> src/day03.rs:41:13
[INFO] [stderr]    |
[INFO] [stderr] 41 |     let mut 읽을까_말까 = false;
[INFO] [stderr]    |             ^^^^^^^^^^^
[INFO] [stderr]    |
[INFO] [stderr]    = help: maybe it is overwritten before being read?
[INFO] [stderr]    = note: `#[warn(unused_assignments)]` on by default
[INFO] [stderr] 
[INFO] [stderr] warning: value assigned to `다음_좌표` is never read
[INFO] [stderr]   --> src/day04.rs:87:13
[INFO] [stderr]    |
[INFO] [stderr] 87 |     let mut 다음_좌표 = Vec::new();
[INFO] [stderr]    |             ^^^^^^^^^
[INFO] [stderr]    |
[INFO] [stderr]    = help: maybe it is overwritten before being read?
[INFO] [stderr] 
[INFO] [stderr] warning: value assigned to `총점` is never read
[INFO] [stderr]   --> src/day05.rs:47:13
[INFO] [stderr]    |
[INFO] [stderr] 47 |     let mut 총점:i32 = 0;
[INFO] [stderr]    |             ^^^^
[INFO] [stderr]    |
[INFO] [stderr]    = help: maybe it is overwritten before being read?
[INFO] [stderr] 
[INFO] [stderr] warning: value assigned to `문서` is never read
[INFO] [stderr]   --> src/day05.rs:49:6
[INFO] [stderr]    |
[INFO] [stderr] 49 |     (문서, 총점) = 재정렬을_해볼까(문서, 딱_맞는_규칙);
[INFO] [stderr]    |      ^^^^
[INFO] [stderr]    |
[INFO] [stderr]    = help: maybe it is overwritten before being read?
[INFO] [stderr] 
[INFO] [stderr] warning: unused variable: `입력`
[INFO] [stderr]    --> src/day08.rs:163:14
[INFO] [stderr]     |
[INFO] [stderr] 163 | pub fn part2(입력: &str) -> i32 {
[INFO] [stderr]     |              ^^^^ help: if this is intentional, prefix it with an underscore: `_입력`
[INFO] [stderr]     |
[INFO] [stderr]     = note: `#[warn(unused_variables)]` on by default
[INFO] [stderr] 
[INFO] [stderr] warning: function `차이점_점수_구하기` is never used
[INFO] [stderr]   --> src/day01.rs:22:4
[INFO] [stderr]    |
[INFO] [stderr] 22 | fn 차이점_점수_구하기(왼쪽_메모:Vec<i32>, 오른쪽_메모:Vec<i32>) -> i32 {
[INFO] [stderr]    |    ^^^^^^^^^^^^^^^^^^
[INFO] [stderr]    |
[INFO] [stderr]    = note: `#[warn(dead_code)]` on by default
[INFO] [stderr] 
[INFO] [stderr] warning: function `초콜렛이_먹고싶은데` is never used
[INFO] [stderr]   --> src/day08.rs:70:4
[INFO] [stderr]    |
[INFO] [stderr] 70 | fn 초콜렛이_먹고싶은데(이번_계산_대상:Vec<&안테나>, mut 공명_극대화_지점:HashSet<(i32, i32)>, 맵_크기:(i32, i32)) -> HashSet<(i32, i32)>{                         ...
[INFO] [stderr]    |    ^^^^^^^^^^^^^^^^^^^
[INFO] [stderr] 
[INFO] [stderr] warning: `advent-rust` (lib) generated 7 warnings
[INFO] [stderr] warning: `advent-rust` (lib test) generated 7 warnings (7 duplicates)
[INFO] [stderr]     Finished `test` profile [unoptimized + debuginfo] target(s) in 0.02s
[INFO] [stderr]      Running unittests src/lib.rs (/opt/rustwide/target/debug/deps/advent_rust-df4096ec89e28a00)
[INFO] [stdout] 
[INFO] [stdout] running 6 tests
[INFO] [stdout] test 수리수리_다리_수리::tests::test_part2 ... ok
[INFO] [stdout] test 선형_공명점::tests::test_part2 ... ok
[INFO] [stdout] test 수리수리_다리_수리::tests::test_part1 ... ok
[INFO] [stdout] test 경비_피하기_경기::tests::test_part1 ... ok
[INFO] [stdout] test 경비_피하기_경기::tests::test_part2 ... ok
[INFO] [stdout] test 선형_공명점::tests::test_part1 ... FAILED
[INFO] [stdout] 
[INFO] [stdout] failures:
[INFO] [stdout] 
[INFO] [stdout] ---- 선형_공명점::tests::test_part1 stdout ----
[INFO] [stdout] thread '선형_공명점::tests::test_part1' panicked at src/day08.rs:186:9:
[INFO] [stdout] assertion `left == right` failed
[INFO] [stdout]   left: 34
[INFO] [stdout]  right: 14
[INFO] [stdout] stack backtrace:
[INFO] [stdout]    0:     0x5f19c22ce6fa - std::backtrace_rs::backtrace::libunwind::trace::h5a5b8284f2d0c266
[INFO] [stdout]                                at /rustc/90b35a6239c3d8bdabc530a6a0816f7ff89a0aaf/library/std/src/../../backtrace/src/backtrace/libunwind.rs:116:5
[INFO] [stdout]    1:     0x5f19c22ce6fa - std::backtrace_rs::backtrace::trace_unsynchronized::h76d4f1c9b0b875e3
[INFO] [stdout]                                at /rustc/90b35a6239c3d8bdabc530a6a0816f7ff89a0aaf/library/std/src/../../backtrace/src/backtrace/mod.rs:66:5
[INFO] [stdout]    2:     0x5f19c22ce6fa - std::sys::backtrace::_print_fmt::hc4546b8364a537c6
[INFO] [stdout]                                at /rustc/90b35a6239c3d8bdabc530a6a0816f7ff89a0aaf/library/std/src/sys/backtrace.rs:66:9
[INFO] [stdout]    3:     0x5f19c22ce6fa - <std::sys::backtrace::BacktraceLock::print::DisplayBacktrace as core::fmt::Display>::fmt::h5b6bd5631a6d1f6b
[INFO] [stdout]                                at /rustc/90b35a6239c3d8bdabc530a6a0816f7ff89a0aaf/library/std/src/sys/backtrace.rs:39:26
[INFO] [stdout]    4:     0x5f19c22f40e3 - core::fmt::rt::Argument::fmt::h270f6602a2b96f62
[INFO] [stdout]                                at /rustc/90b35a6239c3d8bdabc530a6a0816f7ff89a0aaf/library/core/src/fmt/rt.rs:177:76
[INFO] [stdout]    5:     0x5f19c22f40e3 - core::fmt::write::h7550c97b06c86515
[INFO] [stdout]                                at /rustc/90b35a6239c3d8bdabc530a6a0816f7ff89a0aaf/library/core/src/fmt/mod.rs:1186:21
[INFO] [stdout]    6:     0x5f19c22cb8c3 - std::io::Write::write_fmt::h509ff860e5956e5e
[INFO] [stdout]                                at /rustc/90b35a6239c3d8bdabc530a6a0816f7ff89a0aaf/library/std/src/io/mod.rs:1839:15
[INFO] [stdout]    7:     0x5f19c22ce542 - std::sys::backtrace::BacktraceLock::print::h2395ccd2c84ba3aa
[INFO] [stdout]                                at /rustc/90b35a6239c3d8bdabc530a6a0816f7ff89a0aaf/library/std/src/sys/backtrace.rs:42:9
[INFO] [stdout]    8:     0x5f19c22cfb5a - std::panicking::default_hook::{{closure}}::he19d4c7230e07961
[INFO] [stdout]                                at /rustc/90b35a6239c3d8bdabc530a6a0816f7ff89a0aaf/library/std/src/panicking.rs:268:22
[INFO] [stdout]    9:     0x5f19c22cf964 - std::panicking::default_hook::hf614597d3c67bbdb
[INFO] [stdout]                                at /rustc/90b35a6239c3d8bdabc530a6a0816f7ff89a0aaf/library/std/src/panicking.rs:292:9
[INFO] [stdout]   10:     0x5f19c2294369 - <alloc::boxed::Box<F,A> as core::ops::function::Fn<Args>>::call::h39b51ce4599c23d1
[INFO] [stdout]                                at /rustc/90b35a6239c3d8bdabc530a6a0816f7ff89a0aaf/library/alloc/src/boxed.rs:2468:9
[INFO] [stdout]   11:     0x5f19c2294369 - test::test_main::{{closure}}::he977ae839a582784
[INFO] [stdout]                                at /rustc/90b35a6239c3d8bdabc530a6a0816f7ff89a0aaf/library/test/src/lib.rs:133:21
[INFO] [stdout]   12:     0x5f19c22d01f8 - <alloc::boxed::Box<F,A> as core::ops::function::Fn<Args>>::call::h9455091b6b06f9fb
[INFO] [stdout]                                at /rustc/90b35a6239c3d8bdabc530a6a0816f7ff89a0aaf/library/alloc/src/boxed.rs:2468:9
[INFO] [stdout]   13:     0x5f19c22d01f8 - std::panicking::rust_panic_with_hook::h8942133a8b252070
[INFO] [stdout]                                at /rustc/90b35a6239c3d8bdabc530a6a0816f7ff89a0aaf/library/std/src/panicking.rs:809:13
[INFO] [stdout]   14:     0x5f19c22cffba - std::panicking::begin_panic_handler::{{closure}}::hb5f5963570096b29
[INFO] [stdout]                                at /rustc/90b35a6239c3d8bdabc530a6a0816f7ff89a0aaf/library/std/src/panicking.rs:674:13
[INFO] [stdout]   15:     0x5f19c22cebd9 - std::sys::backtrace::__rust_end_short_backtrace::h6208cedc1922feda
[INFO] [stdout]                                at /rustc/90b35a6239c3d8bdabc530a6a0816f7ff89a0aaf/library/std/src/sys/backtrace.rs:170:18
[INFO] [stdout]   16:     0x5f19c22cfc4c - rust_begin_unwind
[INFO] [stdout]                                at /rustc/90b35a6239c3d8bdabc530a6a0816f7ff89a0aaf/library/std/src/panicking.rs:665:5
[INFO] [stdout]   17:     0x5f19c223eb00 - core::panicking::panic_fmt::h0c3082644d1bf418
[INFO] [stdout]                                at /rustc/90b35a6239c3d8bdabc530a6a0816f7ff89a0aaf/library/core/src/panicking.rs:74:14
[INFO] [stdout]   18:     0x5f19c223ee2b - core::panicking::assert_failed_inner::h2ddf1fcc067fa858
[INFO] [stdout]   19:     0x5f19c22a2f66 - core::panicking::assert_failed::h06ce8479b651b067
[INFO] [stdout]                                at /rustc/90b35a6239c3d8bdabc530a6a0816f7ff89a0aaf/library/core/src/panicking.rs:367:5
[INFO] [stdout]   20:     0x5f19c225743d - advent_rust::선형_공명점::tests::test_part1::h30b7406afc8a06f6
[INFO] [stdout]                                at /opt/rustwide/workdir/src/day08.rs:186:9
[INFO] [stdout]   21:     0x5f19c22573a7 - advent_rust::선형_공명점::tests::test_part1::{{closure}}::h46736bdfbe5d0c4e
[INFO] [stdout]                                at /opt/rustwide/workdir/src/day08.rs:185:20
[INFO] [stdout]   22:     0x5f19c2247056 - core::ops::function::FnOnce::call_once::h506fb330c650cbc8
[INFO] [stdout]                                at /rustc/90b35a6239c3d8bdabc530a6a0816f7ff89a0aaf/library/core/src/ops/function.rs:250:5
[INFO] [stdout]   23:     0x5f19c2298d2b - core::ops::function::FnOnce::call_once::h109cf8051a59b34e
[INFO] [stdout]                                at /rustc/90b35a6239c3d8bdabc530a6a0816f7ff89a0aaf/library/core/src/ops/function.rs:250:5
[INFO] [stdout]   24:     0x5f19c2298d2b - test::__rust_begin_short_backtrace::hf4fff89d377446ba
[INFO] [stdout]                                at /rustc/90b35a6239c3d8bdabc530a6a0816f7ff89a0aaf/library/test/src/lib.rs:621:18
[INFO] [stdout]   25:     0x5f19c2298567 - test::run_test_in_process::{{closure}}::h0e39181dd7ee5a43
[INFO] [stdout]                                at /rustc/90b35a6239c3d8bdabc530a6a0816f7ff89a0aaf/library/test/src/lib.rs:644:60
[INFO] [stdout]   26:     0x5f19c2298567 - <core::panic::unwind_safe::AssertUnwindSafe<F> as core::ops::function::FnOnce<()>>::call_once::hc5a66a30f0bdfd1f
[INFO] [stdout]                                at /rustc/90b35a6239c3d8bdabc530a6a0816f7ff89a0aaf/library/core/src/panic/unwind_safe.rs:272:9
[INFO] [stdout]   27:     0x5f19c2298567 - std::panicking::try::do_call::h873b7cf639554a5e
[INFO] [stdout]                                at /rustc/90b35a6239c3d8bdabc530a6a0816f7ff89a0aaf/library/std/src/panicking.rs:557:40
[INFO] [stdout]   28:     0x5f19c2298567 - std::panicking::try::hdb19862fad9c8bd1
[INFO] [stdout]                                at /rustc/90b35a6239c3d8bdabc530a6a0816f7ff89a0aaf/library/std/src/panicking.rs:520:19
[INFO] [stdout]   29:     0x5f19c2298567 - std::panic::catch_unwind::h281fe732d236d260
[INFO] [stdout]                                at /rustc/90b35a6239c3d8bdabc530a6a0816f7ff89a0aaf/library/std/src/panic.rs:358:14
[INFO] [stdout]   30:     0x5f19c2298567 - test::run_test_in_process::h949b6df8457ed338
[INFO] [stdout]                                at /rustc/90b35a6239c3d8bdabc530a6a0816f7ff89a0aaf/library/test/src/lib.rs:644:27
[INFO] [stdout]   31:     0x5f19c2298567 - test::run_test::{{closure}}::h52c556a6d4740e10
[INFO] [stdout]                                at /rustc/90b35a6239c3d8bdabc530a6a0816f7ff89a0aaf/library/test/src/lib.rs:565:43
[INFO] [stdout]   32:     0x5f19c225d844 - test::run_test::{{closure}}::h4237f6381c45ccb9
[INFO] [stdout]                                at /rustc/90b35a6239c3d8bdabc530a6a0816f7ff89a0aaf/library/test/src/lib.rs:595:41
[INFO] [stdout]   33:     0x5f19c225d844 - std::sys::backtrace::__rust_begin_short_backtrace::h505c97a579eca628
[INFO] [stdout]                                at /rustc/90b35a6239c3d8bdabc530a6a0816f7ff89a0aaf/library/std/src/sys/backtrace.rs:154:18
[INFO] [stdout]   34:     0x5f19c2260f0e - std::thread::Builder::spawn_unchecked_::{{closure}}::{{closure}}::h9e86b2e2bc107ea3
[INFO] [stdout]                                at /rustc/90b35a6239c3d8bdabc530a6a0816f7ff89a0aaf/library/std/src/thread/mod.rs:538:17
[INFO] [stdout]   35:     0x5f19c2260f0e - <core::panic::unwind_safe::AssertUnwindSafe<F> as core::ops::function::FnOnce<()>>::call_once::h8b06ddb275ff4a25
[INFO] [stdout]                                at /rustc/90b35a6239c3d8bdabc530a6a0816f7ff89a0aaf/library/core/src/panic/unwind_safe.rs:272:9
[INFO] [stdout]   36:     0x5f19c2260f0e - std::panicking::try::do_call::hb26ecd7cd9a9355d
[INFO] [stdout]                                at /rustc/90b35a6239c3d8bdabc530a6a0816f7ff89a0aaf/library/std/src/panicking.rs:557:40
[INFO] [stdout]   37:     0x5f19c2260f0e - std::panicking::try::h8ddeca9d705f9069
[INFO] [stdout]                                at /rustc/90b35a6239c3d8bdabc530a6a0816f7ff89a0aaf/library/std/src/panicking.rs:520:19
[INFO] [stdout]   38:     0x5f19c2260f0e - std::panic::catch_unwind::h49e1c33078844c46
[INFO] [stdout]                                at /rustc/90b35a6239c3d8bdabc530a6a0816f7ff89a0aaf/library/std/src/panic.rs:358:14
[INFO] [stdout]   39:     0x5f19c2260f0e - std::thread::Builder::spawn_unchecked_::{{closure}}::h6073db6ff56ad35d
[INFO] [stdout]                                at /rustc/90b35a6239c3d8bdabc530a6a0816f7ff89a0aaf/library/std/src/thread/mod.rs:537:30
[INFO] [stdout]   40:     0x5f19c2260f0e - core::ops::function::FnOnce::call_once{{vtable.shim}}::h2c5a5f3779c774f1
[INFO] [stdout]                                at /rustc/90b35a6239c3d8bdabc530a6a0816f7ff89a0aaf/library/core/src/ops/function.rs:250:5
[INFO] [stdout]   41:     0x5f19c22d3f4b - <alloc::boxed::Box<F,A> as core::ops::function::FnOnce<Args>>::call_once::hf75717d9f28faebf
[INFO] [stdout]                                at /rustc/90b35a6239c3d8bdabc530a6a0816f7ff89a0aaf/library/alloc/src/boxed.rs:2454:9
[INFO] [stdout]   42:     0x5f19c22d3f4b - <alloc::boxed::Box<F,A> as core::ops::function::FnOnce<Args>>::call_once::h7bd883a5f3c5f3c1
[INFO] [stdout]                                at /rustc/90b35a6239c3d8bdabc530a6a0816f7ff89a0aaf/library/alloc/src/boxed.rs:2454:9
[INFO] [stdout]   43:     0x5f19c22d3f4b - std::sys::pal::unix::thread::Thread::new::thread_start::hcc78f3943333fa94
[INFO] [stdout]                                at /rustc/90b35a6239c3d8bdabc530a6a0816f7ff89a0aaf/library/std/src/sys/pal/unix/thread.rs:105:17
[INFO] [stdout]   44:     0x78a41c9fbac3 - <unknown>
[INFO] [stdout]   45:     0x78a41ca8ca04 - clone
[INFO] [stdout]   46:                0x0 - <unknown>
[INFO] [stdout] 
[INFO] [stdout] 
[INFO] [stdout] failures:
[INFO] [stdout]     선형_공명점::tests::test_part1
[INFO] [stdout] 
[INFO] [stdout] test result: FAILED. 5 passed; 1 failed; 0 ignored; 0 measured; 0 filtered out; finished in 0.06s
[INFO] [stdout] 
[INFO] [stderr] error: test failed, to rerun pass `--lib`
[INFO] running `Command { std: "docker" "inspect" "8b75cfd7621115fc76747bc71c0b1af4249e7739439e446958fd17037659f27b", kill_on_drop: false }`
[INFO] running `Command { std: "docker" "rm" "-f" "8b75cfd7621115fc76747bc71c0b1af4249e7739439e446958fd17037659f27b", kill_on_drop: false }`
[INFO] [stdout] 8b75cfd7621115fc76747bc71c0b1af4249e7739439e446958fd17037659f27b
