[INFO] cloning repository https://github.com/edlugora96/only_scraper
[INFO] running `Command { std: "git" "-c" "credential.helper=" "-c" "credential.helper=/workspace/cargo-home/bin/git-credential-null" "clone" "--bare" "https://github.com/edlugora96/only_scraper" "/workspace/cache/git-repos/https%3A%2F%2Fgithub.com%2Fedlugora96%2Fonly_scraper", kill_on_drop: false }`
[INFO] [stderr] Cloning into bare repository '/workspace/cache/git-repos/https%3A%2F%2Fgithub.com%2Fedlugora96%2Fonly_scraper'...
[INFO] running `Command { std: "git" "rev-parse" "HEAD", kill_on_drop: false }`
[INFO] [stdout] 1c581dd07405d7921ace37092e978c63ee89115a
[INFO] testing edlugora96/only_scraper against 1.83.0 for beta-1.84.0-4-retry
[INFO] running `Command { std: "git" "clone" "/workspace/cache/git-repos/https%3A%2F%2Fgithub.com%2Fedlugora96%2Fonly_scraper" "/workspace/builds/worker-6-tc1/source", kill_on_drop: false }`
[INFO] [stderr] Cloning into '/workspace/builds/worker-6-tc1/source'...
[INFO] [stderr] done.
[INFO] validating manifest of git repo https://github.com/edlugora96/only_scraper on toolchain 1.83.0
[INFO] running `Command { std: CARGO_HOME="/workspace/cargo-home" RUSTUP_HOME="/workspace/rustup-home" "/workspace/cargo-home/bin/cargo" "+1.83.0" "metadata" "--manifest-path" "Cargo.toml" "--no-deps", kill_on_drop: false }`
[INFO] started tweaking git repo https://github.com/edlugora96/only_scraper
[INFO] finished tweaking git repo https://github.com/edlugora96/only_scraper
[INFO] tweaked toml for git repo https://github.com/edlugora96/only_scraper written to /workspace/builds/worker-6-tc1/source/Cargo.toml
[INFO] crate git repo https://github.com/edlugora96/only_scraper already has a lockfile, it will not be regenerated
[INFO] running `Command { std: CARGO_HOME="/workspace/cargo-home" RUSTUP_HOME="/workspace/rustup-home" "/workspace/cargo-home/bin/cargo" "+1.83.0" "fetch" "--manifest-path" "Cargo.toml", kill_on_drop: false }`
[INFO] running `Command { std: "docker" "create" "-v" "/var/lib/crater-agent-workspace/builds/worker-6-tc1/target:/opt/rustwide/target:rw,Z" "-v" "/var/lib/crater-agent-workspace/builds/worker-6-tc1/source:/opt/rustwide/workdir:ro,Z" "-v" "/var/lib/crater-agent-workspace/cargo-home:/opt/rustwide/cargo-home:ro,Z" "-v" "/var/lib/crater-agent-workspace/rustup-home:/opt/rustwide/rustup-home:ro,Z" "-e" "SOURCE_DIR=/opt/rustwide/workdir" "-e" "CARGO_TARGET_DIR=/opt/rustwide/target" "-e" "CARGO_HOME=/opt/rustwide/cargo-home" "-e" "RUSTUP_HOME=/opt/rustwide/rustup-home" "-w" "/opt/rustwide/workdir" "-m" "1610612736" "--user" "0:0" "--network" "none" "ghcr.io/rust-lang/crates-build-env/linux@sha256:f3a9d4ad9d972b27faf3965f35b62e55ba32bbce8f20bc8fe909558a86702fde" "/opt/rustwide/cargo-home/bin/cargo" "+1.83.0" "metadata" "--no-deps" "--format-version=1", kill_on_drop: false }`
[INFO] [stdout] ed03bce3b82dd5c5d0d31d36dec46995458c603f15f2629032c6b086a2c84446
[INFO] running `Command { std: "docker" "start" "-a" "ed03bce3b82dd5c5d0d31d36dec46995458c603f15f2629032c6b086a2c84446", kill_on_drop: false }`
[INFO] running `Command { std: "docker" "inspect" "ed03bce3b82dd5c5d0d31d36dec46995458c603f15f2629032c6b086a2c84446", kill_on_drop: false }`
[INFO] running `Command { std: "docker" "rm" "-f" "ed03bce3b82dd5c5d0d31d36dec46995458c603f15f2629032c6b086a2c84446", kill_on_drop: false }`
[INFO] [stdout] ed03bce3b82dd5c5d0d31d36dec46995458c603f15f2629032c6b086a2c84446
[INFO] running `Command { std: "docker" "create" "-v" "/var/lib/crater-agent-workspace/builds/worker-6-tc1/target:/opt/rustwide/target:rw,Z" "-v" "/var/lib/crater-agent-workspace/builds/worker-6-tc1/source:/opt/rustwide/workdir:ro,Z" "-v" "/var/lib/crater-agent-workspace/cargo-home:/opt/rustwide/cargo-home:ro,Z" "-v" "/var/lib/crater-agent-workspace/rustup-home:/opt/rustwide/rustup-home:ro,Z" "-e" "SOURCE_DIR=/opt/rustwide/workdir" "-e" "CARGO_TARGET_DIR=/opt/rustwide/target" "-e" "CARGO_INCREMENTAL=0" "-e" "RUST_BACKTRACE=full" "-e" "RUSTFLAGS=--cap-lints=warn" "-e" "RUSTDOCFLAGS=--cap-lints=warn" "-e" "CARGO_HOME=/opt/rustwide/cargo-home" "-e" "RUSTUP_HOME=/opt/rustwide/rustup-home" "-w" "/opt/rustwide/workdir" "-m" "1610612736" "--user" "0:0" "--network" "none" "ghcr.io/rust-lang/crates-build-env/linux@sha256:f3a9d4ad9d972b27faf3965f35b62e55ba32bbce8f20bc8fe909558a86702fde" "/opt/rustwide/cargo-home/bin/cargo" "+1.83.0" "build" "--frozen" "--message-format=json", kill_on_drop: false }`
[INFO] [stdout] c04398af56ece7538e50b71b794f9f1f410e1d2a7bc7569430d22aef0601c165
[INFO] running `Command { std: "docker" "start" "-a" "c04398af56ece7538e50b71b794f9f1f410e1d2a7bc7569430d22aef0601c165", kill_on_drop: false }`
[INFO] [stderr]    Compiling only_scraper v0.1.2 (/opt/rustwide/workdir)
[INFO] [stderr]     Finished `dev` profile [unoptimized + debuginfo] target(s) in 0.57s
[INFO] running `Command { std: "docker" "inspect" "c04398af56ece7538e50b71b794f9f1f410e1d2a7bc7569430d22aef0601c165", kill_on_drop: false }`
[INFO] running `Command { std: "docker" "rm" "-f" "c04398af56ece7538e50b71b794f9f1f410e1d2a7bc7569430d22aef0601c165", kill_on_drop: false }`
[INFO] [stdout] c04398af56ece7538e50b71b794f9f1f410e1d2a7bc7569430d22aef0601c165
[INFO] running `Command { std: "docker" "create" "-v" "/var/lib/crater-agent-workspace/builds/worker-6-tc1/target:/opt/rustwide/target:rw,Z" "-v" "/var/lib/crater-agent-workspace/builds/worker-6-tc1/source:/opt/rustwide/workdir:ro,Z" "-v" "/var/lib/crater-agent-workspace/cargo-home:/opt/rustwide/cargo-home:ro,Z" "-v" "/var/lib/crater-agent-workspace/rustup-home:/opt/rustwide/rustup-home:ro,Z" "-e" "SOURCE_DIR=/opt/rustwide/workdir" "-e" "CARGO_TARGET_DIR=/opt/rustwide/target" "-e" "CARGO_INCREMENTAL=0" "-e" "RUST_BACKTRACE=full" "-e" "RUSTFLAGS=--cap-lints=warn" "-e" "RUSTDOCFLAGS=--cap-lints=warn" "-e" "CARGO_HOME=/opt/rustwide/cargo-home" "-e" "RUSTUP_HOME=/opt/rustwide/rustup-home" "-w" "/opt/rustwide/workdir" "-m" "1610612736" "--user" "0:0" "--network" "none" "ghcr.io/rust-lang/crates-build-env/linux@sha256:f3a9d4ad9d972b27faf3965f35b62e55ba32bbce8f20bc8fe909558a86702fde" "/opt/rustwide/cargo-home/bin/cargo" "+1.83.0" "test" "--frozen" "--no-run" "--message-format=json", kill_on_drop: false }`
[INFO] [stdout] fe937e0ad72ed3f2983803975d633364aa5c4f77eddfd95fc8fff7d4dd50fde3
[INFO] running `Command { std: "docker" "start" "-a" "fe937e0ad72ed3f2983803975d633364aa5c4f77eddfd95fc8fff7d4dd50fde3", kill_on_drop: false }`
[INFO] [stderr]    Compiling only_scraper v0.1.2 (/opt/rustwide/workdir)
[INFO] [stderr]     Finished `test` profile [unoptimized + debuginfo] target(s) in 0.39s
[INFO] running `Command { std: "docker" "inspect" "fe937e0ad72ed3f2983803975d633364aa5c4f77eddfd95fc8fff7d4dd50fde3", kill_on_drop: false }`
[INFO] running `Command { std: "docker" "rm" "-f" "fe937e0ad72ed3f2983803975d633364aa5c4f77eddfd95fc8fff7d4dd50fde3", kill_on_drop: false }`
[INFO] [stdout] fe937e0ad72ed3f2983803975d633364aa5c4f77eddfd95fc8fff7d4dd50fde3
[INFO] running `Command { std: "docker" "create" "-v" "/var/lib/crater-agent-workspace/builds/worker-6-tc1/target:/opt/rustwide/target:rw,Z" "-v" "/var/lib/crater-agent-workspace/builds/worker-6-tc1/source:/opt/rustwide/workdir:ro,Z" "-v" "/var/lib/crater-agent-workspace/cargo-home:/opt/rustwide/cargo-home:ro,Z" "-v" "/var/lib/crater-agent-workspace/rustup-home:/opt/rustwide/rustup-home:ro,Z" "-e" "SOURCE_DIR=/opt/rustwide/workdir" "-e" "CARGO_TARGET_DIR=/opt/rustwide/target" "-e" "CARGO_INCREMENTAL=0" "-e" "RUST_BACKTRACE=full" "-e" "RUSTFLAGS=--cap-lints=warn" "-e" "RUSTDOCFLAGS=--cap-lints=warn" "-e" "CARGO_HOME=/opt/rustwide/cargo-home" "-e" "RUSTUP_HOME=/opt/rustwide/rustup-home" "-w" "/opt/rustwide/workdir" "-m" "1610612736" "--user" "0:0" "--network" "none" "ghcr.io/rust-lang/crates-build-env/linux@sha256:f3a9d4ad9d972b27faf3965f35b62e55ba32bbce8f20bc8fe909558a86702fde" "/opt/rustwide/cargo-home/bin/cargo" "+1.83.0" "test" "--frozen", kill_on_drop: false }`
[INFO] [stdout] 9105bd9b5c14b911a686872a71b11d2dad6fb50001a63e9f4f891abd7744d6ba
[INFO] running `Command { std: "docker" "start" "-a" "9105bd9b5c14b911a686872a71b11d2dad6fb50001a63e9f4f891abd7744d6ba", kill_on_drop: false }`
[INFO] [stderr]     Finished `test` profile [unoptimized + debuginfo] target(s) in 0.02s
[INFO] [stderr]      Running unittests src/lib.rs (/opt/rustwide/target/debug/deps/only_scraper-5a454eafaa8752a9)
[INFO] [stdout] 
[INFO] [stdout] running 0 tests
[INFO] [stdout] 
[INFO] [stdout] test result: ok. 0 passed; 0 failed; 0 ignored; 0 measured; 0 filtered out; finished in 0.00s
[INFO] [stdout] 
[INFO] [stderr]    Doc-tests only_scraper
[INFO] [stdout] 
[INFO] [stdout] running 1 test
[INFO] [stdout] test src/lib.rs - (line 19) ... FAILED
[INFO] [stdout] 
[INFO] [stdout] failures:
[INFO] [stdout] 
[INFO] [stdout] ---- src/lib.rs - (line 19) stdout ----
[INFO] [stdout] error[E0254]: the name `only_scraper` is defined multiple times
[INFO] [stdout]  --> src/lib.rs:21:5
[INFO] [stdout]   |
[INFO] [stdout] 3 | extern crate r#only_scraper;
[INFO] [stdout]   | ---------------------------- previous import of the extern crate `only_scraper` here
[INFO] [stdout] 4 | use only_scraper;
[INFO] [stdout]   |     ^^^^^^^^^^^^ `only_scraper` reimported here
[INFO] [stdout]   |
[INFO] [stdout]   = note: `only_scraper` must be defined only once in the type namespace of this module
[INFO] [stdout] 
[INFO] [stdout] error[E0308]: mismatched types
[INFO] [stdout]   --> src/lib.rs:25:37
[INFO] [stdout]    |
[INFO] [stdout] 8  |     let html = only_scraper::scrape("https://example.com")?;
[INFO] [stdout]    |                -------------------- ^^^^^^^^^^^^^^^^^^^^^- help: try using a conversion method: `.to_string()`
[INFO] [stdout]    |                |                    |
[INFO] [stdout]    |                |                    expected `String`, found `&str`
[INFO] [stdout]    |                arguments to this function are incorrect
[INFO] [stdout]    |
[INFO] [stdout] note: function defined here
[INFO] [stdout]   --> /opt/rustwide/workdir/src/lib.rs:37:8
[INFO] [stdout]    |
[INFO] [stdout] 37 | pub fn scrape(url: String) -> io::Result<String> {
[INFO] [stdout]    |        ^^^^^^
[INFO] [stdout] 
[INFO] [stdout] error: aborting due to 2 previous errors
[INFO] [stdout] 
[INFO] [stdout] Some errors have detailed explanations: E0254, E0308.
[INFO] [stdout] For more information about an error, try `rustc --explain E0254`.
[INFO] [stdout] Couldn't compile the test.
[INFO] [stdout] 
[INFO] [stdout] failures:
[INFO] [stdout]     src/lib.rs - (line 19)
[INFO] [stdout] 
[INFO] [stdout] test result: FAILED. 0 passed; 1 failed; 0 ignored; 0 measured; 0 filtered out; finished in 0.14s
[INFO] [stdout] 
[INFO] [stderr] error: doctest failed, to rerun pass `--doc`
[INFO] running `Command { std: "docker" "inspect" "9105bd9b5c14b911a686872a71b11d2dad6fb50001a63e9f4f891abd7744d6ba", kill_on_drop: false }`
[INFO] running `Command { std: "docker" "rm" "-f" "9105bd9b5c14b911a686872a71b11d2dad6fb50001a63e9f4f891abd7744d6ba", kill_on_drop: false }`
[INFO] [stdout] 9105bd9b5c14b911a686872a71b11d2dad6fb50001a63e9f4f891abd7744d6ba
