[INFO] cloning repository https://github.com/edchapman88/advent-of-code-2023
[INFO] running `Command { std: "git" "-c" "credential.helper=" "-c" "credential.helper=/workspace/cargo-home/bin/git-credential-null" "clone" "--bare" "https://github.com/edchapman88/advent-of-code-2023" "/workspace/cache/git-repos/https%3A%2F%2Fgithub.com%2Fedchapman88%2Fadvent-of-code-2023", kill_on_drop: false }`
[INFO] [stderr] Cloning into bare repository '/workspace/cache/git-repos/https%3A%2F%2Fgithub.com%2Fedchapman88%2Fadvent-of-code-2023'...
[INFO] running `Command { std: "git" "rev-parse" "HEAD", kill_on_drop: false }`
[INFO] [stdout] 4c0cbcf3761cd382b81d4a1668b1a8252a39d685
[INFO] testing edchapman88/advent-of-code-2023 against 1.83.0 for beta-1.84.0-4-retry
[INFO] running `Command { std: "git" "clone" "/workspace/cache/git-repos/https%3A%2F%2Fgithub.com%2Fedchapman88%2Fadvent-of-code-2023" "/workspace/builds/worker-4-tc1/source", kill_on_drop: false }`
[INFO] [stderr] Cloning into '/workspace/builds/worker-4-tc1/source'...
[INFO] [stderr] done.
[INFO] validating manifest of git repo https://github.com/edchapman88/advent-of-code-2023 on toolchain 1.83.0
[INFO] running `Command { std: CARGO_HOME="/workspace/cargo-home" RUSTUP_HOME="/workspace/rustup-home" "/workspace/cargo-home/bin/cargo" "+1.83.0" "metadata" "--manifest-path" "Cargo.toml" "--no-deps", kill_on_drop: false }`
[INFO] removed /workspace/builds/worker-4-tc1/source/.cargo/config.toml
[INFO] started tweaking git repo https://github.com/edchapman88/advent-of-code-2023
[INFO] finished tweaking git repo https://github.com/edchapman88/advent-of-code-2023
[INFO] tweaked toml for git repo https://github.com/edchapman88/advent-of-code-2023 written to /workspace/builds/worker-4-tc1/source/Cargo.toml
[INFO] crate git repo https://github.com/edchapman88/advent-of-code-2023 already has a lockfile, it will not be regenerated
[INFO] running `Command { std: CARGO_HOME="/workspace/cargo-home" RUSTUP_HOME="/workspace/rustup-home" "/workspace/cargo-home/bin/cargo" "+1.83.0" "fetch" "--manifest-path" "Cargo.toml", kill_on_drop: false }`
[INFO] running `Command { std: "docker" "create" "-v" "/var/lib/crater-agent-workspace/builds/worker-4-tc1/target:/opt/rustwide/target:rw,Z" "-v" "/var/lib/crater-agent-workspace/builds/worker-4-tc1/source:/opt/rustwide/workdir:ro,Z" "-v" "/var/lib/crater-agent-workspace/cargo-home:/opt/rustwide/cargo-home:ro,Z" "-v" "/var/lib/crater-agent-workspace/rustup-home:/opt/rustwide/rustup-home:ro,Z" "-e" "SOURCE_DIR=/opt/rustwide/workdir" "-e" "CARGO_TARGET_DIR=/opt/rustwide/target" "-e" "CARGO_HOME=/opt/rustwide/cargo-home" "-e" "RUSTUP_HOME=/opt/rustwide/rustup-home" "-w" "/opt/rustwide/workdir" "-m" "1610612736" "--user" "0:0" "--network" "none" "ghcr.io/rust-lang/crates-build-env/linux@sha256:f3a9d4ad9d972b27faf3965f35b62e55ba32bbce8f20bc8fe909558a86702fde" "/opt/rustwide/cargo-home/bin/cargo" "+1.83.0" "metadata" "--no-deps" "--format-version=1", kill_on_drop: false }`
[INFO] [stdout] 4492e2e434352ddda1d11e12c4805c0cc8fd73569c5cdd2c8131b05267ef7007
[INFO] running `Command { std: "docker" "start" "-a" "4492e2e434352ddda1d11e12c4805c0cc8fd73569c5cdd2c8131b05267ef7007", kill_on_drop: false }`
[INFO] running `Command { std: "docker" "inspect" "4492e2e434352ddda1d11e12c4805c0cc8fd73569c5cdd2c8131b05267ef7007", kill_on_drop: false }`
[INFO] running `Command { std: "docker" "rm" "-f" "4492e2e434352ddda1d11e12c4805c0cc8fd73569c5cdd2c8131b05267ef7007", kill_on_drop: false }`
[INFO] [stdout] 4492e2e434352ddda1d11e12c4805c0cc8fd73569c5cdd2c8131b05267ef7007
[INFO] running `Command { std: "docker" "create" "-v" "/var/lib/crater-agent-workspace/builds/worker-4-tc1/target:/opt/rustwide/target:rw,Z" "-v" "/var/lib/crater-agent-workspace/builds/worker-4-tc1/source:/opt/rustwide/workdir:ro,Z" "-v" "/var/lib/crater-agent-workspace/cargo-home:/opt/rustwide/cargo-home:ro,Z" "-v" "/var/lib/crater-agent-workspace/rustup-home:/opt/rustwide/rustup-home:ro,Z" "-e" "SOURCE_DIR=/opt/rustwide/workdir" "-e" "CARGO_TARGET_DIR=/opt/rustwide/target" "-e" "CARGO_INCREMENTAL=0" "-e" "RUST_BACKTRACE=full" "-e" "RUSTFLAGS=--cap-lints=warn" "-e" "RUSTDOCFLAGS=--cap-lints=warn" "-e" "CARGO_HOME=/opt/rustwide/cargo-home" "-e" "RUSTUP_HOME=/opt/rustwide/rustup-home" "-w" "/opt/rustwide/workdir" "-m" "1610612736" "--user" "0:0" "--network" "none" "ghcr.io/rust-lang/crates-build-env/linux@sha256:f3a9d4ad9d972b27faf3965f35b62e55ba32bbce8f20bc8fe909558a86702fde" "/opt/rustwide/cargo-home/bin/cargo" "+1.83.0" "build" "--frozen" "--message-format=json", kill_on_drop: false }`
[INFO] [stdout] 7395763c2b4c276987481f50c06a592b299d11251c54ec838acbdd1e196a6089
[INFO] running `Command { std: "docker" "start" "-a" "7395763c2b4c276987481f50c06a592b299d11251c54ec838acbdd1e196a6089", kill_on_drop: false }`
[INFO] [stderr]    Compiling serde v1.0.193
[INFO] [stderr]    Compiling memchr v2.6.4
[INFO] [stderr]    Compiling serde_json v1.0.108
[INFO] [stderr]    Compiling regex-syntax v0.8.2
[INFO] [stderr]    Compiling itoa v1.0.9
[INFO] [stderr]    Compiling ryu v1.0.15
[INFO] [stderr]    Compiling pico-args v0.5.0
[INFO] [stderr]    Compiling aho-corasick v1.1.2
[INFO] [stderr]    Compiling regex-automata v0.4.3
[INFO] [stderr]    Compiling regex v1.10.2
[INFO] [stderr]    Compiling advent_of_code v0.9.3 (/opt/rustwide/workdir)
[INFO] [stdout] warning: unreachable expression
[INFO] [stdout]    --> src/day_5.rs:214:9
[INFO] [stdout]     |
[INFO] [stdout] 210 | /         return Some(vec![Chunk {
[INFO] [stdout] 211 | |             start: other.start,
[INFO] [stdout] 212 | |             end: other.end,
[INFO] [stdout] 213 | |         }]);
[INFO] [stdout]     | |___________- any code following this expression is unreachable
[INFO] [stdout] 214 |           panic!("overlapping case missed")
[INFO] [stdout]     |           ^^^^^^^^^^^^^^^^^^^^^^^^^^^^^^^^^ unreachable expression
[INFO] [stdout]     |
[INFO] [stdout]     = note: `#[warn(unreachable_code)]` on by default
[INFO] [stdout]     = note: this warning originates in the macro `$crate::panic::panic_2021` which comes from the expansion of the macro `panic` (in Nightly builds, run with -Z macro-backtrace for more info)
[INFO] [stdout] 
[INFO] [stdout] 
[INFO] [stdout] warning: unused variable: `v`
[INFO] [stdout]   --> src/day_2.rs:71:9
[INFO] [stdout]    |
[INFO] [stdout] 71 |     let v = re.captures_iter(handful).for_each(|f| println!("{:?}", f));
[INFO] [stdout]    |         ^ help: if this is intentional, prefix it with an underscore: `_v`
[INFO] [stdout]    |
[INFO] [stdout]    = note: `#[warn(unused_variables)]` on by default
[INFO] [stdout] 
[INFO] [stdout] 
[INFO] [stdout] warning: unused variable: `input`
[INFO] [stdout]  --> src/bin/06.rs:5:17
[INFO] [stdout]   |
[INFO] [stdout] 5 | pub fn part_one(input: &str) -> Option<u64> {
[INFO] [stdout]   |                 ^^^^^ help: if this is intentional, prefix it with an underscore: `_input`
[INFO] [stdout]   |
[INFO] [stdout]   = note: `#[warn(unused_variables)]` on by default
[INFO] [stdout] 
[INFO] [stdout] 
[INFO] [stdout] warning: unused import: `iter`
[INFO] [stdout]  --> src/bin/03.rs:3:5
[INFO] [stdout]   |
[INFO] [stdout] 3 |     iter,
[INFO] [stdout]   |     ^^^^
[INFO] [stdout]   |
[INFO] [stdout]   = note: `#[warn(unused_imports)]` on by default
[INFO] [stdout] 
[INFO] [stdout] 
[INFO] [stdout] warning: unused variable: `input`
[INFO] [stdout]   --> src/bin/06.rs:40:17
[INFO] [stdout]    |
[INFO] [stdout] 40 | pub fn part_two(input: &str) -> Option<u64> {
[INFO] [stdout]    |                 ^^^^^ help: if this is intentional, prefix it with an underscore: `_input`
[INFO] [stdout] 
[INFO] [stdout] 
[INFO] [stdout] warning: unused variable: `id`
[INFO] [stdout]   --> src/bin/04.rs:11:10
[INFO] [stdout]    |
[INFO] [stdout] 11 |     for (id, card) in cards.iter() {
[INFO] [stdout]    |          ^^ help: if this is intentional, prefix it with an underscore: `_id`
[INFO] [stdout]    |
[INFO] [stdout]    = note: `#[warn(unused_variables)]` on by default
[INFO] [stdout] 
[INFO] [stdout] 
[INFO] [stdout] warning: unused variable: `gear`
[INFO] [stdout]   --> src/bin/03.rs:74:10
[INFO] [stdout]    |
[INFO] [stdout] 74 |     for (gear, nums) in gears {
[INFO] [stdout]    |          ^^^^ help: if this is intentional, prefix it with an underscore: `_gear`
[INFO] [stdout]    |
[INFO] [stdout]    = note: `#[warn(unused_variables)]` on by default
[INFO] [stdout] 
[INFO] [stdout] 
[INFO] [stdout] warning: variable does not need to be mutable
[INFO] [stdout]   --> src/bin/03.rs:53:17
[INFO] [stdout]    |
[INFO] [stdout] 53 |             let mut inter = adj.intersection(&s_locs);
[INFO] [stdout]    |                 ----^^^^^
[INFO] [stdout]    |                 |
[INFO] [stdout]    |                 help: remove this `mut`
[INFO] [stdout]    |
[INFO] [stdout]    = note: `#[warn(unused_mut)]` on by default
[INFO] [stdout] 
[INFO] [stdout] 
[INFO] [stderr]     Finished `dev` profile [unoptimized + debuginfo] target(s) in 16.17s
[INFO] running `Command { std: "docker" "inspect" "7395763c2b4c276987481f50c06a592b299d11251c54ec838acbdd1e196a6089", kill_on_drop: false }`
[INFO] running `Command { std: "docker" "rm" "-f" "7395763c2b4c276987481f50c06a592b299d11251c54ec838acbdd1e196a6089", kill_on_drop: false }`
[INFO] [stdout] 7395763c2b4c276987481f50c06a592b299d11251c54ec838acbdd1e196a6089
[INFO] running `Command { std: "docker" "create" "-v" "/var/lib/crater-agent-workspace/builds/worker-4-tc1/target:/opt/rustwide/target:rw,Z" "-v" "/var/lib/crater-agent-workspace/builds/worker-4-tc1/source:/opt/rustwide/workdir:ro,Z" "-v" "/var/lib/crater-agent-workspace/cargo-home:/opt/rustwide/cargo-home:ro,Z" "-v" "/var/lib/crater-agent-workspace/rustup-home:/opt/rustwide/rustup-home:ro,Z" "-e" "SOURCE_DIR=/opt/rustwide/workdir" "-e" "CARGO_TARGET_DIR=/opt/rustwide/target" "-e" "CARGO_INCREMENTAL=0" "-e" "RUST_BACKTRACE=full" "-e" "RUSTFLAGS=--cap-lints=warn" "-e" "RUSTDOCFLAGS=--cap-lints=warn" "-e" "CARGO_HOME=/opt/rustwide/cargo-home" "-e" "RUSTUP_HOME=/opt/rustwide/rustup-home" "-w" "/opt/rustwide/workdir" "-m" "1610612736" "--user" "0:0" "--network" "none" "ghcr.io/rust-lang/crates-build-env/linux@sha256:f3a9d4ad9d972b27faf3965f35b62e55ba32bbce8f20bc8fe909558a86702fde" "/opt/rustwide/cargo-home/bin/cargo" "+1.83.0" "test" "--frozen" "--no-run" "--message-format=json", kill_on_drop: false }`
[INFO] [stdout] 4fc44c30cbad9aa8e3420b35eafa51d81c82a5d0bfb9211bc71109fce81430c7
[INFO] running `Command { std: "docker" "start" "-a" "4fc44c30cbad9aa8e3420b35eafa51d81c82a5d0bfb9211bc71109fce81430c7", kill_on_drop: false }`
[INFO] [stderr]    Compiling advent_of_code v0.9.3 (/opt/rustwide/workdir)
[INFO] [stdout] warning: unreachable expression
[INFO] [stdout]    --> src/day_5.rs:214:9
[INFO] [stdout]     |
[INFO] [stdout] 210 | /         return Some(vec![Chunk {
[INFO] [stdout] 211 | |             start: other.start,
[INFO] [stdout] 212 | |             end: other.end,
[INFO] [stdout] 213 | |         }]);
[INFO] [stdout]     | |___________- any code following this expression is unreachable
[INFO] [stdout] 214 |           panic!("overlapping case missed")
[INFO] [stdout]     |           ^^^^^^^^^^^^^^^^^^^^^^^^^^^^^^^^^ unreachable expression
[INFO] [stdout]     |
[INFO] [stdout]     = note: `#[warn(unreachable_code)]` on by default
[INFO] [stdout]     = note: this warning originates in the macro `$crate::panic::panic_2021` which comes from the expansion of the macro `panic` (in Nightly builds, run with -Z macro-backtrace for more info)
[INFO] [stdout] 
[INFO] [stdout] 
[INFO] [stdout] warning: unused variable: `v`
[INFO] [stdout]   --> src/day_2.rs:71:9
[INFO] [stdout]    |
[INFO] [stdout] 71 |     let v = re.captures_iter(handful).for_each(|f| println!("{:?}", f));
[INFO] [stdout]    |         ^ help: if this is intentional, prefix it with an underscore: `_v`
[INFO] [stdout]    |
[INFO] [stdout]    = note: `#[warn(unused_variables)]` on by default
[INFO] [stdout] 
[INFO] [stdout] 
[INFO] [stdout] warning: unused variable: `input`
[INFO] [stdout]  --> src/bin/06.rs:5:17
[INFO] [stdout]   |
[INFO] [stdout] 5 | pub fn part_one(input: &str) -> Option<u64> {
[INFO] [stdout]   |                 ^^^^^ help: if this is intentional, prefix it with an underscore: `_input`
[INFO] [stdout]   |
[INFO] [stdout]   = note: `#[warn(unused_variables)]` on by default
[INFO] [stdout] 
[INFO] [stdout] 
[INFO] [stdout] warning: unused variable: `input`
[INFO] [stdout]   --> src/bin/06.rs:40:17
[INFO] [stdout]    |
[INFO] [stdout] 40 | pub fn part_two(input: &str) -> Option<u64> {
[INFO] [stdout]    |                 ^^^^^ help: if this is intentional, prefix it with an underscore: `_input`
[INFO] [stdout] 
[INFO] [stdout] 
[INFO] [stdout] warning: unused import: `iter`
[INFO] [stdout]  --> src/bin/03.rs:3:5
[INFO] [stdout]   |
[INFO] [stdout] 3 |     iter,
[INFO] [stdout]   |     ^^^^
[INFO] [stdout]   |
[INFO] [stdout]   = note: `#[warn(unused_imports)]` on by default
[INFO] [stdout] 
[INFO] [stdout] 
[INFO] [stdout] warning: unused variable: `id`
[INFO] [stdout]   --> src/bin/04.rs:11:10
[INFO] [stdout]    |
[INFO] [stdout] 11 |     for (id, card) in cards.iter() {
[INFO] [stdout]    |          ^^ help: if this is intentional, prefix it with an underscore: `_id`
[INFO] [stdout]    |
[INFO] [stdout]    = note: `#[warn(unused_variables)]` on by default
[INFO] [stdout] 
[INFO] [stdout] 
[INFO] [stdout] warning: unused variable: `seeds_raw`
[INFO] [stdout]   --> src/bin/05.rs:63:14
[INFO] [stdout]    |
[INFO] [stdout] 63 |         let (seeds_raw, map) = parse_soil(&advent_of_code::template::read_file("examples", DAY));
[INFO] [stdout]    |              ^^^^^^^^^ help: if this is intentional, prefix it with an underscore: `_seeds_raw`
[INFO] [stdout]    |
[INFO] [stdout]    = note: `#[warn(unused_variables)]` on by default
[INFO] [stdout] 
[INFO] [stdout] 
[INFO] [stdout] warning: unused variable: `gear`
[INFO] [stdout]   --> src/bin/03.rs:74:10
[INFO] [stdout]    |
[INFO] [stdout] 74 |     for (gear, nums) in gears {
[INFO] [stdout]    |          ^^^^ help: if this is intentional, prefix it with an underscore: `_gear`
[INFO] [stdout]    |
[INFO] [stdout]    = note: `#[warn(unused_variables)]` on by default
[INFO] [stdout] 
[INFO] [stdout] 
[INFO] [stdout] warning: variable does not need to be mutable
[INFO] [stdout]   --> src/bin/03.rs:53:17
[INFO] [stdout]    |
[INFO] [stdout] 53 |             let mut inter = adj.intersection(&s_locs);
[INFO] [stdout]    |                 ----^^^^^
[INFO] [stdout]    |                 |
[INFO] [stdout]    |                 help: remove this `mut`
[INFO] [stdout]    |
[INFO] [stdout]    = note: `#[warn(unused_mut)]` on by default
[INFO] [stdout] 
[INFO] [stdout] 
[INFO] [stdout] warning: unreachable expression
[INFO] [stdout]    --> src/day_5.rs:214:9
[INFO] [stdout]     |
[INFO] [stdout] 210 | /         return Some(vec![Chunk {
[INFO] [stdout] 211 | |             start: other.start,
[INFO] [stdout] 212 | |             end: other.end,
[INFO] [stdout] 213 | |         }]);
[INFO] [stdout]     | |___________- any code following this expression is unreachable
[INFO] [stdout] 214 |           panic!("overlapping case missed")
[INFO] [stdout]     |           ^^^^^^^^^^^^^^^^^^^^^^^^^^^^^^^^^ unreachable expression
[INFO] [stdout]     |
[INFO] [stdout]     = note: `#[warn(unreachable_code)]` on by default
[INFO] [stdout]     = note: this warning originates in the macro `$crate::panic::panic_2021` which comes from the expansion of the macro `panic` (in Nightly builds, run with -Z macro-backtrace for more info)
[INFO] [stdout] 
[INFO] [stdout] 
[INFO] [stdout] warning: unused variable: `v`
[INFO] [stdout]   --> src/day_2.rs:71:9
[INFO] [stdout]    |
[INFO] [stdout] 71 |     let v = re.captures_iter(handful).for_each(|f| println!("{:?}", f));
[INFO] [stdout]    |         ^ help: if this is intentional, prefix it with an underscore: `_v`
[INFO] [stdout]    |
[INFO] [stdout]    = note: `#[warn(unused_variables)]` on by default
[INFO] [stdout] 
[INFO] [stdout] 
[INFO] [stdout] warning: unused variable: `map`
[INFO] [stdout]   --> src/day_4.rs:86:13
[INFO] [stdout]    |
[INFO] [stdout] 86 |         let map = parse_scratch(subject);
[INFO] [stdout]    |             ^^^ help: if this is intentional, prefix it with an underscore: `_map`
[INFO] [stdout] 
[INFO] [stdout] 
[INFO] [stdout] warning: variable does not need to be mutable
[INFO] [stdout]    --> src/day_5.rs:315:13
[INFO] [stdout]     |
[INFO] [stdout] 315 |         let mut other = Chunk { start: 2, end: 5 };
[INFO] [stdout]     |             ----^^^^^
[INFO] [stdout]     |             |
[INFO] [stdout]     |             help: remove this `mut`
[INFO] [stdout]     |
[INFO] [stdout]     = note: `#[warn(unused_mut)]` on by default
[INFO] [stdout] 
[INFO] [stdout] 
[INFO] [stdout] warning: variable does not need to be mutable
[INFO] [stdout]    --> src/day_5.rs:328:13
[INFO] [stdout]     |
[INFO] [stdout] 328 |         let mut other = Chunk { start: 2, end: 8 };
[INFO] [stdout]     |             ----^^^^^
[INFO] [stdout]     |             |
[INFO] [stdout]     |             help: remove this `mut`
[INFO] [stdout] 
[INFO] [stdout] 
[INFO] [stdout] warning: variable does not need to be mutable
[INFO] [stdout]    --> src/day_5.rs:341:13
[INFO] [stdout]     |
[INFO] [stdout] 341 |         let mut other = Chunk { start: 4, end: 6 };
[INFO] [stdout]     |             ----^^^^^
[INFO] [stdout]     |             |
[INFO] [stdout]     |             help: remove this `mut`
[INFO] [stdout] 
[INFO] [stdout] 
[INFO] [stdout] warning: variable does not need to be mutable
[INFO] [stdout]    --> src/day_5.rs:351:13
[INFO] [stdout]     |
[INFO] [stdout] 351 |         let mut other = Chunk { start: 5, end: 8 };
[INFO] [stdout]     |             ----^^^^^
[INFO] [stdout]     |             |
[INFO] [stdout]     |             help: remove this `mut`
[INFO] [stdout] 
[INFO] [stdout] 
[INFO] [stderr]     Finished `test` profile [unoptimized + debuginfo] target(s) in 4.23s
[INFO] running `Command { std: "docker" "inspect" "4fc44c30cbad9aa8e3420b35eafa51d81c82a5d0bfb9211bc71109fce81430c7", kill_on_drop: false }`
[INFO] running `Command { std: "docker" "rm" "-f" "4fc44c30cbad9aa8e3420b35eafa51d81c82a5d0bfb9211bc71109fce81430c7", kill_on_drop: false }`
[INFO] [stdout] 4fc44c30cbad9aa8e3420b35eafa51d81c82a5d0bfb9211bc71109fce81430c7
[INFO] running `Command { std: "docker" "create" "-v" "/var/lib/crater-agent-workspace/builds/worker-4-tc1/target:/opt/rustwide/target:rw,Z" "-v" "/var/lib/crater-agent-workspace/builds/worker-4-tc1/source:/opt/rustwide/workdir:ro,Z" "-v" "/var/lib/crater-agent-workspace/cargo-home:/opt/rustwide/cargo-home:ro,Z" "-v" "/var/lib/crater-agent-workspace/rustup-home:/opt/rustwide/rustup-home:ro,Z" "-e" "SOURCE_DIR=/opt/rustwide/workdir" "-e" "CARGO_TARGET_DIR=/opt/rustwide/target" "-e" "CARGO_INCREMENTAL=0" "-e" "RUST_BACKTRACE=full" "-e" "RUSTFLAGS=--cap-lints=warn" "-e" "RUSTDOCFLAGS=--cap-lints=warn" "-e" "CARGO_HOME=/opt/rustwide/cargo-home" "-e" "RUSTUP_HOME=/opt/rustwide/rustup-home" "-w" "/opt/rustwide/workdir" "-m" "1610612736" "--user" "0:0" "--network" "none" "ghcr.io/rust-lang/crates-build-env/linux@sha256:f3a9d4ad9d972b27faf3965f35b62e55ba32bbce8f20bc8fe909558a86702fde" "/opt/rustwide/cargo-home/bin/cargo" "+1.83.0" "test" "--frozen", kill_on_drop: false }`
[INFO] [stdout] 0e64d03520d242b294703cad24ba55cc85522ad7ea2b53dc1bb30bdb569b726f
[INFO] running `Command { std: "docker" "start" "-a" "0e64d03520d242b294703cad24ba55cc85522ad7ea2b53dc1bb30bdb569b726f", kill_on_drop: false }`
[INFO] [stderr] warning: unreachable expression
[INFO] [stderr]    --> src/day_5.rs:214:9
[INFO] [stderr]     |
[INFO] [stderr] 210 | /         return Some(vec![Chunk {
[INFO] [stderr] 211 | |             start: other.start,
[INFO] [stderr] 212 | |             end: other.end,
[INFO] [stderr] 213 | |         }]);
[INFO] [stderr]     | |___________- any code following this expression is unreachable
[INFO] [stderr] 214 |           panic!("overlapping case missed")
[INFO] [stderr]     |           ^^^^^^^^^^^^^^^^^^^^^^^^^^^^^^^^^ unreachable expression
[INFO] [stderr]     |
[INFO] [stderr]     = note: `#[warn(unreachable_code)]` on by default
[INFO] [stderr]     = note: this warning originates in the macro `$crate::panic::panic_2021` which comes from the expansion of the macro `panic` (in Nightly builds, run with -Z macro-backtrace for more info)
[INFO] [stderr] 
[INFO] [stderr] warning: unused variable: `v`
[INFO] [stderr]   --> src/day_2.rs:71:9
[INFO] [stderr]    |
[INFO] [stderr] 71 |     let v = re.captures_iter(handful).for_each(|f| println!("{:?}", f));
[INFO] [stderr]    |         ^ help: if this is intentional, prefix it with an underscore: `_v`
[INFO] [stderr]    |
[INFO] [stderr]    = note: `#[warn(unused_variables)]` on by default
[INFO] [stderr] 
[INFO] [stderr] warning: `advent_of_code` (lib) generated 2 warnings
[INFO] [stderr] warning: unused variable: `input`
[INFO] [stderr]  --> src/bin/06.rs:5:17
[INFO] [stderr]   |
[INFO] [stderr] 5 | pub fn part_one(input: &str) -> Option<u64> {
[INFO] [stderr]   |                 ^^^^^ help: if this is intentional, prefix it with an underscore: `_input`
[INFO] [stderr]   |
[INFO] [stderr]   = note: `#[warn(unused_variables)]` on by default
[INFO] [stderr] 
[INFO] [stderr] warning: unused variable: `input`
[INFO] [stderr]   --> src/bin/06.rs:40:17
[INFO] [stderr]    |
[INFO] [stderr] 40 | pub fn part_two(input: &str) -> Option<u64> {
[INFO] [stderr]    |                 ^^^^^ help: if this is intentional, prefix it with an underscore: `_input`
[INFO] [stderr] 
[INFO] [stderr] warning: `advent_of_code` (bin "06" test) generated 2 warnings
[INFO] [stderr] warning: unused import: `iter`
[INFO] [stderr]  --> src/bin/03.rs:3:5
[INFO] [stderr]   |
[INFO] [stderr] 3 |     iter,
[INFO] [stderr]   |     ^^^^
[INFO] [stderr]   |
[INFO] [stderr]   = note: `#[warn(unused_imports)]` on by default
[INFO] [stderr] 
[INFO] [stderr] warning: unused variable: `gear`
[INFO] [stderr]   --> src/bin/03.rs:74:10
[INFO] [stderr]    |
[INFO] [stderr] 74 |     for (gear, nums) in gears {
[INFO] [stderr]    |          ^^^^ help: if this is intentional, prefix it with an underscore: `_gear`
[INFO] [stderr]    |
[INFO] [stderr]    = note: `#[warn(unused_variables)]` on by default
[INFO] [stderr] 
[INFO] [stderr] warning: variable does not need to be mutable
[INFO] [stderr]   --> src/bin/03.rs:53:17
[INFO] [stderr]    |
[INFO] [stderr] 53 |             let mut inter = adj.intersection(&s_locs);
[INFO] [stderr]    |                 ----^^^^^
[INFO] [stderr]    |                 |
[INFO] [stderr]    |                 help: remove this `mut`
[INFO] [stderr]    |
[INFO] [stderr]    = note: `#[warn(unused_mut)]` on by default
[INFO] [stderr] 
[INFO] [stderr] warning: `advent_of_code` (bin "03" test) generated 3 warnings (run `cargo fix --bin "03" --tests` to apply 2 suggestions)
[INFO] [stderr] warning: unused variable: `id`
[INFO] [stderr]   --> src/bin/04.rs:11:10
[INFO] [stderr]    |
[INFO] [stderr] 11 |     for (id, card) in cards.iter() {
[INFO] [stderr]    |          ^^ help: if this is intentional, prefix it with an underscore: `_id`
[INFO] [stderr]    |
[INFO] [stderr]    = note: `#[warn(unused_variables)]` on by default
[INFO] [stderr] 
[INFO] [stderr] warning: `advent_of_code` (bin "04" test) generated 1 warning
[INFO] [stderr] warning: unused variable: `seeds_raw`
[INFO] [stderr]   --> src/bin/05.rs:63:14
[INFO] [stderr]    |
[INFO] [stderr] 63 |         let (seeds_raw, map) = parse_soil(&advent_of_code::template::read_file("examples", DAY));
[INFO] [stderr]    |              ^^^^^^^^^ help: if this is intentional, prefix it with an underscore: `_seeds_raw`
[INFO] [stderr]    |
[INFO] [stderr]    = note: `#[warn(unused_variables)]` on by default
[INFO] [stderr] 
[INFO] [stderr] warning: `advent_of_code` (bin "05" test) generated 1 warning
[INFO] [stderr] warning: unused variable: `map`
[INFO] [stderr]   --> src/day_4.rs:86:13
[INFO] [stderr]    |
[INFO] [stderr] 86 |         let map = parse_scratch(subject);
[INFO] [stderr]    |             ^^^ help: if this is intentional, prefix it with an underscore: `_map`
[INFO] [stderr] 
[INFO] [stderr] warning: variable does not need to be mutable
[INFO] [stderr]    --> src/day_5.rs:315:13
[INFO] [stderr]     |
[INFO] [stderr] 315 |         let mut other = Chunk { start: 2, end: 5 };
[INFO] [stderr]     |             ----^^^^^
[INFO] [stderr]     |             |
[INFO] [stderr]     |             help: remove this `mut`
[INFO] [stderr]     |
[INFO] [stderr]     = note: `#[warn(unused_mut)]` on by default
[INFO] [stderr] 
[INFO] [stderr] warning: variable does not need to be mutable
[INFO] [stderr]    --> src/day_5.rs:328:13
[INFO] [stderr]     |
[INFO] [stderr] 328 |         let mut other = Chunk { start: 2, end: 8 };
[INFO] [stderr]     |             ----^^^^^
[INFO] [stderr]     |             |
[INFO] [stderr]     |             help: remove this `mut`
[INFO] [stderr] 
[INFO] [stderr] warning: variable does not need to be mutable
[INFO] [stderr]    --> src/day_5.rs:341:13
[INFO] [stderr]     |
[INFO] [stderr] 341 |         let mut other = Chunk { start: 4, end: 6 };
[INFO] [stderr]     |             ----^^^^^
[INFO] [stderr]     |             |
[INFO] [stderr]     |             help: remove this `mut`
[INFO] [stderr] 
[INFO] [stderr] warning: variable does not need to be mutable
[INFO] [stderr]    --> src/day_5.rs:351:13
[INFO] [stderr]     |
[INFO] [stderr] 351 |         let mut other = Chunk { start: 5, end: 8 };
[INFO] [stderr]     |             ----^^^^^
[INFO] [stderr]     |             |
[INFO] [stderr]     |             help: remove this `mut`
[INFO] [stderr] 
[INFO] [stderr] warning: `advent_of_code` (lib test) generated 7 warnings (2 duplicates) (run `cargo fix --lib -p advent_of_code --tests` to apply 4 suggestions)
[INFO] [stderr]     Finished `test` profile [unoptimized + debuginfo] target(s) in 0.06s
[INFO] [stderr]      Running unittests src/lib.rs (/opt/rustwide/target/debug/deps/advent_of_code-5b9a691c0d7d44a7)
[INFO] [stdout] 
[INFO] [stdout] running 21 tests
[INFO] [stdout] test day_5::tests::test_non_overlap_1 ... ok
[INFO] [stdout] test day_1::tests::test_find_first ... ok
[INFO] [stdout] test day_4::tests::test_count_to_score ... ok
[INFO] [stdout] test day_1::tests::test_find_last ... ok
[INFO] [stdout] test day_4::tests::test_parse_frag_1 ... ok
[INFO] [stdout] test day_1::tests::test_parse_frag ... ok
[INFO] [stdout] test day_2::tests::test_hans_fulmer ... ok
[INFO] [stdout] test day_3::tests::test_parse_frag ... ok
[INFO] [stdout] test day_5::tests::test_non_overlap_2 ... ok
[INFO] [stdout] test day_5::tests::test_non_overlap_3 ... ok
[INFO] [stdout] test day_5::tests::test_non_overlap_4 ... ok
[INFO] [stdout] test tests::test_cords ... ok
[INFO] [stdout] test tests::test_dims ... ok
[INFO] [stdout] test day_4::tests::test_parse_frag ... ok
[INFO] [stdout] test tests::test_adj ... ok
[INFO] [stdout] test tests::test_parse_frag ... ok
[INFO] [stdout] test day_5::tests::test_seed_expand ... ok
[INFO] [stdout] test day_2::tests::test_gertrude_gamine ... ok
[INFO] [stdout] test day_5::tests::test_parse_soil ... ok
[INFO] [stdout] test day_2::tests::test_eveline ... ok
[INFO] [stdout] test day_2::tests::test_eveline_2 ... ok
[INFO] [stdout] 
[INFO] [stdout] test result: ok. 21 passed; 0 failed; 0 ignored; 0 measured; 0 filtered out; finished in 0.30s
[INFO] [stdout] 
[INFO] [stderr]      Running unittests src/bin/01.rs (/opt/rustwide/target/debug/deps/01-e10b4e7f67f2ab12)
[INFO] [stdout] 
[INFO] [stdout] running 2 tests
[INFO] [stdout] test tests::test_part_one ... ok
[INFO] [stdout] test tests::test_part_two ... FAILED
[INFO] [stdout] 
[INFO] [stdout] failures:
[INFO] [stdout] 
[INFO] [stdout] ---- tests::test_part_two stdout ----
[INFO] [stdout] thread 'tests::test_part_two' panicked at src/bin/01.rs:87:9:
[INFO] [stdout] assertion `left == right` failed
[INFO] [stdout]   left: Some(142)
[INFO] [stdout]  right: None
[INFO] [stdout] stack backtrace:
[INFO] [stdout]    0:     0x5f9bf2320d7a - std::backtrace_rs::backtrace::libunwind::trace::h5a5b8284f2d0c266
[INFO] [stdout]                                at /rustc/90b35a6239c3d8bdabc530a6a0816f7ff89a0aaf/library/std/src/../../backtrace/src/backtrace/libunwind.rs:116:5
[INFO] [stdout]    1:     0x5f9bf2320d7a - std::backtrace_rs::backtrace::trace_unsynchronized::h76d4f1c9b0b875e3
[INFO] [stdout]                                at /rustc/90b35a6239c3d8bdabc530a6a0816f7ff89a0aaf/library/std/src/../../backtrace/src/backtrace/mod.rs:66:5
[INFO] [stdout]    2:     0x5f9bf2320d7a - std::sys::backtrace::_print_fmt::hc4546b8364a537c6
[INFO] [stdout]                                at /rustc/90b35a6239c3d8bdabc530a6a0816f7ff89a0aaf/library/std/src/sys/backtrace.rs:66:9
[INFO] [stdout]    3:     0x5f9bf2320d7a - <std::sys::backtrace::BacktraceLock::print::DisplayBacktrace as core::fmt::Display>::fmt::h5b6bd5631a6d1f6b
[INFO] [stdout]                                at /rustc/90b35a6239c3d8bdabc530a6a0816f7ff89a0aaf/library/std/src/sys/backtrace.rs:39:26
[INFO] [stdout]    4:     0x5f9bf2346713 - core::fmt::rt::Argument::fmt::h270f6602a2b96f62
[INFO] [stdout]                                at /rustc/90b35a6239c3d8bdabc530a6a0816f7ff89a0aaf/library/core/src/fmt/rt.rs:177:76
[INFO] [stdout]    5:     0x5f9bf2346713 - core::fmt::write::h7550c97b06c86515
[INFO] [stdout]                                at /rustc/90b35a6239c3d8bdabc530a6a0816f7ff89a0aaf/library/core/src/fmt/mod.rs:1186:21
[INFO] [stderr] error: test failed, to rerun pass `--bin 01`
[INFO] [stdout]    6:     0x5f9bf231dda3 - std::io::Write::write_fmt::h509ff860e5956e5e
[INFO] [stdout]                                at /rustc/90b35a6239c3d8bdabc530a6a0816f7ff89a0aaf/library/std/src/io/mod.rs:1839:15
[INFO] [stdout]    7:     0x5f9bf2320bc2 - std::sys::backtrace::BacktraceLock::print::h2395ccd2c84ba3aa
[INFO] [stdout]                                at /rustc/90b35a6239c3d8bdabc530a6a0816f7ff89a0aaf/library/std/src/sys/backtrace.rs:42:9
[INFO] [stdout]    8:     0x5f9bf23221da - std::panicking::default_hook::{{closure}}::he19d4c7230e07961
[INFO] [stdout]                                at /rustc/90b35a6239c3d8bdabc530a6a0816f7ff89a0aaf/library/std/src/panicking.rs:268:22
[INFO] [stdout]    9:     0x5f9bf2321fe4 - std::panicking::default_hook::hf614597d3c67bbdb
[INFO] [stdout]                                at /rustc/90b35a6239c3d8bdabc530a6a0816f7ff89a0aaf/library/std/src/panicking.rs:292:9
[INFO] [stdout]   10:     0x5f9bf20610c9 - <alloc::boxed::Box<F,A> as core::ops::function::Fn<Args>>::call::h39b51ce4599c23d1
[INFO] [stdout]                                at /rustc/90b35a6239c3d8bdabc530a6a0816f7ff89a0aaf/library/alloc/src/boxed.rs:2468:9
[INFO] [stdout]   11:     0x5f9bf20610c9 - test::test_main::{{closure}}::he977ae839a582784
[INFO] [stdout]                                at /rustc/90b35a6239c3d8bdabc530a6a0816f7ff89a0aaf/library/test/src/lib.rs:133:21
[INFO] [stdout]   12:     0x5f9bf2322878 - <alloc::boxed::Box<F,A> as core::ops::function::Fn<Args>>::call::h9455091b6b06f9fb
[INFO] [stdout]                                at /rustc/90b35a6239c3d8bdabc530a6a0816f7ff89a0aaf/library/alloc/src/boxed.rs:2468:9
[INFO] [stdout]   13:     0x5f9bf2322878 - std::panicking::rust_panic_with_hook::h8942133a8b252070
[INFO] [stdout]                                at /rustc/90b35a6239c3d8bdabc530a6a0816f7ff89a0aaf/library/std/src/panicking.rs:809:13
[INFO] [stdout]   14:     0x5f9bf232263a - std::panicking::begin_panic_handler::{{closure}}::hb5f5963570096b29
[INFO] [stdout]                                at /rustc/90b35a6239c3d8bdabc530a6a0816f7ff89a0aaf/library/std/src/panicking.rs:674:13
[INFO] [stdout]   15:     0x5f9bf2321259 - std::sys::backtrace::__rust_end_short_backtrace::h6208cedc1922feda
[INFO] [stdout]                                at /rustc/90b35a6239c3d8bdabc530a6a0816f7ff89a0aaf/library/std/src/sys/backtrace.rs:170:18
[INFO] [stdout]   16:     0x5f9bf23222cc - rust_begin_unwind
[INFO] [stdout]                                at /rustc/90b35a6239c3d8bdabc530a6a0816f7ff89a0aaf/library/std/src/panicking.rs:665:5
[INFO] [stdout]   17:     0x5f9bf2023130 - core::panicking::panic_fmt::h0c3082644d1bf418
[INFO] [stdout]                                at /rustc/90b35a6239c3d8bdabc530a6a0816f7ff89a0aaf/library/core/src/panicking.rs:74:14
[INFO] [stdout]   18:     0x5f9bf2023534 - core::panicking::assert_failed_inner::h2ddf1fcc067fa858
[INFO] [stdout]   19:     0x5f9bf2024ecf - core::panicking::assert_failed::h1e2ee84375ef4b5c
[INFO] [stdout]                                at /rustc/90b35a6239c3d8bdabc530a6a0816f7ff89a0aaf/library/core/src/panicking.rs:367:5
[INFO] [stdout]   20:     0x5f9bf2028d93 - _01::tests::test_part_two::hc8484cb60c067bf8
[INFO] [stdout]                                at /opt/rustwide/workdir/src/bin/01.rs:87:9
[INFO] [stdout]   21:     0x5f9bf2028c77 - _01::tests::test_part_two::{{closure}}::had9e5aa0fc074966
[INFO] [stdout]                                at /opt/rustwide/workdir/src/bin/01.rs:85:23
[INFO] [stdout]   22:     0x5f9bf20242e6 - core::ops::function::FnOnce::call_once::hb7f37a9f15d13fbd
[INFO] [stdout]                                at /rustc/90b35a6239c3d8bdabc530a6a0816f7ff89a0aaf/library/core/src/ops/function.rs:250:5
[INFO] [stdout]   23:     0x5f9bf2065a8b - core::ops::function::FnOnce::call_once::h109cf8051a59b34e
[INFO] [stdout]                                at /rustc/90b35a6239c3d8bdabc530a6a0816f7ff89a0aaf/library/core/src/ops/function.rs:250:5
[INFO] [stdout]   24:     0x5f9bf2065a8b - test::__rust_begin_short_backtrace::hf4fff89d377446ba
[INFO] [stdout]                                at /rustc/90b35a6239c3d8bdabc530a6a0816f7ff89a0aaf/library/test/src/lib.rs:621:18
[INFO] [stdout]   25:     0x5f9bf20652c7 - test::run_test_in_process::{{closure}}::h0e39181dd7ee5a43
[INFO] [stdout]                                at /rustc/90b35a6239c3d8bdabc530a6a0816f7ff89a0aaf/library/test/src/lib.rs:644:60
[INFO] [stdout]   26:     0x5f9bf20652c7 - <core::panic::unwind_safe::AssertUnwindSafe<F> as core::ops::function::FnOnce<()>>::call_once::hc5a66a30f0bdfd1f
[INFO] [stdout]                                at /rustc/90b35a6239c3d8bdabc530a6a0816f7ff89a0aaf/library/core/src/panic/unwind_safe.rs:272:9
[INFO] [stdout]   27:     0x5f9bf20652c7 - std::panicking::try::do_call::h873b7cf639554a5e
[INFO] [stdout]                                at /rustc/90b35a6239c3d8bdabc530a6a0816f7ff89a0aaf/library/std/src/panicking.rs:557:40
[INFO] [stdout]   28:     0x5f9bf20652c7 - std::panicking::try::hdb19862fad9c8bd1
[INFO] [stdout]                                at /rustc/90b35a6239c3d8bdabc530a6a0816f7ff89a0aaf/library/std/src/panicking.rs:520:19
[INFO] [stdout]   29:     0x5f9bf20652c7 - std::panic::catch_unwind::h281fe732d236d260
[INFO] [stdout]                                at /rustc/90b35a6239c3d8bdabc530a6a0816f7ff89a0aaf/library/std/src/panic.rs:358:14
[INFO] [stdout]   30:     0x5f9bf20652c7 - test::run_test_in_process::h949b6df8457ed338
[INFO] [stdout]                                at /rustc/90b35a6239c3d8bdabc530a6a0816f7ff89a0aaf/library/test/src/lib.rs:644:27
[INFO] [stdout]   31:     0x5f9bf20652c7 - test::run_test::{{closure}}::h52c556a6d4740e10
[INFO] [stdout]                                at /rustc/90b35a6239c3d8bdabc530a6a0816f7ff89a0aaf/library/test/src/lib.rs:565:43
[INFO] [stdout]   32:     0x5f9bf202a5a4 - test::run_test::{{closure}}::h4237f6381c45ccb9
[INFO] [stdout]                                at /rustc/90b35a6239c3d8bdabc530a6a0816f7ff89a0aaf/library/test/src/lib.rs:595:41
[INFO] [stdout]   33:     0x5f9bf202a5a4 - std::sys::backtrace::__rust_begin_short_backtrace::h505c97a579eca628
[INFO] [stdout]                                at /rustc/90b35a6239c3d8bdabc530a6a0816f7ff89a0aaf/library/std/src/sys/backtrace.rs:154:18
[INFO] [stdout]   34:     0x5f9bf202dc6e - std::thread::Builder::spawn_unchecked_::{{closure}}::{{closure}}::h9e86b2e2bc107ea3
[INFO] [stdout]                                at /rustc/90b35a6239c3d8bdabc530a6a0816f7ff89a0aaf/library/std/src/thread/mod.rs:538:17
[INFO] [stdout]   35:     0x5f9bf202dc6e - <core::panic::unwind_safe::AssertUnwindSafe<F> as core::ops::function::FnOnce<()>>::call_once::h8b06ddb275ff4a25
[INFO] [stdout]                                at /rustc/90b35a6239c3d8bdabc530a6a0816f7ff89a0aaf/library/core/src/panic/unwind_safe.rs:272:9
[INFO] [stdout]   36:     0x5f9bf202dc6e - std::panicking::try::do_call::hb26ecd7cd9a9355d
[INFO] [stdout]                                at /rustc/90b35a6239c3d8bdabc530a6a0816f7ff89a0aaf/library/std/src/panicking.rs:557:40
[INFO] [stdout]   37:     0x5f9bf202dc6e - std::panicking::try::h8ddeca9d705f9069
[INFO] [stdout]                                at /rustc/90b35a6239c3d8bdabc530a6a0816f7ff89a0aaf/library/std/src/panicking.rs:520:19
[INFO] [stdout]   38:     0x5f9bf202dc6e - std::panic::catch_unwind::h49e1c33078844c46
[INFO] [stdout]                                at /rustc/90b35a6239c3d8bdabc530a6a0816f7ff89a0aaf/library/std/src/panic.rs:358:14
[INFO] [stdout]   39:     0x5f9bf202dc6e - std::thread::Builder::spawn_unchecked_::{{closure}}::h6073db6ff56ad35d
[INFO] [stdout]                                at /rustc/90b35a6239c3d8bdabc530a6a0816f7ff89a0aaf/library/std/src/thread/mod.rs:537:30
[INFO] [stdout]   40:     0x5f9bf202dc6e - core::ops::function::FnOnce::call_once{{vtable.shim}}::h2c5a5f3779c774f1
[INFO] [stdout]                                at /rustc/90b35a6239c3d8bdabc530a6a0816f7ff89a0aaf/library/core/src/ops/function.rs:250:5
[INFO] [stdout]   41:     0x5f9bf23265cb - <alloc::boxed::Box<F,A> as core::ops::function::FnOnce<Args>>::call_once::hf75717d9f28faebf
[INFO] [stdout]                                at /rustc/90b35a6239c3d8bdabc530a6a0816f7ff89a0aaf/library/alloc/src/boxed.rs:2454:9
[INFO] [stdout]   42:     0x5f9bf23265cb - <alloc::boxed::Box<F,A> as core::ops::function::FnOnce<Args>>::call_once::h7bd883a5f3c5f3c1
[INFO] [stdout]                                at /rustc/90b35a6239c3d8bdabc530a6a0816f7ff89a0aaf/library/alloc/src/boxed.rs:2454:9
[INFO] [stdout]   43:     0x5f9bf23265cb - std::sys::pal::unix::thread::Thread::new::thread_start::hcc78f3943333fa94
[INFO] [stdout]                                at /rustc/90b35a6239c3d8bdabc530a6a0816f7ff89a0aaf/library/std/src/sys/pal/unix/thread.rs:105:17
[INFO] [stdout]   44:     0x792163041ac3 - <unknown>
[INFO] [stdout]   45:     0x7921630d2a04 - clone
[INFO] [stdout]   46:                0x0 - <unknown>
[INFO] [stdout] 
[INFO] [stdout] 
[INFO] [stdout] failures:
[INFO] [stdout]     tests::test_part_two
[INFO] [stdout] 
[INFO] [stdout] test result: FAILED. 1 passed; 1 failed; 0 ignored; 0 measured; 0 filtered out; finished in 0.05s
[INFO] [stdout] 
[INFO] running `Command { std: "docker" "inspect" "0e64d03520d242b294703cad24ba55cc85522ad7ea2b53dc1bb30bdb569b726f", kill_on_drop: false }`
[INFO] running `Command { std: "docker" "rm" "-f" "0e64d03520d242b294703cad24ba55cc85522ad7ea2b53dc1bb30bdb569b726f", kill_on_drop: false }`
[INFO] [stdout] 0e64d03520d242b294703cad24ba55cc85522ad7ea2b53dc1bb30bdb569b726f
