[INFO] cloning repository https://github.com/dzfrias/scurry
[INFO] running `Command { std: "git" "-c" "credential.helper=" "-c" "credential.helper=/workspace/cargo-home/bin/git-credential-null" "clone" "--bare" "https://github.com/dzfrias/scurry" "/workspace/cache/git-repos/https%3A%2F%2Fgithub.com%2Fdzfrias%2Fscurry", kill_on_drop: false }`
[INFO] [stderr] Cloning into bare repository '/workspace/cache/git-repos/https%3A%2F%2Fgithub.com%2Fdzfrias%2Fscurry'...
[INFO] running `Command { std: "git" "rev-parse" "HEAD", kill_on_drop: false }`
[INFO] [stdout] 97cb17074f6896b947648f60c73b44347e78c805
[INFO] testing dzfrias/scurry against 1.83.0 for beta-1.84.0-4-retry
[INFO] running `Command { std: "git" "clone" "/workspace/cache/git-repos/https%3A%2F%2Fgithub.com%2Fdzfrias%2Fscurry" "/workspace/builds/worker-3-tc1/source", kill_on_drop: false }`
[INFO] [stderr] Cloning into '/workspace/builds/worker-3-tc1/source'...
[INFO] [stderr] done.
[INFO] validating manifest of git repo https://github.com/dzfrias/scurry on toolchain 1.83.0
[INFO] running `Command { std: CARGO_HOME="/workspace/cargo-home" RUSTUP_HOME="/workspace/rustup-home" "/workspace/cargo-home/bin/cargo" "+1.83.0" "metadata" "--manifest-path" "Cargo.toml" "--no-deps", kill_on_drop: false }`
[INFO] started tweaking git repo https://github.com/dzfrias/scurry
[INFO] finished tweaking git repo https://github.com/dzfrias/scurry
[INFO] tweaked toml for git repo https://github.com/dzfrias/scurry written to /workspace/builds/worker-3-tc1/source/Cargo.toml
[INFO] crate git repo https://github.com/dzfrias/scurry already has a lockfile, it will not be regenerated
[INFO] running `Command { std: CARGO_HOME="/workspace/cargo-home" RUSTUP_HOME="/workspace/rustup-home" "/workspace/cargo-home/bin/cargo" "+1.83.0" "fetch" "--manifest-path" "Cargo.toml", kill_on_drop: false }`
[INFO] [stderr]     Updating crates.io index
[INFO] [stderr]  Downloading crates ...
[INFO] [stderr]   Downloaded snailquote v0.3.1
[INFO] [stderr]   Downloaded io-lifetimes v0.7.4
[INFO] [stderr]   Downloaded clap_complete v4.0.6
[INFO] [stderr]   Downloaded clap_mangen v0.2.5
[INFO] [stderr]   Downloaded rustyline v10.0.0
[INFO] [stderr]   Downloaded rustix v0.35.12
[INFO] running `Command { std: "docker" "create" "-v" "/var/lib/crater-agent-workspace/builds/worker-3-tc1/target:/opt/rustwide/target:rw,Z" "-v" "/var/lib/crater-agent-workspace/builds/worker-3-tc1/source:/opt/rustwide/workdir:ro,Z" "-v" "/var/lib/crater-agent-workspace/cargo-home:/opt/rustwide/cargo-home:ro,Z" "-v" "/var/lib/crater-agent-workspace/rustup-home:/opt/rustwide/rustup-home:ro,Z" "-e" "SOURCE_DIR=/opt/rustwide/workdir" "-e" "CARGO_TARGET_DIR=/opt/rustwide/target" "-e" "CARGO_HOME=/opt/rustwide/cargo-home" "-e" "RUSTUP_HOME=/opt/rustwide/rustup-home" "-w" "/opt/rustwide/workdir" "-m" "1610612736" "--user" "0:0" "--network" "none" "ghcr.io/rust-lang/crates-build-env/linux@sha256:f3a9d4ad9d972b27faf3965f35b62e55ba32bbce8f20bc8fe909558a86702fde" "/opt/rustwide/cargo-home/bin/cargo" "+1.83.0" "metadata" "--no-deps" "--format-version=1", kill_on_drop: false }`
[INFO] [stdout] 3d5ed3fd6a0634b4032e393396f86051130bd6aa2d053a4df8807852733af785
[INFO] running `Command { std: "docker" "start" "-a" "3d5ed3fd6a0634b4032e393396f86051130bd6aa2d053a4df8807852733af785", kill_on_drop: false }`
[INFO] running `Command { std: "docker" "inspect" "3d5ed3fd6a0634b4032e393396f86051130bd6aa2d053a4df8807852733af785", kill_on_drop: false }`
[INFO] running `Command { std: "docker" "rm" "-f" "3d5ed3fd6a0634b4032e393396f86051130bd6aa2d053a4df8807852733af785", kill_on_drop: false }`
[INFO] [stdout] 3d5ed3fd6a0634b4032e393396f86051130bd6aa2d053a4df8807852733af785
[INFO] running `Command { std: "docker" "create" "-v" "/var/lib/crater-agent-workspace/builds/worker-3-tc1/target:/opt/rustwide/target:rw,Z" "-v" "/var/lib/crater-agent-workspace/builds/worker-3-tc1/source:/opt/rustwide/workdir:ro,Z" "-v" "/var/lib/crater-agent-workspace/cargo-home:/opt/rustwide/cargo-home:ro,Z" "-v" "/var/lib/crater-agent-workspace/rustup-home:/opt/rustwide/rustup-home:ro,Z" "-e" "SOURCE_DIR=/opt/rustwide/workdir" "-e" "CARGO_TARGET_DIR=/opt/rustwide/target" "-e" "CARGO_INCREMENTAL=0" "-e" "RUST_BACKTRACE=full" "-e" "RUSTFLAGS=--cap-lints=warn" "-e" "RUSTDOCFLAGS=--cap-lints=warn" "-e" "CARGO_HOME=/opt/rustwide/cargo-home" "-e" "RUSTUP_HOME=/opt/rustwide/rustup-home" "-w" "/opt/rustwide/workdir" "-m" "1610612736" "--user" "0:0" "--network" "none" "ghcr.io/rust-lang/crates-build-env/linux@sha256:f3a9d4ad9d972b27faf3965f35b62e55ba32bbce8f20bc8fe909558a86702fde" "/opt/rustwide/cargo-home/bin/cargo" "+1.83.0" "build" "--frozen" "--message-format=json", kill_on_drop: false }`
[INFO] [stdout] 58a18808558181c6b46aa59663d3bfe3905bdc8a3b30dd3e3d8c9dad2b7bb33b
[INFO] running `Command { std: "docker" "start" "-a" "58a18808558181c6b46aa59663d3bfe3905bdc8a3b30dd3e3d8c9dad2b7bb33b", kill_on_drop: false }`
[INFO] [stderr]    Compiling syn v1.0.103
[INFO] [stderr]    Compiling libc v0.2.137
[INFO] [stderr]    Compiling os_str_bytes v6.3.1
[INFO] [stderr]    Compiling termcolor v1.1.3
[INFO] [stderr]    Compiling strsim v0.10.0
[INFO] [stderr]    Compiling once_cell v1.16.0
[INFO] [stderr]    Compiling io-lifetimes v0.7.4
[INFO] [stderr]    Compiling rustix v0.35.12
[INFO] [stderr]    Compiling linux-raw-sys v0.0.46
[INFO] [stderr]    Compiling roff v0.2.1
[INFO] [stderr]    Compiling log v0.4.17
[INFO] [stderr]    Compiling thiserror v1.0.37
[INFO] [stderr]    Compiling smallvec v1.10.0
[INFO] [stderr]    Compiling endian-type v0.1.2
[INFO] [stderr]    Compiling regex-syntax v0.6.27
[INFO] [stderr]    Compiling fnv v1.0.7
[INFO] [stderr]    Compiling clap_lex v0.3.0
[INFO] [stderr]    Compiling beef v0.5.2
[INFO] [stderr]    Compiling nibble_vec v0.1.0
[INFO] [stderr]    Compiling utf8parse v0.2.0
[INFO] [stderr]    Compiling unicode-segmentation v1.10.0
[INFO] [stderr]    Compiling unicode-width v0.1.10
[INFO] [stderr]    Compiling unicode_categories v0.1.1
[INFO] [stderr]    Compiling radix_trie v0.2.1
[INFO] [stderr]    Compiling atty v0.2.14
[INFO] [stderr]    Compiling dirs-sys-next v0.1.2
[INFO] [stderr]    Compiling nix v0.24.2
[INFO] [stderr]    Compiling dirs-next v2.0.0
[INFO] [stderr]    Compiling proc-macro-error v1.0.4
[INFO] [stderr]    Compiling fd-lock v3.0.6
[INFO] [stderr]    Compiling rustyline v10.0.0
[INFO] [stderr]    Compiling clap_derive v4.0.18
[INFO] [stderr]    Compiling thiserror-impl v1.0.37
[INFO] [stderr]    Compiling logos-derive v0.12.1
[INFO] [stderr]    Compiling rustyline-derive v0.7.0
[INFO] [stderr]    Compiling snailquote v0.3.1
[INFO] [stderr]    Compiling clap v4.0.18
[INFO] [stderr]    Compiling logos v0.12.1
[INFO] [stderr]    Compiling clap_complete v4.0.6
[INFO] [stderr]    Compiling clap_mangen v0.2.5
[INFO] [stderr]    Compiling scurry v0.5.0 (/opt/rustwide/workdir)
[INFO] [stderr] warning: scurry@0.5.0: completion scripts generated to: "/opt/rustwide/target/debug/build/scurry-b1f8490986983141/out"
[INFO] [stderr] warning: scurry@0.5.0: manpage generated to: "/opt/rustwide/target/debug/build/scurry-b1f8490986983141/out/scurry.1"
[INFO] [stderr]     Finished `dev` profile [unoptimized + debuginfo] target(s) in 23.58s
[INFO] running `Command { std: "docker" "inspect" "58a18808558181c6b46aa59663d3bfe3905bdc8a3b30dd3e3d8c9dad2b7bb33b", kill_on_drop: false }`
[INFO] running `Command { std: "docker" "rm" "-f" "58a18808558181c6b46aa59663d3bfe3905bdc8a3b30dd3e3d8c9dad2b7bb33b", kill_on_drop: false }`
[INFO] [stdout] 58a18808558181c6b46aa59663d3bfe3905bdc8a3b30dd3e3d8c9dad2b7bb33b
[INFO] running `Command { std: "docker" "create" "-v" "/var/lib/crater-agent-workspace/builds/worker-3-tc1/target:/opt/rustwide/target:rw,Z" "-v" "/var/lib/crater-agent-workspace/builds/worker-3-tc1/source:/opt/rustwide/workdir:ro,Z" "-v" "/var/lib/crater-agent-workspace/cargo-home:/opt/rustwide/cargo-home:ro,Z" "-v" "/var/lib/crater-agent-workspace/rustup-home:/opt/rustwide/rustup-home:ro,Z" "-e" "SOURCE_DIR=/opt/rustwide/workdir" "-e" "CARGO_TARGET_DIR=/opt/rustwide/target" "-e" "CARGO_INCREMENTAL=0" "-e" "RUST_BACKTRACE=full" "-e" "RUSTFLAGS=--cap-lints=warn" "-e" "RUSTDOCFLAGS=--cap-lints=warn" "-e" "CARGO_HOME=/opt/rustwide/cargo-home" "-e" "RUSTUP_HOME=/opt/rustwide/rustup-home" "-w" "/opt/rustwide/workdir" "-m" "1610612736" "--user" "0:0" "--network" "none" "ghcr.io/rust-lang/crates-build-env/linux@sha256:f3a9d4ad9d972b27faf3965f35b62e55ba32bbce8f20bc8fe909558a86702fde" "/opt/rustwide/cargo-home/bin/cargo" "+1.83.0" "test" "--frozen" "--no-run" "--message-format=json", kill_on_drop: false }`
[INFO] [stdout] 37dff80edc2ae415ac578748f04fdfee666dbf46481c18fb2480ffb730657e0c
[INFO] running `Command { std: "docker" "start" "-a" "37dff80edc2ae415ac578748f04fdfee666dbf46481c18fb2480ffb730657e0c", kill_on_drop: false }`
[INFO] [stderr] warning: scurry@0.5.0: completion scripts generated to: "/opt/rustwide/target/debug/build/scurry-b1f8490986983141/out"
[INFO] [stderr] warning: scurry@0.5.0: manpage generated to: "/opt/rustwide/target/debug/build/scurry-b1f8490986983141/out/scurry.1"
[INFO] [stderr]    Compiling scurry v0.5.0 (/opt/rustwide/workdir)
[INFO] [stderr]     Finished `test` profile [unoptimized + debuginfo] target(s) in 4.62s
[INFO] running `Command { std: "docker" "inspect" "37dff80edc2ae415ac578748f04fdfee666dbf46481c18fb2480ffb730657e0c", kill_on_drop: false }`
[INFO] running `Command { std: "docker" "rm" "-f" "37dff80edc2ae415ac578748f04fdfee666dbf46481c18fb2480ffb730657e0c", kill_on_drop: false }`
[INFO] [stdout] 37dff80edc2ae415ac578748f04fdfee666dbf46481c18fb2480ffb730657e0c
[INFO] running `Command { std: "docker" "create" "-v" "/var/lib/crater-agent-workspace/builds/worker-3-tc1/target:/opt/rustwide/target:rw,Z" "-v" "/var/lib/crater-agent-workspace/builds/worker-3-tc1/source:/opt/rustwide/workdir:ro,Z" "-v" "/var/lib/crater-agent-workspace/cargo-home:/opt/rustwide/cargo-home:ro,Z" "-v" "/var/lib/crater-agent-workspace/rustup-home:/opt/rustwide/rustup-home:ro,Z" "-e" "SOURCE_DIR=/opt/rustwide/workdir" "-e" "CARGO_TARGET_DIR=/opt/rustwide/target" "-e" "CARGO_INCREMENTAL=0" "-e" "RUST_BACKTRACE=full" "-e" "RUSTFLAGS=--cap-lints=warn" "-e" "RUSTDOCFLAGS=--cap-lints=warn" "-e" "CARGO_HOME=/opt/rustwide/cargo-home" "-e" "RUSTUP_HOME=/opt/rustwide/rustup-home" "-w" "/opt/rustwide/workdir" "-m" "1610612736" "--user" "0:0" "--network" "none" "ghcr.io/rust-lang/crates-build-env/linux@sha256:f3a9d4ad9d972b27faf3965f35b62e55ba32bbce8f20bc8fe909558a86702fde" "/opt/rustwide/cargo-home/bin/cargo" "+1.83.0" "test" "--frozen", kill_on_drop: false }`
[INFO] [stdout] 16caac3e38d047e11c430c5a9b1fc6dcbd140e728f73ee474468562cda3073d6
[INFO] running `Command { std: "docker" "start" "-a" "16caac3e38d047e11c430c5a9b1fc6dcbd140e728f73ee474468562cda3073d6", kill_on_drop: false }`
[INFO] [stderr] warning: scurry@0.5.0: completion scripts generated to: "/opt/rustwide/target/debug/build/scurry-b1f8490986983141/out"
[INFO] [stderr] warning: scurry@0.5.0: manpage generated to: "/opt/rustwide/target/debug/build/scurry-b1f8490986983141/out/scurry.1"
[INFO] [stderr]     Finished `test` profile [unoptimized + debuginfo] target(s) in 0.08s
[INFO] [stderr]      Running unittests src/lib.rs (/opt/rustwide/target/debug/deps/scurry-d4d25c925a117fe0)
[INFO] [stdout] 
[INFO] [stdout] running 217 tests
[INFO] [stdout] test ast::tests::assign_stmt_display ... ok
[INFO] [stdout] test ast::tests::for_stmt_display ... ok
[INFO] [stdout] test ast::tests::decl_stmt_display ... ok
[INFO] [stdout] test ast::tests::function_expr_display ... ok
[INFO] [stdout] test ast::tests::infix_expr_display ... ok
[INFO] [stdout] test ast::tests::function_stmt_display ... ok
[INFO] [stdout] test ast::tests::if_stmt_display ... ok
[INFO] [stdout] test ast::tests::prefix_expr_display ... ok
[INFO] [stdout] test ast::tests::literal_display ... ok
[INFO] [stdout] test ast::tests::return_stmt_display ... ok
[INFO] [stdout] test ast::tests::while_stmt_display ... ok
[INFO] [stdout] test interpreter::tests::builtin_array_len ... ok
[INFO] [stdout] test interpreter::tests::assign_stmt_works_with_any_expression ... ok
[INFO] [stdout] test interpreter::tests::builtin_array_push ... ok
[INFO] [stdout] test ast::tests::block_display ... ok
[INFO] [stdout] test ast::tests::call_expr_display ... ok
[INFO] [stdout] test interpreter::tests::builtin_array_pop ... ok
[INFO] [stdout] test ast::tests::switch_stmt_display ... ok
[INFO] [stdout] test interpreter::tests::builtin_string_trim ... ok
[INFO] [stdout] test interpreter::tests::cannot_assign_to_wrong_expr_type ... ok
[INFO] [stdout] test interpreter::tests::div_op_overload ... ok
[INFO] [stdout] test interpreter::tests::div_by_zero_causes_runtime_error ... ok
[INFO] [stdout] test interpreter::tests::cannot_return_public_access_from_method ... ok
[INFO] [stdout] test interpreter::tests::cannot_index_assign_on_out_of_bounds_array ... ok
[INFO] [stdout] test interpreter::tests::builtin_float_abs ... ok
[INFO] [stdout] test interpreter::tests::builtin_int_abs ... ok
[INFO] [stdout] test ast::tests::unbound_expr_display ... ok
[INFO] [stdout] test interpreter::tests::builtin_string_len ... ok
[INFO] [stdout] test interpreter::tests::builtin_type ... ok
[INFO] [stdout] test interpreter::tests::eval_boolean_binary_ops ... ok
[INFO] [stdout] test interpreter::tests::builtin_map_remove ... ok
[INFO] [stdout] test interpreter::tests::eval_boolean_literal ... ok
[INFO] [stdout] test interpreter::tests::builtins_error_with_wrong_number_of_args ... ok
[INFO] [stdout] test interpreter::tests::cannot_iterate_through_some_types ... ok
[INFO] [stdout] test interpreter::tests::err_on_uncallable_object ... ok
[INFO] [stdout] test ast::tests::dot_expr_display ... ok
[INFO] [stdout] test interpreter::tests::eval_boolean_prefix_ops ... ok
[INFO] [stdout] test interpreter::tests::eval_array_literal ... ok
[INFO] [stdout] test interpreter::tests::eval_function_calls_with_outer_env ... ok
[INFO] [stdout] test interpreter::tests::eval_if_stmt ... ok
[INFO] [stdout] test interpreter::tests::eval_ident ... ok
[INFO] [stdout] test interpreter::tests::eval_embed_in_decl_statement ... ok
[INFO] [stdout] test interpreter::tests::builtin_float_to_int ... ok
[INFO] [stdout] test interpreter::tests::eval_basic_decl_statement ... ok
[INFO] [stdout] test interpreter::tests::eval_array_index_expr ... ok
[INFO] [stdout] test interpreter::tests::eval_embedded_methods_in_component_instances ... ok
[INFO] [stdout] test interpreter::tests::eval_break_and_continue ... ok
[INFO] [stdout] test interpreter::tests::eval_float_infix_expr ... ok
[INFO] [stdout] test interpreter::tests::eval_exprs_in_assigned_fields ... ok
[INFO] [stdout] test interpreter::tests::builtin_int_to_float ... ok
[INFO] [stdout] test interpreter::tests::eval_for_stmt ... ok
[INFO] [stdout] test interpreter::tests::eval_function_calls ... ok
[INFO] [stdout] test interpreter::tests::eval_function_expr ... ok
[INFO] [stdout] test interpreter::tests::eval_float_literal ... ok
[INFO] [stdout] test interpreter::tests::array_out_of_range_indices ... ok
[INFO] [stdout] test interpreter::tests::eval_operator_assignment_in_array ... ok
[INFO] [stdout] test interpreter::tests::eval_string_binary_ops ... ok
[INFO] [stdout] test interpreter::tests::eval_string_infix_expr ... ok
[INFO] [stdout] test interpreter::tests::eval_methods_and_dot_expr ... ok
[INFO] [stdout] test interpreter::tests::eval_operator_assignment_in_hashmap ... ok
[INFO] [stdout] test interpreter::tests::field_assignment ... ok
[INFO] [stdout] test interpreter::tests::index_assignment_on_arrays ... ok
[INFO] [stdout] test interpreter::tests::eval_object_instance ... ok
[INFO] [stdout] test interpreter::tests::eval_while_statement ... ok
[INFO] [stdout] test interpreter::tests::eval_string_literal ... ok
[INFO] [stdout] test interpreter::tests::invalid_binary_operands ... ok
[INFO] [stdout] test interpreter::tests::eval_operator_assignment_in_struct_field ... ok
[INFO] [stdout] test interpreter::tests::eval_type_checked_function_call ... ok
[INFO] [stdout] test interpreter::tests::eval_switch_stmt ... ok
[INFO] [stdout] test interpreter::tests::eval_integer_literal ... ok
[INFO] [stdout] test interpreter::tests::eval_integer_prefix_ops ... ok
[INFO] [stdout] test interpreter::tests::index_assignment_on_maps ... ok
[INFO] [stdout] test interpreter::tests::eval_operator_assignment ... ok
[INFO] [stdout] test interpreter::tests::eval_map_literal ... ok
[INFO] [stdout] test interpreter::tests::import_stmt_errors_with_invalid_file ... ok
[INFO] [stdout] test interpreter::tests::eval_num_infix_expr_mixed ... ok
[INFO] [stdout] test interpreter::tests::invalid_key_in_map_index_expr ... ok
[INFO] [stdout] test interpreter::tests::eval_integer_binary_ops ... ok
[INFO] [stdout] test interpreter::tests::invalid_unary_operands ... ok
[INFO] [stdout] test interpreter::tests::invalid_use_of_dot_operator ... ok
[INFO] [stdout] test interpreter::tests::invalid_embed ... ok
[INFO] [stdout] test interpreter::tests::plus_op_overload ... ok
[INFO] [stdout] test interpreter::tests::println_writes ... ok
[INFO] [stdout] test interpreter::tests::mod_op_overload ... ok
[INFO] [stdout] test interpreter::tests::mul_op_overload ... ok
[INFO] [stdout] test interpreter::tests::parent_field_assignment_to_embed ... ok
[INFO] [stdout] test interpreter::tests::non_operator_overloaded_components_throws_runtime_error ... ok
[INFO] [stdout] test interpreter::tests::type_checked_embeds ... ok
[INFO] [stdout] test interpreter::tests::string_out_of_range_indices ... ok
[INFO] [stdout] test interpreter::tests::unbound_returns_and_assigns_when_var_unbound ... ok
[INFO] [stdout] test interpreter::tests::type_checked_assignment ... ok
[INFO] [stdout] test interpreter::tests::type_checked_assignment_with_mismatched_type_throws_error ... ok
[INFO] [stdout] test interpreter::tests::private_methods_usable_in_component ... ok
[INFO] [stdout] test interpreter::tests::short_circuit_evaluation ... ok
[INFO] [stdout] test interpreter::tests::unrecognized_field_in_component_instance ... ok
[INFO] [stdout] test lexer::tests::does_not_panic_on_integer_overflow ... ok
[INFO] [stdout] test interpreter::tests::type_checked_function_call_works_with_instances ... ok
[INFO] [stdout] test interpreter::tests::map_index_expr ... ok
[INFO] [stdout] test lexer::tests::errors_on_unteriminated_string ... ok
[INFO] [stdout] test lexer::tests::recognizes_eof ... ok
[INFO] [stdout] test lexer::tests::lexes_hexadecimal_literals ... ok
[INFO] [stdout] test lexer::tests::tokenizes_as ... ok
[INFO] [stdout] test lexer::tests::tokenizes_assigns ... ok
[INFO] [stdout] test lexer::tests::tokenizes_alphabetic_idents ... ok
[INFO] [stdout] test interpreter::tests::type_checked_function_call_with_mismatched_type_throws_error ... ok
[INFO] [stdout] test lexer::tests::tokenizes_asterisk ... ok
[INFO] [stdout] test lexer::tests::tokenizes_bang ... ok
[INFO] [stdout] test lexer::tests::does_not_recognized_ident_with_number_in_front ... ok
[INFO] [stdout] test lexer::tests::tokenizes_alphanumeric_idents ... ok
[INFO] [stdout] test interpreter::tests::minus_op_overload ... ok
[INFO] [stdout] test interpreter::tests::return_from_nested_block ... ok
[INFO] [stdout] test interpreter::tests::unbound_returns_var_when_var_is_assigned ... ok
[INFO] [stdout] test lexer::tests::tokenizes_break ... ok
[INFO] [stdout] test lexer::tests::tokenizes_comma ... ok
[INFO] [stdout] test lexer::tests::tokenizes_declaration ... ok
[INFO] [stdout] test lexer::tests::tokenizes_default ... ok
[INFO] [stdout] test lexer::tests::tokenizes_dot ... ok
[INFO] [stdout] test lexer::tests::tokenizes_else ... ok
[INFO] [stdout] test lexer::tests::tokenizes_elseif ... ok
[INFO] [stdout] test lexer::tests::tokenizes_export ... ok
[INFO] [stdout] test lexer::tests::tokenizes_false ... ok
[INFO] [stdout] test lexer::tests::tokenizes_floats ... ok
[INFO] [stdout] test lexer::tests::tokenizes_gt ... ok
[INFO] [stdout] test lexer::tests::tokenizes_for ... ok
[INFO] [stdout] test lexer::tests::tokenizes_dollar ... ok
[INFO] [stdout] test lexer::tests::tokenizes_ge ... ok
[INFO] [stdout] test lexer::tests::tokenizes_in ... ok
[INFO] [stdout] test lexer::tests::tokenizes_fn ... ok
[INFO] [stdout] test lexer::tests::tokenizes_lbrace ... ok
[INFO] [stdout] test lexer::tests::tokenizes_lbracket ... ok
[INFO] [stdout] test interpreter::tests::eval_string_index_expr ... ok
[INFO] [stdout] test interpreter::tests::type_checked_field_assign_throws_error_with_mismatched_type ... ok
[INFO] [stdout] test lexer::tests::tokenizes_colon ... ok
[INFO] [stdout] test lexer::tests::tokenizes_import ... ok
[INFO] [stdout] test lexer::tests::tokenizes_continue ... ok
[INFO] [stdout] test lexer::tests::tokenizes_if ... ok
[INFO] [stdout] test lexer::tests::tokenizes_le ... ok
[INFO] [stdout] test lexer::tests::tokenizes_lparen ... ok
[INFO] [stdout] test lexer::tests::tokenizes_lt ... ok
[INFO] [stdout] test lexer::tests::tokenizes_minus ... ok
[INFO] [stdout] test lexer::tests::tokenizes_integers ... ok
[INFO] [stdout] test lexer::tests::tokenizes_noteq ... ok
[INFO] [stdout] test lexer::tests::tokenizes_pipe ... ok
[INFO] [stdout] test lexer::tests::tokenizes_plus ... ok
[INFO] [stdout] test lexer::tests::lexes_binary_literals ... ok
[INFO] [stdout] test lexer::tests::tokenizes_nil ... ok
[INFO] [stdout] test lexer::tests::tokenizes_percent ... ok
[INFO] [stdout] test lexer::tests::tokenizes_logical_and ... ok
[INFO] [stdout] test lexer::tests::tokenizes_logical_or ... ok
[INFO] [stdout] test lexer::tests::tokenizes_return ... ok
[INFO] [stdout] test lexer::tests::tokenizes_rbracket ... ok
[INFO] [stdout] test lexer::tests::tokenizes_semicolon ... ok
[INFO] [stdout] test lexer::tests::tokenizes_rparen ... ok
[INFO] [stdout] test lexer::tests::tokenizes_true ... ok
[INFO] [stdout] test lexer::tests::tokenizes_while ... ok
[INFO] [stdout] test parser::tests::assigned_fields_can_be_exprs ... ok
[INFO] [stdout] test parser::tests::cant_return_outside_of_function_context ... ok
[INFO] [stdout] test lexer::tests::tokenizes_case ... ok
[INFO] [stdout] test parser::tests::continue_and_break_can_only_be_used_in_loops ... ok
[INFO] [stdout] test parser::tests::invalid_prefix_operators_recognized ... ok
[INFO] [stdout] test parser::tests::errors_appear_in_expressions_nested_in_statements ... ok
[INFO] [stdout] test parser::tests::needs_semicolon_at_end_of_statements ... ok
[INFO] [stdout] test parser::tests::operator_precedence ... ok
[INFO] [stdout] test parser::tests::operator_parsing_doesnt_cause_panic_with_eof ... ok
[INFO] [stdout] test parser::tests::dot_field_syntax_in_field_assignment ... ok
[INFO] [stdout] test lexer::tests::tokenizes_slash ... ok
[INFO] [stdout] test lexer::tests::tokenizes_rbrace ... ok
[INFO] [stdout] test parser::tests::exp_can_only_be_used_with_functions_and_decls ... ok
[INFO] [stdout] test parser::tests::parse_array_literal ... ok
[INFO] [stdout] test lexer::tests::tokenizes_strings ... ok
[INFO] [stdout] test parser::tests::parse_decl_stmt ... ok
[INFO] [stdout] test parser::tests::parse_dot_expr ... ok
[INFO] [stdout] test parser::tests::parse_for_stmt ... ok
[INFO] [stdout] test parser::tests::parse_function_stmt ... ok
[INFO] [stdout] test parser::tests::parse_if_elif_stmt ... ok
[INFO] [stdout] test parser::tests::can_return_from_loop_in_function ... ok
[INFO] [stdout] test parser::tests::parse_assign_stmt ... ok
[INFO] [stdout] test parser::tests::parse_call_expr ... ok
[INFO] [stdout] test parser::tests::parse_continue_and_break_stmt ... ok
[INFO] [stdout] test parser::tests::parse_function_expr ... ok
[INFO] [stdout] test lexer::tests::tokenizes_switch ... ok
[INFO] [stdout] test parser::tests::parse_if_elif_stmt_with_multiple_elifs_and_else ... ok
[INFO] [stdout] test parser::tests::parse_basic_binary_operators ... ok
[INFO] [stdout] test parser::tests::have_to_import_string ... ok
[INFO] [stdout] test parser::tests::parse_dot_assignment ... ok
[INFO] [stdout] test parser::tests::parse_import_statement ... ok
[INFO] [stdout] test parser::tests::parse_if_stmt ... ok
[INFO] [stdout] test parser::tests::parse_if_else_stmt ... ok
[INFO] [stdout] test parser::tests::parse_map_literal ... ok
[INFO] [stdout] test parser::tests::parse_index_expr ... ok
[INFO] [stdout] test parser::tests::parse_return_stmt ... ok
[INFO] [stdout] test parser::tests::parse_stmt_with_no_significant_whitespace ... ok
[INFO] [stdout] test parser::tests::parse_switch_stmt ... ok
[INFO] [stdout] test parser::tests::parse_index_assignment ... ok
[INFO] [stdout] test interpreter::tests::eval_import_stmt ... FAILED
[INFO] [stdout] test parser::tests::parse_stmt_on_line_2 ... ok
[INFO] [stdout] test parser::tests::parse_if_elif_stmt_with_multiple_elifs ... ok
[INFO] [stdout] test parser::tests::parse_literal_exprs ... ok
[INFO] [stdout] test parser::tests::parse_type_checked_embed ... ok
[INFO] [stdout] test parser::tests::parse_unbound_expr ... ok
[INFO] [stdout] test parser::tests::parser_tracks_line_numbers_in_expressions ... ok
[INFO] [stdout] test parser::tests::rbrace_stmts_have_optional_semicolons ... ok
[INFO] [stdout] test parser::tests::parse_while_stmt ... ok
[INFO] [stdout] test parser::tests::parse_unary_operators ... ok
[INFO] [stdout] test parser::tests::tracks_first_line ... ok
[INFO] [stdout] test parser::tests::tracks_position_horizontally ... ok
[INFO] [stdout] test parser::tests::tracks_position_vertically ... ok
[INFO] [stdout] test parser::tests::parser_throws_error_at_unterminated_string ... ok
[INFO] [stdout] test parser::tests::type_annotation_in_var_assignment ... ok
[INFO] [stdout] test parser::tests::type_annotations_in_component_fields ... ok
[INFO] [stdout] test parser::tests::type_annotations_in_function_expr_params ... ok
[INFO] [stdout] test parser::tests::parser_throws_error_at_invalid_tokens ... ok
[INFO] [stdout] test parser::tests::type_annotations_in_function_expr_return_type ... ok
[INFO] [stdout] test parser::tests::type_annotations_in_function_params ... ok
[INFO] [stdout] test parser::tests::type_checked_function_call ... ok
[INFO] [stdout] test parser::tests::type_checked_variable_assignment ... ok
[INFO] [stdout] test parser::tests::type_annotations_in_function_ret_type ... ok
[INFO] [stdout] 
[INFO] [stdout] failures:
[INFO] [stdout] 
[INFO] [stdout] ---- interpreter::tests::eval_import_stmt stdout ----
[INFO] [stdout] thread 'interpreter::tests::eval_import_stmt' panicked at src/interpreter/mod.rs:2328:49:
[INFO] [stdout] should create file correctly: Os { code: 30, kind: ReadOnlyFilesystem, message: "Read-only file system" }
[INFO] [stdout] stack backtrace:
[INFO] [stdout]    0:     0x5bbcd150bf8a - std::backtrace_rs::backtrace::libunwind::trace::h5a5b8284f2d0c266
[INFO] [stdout]                                at /rustc/90b35a6239c3d8bdabc530a6a0816f7ff89a0aaf/library/std/src/../../backtrace/src/backtrace/libunwind.rs:116:5
[INFO] [stdout]    1:     0x5bbcd150bf8a - std::backtrace_rs::backtrace::trace_unsynchronized::h76d4f1c9b0b875e3
[INFO] [stdout]                                at /rustc/90b35a6239c3d8bdabc530a6a0816f7ff89a0aaf/library/std/src/../../backtrace/src/backtrace/mod.rs:66:5
[INFO] [stdout]    2:     0x5bbcd150bf8a - std::sys::backtrace::_print_fmt::hc4546b8364a537c6
[INFO] [stdout]                                at /rustc/90b35a6239c3d8bdabc530a6a0816f7ff89a0aaf/library/std/src/sys/backtrace.rs:66:9
[INFO] [stdout]    3:     0x5bbcd150bf8a - <std::sys::backtrace::BacktraceLock::print::DisplayBacktrace as core::fmt::Display>::fmt::h5b6bd5631a6d1f6b
[INFO] [stdout]                                at /rustc/90b35a6239c3d8bdabc530a6a0816f7ff89a0aaf/library/std/src/sys/backtrace.rs:39:26
[INFO] [stdout]    4:     0x5bbcd1533433 - core::fmt::rt::Argument::fmt::h270f6602a2b96f62
[INFO] [stdout]                                at /rustc/90b35a6239c3d8bdabc530a6a0816f7ff89a0aaf/library/core/src/fmt/rt.rs:177:76
[INFO] [stdout]    5:     0x5bbcd1533433 - core::fmt::write::h7550c97b06c86515
[INFO] [stdout]                                at /rustc/90b35a6239c3d8bdabc530a6a0816f7ff89a0aaf/library/core/src/fmt/mod.rs:1186:21
[INFO] [stdout]    6:     0x5bbcd1508e43 - std::io::Write::write_fmt::h509ff860e5956e5e
[INFO] [stdout]                                at /rustc/90b35a6239c3d8bdabc530a6a0816f7ff89a0aaf/library/std/src/io/mod.rs:1839:15
[INFO] [stdout]    7:     0x5bbcd150bdd2 - std::sys::backtrace::BacktraceLock::print::h2395ccd2c84ba3aa
[INFO] [stdout]                                at /rustc/90b35a6239c3d8bdabc530a6a0816f7ff89a0aaf/library/std/src/sys/backtrace.rs:42:9
[INFO] [stdout]    8:     0x5bbcd150d3ea - std::panicking::default_hook::{{closure}}::he19d4c7230e07961
[INFO] [stdout]                                at /rustc/90b35a6239c3d8bdabc530a6a0816f7ff89a0aaf/library/std/src/panicking.rs:268:22
[INFO] [stdout]    9:     0x5bbcd150d1f4 - std::panicking::default_hook::hf614597d3c67bbdb
[INFO] [stdout]                                at /rustc/90b35a6239c3d8bdabc530a6a0816f7ff89a0aaf/library/std/src/panicking.rs:292:9
[INFO] [stdout]   10:     0x5bbcd14d4359 - <alloc::boxed::Box<F,A> as core::ops::function::Fn<Args>>::call::h39b51ce4599c23d1
[INFO] [stdout]                                at /rustc/90b35a6239c3d8bdabc530a6a0816f7ff89a0aaf/library/alloc/src/boxed.rs:2468:9
[INFO] [stdout]   11:     0x5bbcd14d4359 - test::test_main::{{closure}}::he977ae839a582784
[INFO] [stdout]                                at /rustc/90b35a6239c3d8bdabc530a6a0816f7ff89a0aaf/library/test/src/lib.rs:133:21
[INFO] [stdout]   12:     0x5bbcd150da88 - <alloc::boxed::Box<F,A> as core::ops::function::Fn<Args>>::call::h9455091b6b06f9fb
[INFO] [stdout]                                at /rustc/90b35a6239c3d8bdabc530a6a0816f7ff89a0aaf/library/alloc/src/boxed.rs:2468:9
[INFO] [stdout]   13:     0x5bbcd150da88 - std::panicking::rust_panic_with_hook::h8942133a8b252070
[INFO] [stdout]                                at /rustc/90b35a6239c3d8bdabc530a6a0816f7ff89a0aaf/library/std/src/panicking.rs:809:13
[INFO] [stdout]   14:     0x5bbcd150d84a - std::panicking::begin_panic_handler::{{closure}}::hb5f5963570096b29
[INFO] [stdout]                                at /rustc/90b35a6239c3d8bdabc530a6a0816f7ff89a0aaf/library/std/src/panicking.rs:674:13
[INFO] [stdout]   15:     0x5bbcd150c469 - std::sys::backtrace::__rust_end_short_backtrace::h6208cedc1922feda
[INFO] [stdout]                                at /rustc/90b35a6239c3d8bdabc530a6a0816f7ff89a0aaf/library/std/src/sys/backtrace.rs:170:18
[INFO] [stdout]   16:     0x5bbcd150d4dc - rust_begin_unwind
[INFO] [stdout]                                at /rustc/90b35a6239c3d8bdabc530a6a0816f7ff89a0aaf/library/std/src/panicking.rs:665:5
[INFO] [stdout]   17:     0x5bbcd1380bd0 - core::panicking::panic_fmt::h0c3082644d1bf418
[INFO] [stdout]                                at /rustc/90b35a6239c3d8bdabc530a6a0816f7ff89a0aaf/library/core/src/panicking.rs:74:14
[INFO] [stdout]   18:     0x5bbcd1381056 - core::result::unwrap_failed::hd20b4aa073bda1e2
[INFO] [stdout]                                at /rustc/90b35a6239c3d8bdabc530a6a0816f7ff89a0aaf/library/core/src/result.rs:1700:5
[INFO] [stdout]   19:     0x5bbcd1446e4d - core::result::Result<T,E>::expect::h0d8545f16ce0d7be
[INFO] [stdout]                                at /rustc/90b35a6239c3d8bdabc530a6a0816f7ff89a0aaf/library/core/src/result.rs:1061:23
[INFO] [stdout]   20:     0x5bbcd13fec6f - scurry::interpreter::tests::eval_import_stmt::hf198b243ffaafbb4
[INFO] [stdout]                                at /opt/rustwide/workdir/src/interpreter/mod.rs:2328:24
[INFO] [stdout]   21:     0x5bbcd13fec07 - scurry::interpreter::tests::eval_import_stmt::{{closure}}::hc449dc5b37807e5e
[INFO] [stdout]                                at /opt/rustwide/workdir/src/interpreter/mod.rs:2327:26
[INFO] [stdout]   22:     0x5bbcd145a4f6 - core::ops::function::FnOnce::call_once::hf8d08a8b89118038
[INFO] [stdout]                                at /rustc/90b35a6239c3d8bdabc530a6a0816f7ff89a0aaf/library/core/src/ops/function.rs:250:5
[INFO] [stdout]   23:     0x5bbcd14d8d1b - core::ops::function::FnOnce::call_once::h109cf8051a59b34e
[INFO] [stdout]                                at /rustc/90b35a6239c3d8bdabc530a6a0816f7ff89a0aaf/library/core/src/ops/function.rs:250:5
[INFO] [stdout]   24:     0x5bbcd14d8d1b - test::__rust_begin_short_backtrace::hf4fff89d377446ba
[INFO] [stdout]                                at /rustc/90b35a6239c3d8bdabc530a6a0816f7ff89a0aaf/library/test/src/lib.rs:621:18
[INFO] [stdout]   25:     0x5bbcd14d8557 - test::run_test_in_process::{{closure}}::h0e39181dd7ee5a43
[INFO] [stdout]                                at /rustc/90b35a6239c3d8bdabc530a6a0816f7ff89a0aaf/library/test/src/lib.rs:644:60
[INFO] [stdout]   26:     0x5bbcd14d8557 - <core::panic::unwind_safe::AssertUnwindSafe<F> as core::ops::function::FnOnce<()>>::call_once::hc5a66a30f0bdfd1f
[INFO] [stdout]                                at /rustc/90b35a6239c3d8bdabc530a6a0816f7ff89a0aaf/library/core/src/panic/unwind_safe.rs:272:9
[INFO] [stdout]   27:     0x5bbcd14d8557 - std::panicking::try::do_call::h873b7cf639554a5e
[INFO] [stdout]                                at /rustc/90b35a6239c3d8bdabc530a6a0816f7ff89a0aaf/library/std/src/panicking.rs:557:40
[INFO] [stdout]   28:     0x5bbcd14d8557 - std::panicking::try::hdb19862fad9c8bd1
[INFO] [stdout]                                at /rustc/90b35a6239c3d8bdabc530a6a0816f7ff89a0aaf/library/std/src/panicking.rs:520:19
[INFO] [stdout]   29:     0x5bbcd14d8557 - std::panic::catch_unwind::h281fe732d236d260
[INFO] [stdout]                                at /rustc/90b35a6239c3d8bdabc530a6a0816f7ff89a0aaf/library/std/src/panic.rs:358:14
[INFO] [stdout]   30:     0x5bbcd14d8557 - test::run_test_in_process::h949b6df8457ed338
[INFO] [stdout]                                at /rustc/90b35a6239c3d8bdabc530a6a0816f7ff89a0aaf/library/test/src/lib.rs:644:27
[INFO] [stdout]   31:     0x5bbcd14d8557 - test::run_test::{{closure}}::h52c556a6d4740e10
[INFO] [stdout]                                at /rustc/90b35a6239c3d8bdabc530a6a0816f7ff89a0aaf/library/test/src/lib.rs:565:43
[INFO] [stdout]   32:     0x5bbcd149d834 - test::run_test::{{closure}}::h4237f6381c45ccb9
[INFO] [stdout]                                at /rustc/90b35a6239c3d8bdabc530a6a0816f7ff89a0aaf/library/test/src/lib.rs:595:41
[INFO] [stdout]   33:     0x5bbcd149d834 - std::sys::backtrace::__rust_begin_short_backtrace::h505c97a579eca628
[INFO] [stdout]                                at /rustc/90b35a6239c3d8bdabc530a6a0816f7ff89a0aaf/library/std/src/sys/backtrace.rs:154:18
[INFO] [stdout]   34:     0x5bbcd14a0efe - std::thread::Builder::spawn_unchecked_::{{closure}}::{{closure}}::h9e86b2e2bc107ea3
[INFO] [stdout]                                at /rustc/90b35a6239c3d8bdabc530a6a0816f7ff89a0aaf/library/std/src/thread/mod.rs:538:17
[INFO] [stdout]   35:     0x5bbcd14a0efe - <core::panic::unwind_safe::AssertUnwindSafe<F> as core::ops::function::FnOnce<()>>::call_once::h8b06ddb275ff4a25
[INFO] [stdout]                                at /rustc/90b35a6239c3d8bdabc530a6a0816f7ff89a0aaf/library/core/src/panic/unwind_safe.rs:272:9
[INFO] [stdout]   36:     0x5bbcd14a0efe - std::panicking::try::do_call::hb26ecd7cd9a9355d
[INFO] [stdout]                                at /rustc/90b35a6239c3d8bdabc530a6a0816f7ff89a0aaf/library/std/src/panicking.rs:557:40
[INFO] [stdout]   37:     0x5bbcd14a0efe - std::panicking::try::h8ddeca9d705f9069
[INFO] [stdout]                                at /rustc/90b35a6239c3d8bdabc530a6a0816f7ff89a0aaf/library/std/src/panicking.rs:520:19
[INFO] [stdout]   38:     0x5bbcd14a0efe - std::panic::catch_unwind::h49e1c33078844c46
[INFO] [stdout]                                at /rustc/90b35a6239c3d8bdabc530a6a0816f7ff89a0aaf/library/std/src/panic.rs:358:14
[INFO] [stdout]   39:     0x5bbcd14a0efe - std::thread::Builder::spawn_unchecked_::{{closure}}::h6073db6ff56ad35d
[INFO] [stdout]                                at /rustc/90b35a6239c3d8bdabc530a6a0816f7ff89a0aaf/library/std/src/thread/mod.rs:537:30
[INFO] [stdout]   40:     0x5bbcd14a0efe - core::ops::function::FnOnce::call_once{{vtable.shim}}::h2c5a5f3779c774f1
[INFO] [stdout]                                at /rustc/90b35a6239c3d8bdabc530a6a0816f7ff89a0aaf/library/core/src/ops/function.rs:250:5
[INFO] [stdout]   41:     0x5bbcd15118cb - <alloc::boxed::Box<F,A> as core::ops::function::FnOnce<Args>>::call_once::hf75717d9f28faebf
[INFO] [stdout]                                at /rustc/90b35a6239c3d8bdabc530a6a0816f7ff89a0aaf/library/alloc/src/boxed.rs:2454:9
[INFO] [stdout]   42:     0x5bbcd15118cb - <alloc::boxed::Box<F,A> as core::ops::function::FnOnce<Args>>::call_once::h7bd883a5f3c5f3c1
[INFO] [stdout]                                at /rustc/90b35a6239c3d8bdabc530a6a0816f7ff89a0aaf/library/alloc/src/boxed.rs:2454:9
[INFO] [stdout]   43:     0x5bbcd15118cb - std::sys::pal::unix::thread::Thread::new::thread_start::hcc78f3943333fa94
[INFO] [stdout]                                at /rustc/90b35a6239c3d8bdabc530a6a0816f7ff89a0aaf/library/std/src/sys/pal/unix/thread.rs:105:17
[INFO] [stdout]   44:     0x76ee16835ac3 - <unknown>
[INFO] [stdout]   45:     0x76ee168c6a04 - clone
[INFO] [stdout]   46:                0x0 - <unknown>
[INFO] [stdout] 
[INFO] [stdout] 
[INFO] [stdout] failures:
[INFO] [stdout]     interpreter::tests::eval_import_stmt
[INFO] [stdout] 
[INFO] [stdout] test result: FAILED. 216 passed; 1 failed; 0 ignored; 0 measured; 0 filtered out; finished in 0.29s
[INFO] [stdout] 
[INFO] [stderr] error: test failed, to rerun pass `--lib`
[INFO] running `Command { std: "docker" "inspect" "16caac3e38d047e11c430c5a9b1fc6dcbd140e728f73ee474468562cda3073d6", kill_on_drop: false }`
[INFO] running `Command { std: "docker" "rm" "-f" "16caac3e38d047e11c430c5a9b1fc6dcbd140e728f73ee474468562cda3073d6", kill_on_drop: false }`
[INFO] [stdout] 16caac3e38d047e11c430c5a9b1fc6dcbd140e728f73ee474468562cda3073d6
