[INFO] cloning repository https://github.com/dsocolobsky/rustylox
[INFO] running `Command { std: "git" "-c" "credential.helper=" "-c" "credential.helper=/workspace/cargo-home/bin/git-credential-null" "clone" "--bare" "https://github.com/dsocolobsky/rustylox" "/workspace/cache/git-repos/https%3A%2F%2Fgithub.com%2Fdsocolobsky%2Frustylox", kill_on_drop: false }`
[INFO] [stderr] Cloning into bare repository '/workspace/cache/git-repos/https%3A%2F%2Fgithub.com%2Fdsocolobsky%2Frustylox'...
[INFO] running `Command { std: "git" "rev-parse" "HEAD", kill_on_drop: false }`
[INFO] [stdout] 8177db70e1e81da722eb879a4c3bae854a118ee5
[INFO] testing dsocolobsky/rustylox/8177db70e1e81da722eb879a4c3bae854a118ee5 against 1.83.0 for beta-1.84.0-4-retry
[INFO] running `Command { std: "git" "clone" "/workspace/cache/git-repos/https%3A%2F%2Fgithub.com%2Fdsocolobsky%2Frustylox" "/workspace/builds/worker-3-tc1/source", kill_on_drop: false }`
[INFO] [stderr] Cloning into '/workspace/builds/worker-3-tc1/source'...
[INFO] [stderr] done.
[INFO] validating manifest of git repo https://github.com/dsocolobsky/rustylox on toolchain 1.83.0
[INFO] running `Command { std: CARGO_HOME="/workspace/cargo-home" RUSTUP_HOME="/workspace/rustup-home" "/workspace/cargo-home/bin/cargo" "+1.83.0" "metadata" "--manifest-path" "Cargo.toml" "--no-deps", kill_on_drop: false }`
[INFO] started tweaking git repo https://github.com/dsocolobsky/rustylox
[INFO] finished tweaking git repo https://github.com/dsocolobsky/rustylox
[INFO] tweaked toml for git repo https://github.com/dsocolobsky/rustylox written to /workspace/builds/worker-3-tc1/source/Cargo.toml
[INFO] crate git repo https://github.com/dsocolobsky/rustylox already has a lockfile, it will not be regenerated
[INFO] running `Command { std: CARGO_HOME="/workspace/cargo-home" RUSTUP_HOME="/workspace/rustup-home" "/workspace/cargo-home/bin/cargo" "+1.83.0" "fetch" "--manifest-path" "Cargo.toml", kill_on_drop: false }`
[INFO] [stderr] warning: virtual workspace defaulting to `resolver = "1"` despite one or more workspace members being on edition 2021 which implies `resolver = "2"`
[INFO] [stderr] note: to keep the current resolver, specify `workspace.resolver = "1"` in the workspace root's manifest
[INFO] [stderr] note: to use the edition 2021 resolver, specify `workspace.resolver = "2"` in the workspace root's manifest
[INFO] [stderr] note: for more details see https://doc.rust-lang.org/cargo/reference/resolver.html#resolver-versions
[INFO] running `Command { std: "docker" "create" "-v" "/var/lib/crater-agent-workspace/builds/worker-3-tc1/target:/opt/rustwide/target:rw,Z" "-v" "/var/lib/crater-agent-workspace/builds/worker-3-tc1/source:/opt/rustwide/workdir:ro,Z" "-v" "/var/lib/crater-agent-workspace/cargo-home:/opt/rustwide/cargo-home:ro,Z" "-v" "/var/lib/crater-agent-workspace/rustup-home:/opt/rustwide/rustup-home:ro,Z" "-e" "SOURCE_DIR=/opt/rustwide/workdir" "-e" "CARGO_TARGET_DIR=/opt/rustwide/target" "-e" "CARGO_HOME=/opt/rustwide/cargo-home" "-e" "RUSTUP_HOME=/opt/rustwide/rustup-home" "-w" "/opt/rustwide/workdir" "-m" "1610612736" "--user" "0:0" "--network" "none" "ghcr.io/rust-lang/crates-build-env/linux@sha256:f3a9d4ad9d972b27faf3965f35b62e55ba32bbce8f20bc8fe909558a86702fde" "/opt/rustwide/cargo-home/bin/cargo" "+1.83.0" "metadata" "--no-deps" "--format-version=1", kill_on_drop: false }`
[INFO] [stdout] 5f7029b859ca85a0874f6ba76b603087e06a2a5261246c82261b9992a49c85b3
[INFO] running `Command { std: "docker" "start" "-a" "5f7029b859ca85a0874f6ba76b603087e06a2a5261246c82261b9992a49c85b3", kill_on_drop: false }`
[INFO] running `Command { std: "docker" "inspect" "5f7029b859ca85a0874f6ba76b603087e06a2a5261246c82261b9992a49c85b3", kill_on_drop: false }`
[INFO] running `Command { std: "docker" "rm" "-f" "5f7029b859ca85a0874f6ba76b603087e06a2a5261246c82261b9992a49c85b3", kill_on_drop: false }`
[INFO] [stdout] 5f7029b859ca85a0874f6ba76b603087e06a2a5261246c82261b9992a49c85b3
[INFO] running `Command { std: "docker" "create" "-v" "/var/lib/crater-agent-workspace/builds/worker-3-tc1/target:/opt/rustwide/target:rw,Z" "-v" "/var/lib/crater-agent-workspace/builds/worker-3-tc1/source:/opt/rustwide/workdir:ro,Z" "-v" "/var/lib/crater-agent-workspace/cargo-home:/opt/rustwide/cargo-home:ro,Z" "-v" "/var/lib/crater-agent-workspace/rustup-home:/opt/rustwide/rustup-home:ro,Z" "-e" "SOURCE_DIR=/opt/rustwide/workdir" "-e" "CARGO_TARGET_DIR=/opt/rustwide/target" "-e" "CARGO_INCREMENTAL=0" "-e" "RUST_BACKTRACE=full" "-e" "RUSTFLAGS=--cap-lints=warn" "-e" "RUSTDOCFLAGS=--cap-lints=warn" "-e" "CARGO_HOME=/opt/rustwide/cargo-home" "-e" "RUSTUP_HOME=/opt/rustwide/rustup-home" "-w" "/opt/rustwide/workdir" "-m" "1610612736" "--user" "0:0" "--network" "none" "ghcr.io/rust-lang/crates-build-env/linux@sha256:f3a9d4ad9d972b27faf3965f35b62e55ba32bbce8f20bc8fe909558a86702fde" "/opt/rustwide/cargo-home/bin/cargo" "+1.83.0" "build" "--frozen" "--message-format=json", kill_on_drop: false }`
[INFO] [stdout] 3332d2a9c249ba3da055f0f3e19684d05418d45af5b4747254292a232fa33bea
[INFO] running `Command { std: "docker" "start" "-a" "3332d2a9c249ba3da055f0f3e19684d05418d45af5b4747254292a232fa33bea", kill_on_drop: false }`
[INFO] [stderr] warning: virtual workspace defaulting to `resolver = "1"` despite one or more workspace members being on edition 2021 which implies `resolver = "2"`
[INFO] [stderr] note: to keep the current resolver, specify `workspace.resolver = "1"` in the workspace root's manifest
[INFO] [stderr] note: to use the edition 2021 resolver, specify `workspace.resolver = "2"` in the workspace root's manifest
[INFO] [stderr] note: for more details see https://doc.rust-lang.org/cargo/reference/resolver.html#resolver-versions
[INFO] [stderr]    Compiling autocfg v1.1.0
[INFO] [stderr]    Compiling proc-macro2 v1.0.71
[INFO] [stderr]    Compiling unicode-ident v1.0.12
[INFO] [stderr]    Compiling rand_core v0.6.4
[INFO] [stderr]    Compiling siphasher v0.3.11
[INFO] [stderr]    Compiling rustversion v1.0.14
[INFO] [stderr]    Compiling heck v0.4.1
[INFO] [stderr]    Compiling strum v0.25.0
[INFO] [stderr]    Compiling rand v0.8.5
[INFO] [stderr]    Compiling phf_shared v0.11.2
[INFO] [stderr]    Compiling num-traits v0.2.17
[INFO] [stderr]    Compiling num-integer v0.1.45
[INFO] [stderr]    Compiling num-bigint v0.4.4
[INFO] [stderr]    Compiling num-rational v0.4.1
[INFO] [stderr]    Compiling num-iter v0.1.43
[INFO] [stderr]    Compiling phf_generator v0.11.2
[INFO] [stderr]    Compiling quote v1.0.33
[INFO] [stderr]    Compiling syn v2.0.42
[INFO] [stderr]    Compiling num-complex v0.4.4
[INFO] [stderr]    Compiling num v0.4.1
[INFO] [stderr]    Compiling phf_macros v0.11.2
[INFO] [stderr]    Compiling strum_macros v0.25.3
[INFO] [stderr]    Compiling num-derive v0.4.1
[INFO] [stderr]    Compiling phf v0.11.2
[INFO] [stderr]    Compiling common v0.1.0 (/opt/rustwide/workdir/common)
[INFO] [stdout] warning: non-local `impl` definition, `impl` blocks should be written at the same level as their item
[INFO] [stdout]  --> common/src/opcode.rs:2:10
[INFO] [stdout]   |
[INFO] [stdout] 2 | #[derive(num_derive::FromPrimitive)]
[INFO] [stdout]   |          ^------------------------
[INFO] [stdout]   |          |
[INFO] [stdout]   |          `FromPrimitive` is not local
[INFO] [stdout]   |          move the `impl` block outside of this constant `_IMPL_NUM_FromPrimitive_FOR_Opcode`
[INFO] [stdout] ...
[INFO] [stdout] 5 | pub enum Opcode {
[INFO] [stdout]   |          ------ `Opcode` is not local
[INFO] [stdout]   |
[INFO] [stdout]   = note: the derive macro `num_derive::FromPrimitive` defines the non-local `impl`, and may need to be changed
[INFO] [stdout]   = note: the derive macro `num_derive::FromPrimitive` may come from an old version of the `num_derive` crate, try updating your dependency with `cargo update -p num_derive`
[INFO] [stdout]   = note: an `impl` is never scoped, even when it is nested inside an item, as it may impact type checking outside of that item, which can be the case if neither the trait or the self type are at the same nesting level as the `impl`
[INFO] [stdout]   = note: items in an anonymous const item (`const _: () = { ... }`) are treated as in the same scope as the anonymous const's declaration for the purpose of this lint
[INFO] [stdout]   = note: `#[warn(non_local_definitions)]` on by default
[INFO] [stdout]   = note: this warning originates in the derive macro `num_derive::FromPrimitive` (in Nightly builds, run with -Z macro-backtrace for more info)
[INFO] [stdout] 
[INFO] [stdout] 
[INFO] [stderr]    Compiling compiler v0.1.0 (/opt/rustwide/workdir/compiler)
[INFO] [stderr]    Compiling vm v0.1.0 (/opt/rustwide/workdir/vm)
[INFO] [stdout] warning: function `run_file` is never used
[INFO] [stdout]  --> vm/src/lib.rs:6:4
[INFO] [stdout]   |
[INFO] [stdout] 6 | fn run_file(_path: &str) {
[INFO] [stdout]   |    ^^^^^^^^
[INFO] [stdout]   |
[INFO] [stdout]   = note: `#[warn(dead_code)]` on by default
[INFO] [stdout] 
[INFO] [stdout] 
[INFO] [stdout] warning: non-local `impl` definition, `impl` blocks should be written at the same level as their item
[INFO] [stdout]   --> compiler/src/compiler.rs:9:10
[INFO] [stdout]    |
[INFO] [stdout] 9  | #[derive(FromPrimitive, PartialEq, PartialOrd)]
[INFO] [stdout]    |          ^------------
[INFO] [stdout]    |          |
[INFO] [stdout]    |          `FromPrimitive` is not local
[INFO] [stdout]    |          move the `impl` block outside of this constant `_IMPL_NUM_FromPrimitive_FOR_Precedence`
[INFO] [stdout] 10 | enum Precedence {
[INFO] [stdout]    |      ---------- `Precedence` is not local
[INFO] [stdout]    |
[INFO] [stdout]    = note: the derive macro `FromPrimitive` defines the non-local `impl`, and may need to be changed
[INFO] [stdout]    = note: the derive macro `FromPrimitive` may come from an old version of the `num_derive` crate, try updating your dependency with `cargo update -p num_derive`
[INFO] [stdout]    = note: an `impl` is never scoped, even when it is nested inside an item, as it may impact type checking outside of that item, which can be the case if neither the trait or the self type are at the same nesting level as the `impl`
[INFO] [stdout]    = note: items in an anonymous const item (`const _: () = { ... }`) are treated as in the same scope as the anonymous const's declaration for the purpose of this lint
[INFO] [stdout]    = note: `#[warn(non_local_definitions)]` on by default
[INFO] [stdout]    = note: this warning originates in the derive macro `FromPrimitive` (in Nightly builds, run with -Z macro-backtrace for more info)
[INFO] [stdout] 
[INFO] [stdout] 
[INFO] [stderr]    Compiling tests v0.1.0 (/opt/rustwide/workdir/tests)
[INFO] [stdout] warning: unused import: `common::Value`
[INFO] [stdout]  --> tests/src/lib.rs:1:5
[INFO] [stdout]   |
[INFO] [stdout] 1 | use common::Value;
[INFO] [stdout]   |     ^^^^^^^^^^^^^
[INFO] [stdout]   |
[INFO] [stdout]   = note: `#[warn(unused_imports)]` on by default
[INFO] [stdout] 
[INFO] [stdout] 
[INFO] [stdout] warning: unused imports: `InterpretResult` and `VM`
[INFO] [stdout]  --> tests/src/lib.rs:4:14
[INFO] [stdout]   |
[INFO] [stdout] 4 | use vm::vm::{InterpretResult, VM};
[INFO] [stdout]   |              ^^^^^^^^^^^^^^^  ^^
[INFO] [stdout] 
[INFO] [stdout] 
[INFO] [stdout] warning: unused macro definition: `run_code`
[INFO] [stdout]  --> tests/src/lib.rs:6:14
[INFO] [stdout]   |
[INFO] [stdout] 6 | macro_rules! run_code {
[INFO] [stdout]   |              ^^^^^^^^
[INFO] [stdout]   |
[INFO] [stdout]   = note: `#[warn(unused_macros)]` on by default
[INFO] [stdout] 
[INFO] [stdout] 
[INFO] [stderr]     Finished `dev` profile [unoptimized + debuginfo] target(s) in 11.27s
[INFO] running `Command { std: "docker" "inspect" "3332d2a9c249ba3da055f0f3e19684d05418d45af5b4747254292a232fa33bea", kill_on_drop: false }`
[INFO] running `Command { std: "docker" "rm" "-f" "3332d2a9c249ba3da055f0f3e19684d05418d45af5b4747254292a232fa33bea", kill_on_drop: false }`
[INFO] [stdout] 3332d2a9c249ba3da055f0f3e19684d05418d45af5b4747254292a232fa33bea
[INFO] running `Command { std: "docker" "create" "-v" "/var/lib/crater-agent-workspace/builds/worker-3-tc1/target:/opt/rustwide/target:rw,Z" "-v" "/var/lib/crater-agent-workspace/builds/worker-3-tc1/source:/opt/rustwide/workdir:ro,Z" "-v" "/var/lib/crater-agent-workspace/cargo-home:/opt/rustwide/cargo-home:ro,Z" "-v" "/var/lib/crater-agent-workspace/rustup-home:/opt/rustwide/rustup-home:ro,Z" "-e" "SOURCE_DIR=/opt/rustwide/workdir" "-e" "CARGO_TARGET_DIR=/opt/rustwide/target" "-e" "CARGO_INCREMENTAL=0" "-e" "RUST_BACKTRACE=full" "-e" "RUSTFLAGS=--cap-lints=warn" "-e" "RUSTDOCFLAGS=--cap-lints=warn" "-e" "CARGO_HOME=/opt/rustwide/cargo-home" "-e" "RUSTUP_HOME=/opt/rustwide/rustup-home" "-w" "/opt/rustwide/workdir" "-m" "1610612736" "--user" "0:0" "--network" "none" "ghcr.io/rust-lang/crates-build-env/linux@sha256:f3a9d4ad9d972b27faf3965f35b62e55ba32bbce8f20bc8fe909558a86702fde" "/opt/rustwide/cargo-home/bin/cargo" "+1.83.0" "test" "--frozen" "--no-run" "--message-format=json", kill_on_drop: false }`
[INFO] [stdout] ee431244350cbe88f5fd4d9f6d20787fe369d7918f007fb63fcf58a3e6631eed
[INFO] running `Command { std: "docker" "start" "-a" "ee431244350cbe88f5fd4d9f6d20787fe369d7918f007fb63fcf58a3e6631eed", kill_on_drop: false }`
[INFO] [stderr] warning: virtual workspace defaulting to `resolver = "1"` despite one or more workspace members being on edition 2021 which implies `resolver = "2"`
[INFO] [stderr] note: to keep the current resolver, specify `workspace.resolver = "1"` in the workspace root's manifest
[INFO] [stderr] note: to use the edition 2021 resolver, specify `workspace.resolver = "2"` in the workspace root's manifest
[INFO] [stderr] note: for more details see https://doc.rust-lang.org/cargo/reference/resolver.html#resolver-versions
[INFO] [stdout] warning: non-local `impl` definition, `impl` blocks should be written at the same level as their item
[INFO] [stdout]  --> common/src/opcode.rs:2:10
[INFO] [stdout]   |
[INFO] [stdout] 2 | #[derive(num_derive::FromPrimitive)]
[INFO] [stdout]   |          ^------------------------
[INFO] [stdout]   |          |
[INFO] [stdout]   |          `FromPrimitive` is not local
[INFO] [stdout]   |          move the `impl` block outside of this constant `_IMPL_NUM_FromPrimitive_FOR_Opcode`
[INFO] [stdout] ...
[INFO] [stdout] 5 | pub enum Opcode {
[INFO] [stdout]   |          ------ `Opcode` is not local
[INFO] [stdout]   |
[INFO] [stdout]   = note: the derive macro `num_derive::FromPrimitive` defines the non-local `impl`, and may need to be changed
[INFO] [stdout]   = note: the derive macro `num_derive::FromPrimitive` may come from an old version of the `num_derive` crate, try updating your dependency with `cargo update -p num_derive`
[INFO] [stdout]   = note: an `impl` is never scoped, even when it is nested inside an item, as it may impact type checking outside of that item, which can be the case if neither the trait or the self type are at the same nesting level as the `impl`
[INFO] [stdout]   = note: items in an anonymous const item (`const _: () = { ... }`) are treated as in the same scope as the anonymous const's declaration for the purpose of this lint
[INFO] [stdout]   = note: `#[warn(non_local_definitions)]` on by default
[INFO] [stdout]   = note: this warning originates in the derive macro `num_derive::FromPrimitive` (in Nightly builds, run with -Z macro-backtrace for more info)
[INFO] [stdout] 
[INFO] [stdout] 
[INFO] [stderr]    Compiling common v0.1.0 (/opt/rustwide/workdir/common)
[INFO] [stdout] warning: non-local `impl` definition, `impl` blocks should be written at the same level as their item
[INFO] [stdout]   --> compiler/src/compiler.rs:9:10
[INFO] [stdout]    |
[INFO] [stdout] 9  | #[derive(FromPrimitive, PartialEq, PartialOrd)]
[INFO] [stdout]    |          ^------------
[INFO] [stdout]    |          |
[INFO] [stdout]    |          `FromPrimitive` is not local
[INFO] [stdout]    |          move the `impl` block outside of this constant `_IMPL_NUM_FromPrimitive_FOR_Precedence`
[INFO] [stdout] 10 | enum Precedence {
[INFO] [stdout]    |      ---------- `Precedence` is not local
[INFO] [stdout]    |
[INFO] [stdout]    = note: the derive macro `FromPrimitive` defines the non-local `impl`, and may need to be changed
[INFO] [stdout]    = note: the derive macro `FromPrimitive` may come from an old version of the `num_derive` crate, try updating your dependency with `cargo update -p num_derive`
[INFO] [stdout]    = note: an `impl` is never scoped, even when it is nested inside an item, as it may impact type checking outside of that item, which can be the case if neither the trait or the self type are at the same nesting level as the `impl`
[INFO] [stdout]    = note: items in an anonymous const item (`const _: () = { ... }`) are treated as in the same scope as the anonymous const's declaration for the purpose of this lint
[INFO] [stdout]    = note: `#[warn(non_local_definitions)]` on by default
[INFO] [stdout]    = note: this warning originates in the derive macro `FromPrimitive` (in Nightly builds, run with -Z macro-backtrace for more info)
[INFO] [stdout] 
[INFO] [stdout] 
[INFO] [stdout] warning: function `run_file` is never used
[INFO] [stdout]  --> vm/src/lib.rs:6:4
[INFO] [stdout]   |
[INFO] [stdout] 6 | fn run_file(_path: &str) {
[INFO] [stdout]   |    ^^^^^^^^
[INFO] [stdout]   |
[INFO] [stdout]   = note: `#[warn(dead_code)]` on by default
[INFO] [stdout] 
[INFO] [stdout] 
[INFO] [stderr]    Compiling compiler v0.1.0 (/opt/rustwide/workdir/compiler)
[INFO] [stderr]    Compiling vm v0.1.0 (/opt/rustwide/workdir/vm)
[INFO] [stdout] warning: unused import: `common::Value`
[INFO] [stdout]  --> tests/src/lib.rs:1:5
[INFO] [stdout]   |
[INFO] [stdout] 1 | use common::Value;
[INFO] [stdout]   |     ^^^^^^^^^^^^^
[INFO] [stdout]   |
[INFO] [stdout]   = note: `#[warn(unused_imports)]` on by default
[INFO] [stdout] 
[INFO] [stdout] 
[INFO] [stderr]    Compiling tests v0.1.0 (/opt/rustwide/workdir/tests)
[INFO] [stdout] warning: unused imports: `InterpretResult` and `VM`
[INFO] [stdout]  --> tests/src/lib.rs:4:14
[INFO] [stdout]   |
[INFO] [stdout] 4 | use vm::vm::{InterpretResult, VM};
[INFO] [stdout]   |              ^^^^^^^^^^^^^^^  ^^
[INFO] [stdout] 
[INFO] [stdout] 
[INFO] [stdout] warning: unused macro definition: `run_code`
[INFO] [stdout]  --> tests/src/lib.rs:6:14
[INFO] [stdout]   |
[INFO] [stdout] 6 | macro_rules! run_code {
[INFO] [stdout]   |              ^^^^^^^^
[INFO] [stdout]   |
[INFO] [stdout]   = note: `#[warn(unused_macros)]` on by default
[INFO] [stdout] 
[INFO] [stdout] 
[INFO] [stdout] warning: non-local `impl` definition, `impl` blocks should be written at the same level as their item
[INFO] [stdout]  --> common/src/opcode.rs:2:10
[INFO] [stdout]   |
[INFO] [stdout] 2 | #[derive(num_derive::FromPrimitive)]
[INFO] [stdout]   |          ^------------------------
[INFO] [stdout]   |          |
[INFO] [stdout]   |          `FromPrimitive` is not local
[INFO] [stdout]   |          move the `impl` block outside of this constant `_IMPL_NUM_FromPrimitive_FOR_Opcode`
[INFO] [stdout] ...
[INFO] [stdout] 5 | pub enum Opcode {
[INFO] [stdout]   |          ------ `Opcode` is not local
[INFO] [stdout]   |
[INFO] [stdout]   = note: the derive macro `num_derive::FromPrimitive` defines the non-local `impl`, and may need to be changed
[INFO] [stdout]   = note: the derive macro `num_derive::FromPrimitive` may come from an old version of the `num_derive` crate, try updating your dependency with `cargo update -p num_derive`
[INFO] [stdout]   = note: an `impl` is never scoped, even when it is nested inside an item, as it may impact type checking outside of that item, which can be the case if neither the trait or the self type are at the same nesting level as the `impl`
[INFO] [stdout]   = note: items in an anonymous const item (`const _: () = { ... }`) are treated as in the same scope as the anonymous const's declaration for the purpose of this lint
[INFO] [stdout]   = note: `#[warn(non_local_definitions)]` on by default
[INFO] [stdout]   = note: this warning originates in the derive macro `num_derive::FromPrimitive` (in Nightly builds, run with -Z macro-backtrace for more info)
[INFO] [stdout] 
[INFO] [stdout] 
[INFO] [stdout] warning: unused variable: `chunk`
[INFO] [stdout]    --> compiler/src/compiler.rs:696:18
[INFO] [stdout]     |
[INFO] [stdout] 696 |         let Some(chunk) = compile("{ var a = 4.0; print a; }") else { panic!() };
[INFO] [stdout]     |                  ^^^^^ help: if this is intentional, prefix it with an underscore: `_chunk`
[INFO] [stdout]     |
[INFO] [stdout]     = note: `#[warn(unused_variables)]` on by default
[INFO] [stdout] 
[INFO] [stdout] 
[INFO] [stdout] warning: non-local `impl` definition, `impl` blocks should be written at the same level as their item
[INFO] [stdout]   --> compiler/src/compiler.rs:9:10
[INFO] [stdout]    |
[INFO] [stdout] 9  | #[derive(FromPrimitive, PartialEq, PartialOrd)]
[INFO] [stdout]    |          ^------------
[INFO] [stdout]    |          |
[INFO] [stdout]    |          `FromPrimitive` is not local
[INFO] [stdout]    |          move the `impl` block outside of this constant `_IMPL_NUM_FromPrimitive_FOR_Precedence`
[INFO] [stdout] 10 | enum Precedence {
[INFO] [stdout]    |      ---------- `Precedence` is not local
[INFO] [stdout]    |
[INFO] [stdout]    = note: the derive macro `FromPrimitive` defines the non-local `impl`, and may need to be changed
[INFO] [stdout]    = note: the derive macro `FromPrimitive` may come from an old version of the `num_derive` crate, try updating your dependency with `cargo update -p num_derive`
[INFO] [stdout]    = note: an `impl` is never scoped, even when it is nested inside an item, as it may impact type checking outside of that item, which can be the case if neither the trait or the self type are at the same nesting level as the `impl`
[INFO] [stdout]    = note: items in an anonymous const item (`const _: () = { ... }`) are treated as in the same scope as the anonymous const's declaration for the purpose of this lint
[INFO] [stdout]    = note: `#[warn(non_local_definitions)]` on by default
[INFO] [stdout]    = note: this warning originates in the derive macro `FromPrimitive` (in Nightly builds, run with -Z macro-backtrace for more info)
[INFO] [stdout] 
[INFO] [stdout] 
[INFO] [stdout] warning: function `run_file` is never used
[INFO] [stdout]  --> vm/src/lib.rs:6:4
[INFO] [stdout]   |
[INFO] [stdout] 6 | fn run_file(_path: &str) {
[INFO] [stdout]   |    ^^^^^^^^
[INFO] [stdout]   |
[INFO] [stdout]   = note: `#[warn(dead_code)]` on by default
[INFO] [stdout] 
[INFO] [stdout] 
[INFO] [stderr]     Finished `test` profile [unoptimized + debuginfo] target(s) in 1.04s
[INFO] running `Command { std: "docker" "inspect" "ee431244350cbe88f5fd4d9f6d20787fe369d7918f007fb63fcf58a3e6631eed", kill_on_drop: false }`
[INFO] running `Command { std: "docker" "rm" "-f" "ee431244350cbe88f5fd4d9f6d20787fe369d7918f007fb63fcf58a3e6631eed", kill_on_drop: false }`
[INFO] [stdout] ee431244350cbe88f5fd4d9f6d20787fe369d7918f007fb63fcf58a3e6631eed
[INFO] running `Command { std: "docker" "create" "-v" "/var/lib/crater-agent-workspace/builds/worker-3-tc1/target:/opt/rustwide/target:rw,Z" "-v" "/var/lib/crater-agent-workspace/builds/worker-3-tc1/source:/opt/rustwide/workdir:ro,Z" "-v" "/var/lib/crater-agent-workspace/cargo-home:/opt/rustwide/cargo-home:ro,Z" "-v" "/var/lib/crater-agent-workspace/rustup-home:/opt/rustwide/rustup-home:ro,Z" "-e" "SOURCE_DIR=/opt/rustwide/workdir" "-e" "CARGO_TARGET_DIR=/opt/rustwide/target" "-e" "CARGO_INCREMENTAL=0" "-e" "RUST_BACKTRACE=full" "-e" "RUSTFLAGS=--cap-lints=warn" "-e" "RUSTDOCFLAGS=--cap-lints=warn" "-e" "CARGO_HOME=/opt/rustwide/cargo-home" "-e" "RUSTUP_HOME=/opt/rustwide/rustup-home" "-w" "/opt/rustwide/workdir" "-m" "1610612736" "--user" "0:0" "--network" "none" "ghcr.io/rust-lang/crates-build-env/linux@sha256:f3a9d4ad9d972b27faf3965f35b62e55ba32bbce8f20bc8fe909558a86702fde" "/opt/rustwide/cargo-home/bin/cargo" "+1.83.0" "test" "--frozen", kill_on_drop: false }`
[INFO] [stdout] 967fea8919f07d60ba0a6be9b20df06236e7ba65fb45c0180fc8c9008158a33c
[INFO] running `Command { std: "docker" "start" "-a" "967fea8919f07d60ba0a6be9b20df06236e7ba65fb45c0180fc8c9008158a33c", kill_on_drop: false }`
[INFO] [stderr] warning: virtual workspace defaulting to `resolver = "1"` despite one or more workspace members being on edition 2021 which implies `resolver = "2"`
[INFO] [stderr] note: to keep the current resolver, specify `workspace.resolver = "1"` in the workspace root's manifest
[INFO] [stderr] note: to use the edition 2021 resolver, specify `workspace.resolver = "2"` in the workspace root's manifest
[INFO] [stderr] note: for more details see https://doc.rust-lang.org/cargo/reference/resolver.html#resolver-versions
[INFO] [stderr] warning: non-local `impl` definition, `impl` blocks should be written at the same level as their item
[INFO] [stderr]  --> common/src/opcode.rs:2:10
[INFO] [stderr]   |
[INFO] [stderr] 2 | #[derive(num_derive::FromPrimitive)]
[INFO] [stderr]   |          ^------------------------
[INFO] [stderr]   |          |
[INFO] [stderr]   |          `FromPrimitive` is not local
[INFO] [stderr]   |          move the `impl` block outside of this constant `_IMPL_NUM_FromPrimitive_FOR_Opcode`
[INFO] [stderr] ...
[INFO] [stderr] 5 | pub enum Opcode {
[INFO] [stderr]   |          ------ `Opcode` is not local
[INFO] [stderr]   |
[INFO] [stderr]   = note: the derive macro `num_derive::FromPrimitive` defines the non-local `impl`, and may need to be changed
[INFO] [stderr]   = note: the derive macro `num_derive::FromPrimitive` may come from an old version of the `num_derive` crate, try updating your dependency with `cargo update -p num_derive`
[INFO] [stderr]   = note: an `impl` is never scoped, even when it is nested inside an item, as it may impact type checking outside of that item, which can be the case if neither the trait or the self type are at the same nesting level as the `impl`
[INFO] [stderr]   = note: items in an anonymous const item (`const _: () = { ... }`) are treated as in the same scope as the anonymous const's declaration for the purpose of this lint
[INFO] [stderr]   = note: `#[warn(non_local_definitions)]` on by default
[INFO] [stderr]   = note: this warning originates in the derive macro `num_derive::FromPrimitive` (in Nightly builds, run with -Z macro-backtrace for more info)
[INFO] [stderr] 
[INFO] [stderr] warning: `common` (lib) generated 1 warning
[INFO] [stderr] warning: `common` (lib test) generated 1 warning (1 duplicate)
[INFO] [stderr] warning: function `run_file` is never used
[INFO] [stderr]  --> vm/src/lib.rs:6:4
[INFO] [stderr]   |
[INFO] [stderr] 6 | fn run_file(_path: &str) {
[INFO] [stderr]   |    ^^^^^^^^
[INFO] [stderr]   |
[INFO] [stderr]   = note: `#[warn(dead_code)]` on by default
[INFO] [stderr] 
[INFO] [stderr] warning: non-local `impl` definition, `impl` blocks should be written at the same level as their item
[INFO] [stderr]   --> compiler/src/compiler.rs:9:10
[INFO] [stderr]    |
[INFO] [stderr] 9  | #[derive(FromPrimitive, PartialEq, PartialOrd)]
[INFO] [stderr]    |          ^------------
[INFO] [stderr]    |          |
[INFO] [stderr]    |          `FromPrimitive` is not local
[INFO] [stderr]    |          move the `impl` block outside of this constant `_IMPL_NUM_FromPrimitive_FOR_Precedence`
[INFO] [stderr] 10 | enum Precedence {
[INFO] [stderr]    |      ---------- `Precedence` is not local
[INFO] [stderr]    |
[INFO] [stderr]    = note: the derive macro `FromPrimitive` defines the non-local `impl`, and may need to be changed
[INFO] [stderr]    = note: the derive macro `FromPrimitive` may come from an old version of the `num_derive` crate, try updating your dependency with `cargo update -p num_derive`
[INFO] [stderr]    = note: an `impl` is never scoped, even when it is nested inside an item, as it may impact type checking outside of that item, which can be the case if neither the trait or the self type are at the same nesting level as the `impl`
[INFO] [stderr]    = note: items in an anonymous const item (`const _: () = { ... }`) are treated as in the same scope as the anonymous const's declaration for the purpose of this lint
[INFO] [stderr]    = note: `#[warn(non_local_definitions)]` on by default
[INFO] [stderr]    = note: this warning originates in the derive macro `FromPrimitive` (in Nightly builds, run with -Z macro-backtrace for more info)
[INFO] [stderr] 
[INFO] [stderr] warning: unused variable: `chunk`
[INFO] [stderr]    --> compiler/src/compiler.rs:696:18
[INFO] [stderr]     |
[INFO] [stderr] 696 |         let Some(chunk) = compile("{ var a = 4.0; print a; }") else { panic!() };
[INFO] [stderr]     |                  ^^^^^ help: if this is intentional, prefix it with an underscore: `_chunk`
[INFO] [stderr]     |
[INFO] [stderr]     = note: `#[warn(unused_variables)]` on by default
[INFO] [stderr] 
[INFO] [stderr] warning: `vm` (lib) generated 1 warning
[INFO] [stderr] warning: `compiler` (lib) generated 1 warning
[INFO] [stderr] warning: `vm` (lib test) generated 1 warning (1 duplicate)
[INFO] [stderr] warning: `compiler` (lib test) generated 2 warnings (1 duplicate)
[INFO] [stderr] warning: unused import: `common::Value`
[INFO] [stderr]  --> tests/src/lib.rs:1:5
[INFO] [stderr]   |
[INFO] [stderr] 1 | use common::Value;
[INFO] [stderr]   |     ^^^^^^^^^^^^^
[INFO] [stderr]   |
[INFO] [stderr]   = note: `#[warn(unused_imports)]` on by default
[INFO] [stderr] 
[INFO] [stderr] warning: unused imports: `InterpretResult` and `VM`
[INFO] [stderr]  --> tests/src/lib.rs:4:14
[INFO] [stderr]   |
[INFO] [stderr] 4 | use vm::vm::{InterpretResult, VM};
[INFO] [stderr]   |              ^^^^^^^^^^^^^^^  ^^
[INFO] [stderr] 
[INFO] [stderr] warning: unused macro definition: `run_code`
[INFO] [stderr]  --> tests/src/lib.rs:6:14
[INFO] [stderr]   |
[INFO] [stderr] 6 | macro_rules! run_code {
[INFO] [stderr]   |              ^^^^^^^^
[INFO] [stderr]   |
[INFO] [stderr]   = note: `#[warn(unused_macros)]` on by default
[INFO] [stderr] 
[INFO] [stderr] warning: `tests` (lib) generated 3 warnings (run `cargo fix --lib -p tests` to apply 2 suggestions)
[INFO] [stderr]     Finished `test` profile [unoptimized + debuginfo] target(s) in 0.03s
[INFO] [stderr]      Running unittests src/lib.rs (/opt/rustwide/target/debug/deps/common-82c1b10e1a4ed77e)
[INFO] [stderr]      Running unittests src/lib.rs (/opt/rustwide/target/debug/deps/compiler-a98b4abd4fa9a40d)
[INFO] [stdout] 
[INFO] [stdout] running 0 tests
[INFO] [stdout] 
[INFO] [stdout] test result: ok. 0 passed; 0 failed; 0 ignored; 0 measured; 0 filtered out; finished in 0.00s
[INFO] [stdout] 
[INFO] [stdout] 
[INFO] [stdout] running 15 tests
[INFO] [stdout] test compiler::tests::equality ... ok
[INFO] [stdout] test compiler::tests::local_variables ... ok
[INFO] [stdout] test compiler::tests::perform_math_operations ... ok
[INFO] [stdout] test compiler::tests::return_a_number ... ok
[INFO] [stdout] test compiler::tests::return_a_string ... ok
[INFO] [stdout] test compiler::tests::global_variables ... ok
[INFO] [stdout] test scanner::tests::addition ... ok
[INFO] [stdout] test scanner::tests::concat ... ok
[INFO] [stdout] test scanner::tests::string ... ok
[INFO] [stdout] test scanner::tests::symbols ... ok
[INFO] [stdout] test scanner::tests::number ... ok
[INFO] [stdout] test scanner::tests::keywords ... ok
[INFO] [stdout] test compiler::tests::multiply_global_variables ... ok
[INFO] [stdout] test compiler::tests::test_if_statement ... ok
[INFO] [stdout] test compiler::tests::set_global_variable ... ok
[INFO] [stdout] 
[INFO] [stdout] test result: ok. 15 passed; 0 failed; 0 ignored; 0 measured; 0 filtered out; finished in 0.01s
[INFO] [stdout] 
[INFO] [stderr]      Running unittests src/lib.rs (/opt/rustwide/target/debug/deps/tests-b964ad06beeab10e)
[INFO] [stdout] 
[INFO] [stdout] running 3 tests
[INFO] [stdout] test basic_return ... ok
[INFO] [stdout] test test_arithmetic ... FAILED
[INFO] [stdout] test test_with_if ... FAILED
[INFO] [stdout] 
[INFO] [stdout] failures:
[INFO] [stdout] 
[INFO] [stdout] ---- test_arithmetic stdout ----
[INFO] [stdout] == code ==
[INFO] [stdout] 0000    2 CONSTANT            1 '2'
[INFO] [stdout] 0002    | DEFINE_GLOBAL       0 'a'
[INFO] [stdout] 0004    3 CONSTANT            3 '3'
[INFO] [stdout] 0006    | DEFINE_GLOBAL       2 'b'
[INFO] [stdout] 0008    4 GET_GLOBAL          5 'a'
[INFO] [stdout] 0010    | GET_GLOBAL          6 'b'
[INFO] [stdout] 0012    | MULTIPLY
[INFO] [stdout] 0013    | CONSTANT            7 '1'
[INFO] [stdout] 0015    | ADD
[INFO] [stdout] 0016    | DEFINE_GLOBAL       4 'c'
[INFO] [stdout] 0018    5 GET_GLOBAL          8 'c'
[INFO] [stdout] 0020    | RETURN
[INFO] [stdout] ========= ip: 0 =============
[INFO] [stdout] 0000    2 CONSTANT            1 '2'
[INFO] [stdout] 
[INFO] [stdout] []
[INFO] [stdout] ===========================================
[INFO] [stdout] ========= ip: 2 =============
[INFO] [stdout] 0002    | DEFINE_GLOBAL       0 'a'
[INFO] [stdout] 
[INFO] [stdout] [Number(2.0)]
[INFO] [stdout] ===========================================
[INFO] [stdout] ========= ip: 4 =============
[INFO] [stdout] 0004    3 CONSTANT            3 '3'
[INFO] [stdout] 
[INFO] [stdout] []
[INFO] [stdout] ===========================================
[INFO] [stdout] ========= ip: 6 =============
[INFO] [stdout] 0006    | DEFINE_GLOBAL       2 'b'
[INFO] [stdout] 
[INFO] [stdout] [Number(3.0)]
[INFO] [stdout] ===========================================
[INFO] [stdout] ========= ip: 8 =============
[INFO] [stdout] 0008    4 GET_GLOBAL          5 'a'
[INFO] [stdout] 
[INFO] [stdout] []
[INFO] [stdout] ===========================================
[INFO] [stdout] ========= ip: 9 =============
[INFO] [stdout] 0009    | MULTIPLY
[INFO] [stdout] 
[INFO] [stdout] [Number(2.0)]
[INFO] [stdout] ===========================================
[INFO] [stdout] thread 'test_arithmetic' panicked at vm/src/stack.rs:25:26:
[INFO] [stdout] Expected stack to not be empty
[INFO] [stdout] stack backtrace:
[INFO] [stdout]    0:     0x5775674bd68a - std::backtrace_rs::backtrace::libunwind::trace::h5a5b8284f2d0c266
[INFO] [stdout]                                at /rustc/90b35a6239c3d8bdabc530a6a0816f7ff89a0aaf/library/std/src/../../backtrace/src/backtrace/libunwind.rs:116:5
[INFO] [stdout]    1:     0x5775674bd68a - std::backtrace_rs::backtrace::trace_unsynchronized::h76d4f1c9b0b875e3
[INFO] [stdout]                                at /rustc/90b35a6239c3d8bdabc530a6a0816f7ff89a0aaf/library/std/src/../../backtrace/src/backtrace/mod.rs:66:5
[INFO] [stdout]    2:     0x5775674bd68a - std::sys::backtrace::_print_fmt::hc4546b8364a537c6
[INFO] [stdout]                                at /rustc/90b35a6239c3d8bdabc530a6a0816f7ff89a0aaf/library/std/src/sys/backtrace.rs:66:9
[INFO] [stdout]    3:     0x5775674bd68a - <std::sys::backtrace::BacktraceLock::print::DisplayBacktrace as core::fmt::Display>::fmt::h5b6bd5631a6d1f6b
[INFO] [stdout]                                at /rustc/90b35a6239c3d8bdabc530a6a0816f7ff89a0aaf/library/std/src/sys/backtrace.rs:39:26
[INFO] [stdout]    4:     0x5775674e3ce3 - core::fmt::rt::Argument::fmt::h270f6602a2b96f62
[INFO] [stdout]                                at /rustc/90b35a6239c3d8bdabc530a6a0816f7ff89a0aaf/library/core/src/fmt/rt.rs:177:76
[INFO] [stdout]    5:     0x5775674e3ce3 - core::fmt::write::h7550c97b06c86515
[INFO] [stdout]                                at /rustc/90b35a6239c3d8bdabc530a6a0816f7ff89a0aaf/library/core/src/fmt/mod.rs:1186:21
[INFO] [stdout]    6:     0x5775674ba853 - std::io::Write::write_fmt::h509ff860e5956e5e
[INFO] [stdout]                                at /rustc/90b35a6239c3d8bdabc530a6a0816f7ff89a0aaf/library/std/src/io/mod.rs:1839:15
[INFO] [stdout]    7:     0x5775674bd4d2 - std::sys::backtrace::BacktraceLock::print::h2395ccd2c84ba3aa
[INFO] [stdout]                                at /rustc/90b35a6239c3d8bdabc530a6a0816f7ff89a0aaf/library/std/src/sys/backtrace.rs:42:9
[INFO] [stdout]    8:     0x5775674beaea - std::panicking::default_hook::{{closure}}::he19d4c7230e07961
[INFO] [stdout]                                at /rustc/90b35a6239c3d8bdabc530a6a0816f7ff89a0aaf/library/std/src/panicking.rs:268:22
[INFO] [stdout]    9:     0x5775674be8f4 - std::panicking::default_hook::hf614597d3c67bbdb
[INFO] [stdout]                                at /rustc/90b35a6239c3d8bdabc530a6a0816f7ff89a0aaf/library/std/src/panicking.rs:292:9
[INFO] [stdout]   10:     0x57756746f179 - <alloc::boxed::Box<F,A> as core::ops::function::Fn<Args>>::call::h39b51ce4599c23d1
[INFO] [stdout]                                at /rustc/90b35a6239c3d8bdabc530a6a0816f7ff89a0aaf/library/alloc/src/boxed.rs:2468:9
[INFO] [stdout]   11:     0x57756746f179 - test::test_main::{{closure}}::he977ae839a582784
[INFO] [stdout]                                at /rustc/90b35a6239c3d8bdabc530a6a0816f7ff89a0aaf/library/test/src/lib.rs:133:21
[INFO] [stdout]   12:     0x5775674bf188 - <alloc::boxed::Box<F,A> as core::ops::function::Fn<Args>>::call::h9455091b6b06f9fb
[INFO] [stdout]                                at /rustc/90b35a6239c3d8bdabc530a6a0816f7ff89a0aaf/library/alloc/src/boxed.rs:2468:9
[INFO] [stdout]   13:     0x5775674bf188 - std::panicking::rust_panic_with_hook::h8942133a8b252070
[INFO] [stdout]                                at /rustc/90b35a6239c3d8bdabc530a6a0816f7ff89a0aaf/library/std/src/panicking.rs:809:13
[INFO] [stdout]   14:     0x5775674bef4a - std::panicking::begin_panic_handler::{{closure}}::hb5f5963570096b29
[INFO] [stdout]                                at /rustc/90b35a6239c3d8bdabc530a6a0816f7ff89a0aaf/library/std/src/panicking.rs:674:13
[INFO] [stdout]   15:     0x5775674bdb69 - std::sys::backtrace::__rust_end_short_backtrace::h6208cedc1922feda
[INFO] [stdout]                                at /rustc/90b35a6239c3d8bdabc530a6a0816f7ff89a0aaf/library/std/src/sys/backtrace.rs:170:18
[INFO] [stdout]   16:     0x5775674bebdc - rust_begin_unwind
[INFO] [stdout]                                at /rustc/90b35a6239c3d8bdabc530a6a0816f7ff89a0aaf/library/std/src/panicking.rs:665:5
[INFO] [stdout]   17:     0x577567434a60 - core::panicking::panic_fmt::h0c3082644d1bf418
[INFO] [stdout]                                at /rustc/90b35a6239c3d8bdabc530a6a0816f7ff89a0aaf/library/core/src/panicking.rs:74:14
[INFO] [stdout]   18:     0x577567434a3b - core::panicking::panic_display::h735d9af8bded520c
[INFO] [stdout]                                at /rustc/90b35a6239c3d8bdabc530a6a0816f7ff89a0aaf/library/core/src/panicking.rs:264:5
[INFO] [stdout]   19:     0x577567434a3b - core::option::expect_failed::h95d2432053ef5ebb
[INFO] [stdout]                                at /rustc/90b35a6239c3d8bdabc530a6a0816f7ff89a0aaf/library/core/src/option.rs:2021:5
[INFO] [stdout]   20:     0x577567480252 - core::option::Option<T>::expect::h675a1b391ebee082
[INFO] [stdout]                                at /rustc/90b35a6239c3d8bdabc530a6a0816f7ff89a0aaf/library/core/src/option.rs:933:21
[INFO] [stdout]   21:     0x57756747e281 - vm::stack::Stack::pop::hd2e6cb705664fd8d
[INFO] [stdout]                                at /opt/rustwide/workdir/vm/src/stack.rs:25:9
[INFO] [stdout]   22:     0x57756747d9e5 - vm::vm::VM::binary_op::hd2f7a47611cf4c0e
[INFO] [stdout]                                at /opt/rustwide/workdir/vm/src/vm.rs:204:74
[INFO] [stdout]   23:     0x57756747bfd9 - vm::vm::VM::run::h42b0ed8994c59fea
[INFO] [stdout]                                at /opt/rustwide/workdir/vm/src/vm.rs:85:37
[INFO] [stdout]   24:     0x577567436952 - tests::test_arithmetic::hd2263180561ed856
[INFO] [stdout]                                at /opt/rustwide/workdir/tests/src/lib.rs:9:37
[INFO] [stdout]   25:     0x5775674368a7 - tests::test_arithmetic::{{closure}}::h5483c5139a2ed396
[INFO] [stdout]                                at /opt/rustwide/workdir/tests/src/lib.rs:24:21
[INFO] [stdout]   26:     0x577567435556 - core::ops::function::FnOnce::call_once::hee5f2911efa304ee
[INFO] [stdout]                                at /rustc/90b35a6239c3d8bdabc530a6a0816f7ff89a0aaf/library/core/src/ops/function.rs:250:5
[INFO] [stdout]   27:     0x577567473b3b - core::ops::function::FnOnce::call_once::h109cf8051a59b34e
[INFO] [stdout]                                at /rustc/90b35a6239c3d8bdabc530a6a0816f7ff89a0aaf/library/core/src/ops/function.rs:250:5
[INFO] [stdout]   28:     0x577567473b3b - test::__rust_begin_short_backtrace::hf4fff89d377446ba
[INFO] [stdout]                                at /rustc/90b35a6239c3d8bdabc530a6a0816f7ff89a0aaf/library/test/src/lib.rs:621:18
[INFO] [stdout]   29:     0x577567473377 - test::run_test_in_process::{{closure}}::h0e39181dd7ee5a43
[INFO] [stdout]                                at /rustc/90b35a6239c3d8bdabc530a6a0816f7ff89a0aaf/library/test/src/lib.rs:644:60
[INFO] [stdout]   30:     0x577567473377 - <core::panic::unwind_safe::AssertUnwindSafe<F> as core::ops::function::FnOnce<()>>::call_once::hc5a66a30f0bdfd1f
[INFO] [stdout]                                at /rustc/90b35a6239c3d8bdabc530a6a0816f7ff89a0aaf/library/core/src/panic/unwind_safe.rs:272:9
[INFO] [stdout]   31:     0x577567473377 - std::panicking::try::do_call::h873b7cf639554a5e
[INFO] [stdout]                                at /rustc/90b35a6239c3d8bdabc530a6a0816f7ff89a0aaf/library/std/src/panicking.rs:557:40
[INFO] [stdout]   32:     0x577567473377 - std::panicking::try::hdb19862fad9c8bd1
[INFO] [stdout]                                at /rustc/90b35a6239c3d8bdabc530a6a0816f7ff89a0aaf/library/std/src/panicking.rs:520:19
[INFO] [stdout]   33:     0x577567473377 - std::panic::catch_unwind::h281fe732d236d260
[INFO] [stdout]                                at /rustc/90b35a6239c3d8bdabc530a6a0816f7ff89a0aaf/library/std/src/panic.rs:358:14
[INFO] [stdout]   34:     0x577567473377 - test::run_test_in_process::h949b6df8457ed338
[INFO] [stdout]                                at /rustc/90b35a6239c3d8bdabc530a6a0816f7ff89a0aaf/library/test/src/lib.rs:644:27
[INFO] [stdout]   35:     0x577567473377 - test::run_test::{{closure}}::h52c556a6d4740e10
[INFO] [stdout]                                at /rustc/90b35a6239c3d8bdabc530a6a0816f7ff89a0aaf/library/test/src/lib.rs:565:43
[INFO] [stdout]   36:     0x577567438654 - test::run_test::{{closure}}::h4237f6381c45ccb9
[INFO] [stdout]                                at /rustc/90b35a6239c3d8bdabc530a6a0816f7ff89a0aaf/library/test/src/lib.rs:595:41
[INFO] [stdout]   37:     0x577567438654 - std::sys::backtrace::__rust_begin_short_backtrace::h505c97a579eca628
[INFO] [stdout]                                at /rustc/90b35a6239c3d8bdabc530a6a0816f7ff89a0aaf/library/std/src/sys/backtrace.rs:154:18
[INFO] [stdout]   38:     0x57756743bd1e - std::thread::Builder::spawn_unchecked_::{{closure}}::{{closure}}::h9e86b2e2bc107ea3
[INFO] [stdout]                                at /rustc/90b35a6239c3d8bdabc530a6a0816f7ff89a0aaf/library/std/src/thread/mod.rs:538:17
[INFO] [stdout]   39:     0x57756743bd1e - <core::panic::unwind_safe::AssertUnwindSafe<F> as core::ops::function::FnOnce<()>>::call_once::h8b06ddb275ff4a25
[INFO] [stdout]                                at /rustc/90b35a6239c3d8bdabc530a6a0816f7ff89a0aaf/library/core/src/panic/unwind_safe.rs:272:9
[INFO] [stdout]   40:     0x57756743bd1e - std::panicking::try::do_call::hb26ecd7cd9a9355d
[INFO] [stdout]                                at /rustc/90b35a6239c3d8bdabc530a6a0816f7ff89a0aaf/library/std/src/panicking.rs:557:40
[INFO] [stdout]   41:     0x57756743bd1e - std::panicking::try::h8ddeca9d705f9069
[INFO] [stdout]                                at /rustc/90b35a6239c3d8bdabc530a6a0816f7ff89a0aaf/library/std/src/panicking.rs:520:19
[INFO] [stdout]   42:     0x57756743bd1e - std::panic::catch_unwind::h49e1c33078844c46
[INFO] [stdout]                                at /rustc/90b35a6239c3d8bdabc530a6a0816f7ff89a0aaf/library/std/src/panic.rs:358:14
[INFO] [stdout]   43:     0x57756743bd1e - std::thread::Builder::spawn_unchecked_::{{closure}}::h6073db6ff56ad35d
[INFO] [stdout]                                at /rustc/90b35a6239c3d8bdabc530a6a0816f7ff89a0aaf/library/std/src/thread/mod.rs:537:30
[INFO] [stdout]   44:     0x57756743bd1e - core::ops::function::FnOnce::call_once{{vtable.shim}}::h2c5a5f3779c774f1
[INFO] [stdout]                                at /rustc/90b35a6239c3d8bdabc530a6a0816f7ff89a0aaf/library/core/src/ops/function.rs:250:5
[INFO] [stdout]   45:     0x5775674c2edb - <alloc::boxed::Box<F,A> as core::ops::function::FnOnce<Args>>::call_once::hf75717d9f28faebf
[INFO] [stdout]                                at /rustc/90b35a6239c3d8bdabc530a6a0816f7ff89a0aaf/library/alloc/src/boxed.rs:2454:9
[INFO] [stdout]   46:     0x5775674c2edb - <alloc::boxed::Box<F,A> as core::ops::function::FnOnce<Args>>::call_once::h7bd883a5f3c5f3c1
[INFO] [stdout]                                at /rustc/90b35a6239c3d8bdabc530a6a0816f7ff89a0aaf/library/alloc/src/boxed.rs:2454:9
[INFO] [stdout]   47:     0x5775674c2edb - std::sys::pal::unix::thread::Thread::new::thread_start::hcc78f3943333fa94
[INFO] [stdout]                                at /rustc/90b35a6239c3d8bdabc530a6a0816f7ff89a0aaf/library/std/src/sys/pal/unix/thread.rs:105:17
[INFO] [stdout]   48:     0x75c7cf4a2ac3 - <unknown>
[INFO] [stdout]   49:     0x75c7cf533a04 - clone
[INFO] [stdout]   50:                0x0 - <unknown>
[INFO] [stdout] 
[INFO] [stdout] ---- test_with_if stdout ----
[INFO] [stdout] == code ==
[INFO] [stdout] 0000    2 CONSTANT            1 '1'
[INFO] [stdout] 0002    | DEFINE_GLOBAL       0 'a'
[INFO] [stdout] 0004    3 CONSTANT            3 '1'
[INFO] [stdout] 0006    | DEFINE_GLOBAL       2 'b'
[INFO] [stdout] 0008    4 GET_GLOBAL          4 'a'
[INFO] [stdout] 0010    | GET_GLOBAL          5 'b'
[INFO] [stdout] 0012    | EQUAL
[INFO] [stdout] 0013    | JUMP_IF_FALSE      13 ->   25'
[INFO] [stdout] 0016    | POP
[INFO] [stdout] 0017    5 CONSTANT            7 '3'
[INFO] [stdout] 0019    | SET_GLOBAL          6 'a'
[INFO] [stdout] 0021    | POP
[INFO] [stdout] 0022    6 JUMP               22 ->   31'
[INFO] [stdout] 0025    | POP
[INFO] [stdout] 0026    7 CONSTANT            9 '4'
[INFO] [stdout] 0028    | SET_GLOBAL          8 'a'
[INFO] [stdout] 0030    | POP
[INFO] [stdout] 0031    9 GET_GLOBAL         10 'a'
[INFO] [stdout] 0033    | RETURN
[INFO] [stdout] ========= ip: 0 =============
[INFO] [stdout] 0000    2 CONSTANT            1 '1'
[INFO] [stdout] 
[INFO] [stdout] []
[INFO] [stdout] ===========================================
[INFO] [stdout] ========= ip: 2 =============
[INFO] [stdout] 0002    | DEFINE_GLOBAL       0 'a'
[INFO] [stdout] 
[INFO] [stdout] [Number(1.0)]
[INFO] [stdout] ===========================================
[INFO] [stdout] ========= ip: 4 =============
[INFO] [stdout] 0004    3 CONSTANT            3 '1'
[INFO] [stdout] 
[INFO] [stdout] []
[INFO] [stdout] ===========================================
[INFO] [stdout] ========= ip: 6 =============
[INFO] [stdout] 0006    | DEFINE_GLOBAL       2 'b'
[INFO] [stdout] 
[INFO] [stdout] [Number(1.0)]
[INFO] [stdout] ===========================================
[INFO] [stdout] ========= ip: 8 =============
[INFO] [stdout] 0008    4 GET_GLOBAL          4 'a'
[INFO] [stdout] 
[INFO] [stdout] []
[INFO] [stdout] ===========================================
[INFO] [stdout] ========= ip: 9 =============
[INFO] [stdout] 0009    | SUBTRACT
[INFO] [stdout] 
[INFO] [stdout] [Number(1.0)]
[INFO] [stdout] ===========================================
[INFO] [stdout] thread 'test_with_if' panicked at vm/src/stack.rs:25:26:
[INFO] [stdout] Expected stack to not be empty
[INFO] [stdout] stack backtrace:
[INFO] [stdout]    0:     0x5775674bd68a - std::backtrace_rs::backtrace::libunwind::trace::h5a5b8284f2d0c266
[INFO] [stdout]                                at /rustc/90b35a6239c3d8bdabc530a6a0816f7ff89a0aaf/library/std/src/../../backtrace/src/backtrace/libunwind.rs:116:5
[INFO] [stdout]    1:     0x5775674bd68a - std::backtrace_rs::backtrace::trace_unsynchronized::h76d4f1c9b0b875e3
[INFO] [stdout]                                at /rustc/90b35a6239c3d8bdabc530a6a0816f7ff89a0aaf/library/std/src/../../backtrace/src/backtrace/mod.rs:66:5
[INFO] [stdout]    2:     0x5775674bd68a - std::sys::backtrace::_print_fmt::hc4546b8364a537c6
[INFO] [stdout]                                at /rustc/90b35a6239c3d8bdabc530a6a0816f7ff89a0aaf/library/std/src/sys/backtrace.rs:66:9
[INFO] [stdout]    3:     0x5775674bd68a - <std::sys::backtrace::BacktraceLock::print::DisplayBacktrace as core::fmt::Display>::fmt::h5b6bd5631a6d1f6b
[INFO] [stdout]                                at /rustc/90b35a6239c3d8bdabc530a6a0816f7ff89a0aaf/library/std/src/sys/backtrace.rs:39:26
[INFO] [stdout]    4:     0x5775674e3ce3 - core::fmt::rt::Argument::fmt::h270f6602a2b96f62
[INFO] [stdout]                                at /rustc/90b35a6239c3d8bdabc530a6a0816f7ff89a0aaf/library/core/src/fmt/rt.rs:177:76
[INFO] [stdout]    5:     0x5775674e3ce3 - core::fmt::write::h7550c97b06c86515
[INFO] [stdout]                                at /rustc/90b35a6239c3d8bdabc530a6a0816f7ff89a0aaf/library/core/src/fmt/mod.rs:1186:21
[INFO] [stdout]    6:     0x5775674ba853 - std::io::Write::write_fmt::h509ff860e5956e5e
[INFO] [stdout]                                at /rustc/90b35a6239c3d8bdabc530a6a0816f7ff89a0aaf/library/std/src/io/mod.rs:1839:15
[INFO] [stdout]    7:     0x5775674bd4d2 - std::sys::backtrace::BacktraceLock::print::h2395ccd2c84ba3aa
[INFO] [stdout]                                at /rustc/90b35a6239c3d8bdabc530a6a0816f7ff89a0aaf/library/std/src/sys/backtrace.rs:42:9
[INFO] [stdout]    8:     0x5775674beaea - std::panicking::default_hook::{{closure}}::he19d4c7230e07961
[INFO] [stdout]                                at /rustc/90b35a6239c3d8bdabc530a6a0816f7ff89a0aaf/library/std/src/panicking.rs:268:22
[INFO] [stdout]    9:     0x5775674be8f4 - std::panicking::default_hook::hf614597d3c67bbdb
[INFO] [stdout]                                at /rustc/90b35a6239c3d8bdabc530a6a0816f7ff89a0aaf/library/std/src/panicking.rs:292:9
[INFO] [stdout]   10:     0x57756746f179 - <alloc::boxed::Box<F,A> as core::ops::function::Fn<Args>>::call::h39b51ce4599c23d1
[INFO] [stdout]                                at /rustc/90b35a6239c3d8bdabc530a6a0816f7ff89a0aaf/library/alloc/src/boxed.rs:2468:9
[INFO] [stdout]   11:     0x57756746f179 - test::test_main::{{closure}}::he977ae839a582784
[INFO] [stdout]                                at /rustc/90b35a6239c3d8bdabc530a6a0816f7ff89a0aaf/library/test/src/lib.rs:133:21
[INFO] [stdout]   12:     0x5775674bf188 - <alloc::boxed::Box<F,A> as core::ops::function::Fn<Args>>::call::h9455091b6b06f9fb
[INFO] [stdout]                                at /rustc/90b35a6239c3d8bdabc530a6a0816f7ff89a0aaf/library/alloc/src/boxed.rs:2468:9
[INFO] [stdout]   13:     0x5775674bf188 - std::panicking::rust_panic_with_hook::h8942133a8b252070
[INFO] [stdout]                                at /rustc/90b35a6239c3d8bdabc530a6a0816f7ff89a0aaf/library/std/src/panicking.rs:809:13
[INFO] [stdout]   14:     0x5775674bef4a - std::panicking::begin_panic_handler::{{closure}}::hb5f5963570096b29
[INFO] [stdout]                                at /rustc/90b35a6239c3d8bdabc530a6a0816f7ff89a0aaf/library/std/src/panicking.rs:674:13
[INFO] [stdout]   15:     0x5775674bdb69 - std::sys::backtrace::__rust_end_short_backtrace::h6208cedc1922feda
[INFO] [stdout]                                at /rustc/90b35a6239c3d8bdabc530a6a0816f7ff89a0aaf/library/std/src/sys/backtrace.rs:170:18
[INFO] [stdout]   16:     0x5775674bebdc - rust_begin_unwind
[INFO] [stdout]                                at /rustc/90b35a6239c3d8bdabc530a6a0816f7ff89a0aaf/library/std/src/panicking.rs:665:5
[INFO] [stdout]   17:     0x577567434a60 - core::panicking::panic_fmt::h0c3082644d1bf418
[INFO] [stdout]                                at /rustc/90b35a6239c3d8bdabc530a6a0816f7ff89a0aaf/library/core/src/panicking.rs:74:14
[INFO] [stdout]   18:     0x577567434a3b - core::panicking::panic_display::h735d9af8bded520c
[INFO] [stdout]                                at /rustc/90b35a6239c3d8bdabc530a6a0816f7ff89a0aaf/library/core/src/panicking.rs:264:5
[INFO] [stdout]   19:     0x577567434a3b - core::option::expect_failed::h95d2432053ef5ebb
[INFO] [stdout]                                at /rustc/90b35a6239c3d8bdabc530a6a0816f7ff89a0aaf/library/core/src/option.rs:2021:5
[INFO] [stdout]   20:     0x577567480252 - core::option::Option<T>::expect::h675a1b391ebee082
[INFO] [stdout]                                at /rustc/90b35a6239c3d8bdabc530a6a0816f7ff89a0aaf/library/core/src/option.rs:933:21
[INFO] [stdout]   21:     0x57756747e281 - vm::stack::Stack::pop::hd2e6cb705664fd8d
[INFO] [stdout]                                at /opt/rustwide/workdir/vm/src/stack.rs:25:9
[INFO] [stdout]   22:     0x57756747d7d5 - vm::vm::VM::binary_op::haed14c68e59c9f2f
[INFO] [stdout]                                at /opt/rustwide/workdir/vm/src/vm.rs:204:74
[INFO] [stdout]   23:     0x57756747bfc7 - vm::vm::VM::run::h42b0ed8994c59fea
[INFO] [stdout]                                at /opt/rustwide/workdir/vm/src/vm.rs:84:37
[INFO] [stdout]   24:     0x577567436c42 - tests::test_with_if::h3308332152bc0448
[INFO] [stdout]                                at /opt/rustwide/workdir/tests/src/lib.rs:9:37
[INFO] [stdout]   25:     0x577567436b97 - tests::test_with_if::{{closure}}::h2b14c3630664bf09
[INFO] [stdout]                                at /opt/rustwide/workdir/tests/src/lib.rs:35:18
[INFO] [stdout]   26:     0x577567435516 - core::ops::function::FnOnce::call_once::hb311ae46788f6a52
[INFO] [stdout]                                at /rustc/90b35a6239c3d8bdabc530a6a0816f7ff89a0aaf/library/core/src/ops/function.rs:250:5
[INFO] [stdout]   27:     0x577567473b3b - core::ops::function::FnOnce::call_once::h109cf8051a59b34e
[INFO] [stdout]                                at /rustc/90b35a6239c3d8bdabc530a6a0816f7ff89a0aaf/library/core/src/ops/function.rs:250:5
[INFO] [stdout]   28:     0x577567473b3b - test::__rust_begin_short_backtrace::hf4fff89d377446ba
[INFO] [stdout]                                at /rustc/90b35a6239c3d8bdabc530a6a0816f7ff89a0aaf/library/test/src/lib.rs:621:18
[INFO] [stdout]   29:     0x577567473377 - test::run_test_in_process::{{closure}}::h0e39181dd7ee5a43
[INFO] [stdout]                                at /rustc/90b35a6239c3d8bdabc530a6a0816f7ff89a0aaf/library/test/src/lib.rs:644:60
[INFO] [stdout]   30:     0x577567473377 - <core::panic::unwind_safe::AssertUnwindSafe<F> as core::ops::function::FnOnce<()>>::call_once::hc5a66a30f0bdfd1f
[INFO] [stdout]                                at /rustc/90b35a6239c3d8bdabc530a6a0816f7ff89a0aaf/library/core/src/panic/unwind_safe.rs:272:9
[INFO] [stdout]   31:     0x577567473377 - std::panicking::try::do_call::h873b7cf639554a5e
[INFO] [stdout]                                at /rustc/90b35a6239c3d8bdabc530a6a0816f7ff89a0aaf/library/std/src/panicking.rs:557:40
[INFO] [stdout]   32:     0x577567473377 - std::panicking::try::hdb19862fad9c8bd1
[INFO] [stdout]                                at /rustc/90b35a6239c3d8bdabc530a6a0816f7ff89a0aaf/library/std/src/panicking.rs:520:19
[INFO] [stdout]   33:     0x577567473377 - std::panic::catch_unwind::h281fe732d236d260
[INFO] [stdout]                                at /rustc/90b35a6239c3d8bdabc530a6a0816f7ff89a0aaf/library/std/src/panic.rs:358:14
[INFO] [stdout]   34:     0x577567473377 - test::run_test_in_process::h949b6df8457ed338
[INFO] [stdout]                                at /rustc/90b35a6239c3d8bdabc530a6a0816f7ff89a0aaf/library/test/src/lib.rs:644:27
[INFO] [stdout]   35:     0x577567473377 - test::run_test::{{closure}}::h52c556a6d4740e10
[INFO] [stdout]                                at /rustc/90b35a6239c3d8bdabc530a6a0816f7ff89a0aaf/library/test/src/lib.rs:565:43
[INFO] [stdout]   36:     0x577567438654 - test::run_test::{{closure}}::h4237f6381c45ccb9
[INFO] [stdout]                                at /rustc/90b35a6239c3d8bdabc530a6a0816f7ff89a0aaf/library/test/src/lib.rs:595:41
[INFO] [stdout]   37:     0x577567438654 - std::sys::backtrace::__rust_begin_short_backtrace::h505c97a579eca628
[INFO] [stdout]                                at /rustc/90b35a6239c3d8bdabc530a6a0816f7ff89a0aaf/library/std/src/sys/backtrace.rs:154:18
[INFO] [stdout]   38:     0x57756743bd1e - std::thread::Builder::spawn_unchecked_::{{closure}}::{{closure}}::h9e86b2e2bc107ea3
[INFO] [stdout]                                at /rustc/90b35a6239c3d8bdabc530a6a0816f7ff89a0aaf/library/std/src/thread/mod.rs:538:17
[INFO] [stdout]   39:     0x57756743bd1e - <core::panic::unwind_safe::AssertUnwindSafe<F> as core::ops::function::FnOnce<()>>::call_once::h8b06ddb275ff4a25
[INFO] [stdout]                                at /rustc/90b35a6239c3d8bdabc530a6a0816f7ff89a0aaf/library/core/src/panic/unwind_safe.rs:272:9
[INFO] [stdout]   40:     0x57756743bd1e - std::panicking::try::do_call::hb26ecd7cd9a9355d
[INFO] [stdout]                                at /rustc/90b35a6239c3d8bdabc530a6a0816f7ff89a0aaf/library/std/src/panicking.rs:557:40
[INFO] [stdout]   41:     0x57756743bd1e - std::panicking::try::h8ddeca9d705f9069
[INFO] [stdout]                                at /rustc/90b35a6239c3d8bdabc530a6a0816f7ff89a0aaf/library/std/src/panicking.rs:520:19
[INFO] [stdout]   42:     0x57756743bd1e - std::panic::catch_unwind::h49e1c33078844c46
[INFO] [stdout]                                at /rustc/90b35a6239c3d8bdabc530a6a0816f7ff89a0aaf/library/std/src/panic.rs:358:14
[INFO] [stdout]   43:     0x57756743bd1e - std::thread::Builder::spawn_unchecked_::{{closure}}::h6073db6ff56ad35d
[INFO] [stdout]                                at /rustc/90b35a6239c3d8bdabc530a6a0816f7ff89a0aaf/library/std/src/thread/mod.rs:537:30
[INFO] [stdout]   44:     0x57756743bd1e - core::ops::function::FnOnce::call_once{{vtable.shim}}::h2c5a5f3779c774f1
[INFO] [stdout]                                at /rustc/90b35a6239c3d8bdabc530a6a0816f7ff89a0aaf/library/core/src/ops/function.rs:250:5
[INFO] [stdout]   45:     0x5775674c2edb - <alloc::boxed::Box<F,A> as core::ops::function::FnOnce<Args>>::call_once::hf75717d9f28faebf
[INFO] [stdout]                                at /rustc/90b35a6239c3d8bdabc530a6a0816f7ff89a0aaf/library/alloc/src/boxed.rs:2454:9
[INFO] [stdout]   46:     0x5775674c2edb - <alloc::boxed::Box<F,A> as core::ops::function::FnOnce<Args>>::call_once::h7bd883a5f3c5f3c1
[INFO] [stdout]                                at /rustc/90b35a6239c3d8bdabc530a6a0816f7ff89a0aaf/library/alloc/src/boxed.rs:2454:9
[INFO] [stdout]   47:     0x5775674c2edb - std::sys::pal::unix::thread::Thread::new::thread_start::hcc78f3943333fa94
[INFO] [stdout]                                at /rustc/90b35a6239c3d8bdabc530a6a0816f7ff89a0aaf/library/std/src/sys/pal/unix/thread.rs:105:17
[INFO] [stdout]   48:     0x75c7cf4a2ac3 - <unknown>
[INFO] [stdout]   49:     0x75c7cf533a04 - clone
[INFO] [stdout]   50:                0x0 - <unknown>
[INFO] [stdout] 
[INFO] [stdout] 
[INFO] [stdout] failures:
[INFO] [stdout]     test_arithmetic
[INFO] [stdout]     test_with_if
[INFO] [stdout] 
[INFO] [stdout] test result: FAILED. 1 passed; 2 failed; 0 ignored; 0 measured; 0 filtered out; finished in 0.03s
[INFO] [stdout] 
[INFO] [stderr] error: test failed, to rerun pass `-p tests --lib`
[INFO] running `Command { std: "docker" "inspect" "967fea8919f07d60ba0a6be9b20df06236e7ba65fb45c0180fc8c9008158a33c", kill_on_drop: false }`
[INFO] running `Command { std: "docker" "rm" "-f" "967fea8919f07d60ba0a6be9b20df06236e7ba65fb45c0180fc8c9008158a33c", kill_on_drop: false }`
[INFO] [stdout] 967fea8919f07d60ba0a6be9b20df06236e7ba65fb45c0180fc8c9008158a33c
