[INFO] cloning repository https://github.com/drumath2237/raytrace-rs
[INFO] running `Command { std: "git" "-c" "credential.helper=" "-c" "credential.helper=/workspace/cargo-home/bin/git-credential-null" "clone" "--bare" "https://github.com/drumath2237/raytrace-rs" "/workspace/cache/git-repos/https%3A%2F%2Fgithub.com%2Fdrumath2237%2Fraytrace-rs", kill_on_drop: false }`
[INFO] [stderr] Cloning into bare repository '/workspace/cache/git-repos/https%3A%2F%2Fgithub.com%2Fdrumath2237%2Fraytrace-rs'...
[INFO] running `Command { std: "git" "rev-parse" "HEAD", kill_on_drop: false }`
[INFO] [stdout] 9266a21f611d3177e9dfe22f21d4a5d185450e72
[INFO] testing drumath2237/raytrace-rs against 1.83.0 for beta-1.84.0-4-retry
[INFO] running `Command { std: "git" "clone" "/workspace/cache/git-repos/https%3A%2F%2Fgithub.com%2Fdrumath2237%2Fraytrace-rs" "/workspace/builds/worker-2-tc1/source", kill_on_drop: false }`
[INFO] [stderr] Cloning into '/workspace/builds/worker-2-tc1/source'...
[INFO] [stderr] done.
[INFO] validating manifest of git repo https://github.com/drumath2237/raytrace-rs on toolchain 1.83.0
[INFO] running `Command { std: CARGO_HOME="/workspace/cargo-home" RUSTUP_HOME="/workspace/rustup-home" "/workspace/cargo-home/bin/cargo" "+1.83.0" "metadata" "--manifest-path" "Cargo.toml" "--no-deps", kill_on_drop: false }`
[INFO] started tweaking git repo https://github.com/drumath2237/raytrace-rs
[INFO] finished tweaking git repo https://github.com/drumath2237/raytrace-rs
[INFO] tweaked toml for git repo https://github.com/drumath2237/raytrace-rs written to /workspace/builds/worker-2-tc1/source/Cargo.toml
[INFO] crate git repo https://github.com/drumath2237/raytrace-rs already has a lockfile, it will not be regenerated
[INFO] running `Command { std: CARGO_HOME="/workspace/cargo-home" RUSTUP_HOME="/workspace/rustup-home" "/workspace/cargo-home/bin/cargo" "+1.83.0" "fetch" "--manifest-path" "Cargo.toml", kill_on_drop: false }`
[INFO] running `Command { std: "docker" "create" "-v" "/var/lib/crater-agent-workspace/builds/worker-2-tc1/target:/opt/rustwide/target:rw,Z" "-v" "/var/lib/crater-agent-workspace/builds/worker-2-tc1/source:/opt/rustwide/workdir:ro,Z" "-v" "/var/lib/crater-agent-workspace/cargo-home:/opt/rustwide/cargo-home:ro,Z" "-v" "/var/lib/crater-agent-workspace/rustup-home:/opt/rustwide/rustup-home:ro,Z" "-e" "SOURCE_DIR=/opt/rustwide/workdir" "-e" "CARGO_TARGET_DIR=/opt/rustwide/target" "-e" "CARGO_HOME=/opt/rustwide/cargo-home" "-e" "RUSTUP_HOME=/opt/rustwide/rustup-home" "-w" "/opt/rustwide/workdir" "-m" "1610612736" "--user" "0:0" "--network" "none" "ghcr.io/rust-lang/crates-build-env/linux@sha256:f3a9d4ad9d972b27faf3965f35b62e55ba32bbce8f20bc8fe909558a86702fde" "/opt/rustwide/cargo-home/bin/cargo" "+1.83.0" "metadata" "--no-deps" "--format-version=1", kill_on_drop: false }`
[INFO] [stdout] fd48836bd1f62e8338c03fb7bef5eee25f64921123f7ed4e809cea7ed6243caf
[INFO] running `Command { std: "docker" "start" "-a" "fd48836bd1f62e8338c03fb7bef5eee25f64921123f7ed4e809cea7ed6243caf", kill_on_drop: false }`
[INFO] running `Command { std: "docker" "inspect" "fd48836bd1f62e8338c03fb7bef5eee25f64921123f7ed4e809cea7ed6243caf", kill_on_drop: false }`
[INFO] running `Command { std: "docker" "rm" "-f" "fd48836bd1f62e8338c03fb7bef5eee25f64921123f7ed4e809cea7ed6243caf", kill_on_drop: false }`
[INFO] [stdout] fd48836bd1f62e8338c03fb7bef5eee25f64921123f7ed4e809cea7ed6243caf
[INFO] running `Command { std: "docker" "create" "-v" "/var/lib/crater-agent-workspace/builds/worker-2-tc1/target:/opt/rustwide/target:rw,Z" "-v" "/var/lib/crater-agent-workspace/builds/worker-2-tc1/source:/opt/rustwide/workdir:ro,Z" "-v" "/var/lib/crater-agent-workspace/cargo-home:/opt/rustwide/cargo-home:ro,Z" "-v" "/var/lib/crater-agent-workspace/rustup-home:/opt/rustwide/rustup-home:ro,Z" "-e" "SOURCE_DIR=/opt/rustwide/workdir" "-e" "CARGO_TARGET_DIR=/opt/rustwide/target" "-e" "CARGO_INCREMENTAL=0" "-e" "RUST_BACKTRACE=full" "-e" "RUSTFLAGS=--cap-lints=warn" "-e" "RUSTDOCFLAGS=--cap-lints=warn" "-e" "CARGO_HOME=/opt/rustwide/cargo-home" "-e" "RUSTUP_HOME=/opt/rustwide/rustup-home" "-w" "/opt/rustwide/workdir" "-m" "1610612736" "--user" "0:0" "--network" "none" "ghcr.io/rust-lang/crates-build-env/linux@sha256:f3a9d4ad9d972b27faf3965f35b62e55ba32bbce8f20bc8fe909558a86702fde" "/opt/rustwide/cargo-home/bin/cargo" "+1.83.0" "build" "--frozen" "--message-format=json", kill_on_drop: false }`
[INFO] [stdout] d11b35cf2f141d4eef0f189abe3f4b1eb4100b58be0c82024a993d5ee4e2b19a
[INFO] running `Command { std: "docker" "start" "-a" "d11b35cf2f141d4eef0f189abe3f4b1eb4100b58be0c82024a993d5ee4e2b19a", kill_on_drop: false }`
[INFO] [stderr]    Compiling autocfg v1.0.1
[INFO] [stderr]    Compiling cfg-if v1.0.0
[INFO] [stderr]    Compiling crossbeam-utils v0.8.5
[INFO] [stderr]    Compiling lazy_static v1.4.0
[INFO] [stderr]    Compiling crossbeam-epoch v0.9.5
[INFO] [stderr]    Compiling libc v0.2.103
[INFO] [stderr]    Compiling rayon-core v1.9.1
[INFO] [stderr]    Compiling scopeguard v1.1.0
[INFO] [stderr]    Compiling adler32 v1.2.0
[INFO] [stderr]    Compiling crc32fast v1.2.1
[INFO] [stderr]    Compiling either v1.6.1
[INFO] [stderr]    Compiling adler v1.0.2
[INFO] [stderr]    Compiling weezl v0.1.5
[INFO] [stderr]    Compiling byteorder v1.4.3
[INFO] [stderr]    Compiling color_quant v1.1.0
[INFO] [stderr]    Compiling bitflags v1.3.2
[INFO] [stderr]    Compiling scoped_threadpool v0.1.9
[INFO] [stderr]    Compiling bytemuck v1.7.2
[INFO] [stderr]    Compiling miniz_oxide v0.3.7
[INFO] [stderr]    Compiling deflate v0.8.6
[INFO] [stderr]    Compiling gif v0.11.2
[INFO] [stderr]    Compiling memoffset v0.6.4
[INFO] [stderr]    Compiling num-traits v0.2.14
[INFO] [stderr]    Compiling rayon v1.5.1
[INFO] [stderr]    Compiling num-integer v0.1.44
[INFO] [stderr]    Compiling miniz_oxide v0.4.4
[INFO] [stderr]    Compiling num-iter v0.1.42
[INFO] [stderr]    Compiling num-rational v0.3.2
[INFO] [stderr]    Compiling crossbeam-channel v0.5.1
[INFO] [stderr]    Compiling crossbeam-deque v0.8.1
[INFO] [stderr]    Compiling png v0.16.8
[INFO] [stderr]    Compiling num_cpus v1.13.0
[INFO] [stderr]    Compiling jpeg-decoder v0.1.22
[INFO] [stderr]    Compiling tiff v0.6.1
[INFO] [stderr]    Compiling image v0.23.14
[INFO] [stderr]    Compiling raytrace-rs v0.1.0 (/opt/rustwide/workdir)
[INFO] [stdout] warning: unused import: `std::cmp::max`
[INFO] [stdout]  --> src/intersect.rs:1:5
[INFO] [stdout]   |
[INFO] [stdout] 1 | use std::cmp::max;
[INFO] [stdout]   |     ^^^^^^^^^^^^^
[INFO] [stdout]   |
[INFO] [stdout]   = note: `#[warn(unused_imports)]` on by default
[INFO] [stdout] 
[INFO] [stdout] 
[INFO] [stdout] warning: unused imports: `ImageBuffer`, `ImageFormat`, and `RgbImage`
[INFO] [stdout]   --> src/main.rs:13:13
[INFO] [stdout]    |
[INFO] [stdout] 13 | use image::{RgbImage, Rgb, ImageFormat, ImageBuffer};
[INFO] [stdout]    |             ^^^^^^^^       ^^^^^^^^^^^  ^^^^^^^^^^^
[INFO] [stdout] 
[INFO] [stdout] 
[INFO] [stdout] warning: unused import: `std::fs`
[INFO] [stdout]   --> src/main.rs:15:5
[INFO] [stdout]    |
[INFO] [stdout] 15 | use std::fs;
[INFO] [stdout]    |     ^^^^^^^
[INFO] [stdout] 
[INFO] [stdout] 
[INFO] [stdout] warning: unused variable: `skybox`
[INFO] [stdout]   --> src/main.rs:41:9
[INFO] [stdout]    |
[INFO] [stdout] 41 |     let skybox = Rgb([(skybox_color.x * 256.) as u8, (skybox_color.y * 256.) as u8, (skybox_color.z * 256.) as u8]);
[INFO] [stdout]    |         ^^^^^^ help: if this is intentional, prefix it with an underscore: `_skybox`
[INFO] [stdout]    |
[INFO] [stdout]    = note: `#[warn(unused_variables)]` on by default
[INFO] [stdout] 
[INFO] [stdout] 
[INFO] [stdout] warning: unused variable: `brdf`
[INFO] [stdout]   --> src/main.rs:57:9
[INFO] [stdout]    |
[INFO] [stdout] 57 |     let brdf = 0.8;
[INFO] [stdout]    |         ^^^^ help: if this is intentional, prefix it with an underscore: `_brdf`
[INFO] [stdout] 
[INFO] [stdout] 
[INFO] [stdout] warning: associated function `unit` is never used
[INFO] [stdout]   --> src/sphere.rs:17:12
[INFO] [stdout]    |
[INFO] [stdout] 12 | impl Sphere {
[INFO] [stdout]    | ----------- associated function in this implementation
[INFO] [stdout] ...
[INFO] [stdout] 17 |     pub fn unit() -> Sphere {
[INFO] [stdout]    |            ^^^^
[INFO] [stdout]    |
[INFO] [stdout]    = note: `#[warn(dead_code)]` on by default
[INFO] [stdout] 
[INFO] [stdout] 
[INFO] [stdout] warning: associated function `new_one` is never used
[INFO] [stdout]   --> src/directional_light.rs:17:12
[INFO] [stdout]    |
[INFO] [stdout] 9  | impl DirectionalLight {
[INFO] [stdout]    | --------------------- associated function in this implementation
[INFO] [stdout] ...
[INFO] [stdout] 17 |     pub fn new_one(direction: Vector3) -> DirectionalLight {
[INFO] [stdout]    |            ^^^^^^^
[INFO] [stdout] 
[INFO] [stdout] 
[INFO] [stdout] warning: method `get_pixel` is never used
[INFO] [stdout]   --> src/png_image.rs:27:12
[INFO] [stdout]    |
[INFO] [stdout] 10 | impl PngImage {
[INFO] [stdout]    | ------------- method in this implementation
[INFO] [stdout] ...
[INFO] [stdout] 27 |     pub fn get_pixel(&self, x: u32, y: u32) -> &Rgb<u8> {
[INFO] [stdout]    |            ^^^^^^^^^
[INFO] [stdout] 
[INFO] [stdout] 
[INFO] [stdout] warning: associated functions `default` and `default_square` are never used
[INFO] [stdout]   --> src/camera.rs:16:12
[INFO] [stdout]    |
[INFO] [stdout] 11 | impl Camera {
[INFO] [stdout]    | ----------- associated functions in this implementation
[INFO] [stdout] ...
[INFO] [stdout] 16 |     pub fn default() -> Camera {
[INFO] [stdout]    |            ^^^^^^^
[INFO] [stdout] ...
[INFO] [stdout] 20 |     pub fn default_square() -> Camera {
[INFO] [stdout]    |            ^^^^^^^^^^^^^^
[INFO] [stdout] 
[INFO] [stdout] 
[INFO] [stdout] warning: unused `Result` that must be used
[INFO] [stdout]   --> src/main.rs:79:13
[INFO] [stdout]    |
[INFO] [stdout] 79 |             std::fs::create_dir("./images");
[INFO] [stdout]    |             ^^^^^^^^^^^^^^^^^^^^^^^^^^^^^^^
[INFO] [stdout]    |
[INFO] [stdout]    = note: this `Result` may be an `Err` variant, which should be handled
[INFO] [stdout]    = note: `#[warn(unused_must_use)]` on by default
[INFO] [stdout] help: use `let _ = ...` to ignore the resulting value
[INFO] [stdout]    |
[INFO] [stdout] 79 |             let _ = std::fs::create_dir("./images");
[INFO] [stdout]    |             +++++++
[INFO] [stdout] 
[INFO] [stdout] 
[INFO] [stdout] warning: variable `E` should have a snake case name
[INFO] [stdout]   --> src/main.rs:85:13
[INFO] [stdout]    |
[INFO] [stdout] 85 |         Err(E) => { println!("{:?}", E) }
[INFO] [stdout]    |             ^ help: convert the identifier to snake case: `e`
[INFO] [stdout]    |
[INFO] [stdout]    = note: `#[warn(non_snake_case)]` on by default
[INFO] [stdout] 
[INFO] [stdout] 
[INFO] [stderr]     Finished `dev` profile [unoptimized + debuginfo] target(s) in 19.11s
[INFO] running `Command { std: "docker" "inspect" "d11b35cf2f141d4eef0f189abe3f4b1eb4100b58be0c82024a993d5ee4e2b19a", kill_on_drop: false }`
[INFO] running `Command { std: "docker" "rm" "-f" "d11b35cf2f141d4eef0f189abe3f4b1eb4100b58be0c82024a993d5ee4e2b19a", kill_on_drop: false }`
[INFO] [stdout] d11b35cf2f141d4eef0f189abe3f4b1eb4100b58be0c82024a993d5ee4e2b19a
[INFO] running `Command { std: "docker" "create" "-v" "/var/lib/crater-agent-workspace/builds/worker-2-tc1/target:/opt/rustwide/target:rw,Z" "-v" "/var/lib/crater-agent-workspace/builds/worker-2-tc1/source:/opt/rustwide/workdir:ro,Z" "-v" "/var/lib/crater-agent-workspace/cargo-home:/opt/rustwide/cargo-home:ro,Z" "-v" "/var/lib/crater-agent-workspace/rustup-home:/opt/rustwide/rustup-home:ro,Z" "-e" "SOURCE_DIR=/opt/rustwide/workdir" "-e" "CARGO_TARGET_DIR=/opt/rustwide/target" "-e" "CARGO_INCREMENTAL=0" "-e" "RUST_BACKTRACE=full" "-e" "RUSTFLAGS=--cap-lints=warn" "-e" "RUSTDOCFLAGS=--cap-lints=warn" "-e" "CARGO_HOME=/opt/rustwide/cargo-home" "-e" "RUSTUP_HOME=/opt/rustwide/rustup-home" "-w" "/opt/rustwide/workdir" "-m" "1610612736" "--user" "0:0" "--network" "none" "ghcr.io/rust-lang/crates-build-env/linux@sha256:f3a9d4ad9d972b27faf3965f35b62e55ba32bbce8f20bc8fe909558a86702fde" "/opt/rustwide/cargo-home/bin/cargo" "+1.83.0" "test" "--frozen" "--no-run" "--message-format=json", kill_on_drop: false }`
[INFO] [stdout] de429c4b353c6823cc9a15df86fcde31c143095afefbd2b2dec49f8669523869
[INFO] running `Command { std: "docker" "start" "-a" "de429c4b353c6823cc9a15df86fcde31c143095afefbd2b2dec49f8669523869", kill_on_drop: false }`
[INFO] [stderr]    Compiling raytrace-rs v0.1.0 (/opt/rustwide/workdir)
[INFO] [stdout] warning: unused import: `std::ops::Mul`
[INFO] [stdout]   --> src/vector3.rs:96:9
[INFO] [stdout]    |
[INFO] [stdout] 96 |     use std::ops::Mul;
[INFO] [stdout]    |         ^^^^^^^^^^^^^
[INFO] [stdout]    |
[INFO] [stdout]    = note: `#[warn(unused_imports)]` on by default
[INFO] [stdout] 
[INFO] [stdout] 
[INFO] [stdout] warning: unused import: `crate::material::Color3`
[INFO] [stdout]   --> src/hit.rs:22:9
[INFO] [stdout]    |
[INFO] [stdout] 22 |     use crate::material::Color3;
[INFO] [stdout]    |         ^^^^^^^^^^^^^^^^^^^^^^^
[INFO] [stdout] 
[INFO] [stdout] 
[INFO] [stdout] warning: unused import: `std::cmp::max`
[INFO] [stdout]  --> src/intersect.rs:1:5
[INFO] [stdout]   |
[INFO] [stdout] 1 | use std::cmp::max;
[INFO] [stdout]   |     ^^^^^^^^^^^^^
[INFO] [stdout] 
[INFO] [stdout] 
[INFO] [stdout] warning: unused imports: `ImageBuffer`, `ImageFormat`, and `RgbImage`
[INFO] [stdout]   --> src/main.rs:13:13
[INFO] [stdout]    |
[INFO] [stdout] 13 | use image::{RgbImage, Rgb, ImageFormat, ImageBuffer};
[INFO] [stdout]    |             ^^^^^^^^       ^^^^^^^^^^^  ^^^^^^^^^^^
[INFO] [stdout] 
[INFO] [stdout] 
[INFO] [stdout] warning: unused import: `std::fs`
[INFO] [stdout]   --> src/main.rs:15:5
[INFO] [stdout]    |
[INFO] [stdout] 15 | use std::fs;
[INFO] [stdout]    |     ^^^^^^^
[INFO] [stdout] 
[INFO] [stdout] 
[INFO] [stdout] warning: unused variable: `skybox`
[INFO] [stdout]   --> src/main.rs:41:9
[INFO] [stdout]    |
[INFO] [stdout] 41 |     let skybox = Rgb([(skybox_color.x * 256.) as u8, (skybox_color.y * 256.) as u8, (skybox_color.z * 256.) as u8]);
[INFO] [stdout]    |         ^^^^^^ help: if this is intentional, prefix it with an underscore: `_skybox`
[INFO] [stdout]    |
[INFO] [stdout]    = note: `#[warn(unused_variables)]` on by default
[INFO] [stdout] 
[INFO] [stdout] 
[INFO] [stdout] warning: unused variable: `brdf`
[INFO] [stdout]   --> src/main.rs:57:9
[INFO] [stdout]    |
[INFO] [stdout] 57 |     let brdf = 0.8;
[INFO] [stdout]    |         ^^^^ help: if this is intentional, prefix it with an underscore: `_brdf`
[INFO] [stdout] 
[INFO] [stdout] 
[INFO] [stdout] warning: unused `Result` that must be used
[INFO] [stdout]   --> src/main.rs:79:13
[INFO] [stdout]    |
[INFO] [stdout] 79 |             std::fs::create_dir("./images");
[INFO] [stdout]    |             ^^^^^^^^^^^^^^^^^^^^^^^^^^^^^^^
[INFO] [stdout]    |
[INFO] [stdout]    = note: this `Result` may be an `Err` variant, which should be handled
[INFO] [stdout]    = note: `#[warn(unused_must_use)]` on by default
[INFO] [stdout] help: use `let _ = ...` to ignore the resulting value
[INFO] [stdout]    |
[INFO] [stdout] 79 |             let _ = std::fs::create_dir("./images");
[INFO] [stdout]    |             +++++++
[INFO] [stdout] 
[INFO] [stdout] 
[INFO] [stdout] warning: variable `E` should have a snake case name
[INFO] [stdout]   --> src/main.rs:85:13
[INFO] [stdout]    |
[INFO] [stdout] 85 |         Err(E) => { println!("{:?}", E) }
[INFO] [stdout]    |             ^ help: convert the identifier to snake case: `e`
[INFO] [stdout]    |
[INFO] [stdout]    = note: `#[warn(non_snake_case)]` on by default
[INFO] [stdout] 
[INFO] [stdout] 
[INFO] [stdout] warning: unused `Result` that must be used
[INFO] [stdout]   --> src/png_image.rs:59:17
[INFO] [stdout]    |
[INFO] [stdout] 59 |                 std::fs::create_dir("./images");
[INFO] [stdout]    |                 ^^^^^^^^^^^^^^^^^^^^^^^^^^^^^^^
[INFO] [stdout]    |
[INFO] [stdout]    = note: this `Result` may be an `Err` variant, which should be handled
[INFO] [stdout] help: use `let _ = ...` to ignore the resulting value
[INFO] [stdout]    |
[INFO] [stdout] 59 |                 let _ = std::fs::create_dir("./images");
[INFO] [stdout]    |                 +++++++
[INFO] [stdout] 
[INFO] [stdout] 
[INFO] [stderr]     Finished `test` profile [unoptimized + debuginfo] target(s) in 1.56s
[INFO] running `Command { std: "docker" "inspect" "de429c4b353c6823cc9a15df86fcde31c143095afefbd2b2dec49f8669523869", kill_on_drop: false }`
[INFO] running `Command { std: "docker" "rm" "-f" "de429c4b353c6823cc9a15df86fcde31c143095afefbd2b2dec49f8669523869", kill_on_drop: false }`
[INFO] [stdout] de429c4b353c6823cc9a15df86fcde31c143095afefbd2b2dec49f8669523869
[INFO] running `Command { std: "docker" "create" "-v" "/var/lib/crater-agent-workspace/builds/worker-2-tc1/target:/opt/rustwide/target:rw,Z" "-v" "/var/lib/crater-agent-workspace/builds/worker-2-tc1/source:/opt/rustwide/workdir:ro,Z" "-v" "/var/lib/crater-agent-workspace/cargo-home:/opt/rustwide/cargo-home:ro,Z" "-v" "/var/lib/crater-agent-workspace/rustup-home:/opt/rustwide/rustup-home:ro,Z" "-e" "SOURCE_DIR=/opt/rustwide/workdir" "-e" "CARGO_TARGET_DIR=/opt/rustwide/target" "-e" "CARGO_INCREMENTAL=0" "-e" "RUST_BACKTRACE=full" "-e" "RUSTFLAGS=--cap-lints=warn" "-e" "RUSTDOCFLAGS=--cap-lints=warn" "-e" "CARGO_HOME=/opt/rustwide/cargo-home" "-e" "RUSTUP_HOME=/opt/rustwide/rustup-home" "-w" "/opt/rustwide/workdir" "-m" "1610612736" "--user" "0:0" "--network" "none" "ghcr.io/rust-lang/crates-build-env/linux@sha256:f3a9d4ad9d972b27faf3965f35b62e55ba32bbce8f20bc8fe909558a86702fde" "/opt/rustwide/cargo-home/bin/cargo" "+1.83.0" "test" "--frozen", kill_on_drop: false }`
[INFO] [stdout] 0b746f503a05088d7e749df77834da8e9fb5ce5b21d43c66de479b844ba61d6d
[INFO] running `Command { std: "docker" "start" "-a" "0b746f503a05088d7e749df77834da8e9fb5ce5b21d43c66de479b844ba61d6d", kill_on_drop: false }`
[INFO] [stderr] warning: unused import: `std::ops::Mul`
[INFO] [stderr]   --> src/vector3.rs:96:9
[INFO] [stderr]    |
[INFO] [stderr] 96 |     use std::ops::Mul;
[INFO] [stderr]    |         ^^^^^^^^^^^^^
[INFO] [stderr]    |
[INFO] [stderr]    = note: `#[warn(unused_imports)]` on by default
[INFO] [stderr] 
[INFO] [stderr] warning: unused import: `crate::material::Color3`
[INFO] [stderr]   --> src/hit.rs:22:9
[INFO] [stderr]    |
[INFO] [stderr] 22 |     use crate::material::Color3;
[INFO] [stderr]    |         ^^^^^^^^^^^^^^^^^^^^^^^
[INFO] [stderr] 
[INFO] [stderr] warning: unused import: `std::cmp::max`
[INFO] [stderr]  --> src/intersect.rs:1:5
[INFO] [stderr]   |
[INFO] [stderr] 1 | use std::cmp::max;
[INFO] [stderr]   |     ^^^^^^^^^^^^^
[INFO] [stderr] 
[INFO] [stderr] warning: unused imports: `ImageBuffer`, `ImageFormat`, and `RgbImage`
[INFO] [stderr]   --> src/main.rs:13:13
[INFO] [stderr]    |
[INFO] [stderr] 13 | use image::{RgbImage, Rgb, ImageFormat, ImageBuffer};
[INFO] [stderr]    |             ^^^^^^^^       ^^^^^^^^^^^  ^^^^^^^^^^^
[INFO] [stderr] 
[INFO] [stderr] warning: unused import: `std::fs`
[INFO] [stderr]   --> src/main.rs:15:5
[INFO] [stderr]    |
[INFO] [stderr] 15 | use std::fs;
[INFO] [stderr]    |     ^^^^^^^
[INFO] [stderr] 
[INFO] [stderr] warning: unused variable: `skybox`
[INFO] [stderr]   --> src/main.rs:41:9
[INFO] [stderr]    |
[INFO] [stderr] 41 |     let skybox = Rgb([(skybox_color.x * 256.) as u8, (skybox_color.y * 256.) as u8, (skybox_color.z * 256.) as u8]);
[INFO] [stderr]    |         ^^^^^^ help: if this is intentional, prefix it with an underscore: `_skybox`
[INFO] [stderr]    |
[INFO] [stderr]    = note: `#[warn(unused_variables)]` on by default
[INFO] [stderr] 
[INFO] [stderr] warning: unused variable: `brdf`
[INFO] [stderr]   --> src/main.rs:57:9
[INFO] [stderr]    |
[INFO] [stderr] 57 |     let brdf = 0.8;
[INFO] [stderr]    |         ^^^^ help: if this is intentional, prefix it with an underscore: `_brdf`
[INFO] [stderr] 
[INFO] [stderr] warning: unused `Result` that must be used
[INFO] [stderr]   --> src/main.rs:79:13
[INFO] [stderr]    |
[INFO] [stderr] 79 |             std::fs::create_dir("./images");
[INFO] [stderr]    |             ^^^^^^^^^^^^^^^^^^^^^^^^^^^^^^^
[INFO] [stderr]    |
[INFO] [stderr]    = note: this `Result` may be an `Err` variant, which should be handled
[INFO] [stderr]    = note: `#[warn(unused_must_use)]` on by default
[INFO] [stderr] help: use `let _ = ...` to ignore the resulting value
[INFO] [stderr]    |
[INFO] [stderr] 79 |             let _ = std::fs::create_dir("./images");
[INFO] [stderr]    |             +++++++
[INFO] [stderr] 
[INFO] [stderr] warning: variable `E` should have a snake case name
[INFO] [stderr]   --> src/main.rs:85:13
[INFO] [stderr]    |
[INFO] [stderr] 85 |         Err(E) => { println!("{:?}", E) }
[INFO] [stderr]    |             ^ help: convert the identifier to snake case: `e`
[INFO] [stderr]    |
[INFO] [stderr]    = note: `#[warn(non_snake_case)]` on by default
[INFO] [stderr] 
[INFO] [stderr] warning: unused `Result` that must be used
[INFO] [stderr]   --> src/png_image.rs:59:17
[INFO] [stderr]    |
[INFO] [stderr] 59 |                 std::fs::create_dir("./images");
[INFO] [stderr]    |                 ^^^^^^^^^^^^^^^^^^^^^^^^^^^^^^^
[INFO] [stderr]    |
[INFO] [stderr]    = note: this `Result` may be an `Err` variant, which should be handled
[INFO] [stderr] help: use `let _ = ...` to ignore the resulting value
[INFO] [stderr]    |
[INFO] [stderr] 59 |                 let _ = std::fs::create_dir("./images");
[INFO] [stderr]    |                 +++++++
[INFO] [stderr] 
[INFO] [stderr] warning: `raytrace-rs` (bin "raytrace-rs" test) generated 10 warnings (run `cargo fix --bin "raytrace-rs" --tests` to apply 5 suggestions)
[INFO] [stderr]     Finished `test` profile [unoptimized + debuginfo] target(s) in 0.05s
[INFO] [stderr]      Running unittests src/main.rs (/opt/rustwide/target/debug/deps/raytrace_rs-c68fdc4d89281d32)
[INFO] [stdout] 
[INFO] [stdout] running 28 tests
[INFO] [stdout] test camera::camera_test::camera_ray_test ... ok
[INFO] [stdout] test directional_light::directional_light_test::new_one_test ... ok
[INFO] [stdout] test directional_light::directional_light_test::new_test ... ok
[INFO] [stdout] test intersect::intersect_test::sphere_intersect_test ... ok
[INFO] [stdout] test ray::ray_test::t_test ... ok
[INFO] [stdout] test camera::camera_test::new_test ... ok
[INFO] [stdout] test hit::hit_test::new_test ... ok
[INFO] [stdout] test intersect::intersect_test::scene_intersect_test ... ok
[INFO] [stdout] test png_image::png_image_test::get_set_pixel_test ... ok
[INFO] [stdout] test png_image::png_image_test::new_test ... ok
[INFO] [stdout] test intersect::intersect_test::sphere_not_intersect_test ... ok
[INFO] [stdout] test camera::camera_test::default_test ... ok
[INFO] [stdout] test ray::ray_test::new_test ... ok
[INFO] [stdout] test scene::scene_test::new_test ... ok
[INFO] [stdout] test vector3::vector_test::add_test ... ok
[INFO] [stdout] test vector3::vector_test::cross_test ... ok
[INFO] [stdout] test vector3::vector_test::div_test ... ok
[INFO] [stdout] test vector3::vector_test::length_test ... ok
[INFO] [stdout] test vector3::vector_test::mul_test ... ok
[INFO] [stdout] test vector3::vector_test::vector_sub_test ... ok
[INFO] [stdout] test vector3::vector_test::zero_test ... ok
[INFO] [stdout] test vector3::vector_test::vector_new_test ... ok
[INFO] [stdout] test vector3::vector_test::length2_test ... ok
[INFO] [stdout] test vector3::vector_test::normalize_test ... ok
[INFO] [stdout] test sphere::sphere_test::unit_test ... ok
[INFO] [stdout] test sphere::sphere_test::new_test ... ok
[INFO] [stdout] test vector3::vector_test::dot_test ... ok
[INFO] [stdout] test png_image::png_image_test::save_test ... FAILED
[INFO] [stdout] 
[INFO] [stdout] failures:
[INFO] [stdout] 
[INFO] [stdout] ---- png_image::png_image_test::save_test stdout ----
[INFO] [stdout] thread 'png_image::png_image_test::save_test' panicked at src/png_image.rs:65:27:
[INFO] [stdout] called `Result::unwrap()` on an `Err` value: IoError(Os { code: 2, kind: NotFound, message: "No such file or directory" })
[INFO] [stdout] stack backtrace:
[INFO] [stdout]    0:     0x5a62e78971ba - std::backtrace_rs::backtrace::libunwind::trace::h5a5b8284f2d0c266
[INFO] [stdout]                                at /rustc/90b35a6239c3d8bdabc530a6a0816f7ff89a0aaf/library/std/src/../../backtrace/src/backtrace/libunwind.rs:116:5
[INFO] [stdout]    1:     0x5a62e78971ba - std::backtrace_rs::backtrace::trace_unsynchronized::h76d4f1c9b0b875e3
[INFO] [stdout]                                at /rustc/90b35a6239c3d8bdabc530a6a0816f7ff89a0aaf/library/std/src/../../backtrace/src/backtrace/mod.rs:66:5
[INFO] [stdout]    2:     0x5a62e78971ba - std::sys::backtrace::_print_fmt::hc4546b8364a537c6
[INFO] [stdout]                                at /rustc/90b35a6239c3d8bdabc530a6a0816f7ff89a0aaf/library/std/src/sys/backtrace.rs:66:9
[INFO] [stdout]    3:     0x5a62e78971ba - <std::sys::backtrace::BacktraceLock::print::DisplayBacktrace as core::fmt::Display>::fmt::h5b6bd5631a6d1f6b
[INFO] [stdout]                                at /rustc/90b35a6239c3d8bdabc530a6a0816f7ff89a0aaf/library/std/src/sys/backtrace.rs:39:26
[INFO] [stdout]    4:     0x5a62e78bd423 - core::fmt::rt::Argument::fmt::h270f6602a2b96f62
[INFO] [stdout]                                at /rustc/90b35a6239c3d8bdabc530a6a0816f7ff89a0aaf/library/core/src/fmt/rt.rs:177:76
[INFO] [stdout]    5:     0x5a62e78bd423 - core::fmt::write::h7550c97b06c86515
[INFO] [stderr] error: test failed, to rerun pass `--bin raytrace-rs`
[INFO] [stdout]                                at /rustc/90b35a6239c3d8bdabc530a6a0816f7ff89a0aaf/library/core/src/fmt/mod.rs:1186:21
[INFO] [stdout]    6:     0x5a62e78942c3 - std::io::Write::write_fmt::h509ff860e5956e5e
[INFO] [stdout]                                at /rustc/90b35a6239c3d8bdabc530a6a0816f7ff89a0aaf/library/std/src/io/mod.rs:1839:15
[INFO] [stdout]    7:     0x5a62e7897002 - std::sys::backtrace::BacktraceLock::print::h2395ccd2c84ba3aa
[INFO] [stdout]                                at /rustc/90b35a6239c3d8bdabc530a6a0816f7ff89a0aaf/library/std/src/sys/backtrace.rs:42:9
[INFO] [stdout]    8:     0x5a62e789861a - std::panicking::default_hook::{{closure}}::he19d4c7230e07961
[INFO] [stdout]                                at /rustc/90b35a6239c3d8bdabc530a6a0816f7ff89a0aaf/library/std/src/panicking.rs:268:22
[INFO] [stdout]    9:     0x5a62e7898424 - std::panicking::default_hook::hf614597d3c67bbdb
[INFO] [stdout]                                at /rustc/90b35a6239c3d8bdabc530a6a0816f7ff89a0aaf/library/std/src/panicking.rs:292:9
[INFO] [stdout]   10:     0x5a62e77b9a49 - <alloc::boxed::Box<F,A> as core::ops::function::Fn<Args>>::call::h39b51ce4599c23d1
[INFO] [stdout]                                at /rustc/90b35a6239c3d8bdabc530a6a0816f7ff89a0aaf/library/alloc/src/boxed.rs:2468:9
[INFO] [stdout]   11:     0x5a62e77b9a49 - test::test_main::{{closure}}::he977ae839a582784
[INFO] [stdout]                                at /rustc/90b35a6239c3d8bdabc530a6a0816f7ff89a0aaf/library/test/src/lib.rs:133:21
[INFO] [stdout]   12:     0x5a62e7898cb8 - <alloc::boxed::Box<F,A> as core::ops::function::Fn<Args>>::call::h9455091b6b06f9fb
[INFO] [stdout]                                at /rustc/90b35a6239c3d8bdabc530a6a0816f7ff89a0aaf/library/alloc/src/boxed.rs:2468:9
[INFO] [stdout]   13:     0x5a62e7898cb8 - std::panicking::rust_panic_with_hook::h8942133a8b252070
[INFO] [stdout]                                at /rustc/90b35a6239c3d8bdabc530a6a0816f7ff89a0aaf/library/std/src/panicking.rs:809:13
[INFO] [stdout]   14:     0x5a62e7898a7a - std::panicking::begin_panic_handler::{{closure}}::hb5f5963570096b29
[INFO] [stdout]                                at /rustc/90b35a6239c3d8bdabc530a6a0816f7ff89a0aaf/library/std/src/panicking.rs:674:13
[INFO] [stdout]   15:     0x5a62e7897699 - std::sys::backtrace::__rust_end_short_backtrace::h6208cedc1922feda
[INFO] [stdout]                                at /rustc/90b35a6239c3d8bdabc530a6a0816f7ff89a0aaf/library/std/src/sys/backtrace.rs:170:18
[INFO] [stdout]   16:     0x5a62e789870c - rust_begin_unwind
[INFO] [stdout]                                at /rustc/90b35a6239c3d8bdabc530a6a0816f7ff89a0aaf/library/std/src/panicking.rs:665:5
[INFO] [stdout]   17:     0x5a62e777a0c0 - core::panicking::panic_fmt::h0c3082644d1bf418
[INFO] [stdout]                                at /rustc/90b35a6239c3d8bdabc530a6a0816f7ff89a0aaf/library/core/src/panicking.rs:74:14
[INFO] [stdout]   18:     0x5a62e777a506 - core::result::unwrap_failed::hd20b4aa073bda1e2
[INFO] [stdout]                                at /rustc/90b35a6239c3d8bdabc530a6a0816f7ff89a0aaf/library/core/src/result.rs:1700:5
[INFO] [stdout]   19:     0x5a62e778083e - core::result::Result<T,E>::unwrap::h07e49e6304c3ebc4
[INFO] [stdout]                                at /rustc/90b35a6239c3d8bdabc530a6a0816f7ff89a0aaf/library/core/src/result.rs:1104:23
[INFO] [stdout]   20:     0x5a62e778083e - raytrace_rs::png_image::png_image_test::save_test::h5c6ececb598aab5e
[INFO] [stdout]                                at /opt/rustwide/workdir/src/png_image.rs:65:20
[INFO] [stdout]   21:     0x5a62e77805f7 - raytrace_rs::png_image::png_image_test::save_test::{{closure}}::h7d0ed53200263bab
[INFO] [stdout]                                at /opt/rustwide/workdir/src/png_image.rs:48:19
[INFO] [stdout]   22:     0x5a62e777b556 - core::ops::function::FnOnce::call_once::h417a37bbe48b94c7
[INFO] [stdout]                                at /rustc/90b35a6239c3d8bdabc530a6a0816f7ff89a0aaf/library/core/src/ops/function.rs:250:5
[INFO] [stdout]   23:     0x5a62e77be40b - core::ops::function::FnOnce::call_once::h109cf8051a59b34e
[INFO] [stdout]                                at /rustc/90b35a6239c3d8bdabc530a6a0816f7ff89a0aaf/library/core/src/ops/function.rs:250:5
[INFO] [stdout]   24:     0x5a62e77be40b - test::__rust_begin_short_backtrace::hf4fff89d377446ba
[INFO] [stdout]                                at /rustc/90b35a6239c3d8bdabc530a6a0816f7ff89a0aaf/library/test/src/lib.rs:621:18
[INFO] [stdout]   25:     0x5a62e77bdc47 - test::run_test_in_process::{{closure}}::h0e39181dd7ee5a43
[INFO] [stdout]                                at /rustc/90b35a6239c3d8bdabc530a6a0816f7ff89a0aaf/library/test/src/lib.rs:644:60
[INFO] [stdout]   26:     0x5a62e77bdc47 - <core::panic::unwind_safe::AssertUnwindSafe<F> as core::ops::function::FnOnce<()>>::call_once::hc5a66a30f0bdfd1f
[INFO] [stdout]                                at /rustc/90b35a6239c3d8bdabc530a6a0816f7ff89a0aaf/library/core/src/panic/unwind_safe.rs:272:9
[INFO] [stdout]   27:     0x5a62e77bdc47 - std::panicking::try::do_call::h873b7cf639554a5e
[INFO] [stdout]                                at /rustc/90b35a6239c3d8bdabc530a6a0816f7ff89a0aaf/library/std/src/panicking.rs:557:40
[INFO] [stdout]   28:     0x5a62e77bdc47 - std::panicking::try::hdb19862fad9c8bd1
[INFO] [stdout]                                at /rustc/90b35a6239c3d8bdabc530a6a0816f7ff89a0aaf/library/std/src/panicking.rs:520:19
[INFO] [stdout]   29:     0x5a62e77bdc47 - std::panic::catch_unwind::h281fe732d236d260
[INFO] [stdout]                                at /rustc/90b35a6239c3d8bdabc530a6a0816f7ff89a0aaf/library/std/src/panic.rs:358:14
[INFO] [stdout]   30:     0x5a62e77bdc47 - test::run_test_in_process::h949b6df8457ed338
[INFO] [stdout]                                at /rustc/90b35a6239c3d8bdabc530a6a0816f7ff89a0aaf/library/test/src/lib.rs:644:27
[INFO] [stdout]   31:     0x5a62e77bdc47 - test::run_test::{{closure}}::h52c556a6d4740e10
[INFO] [stdout]                                at /rustc/90b35a6239c3d8bdabc530a6a0816f7ff89a0aaf/library/test/src/lib.rs:565:43
[INFO] [stdout]   32:     0x5a62e7782f24 - test::run_test::{{closure}}::h4237f6381c45ccb9
[INFO] [stdout]                                at /rustc/90b35a6239c3d8bdabc530a6a0816f7ff89a0aaf/library/test/src/lib.rs:595:41
[INFO] [stdout]   33:     0x5a62e7782f24 - std::sys::backtrace::__rust_begin_short_backtrace::h505c97a579eca628
[INFO] [stdout]                                at /rustc/90b35a6239c3d8bdabc530a6a0816f7ff89a0aaf/library/std/src/sys/backtrace.rs:154:18
[INFO] [stdout]   34:     0x5a62e77865ee - std::thread::Builder::spawn_unchecked_::{{closure}}::{{closure}}::h9e86b2e2bc107ea3
[INFO] [stdout]                                at /rustc/90b35a6239c3d8bdabc530a6a0816f7ff89a0aaf/library/std/src/thread/mod.rs:538:17
[INFO] [stdout]   35:     0x5a62e77865ee - <core::panic::unwind_safe::AssertUnwindSafe<F> as core::ops::function::FnOnce<()>>::call_once::h8b06ddb275ff4a25
[INFO] [stdout]                                at /rustc/90b35a6239c3d8bdabc530a6a0816f7ff89a0aaf/library/core/src/panic/unwind_safe.rs:272:9
[INFO] [stdout]   36:     0x5a62e77865ee - std::panicking::try::do_call::hb26ecd7cd9a9355d
[INFO] [stdout]                                at /rustc/90b35a6239c3d8bdabc530a6a0816f7ff89a0aaf/library/std/src/panicking.rs:557:40
[INFO] [stdout]   37:     0x5a62e77865ee - std::panicking::try::h8ddeca9d705f9069
[INFO] [stdout]                                at /rustc/90b35a6239c3d8bdabc530a6a0816f7ff89a0aaf/library/std/src/panicking.rs:520:19
[INFO] [stdout]   38:     0x5a62e77865ee - std::panic::catch_unwind::h49e1c33078844c46
[INFO] [stdout]                                at /rustc/90b35a6239c3d8bdabc530a6a0816f7ff89a0aaf/library/std/src/panic.rs:358:14
[INFO] [stdout]   39:     0x5a62e77865ee - std::thread::Builder::spawn_unchecked_::{{closure}}::h6073db6ff56ad35d
[INFO] [stdout]                                at /rustc/90b35a6239c3d8bdabc530a6a0816f7ff89a0aaf/library/std/src/thread/mod.rs:537:30
[INFO] [stdout]   40:     0x5a62e77865ee - core::ops::function::FnOnce::call_once{{vtable.shim}}::h2c5a5f3779c774f1
[INFO] [stdout]                                at /rustc/90b35a6239c3d8bdabc530a6a0816f7ff89a0aaf/library/core/src/ops/function.rs:250:5
[INFO] [stdout]   41:     0x5a62e789ca4b - <alloc::boxed::Box<F,A> as core::ops::function::FnOnce<Args>>::call_once::hf75717d9f28faebf
[INFO] [stdout]                                at /rustc/90b35a6239c3d8bdabc530a6a0816f7ff89a0aaf/library/alloc/src/boxed.rs:2454:9
[INFO] [stdout]   42:     0x5a62e789ca4b - <alloc::boxed::Box<F,A> as core::ops::function::FnOnce<Args>>::call_once::h7bd883a5f3c5f3c1
[INFO] [stdout]                                at /rustc/90b35a6239c3d8bdabc530a6a0816f7ff89a0aaf/library/alloc/src/boxed.rs:2454:9
[INFO] [stdout]   43:     0x5a62e789ca4b - std::sys::pal::unix::thread::Thread::new::thread_start::hcc78f3943333fa94
[INFO] [stdout]                                at /rustc/90b35a6239c3d8bdabc530a6a0816f7ff89a0aaf/library/std/src/sys/pal/unix/thread.rs:105:17
[INFO] [stdout]   44:     0x7a7cb7b83ac3 - <unknown>
[INFO] [stdout]   45:     0x7a7cb7c14a04 - clone
[INFO] [stdout]   46:                0x0 - <unknown>
[INFO] [stdout] 
[INFO] [stdout] 
[INFO] [stdout] failures:
[INFO] [stdout]     png_image::png_image_test::save_test
[INFO] [stdout] 
[INFO] [stdout] test result: FAILED. 27 passed; 1 failed; 0 ignored; 0 measured; 0 filtered out; finished in 0.05s
[INFO] [stdout] 
[INFO] running `Command { std: "docker" "inspect" "0b746f503a05088d7e749df77834da8e9fb5ce5b21d43c66de479b844ba61d6d", kill_on_drop: false }`
[INFO] running `Command { std: "docker" "rm" "-f" "0b746f503a05088d7e749df77834da8e9fb5ce5b21d43c66de479b844ba61d6d", kill_on_drop: false }`
[INFO] [stdout] 0b746f503a05088d7e749df77834da8e9fb5ce5b21d43c66de479b844ba61d6d
