[INFO] cloning repository https://github.com/drownbes/advent_of_code
[INFO] running `Command { std: "git" "-c" "credential.helper=" "-c" "credential.helper=/workspace/cargo-home/bin/git-credential-null" "clone" "--bare" "https://github.com/drownbes/advent_of_code" "/workspace/cache/git-repos/https%3A%2F%2Fgithub.com%2Fdrownbes%2Fadvent_of_code", kill_on_drop: false }`
[INFO] [stderr] Cloning into bare repository '/workspace/cache/git-repos/https%3A%2F%2Fgithub.com%2Fdrownbes%2Fadvent_of_code'...
[INFO] running `Command { std: "git" "rev-parse" "HEAD", kill_on_drop: false }`
[INFO] [stdout] b5fef7237c9fcd67973b60e6c0b82e66abe3cade
[INFO] testing drownbes/advent_of_code against 1.83.0 for beta-1.84.0-4-retry
[INFO] running `Command { std: "git" "clone" "/workspace/cache/git-repos/https%3A%2F%2Fgithub.com%2Fdrownbes%2Fadvent_of_code" "/workspace/builds/worker-1-tc1/source", kill_on_drop: false }`
[INFO] [stderr] Cloning into '/workspace/builds/worker-1-tc1/source'...
[INFO] [stderr] done.
[INFO] validating manifest of git repo https://github.com/drownbes/advent_of_code on toolchain 1.83.0
[INFO] running `Command { std: CARGO_HOME="/workspace/cargo-home" RUSTUP_HOME="/workspace/rustup-home" "/workspace/cargo-home/bin/cargo" "+1.83.0" "metadata" "--manifest-path" "Cargo.toml" "--no-deps", kill_on_drop: false }`
[INFO] started tweaking git repo https://github.com/drownbes/advent_of_code
[INFO] finished tweaking git repo https://github.com/drownbes/advent_of_code
[INFO] tweaked toml for git repo https://github.com/drownbes/advent_of_code written to /workspace/builds/worker-1-tc1/source/Cargo.toml
[INFO] crate git repo https://github.com/drownbes/advent_of_code already has a lockfile, it will not be regenerated
[INFO] running `Command { std: CARGO_HOME="/workspace/cargo-home" RUSTUP_HOME="/workspace/rustup-home" "/workspace/cargo-home/bin/cargo" "+1.83.0" "fetch" "--manifest-path" "Cargo.toml", kill_on_drop: false }`
[INFO] [stderr]     Blocking waiting for file lock on package cache
[INFO] running `Command { std: "docker" "create" "-v" "/var/lib/crater-agent-workspace/builds/worker-1-tc1/target:/opt/rustwide/target:rw,Z" "-v" "/var/lib/crater-agent-workspace/builds/worker-1-tc1/source:/opt/rustwide/workdir:ro,Z" "-v" "/var/lib/crater-agent-workspace/cargo-home:/opt/rustwide/cargo-home:ro,Z" "-v" "/var/lib/crater-agent-workspace/rustup-home:/opt/rustwide/rustup-home:ro,Z" "-e" "SOURCE_DIR=/opt/rustwide/workdir" "-e" "CARGO_TARGET_DIR=/opt/rustwide/target" "-e" "CARGO_HOME=/opt/rustwide/cargo-home" "-e" "RUSTUP_HOME=/opt/rustwide/rustup-home" "-w" "/opt/rustwide/workdir" "-m" "1610612736" "--user" "0:0" "--network" "none" "ghcr.io/rust-lang/crates-build-env/linux@sha256:f3a9d4ad9d972b27faf3965f35b62e55ba32bbce8f20bc8fe909558a86702fde" "/opt/rustwide/cargo-home/bin/cargo" "+1.83.0" "metadata" "--no-deps" "--format-version=1", kill_on_drop: false }`
[INFO] [stdout] da22149f1a9f0988305de95f7940c34814d6bb158aecb43176dc2cbc43fa0836
[INFO] running `Command { std: "docker" "start" "-a" "da22149f1a9f0988305de95f7940c34814d6bb158aecb43176dc2cbc43fa0836", kill_on_drop: false }`
[INFO] running `Command { std: "docker" "inspect" "da22149f1a9f0988305de95f7940c34814d6bb158aecb43176dc2cbc43fa0836", kill_on_drop: false }`
[INFO] running `Command { std: "docker" "rm" "-f" "da22149f1a9f0988305de95f7940c34814d6bb158aecb43176dc2cbc43fa0836", kill_on_drop: false }`
[INFO] [stdout] da22149f1a9f0988305de95f7940c34814d6bb158aecb43176dc2cbc43fa0836
[INFO] running `Command { std: "docker" "create" "-v" "/var/lib/crater-agent-workspace/builds/worker-1-tc1/target:/opt/rustwide/target:rw,Z" "-v" "/var/lib/crater-agent-workspace/builds/worker-1-tc1/source:/opt/rustwide/workdir:ro,Z" "-v" "/var/lib/crater-agent-workspace/cargo-home:/opt/rustwide/cargo-home:ro,Z" "-v" "/var/lib/crater-agent-workspace/rustup-home:/opt/rustwide/rustup-home:ro,Z" "-e" "SOURCE_DIR=/opt/rustwide/workdir" "-e" "CARGO_TARGET_DIR=/opt/rustwide/target" "-e" "CARGO_INCREMENTAL=0" "-e" "RUST_BACKTRACE=full" "-e" "RUSTFLAGS=--cap-lints=warn" "-e" "RUSTDOCFLAGS=--cap-lints=warn" "-e" "CARGO_HOME=/opt/rustwide/cargo-home" "-e" "RUSTUP_HOME=/opt/rustwide/rustup-home" "-w" "/opt/rustwide/workdir" "-m" "1610612736" "--user" "0:0" "--network" "none" "ghcr.io/rust-lang/crates-build-env/linux@sha256:f3a9d4ad9d972b27faf3965f35b62e55ba32bbce8f20bc8fe909558a86702fde" "/opt/rustwide/cargo-home/bin/cargo" "+1.83.0" "build" "--frozen" "--message-format=json", kill_on_drop: false }`
[INFO] [stdout] dcaf86474598a289fb778cce371f309d991ab3b71a23bfb57e61e4bd4b6bfe90
[INFO] running `Command { std: "docker" "start" "-a" "dcaf86474598a289fb778cce371f309d991ab3b71a23bfb57e61e4bd4b6bfe90", kill_on_drop: false }`
[INFO] [stderr] warning: output filename collision.
[INFO] [stderr] The bin target `test` in package `_2023_2 v0.1.0 (/opt/rustwide/workdir/2023/_2)` has the same output filename as the bin target `test` in package `_2023_1 v0.1.0 (/opt/rustwide/workdir/2023/_1)`.
[INFO] [stderr] Colliding filename is: /opt/rustwide/target/debug/test
[INFO] [stderr] The targets should have unique names.
[INFO] [stderr] Consider changing their names to be unique or compiling them separately.
[INFO] [stderr] This may become a hard error in the future; see <https://github.com/rust-lang/cargo/issues/6313>.
[INFO] [stderr] warning: output filename collision.
[INFO] [stderr] The bin target `test` in package `_2023_2 v0.1.0 (/opt/rustwide/workdir/2023/_2)` has the same output filename as the bin target `test` in package `_2023_1 v0.1.0 (/opt/rustwide/workdir/2023/_1)`.
[INFO] [stderr] Colliding filename is: /opt/rustwide/target/debug/test.dwp
[INFO] [stderr] The targets should have unique names.
[INFO] [stderr] Consider changing their names to be unique or compiling them separately.
[INFO] [stderr] This may become a hard error in the future; see <https://github.com/rust-lang/cargo/issues/6313>.
[INFO] [stderr]    Compiling crossbeam-utils v0.8.20
[INFO] [stderr]    Compiling proc-macro2 v1.0.92
[INFO] [stderr]    Compiling either v1.13.0
[INFO] [stderr]    Compiling unicode-ident v1.0.14
[INFO] [stderr]    Compiling rayon-core v1.12.1
[INFO] [stderr]    Compiling cfg-if v1.0.0
[INFO] [stderr]    Compiling memchr v2.7.4
[INFO] [stderr]    Compiling regex-syntax v0.8.5
[INFO] [stderr]    Compiling _2023_2 v0.1.0 (/opt/rustwide/workdir/2023/_2)
[INFO] [stderr]    Compiling _2024_2 v0.1.0 (/opt/rustwide/workdir/2024/_2)
[INFO] [stderr]    Compiling _2024_9 v0.1.0 (/opt/rustwide/workdir/2024/_9)
[INFO] [stderr]    Compiling itertools v0.13.0
[INFO] [stderr]    Compiling _2024_1 v0.1.0 (/opt/rustwide/workdir/2024/_1)
[INFO] [stderr]    Compiling _2023_3 v0.1.0 (/opt/rustwide/workdir/2023/_3)
[INFO] [stderr]    Compiling _2024_4 v0.1.0 (/opt/rustwide/workdir/2024/_4)
[INFO] [stderr]    Compiling crossbeam-epoch v0.9.18
[INFO] [stderr]    Compiling aho-corasick v1.1.3
[INFO] [stderr]    Compiling _2024_5 v0.1.0 (/opt/rustwide/workdir/2024/_5)
[INFO] [stderr]    Compiling quote v1.0.37
[INFO] [stderr]    Compiling crossbeam-deque v0.8.5
[INFO] [stderr]    Compiling syn v2.0.89
[INFO] [stderr]    Compiling _2024_8 v0.1.0 (/opt/rustwide/workdir/2024/_8)
[INFO] [stderr]    Compiling rayon v1.10.0
[INFO] [stderr]    Compiling _2024_10 v0.1.0 (/opt/rustwide/workdir/2024/_10)
[INFO] [stderr]    Compiling _2024_13 v0.1.0 (/opt/rustwide/workdir/2024/_13)
[INFO] [stderr]    Compiling _2024_14 v0.1.0 (/opt/rustwide/workdir/2024/_14)
[INFO] [stdout] warning: unused imports: `thread::sleep` and `time::Duration`
[INFO] [stdout]  --> 2024/_14/src/solution.rs:1:36
[INFO] [stdout]   |
[INFO] [stdout] 1 | use std::{isize, ops::RangeBounds, thread::sleep, time::Duration, usize};
[INFO] [stdout]   |                                    ^^^^^^^^^^^^^  ^^^^^^^^^^^^^^
[INFO] [stdout]   |
[INFO] [stdout]   = note: `#[warn(unused_imports)]` on by default
[INFO] [stdout] 
[INFO] [stdout] 
[INFO] [stdout] warning: unused import: `ops::RangeBounds`
[INFO] [stdout]  --> 2024/_14/src/solution.rs:1:18
[INFO] [stdout]   |
[INFO] [stdout] 1 | use std::{isize, ops::RangeBounds, thread::sleep, time::Duration, usize};
[INFO] [stdout]   |                  ^^^^^^^^^^^^^^^^
[INFO] [stdout] 
[INFO] [stdout] 
[INFO] [stdout] warning: type `Robot` is more private than the item `simulate_robot`
[INFO] [stdout]   --> 2024/_14/src/solution.rs:37:1
[INFO] [stdout]    |
[INFO] [stdout] 37 | pub fn simulate_robot(r: &Robot, n: usize, max_x: isize, max_y: isize) -> Robot {
[INFO] [stdout]    | ^^^^^^^^^^^^^^^^^^^^^^^^^^^^^^^^^^^^^^^^^^^^^^^^^^^^^^^^^^^^^^^^^^^^^^^^^^^^^^^ function `simulate_robot` is reachable at visibility `pub(crate)`
[INFO] [stdout]    |
[INFO] [stdout] note: but type `Robot` is only usable at visibility `pub(self)`
[INFO] [stdout]   --> 2024/_14/src/solution.rs:4:1
[INFO] [stdout]    |
[INFO] [stdout] 4  | struct Robot {
[INFO] [stdout]    | ^^^^^^^^^^^^
[INFO] [stdout]    = note: `#[warn(private_interfaces)]` on by default
[INFO] [stdout] 
[INFO] [stdout] 
[INFO] [stdout] warning: type `Robot` is more private than the item `solve`
[INFO] [stdout]   --> 2024/_14/src/solution.rs:63:1
[INFO] [stdout]    |
[INFO] [stdout] 63 | pub fn solve(robots: &[Robot], n: usize, max_x: isize, max_y: isize) -> isize {
[INFO] [stdout]    | ^^^^^^^^^^^^^^^^^^^^^^^^^^^^^^^^^^^^^^^^^^^^^^^^^^^^^^^^^^^^^^^^^^^^^^^^^^^^^ function `solve` is reachable at visibility `pub(crate)`
[INFO] [stdout]    |
[INFO] [stdout] note: but type `Robot` is only usable at visibility `pub(self)`
[INFO] [stdout]   --> 2024/_14/src/solution.rs:4:1
[INFO] [stdout]    |
[INFO] [stdout] 4  | struct Robot {
[INFO] [stdout]    | ^^^^^^^^^^^^
[INFO] [stdout] 
[INFO] [stdout] 
[INFO] [stdout] warning: type `Robot` is more private than the item `parse_robots`
[INFO] [stdout]    --> 2024/_14/src/solution.rs:115:1
[INFO] [stdout]     |
[INFO] [stdout] 115 | pub fn parse_robots(strs: &[&str]) -> Vec<Robot> {
[INFO] [stdout]     | ^^^^^^^^^^^^^^^^^^^^^^^^^^^^^^^^^^^^^^^^^^^^^^^^ function `parse_robots` is reachable at visibility `pub(crate)`
[INFO] [stdout]     |
[INFO] [stdout] note: but type `Robot` is only usable at visibility `pub(self)`
[INFO] [stdout]    --> 2024/_14/src/solution.rs:4:1
[INFO] [stdout]     |
[INFO] [stdout] 4   | struct Robot {
[INFO] [stdout]     | ^^^^^^^^^^^^
[INFO] [stdout] 
[INFO] [stdout] 
[INFO] [stderr]    Compiling regex-automata v0.4.9
[INFO] [stderr]    Compiling _2024_12 v0.1.0 (/opt/rustwide/workdir/2024/_12)
[INFO] [stdout] warning: elided lifetime has a name
[INFO] [stdout]   --> 2024/_12/src/solution.rs:55:36
[INFO] [stdout]    |
[INFO] [stdout] 54 | impl<'a> World<'a> {
[INFO] [stdout]    |      -- lifetime `'a` declared here
[INFO] [stdout] 55 |     fn new(grid: &'a [&'a str]) -> World {
[INFO] [stdout]    |                                    ^^^^^ this elided lifetime gets resolved as `'a`
[INFO] [stdout]    |
[INFO] [stdout]    = note: `#[warn(elided_named_lifetimes)]` on by default
[INFO] [stdout] 
[INFO] [stdout] 
[INFO] [stderr]    Compiling _2024_6 v0.1.0 (/opt/rustwide/workdir/2024/_6)
[INFO] [stderr]    Compiling _2024_7 v0.1.0 (/opt/rustwide/workdir/2024/_7)
[INFO] [stderr]    Compiling _2024_11 v0.1.0 (/opt/rustwide/workdir/2024/_11)
[INFO] [stdout] warning: unused imports: `cell::RefCell`, `iter::repeat_n`, and `rc::Rc`
[INFO] [stdout]  --> 2024/_11/src/solution.rs:1:11
[INFO] [stdout]   |
[INFO] [stdout] 1 | use std::{cell::RefCell, collections::HashMap, iter::repeat_n, rc::Rc};
[INFO] [stdout]   |           ^^^^^^^^^^^^^                        ^^^^^^^^^^^^^^  ^^^^^^
[INFO] [stdout]   |
[INFO] [stdout]   = note: `#[warn(unused_imports)]` on by default
[INFO] [stdout] 
[INFO] [stdout] 
[INFO] [stdout] warning: unused import: `iter::repeat`
[INFO] [stdout]  --> 2024/_11/src/solution.rs:3:13
[INFO] [stdout]   |
[INFO] [stdout] 3 | use rayon::{iter::repeat, prelude::*};
[INFO] [stdout]   |             ^^^^^^^^^^^^
[INFO] [stdout] 
[INFO] [stdout] 
[INFO] [stdout] warning: unused import: `prelude`
[INFO] [stdout]  --> 2024/_11/src/solution.rs:3:27
[INFO] [stdout]   |
[INFO] [stdout] 3 | use rayon::{iter::repeat, prelude::*};
[INFO] [stdout]   |                           ^^^^^^^
[INFO] [stdout] 
[INFO] [stdout] 
[INFO] [stdout] warning: unused variable: `i`
[INFO] [stdout]   --> 2024/_11/src/solution.rs:55:9
[INFO] [stdout]    |
[INFO] [stdout] 55 |     for i in 0..max_n {
[INFO] [stdout]    |         ^ help: if this is intentional, prefix it with an underscore: `_i`
[INFO] [stdout]    |
[INFO] [stdout]    = note: `#[warn(unused_variables)]` on by default
[INFO] [stdout] 
[INFO] [stdout] 
[INFO] [stderr]    Compiling test-case-core v3.3.1
[INFO] [stderr]    Compiling regex v1.11.1
[INFO] [stderr]    Compiling _2024_3 v0.1.0 (/opt/rustwide/workdir/2024/_3)
[INFO] [stdout] warning: function `parse_program` is never used
[INFO] [stdout]   --> 2024/_3/src/lib.rs:17:4
[INFO] [stdout]    |
[INFO] [stdout] 17 | fn parse_program(s: &str) -> Vec<(u32, u32)> {
[INFO] [stdout]    |    ^^^^^^^^^^^^^
[INFO] [stdout]    |
[INFO] [stdout]    = note: `#[warn(dead_code)]` on by default
[INFO] [stdout] 
[INFO] [stdout] 
[INFO] [stderr]    Compiling test-case-macros v3.3.1
[INFO] [stderr]    Compiling test-case v3.3.1
[INFO] [stderr]    Compiling _2023_1 v0.1.0 (/opt/rustwide/workdir/2023/_1)
[INFO] [stderr]     Finished `dev` profile [unoptimized + debuginfo] target(s) in 39.20s
[INFO] running `Command { std: "docker" "inspect" "dcaf86474598a289fb778cce371f309d991ab3b71a23bfb57e61e4bd4b6bfe90", kill_on_drop: false }`
[INFO] running `Command { std: "docker" "rm" "-f" "dcaf86474598a289fb778cce371f309d991ab3b71a23bfb57e61e4bd4b6bfe90", kill_on_drop: false }`
[INFO] [stdout] dcaf86474598a289fb778cce371f309d991ab3b71a23bfb57e61e4bd4b6bfe90
[INFO] running `Command { std: "docker" "create" "-v" "/var/lib/crater-agent-workspace/builds/worker-1-tc1/target:/opt/rustwide/target:rw,Z" "-v" "/var/lib/crater-agent-workspace/builds/worker-1-tc1/source:/opt/rustwide/workdir:ro,Z" "-v" "/var/lib/crater-agent-workspace/cargo-home:/opt/rustwide/cargo-home:ro,Z" "-v" "/var/lib/crater-agent-workspace/rustup-home:/opt/rustwide/rustup-home:ro,Z" "-e" "SOURCE_DIR=/opt/rustwide/workdir" "-e" "CARGO_TARGET_DIR=/opt/rustwide/target" "-e" "CARGO_INCREMENTAL=0" "-e" "RUST_BACKTRACE=full" "-e" "RUSTFLAGS=--cap-lints=warn" "-e" "RUSTDOCFLAGS=--cap-lints=warn" "-e" "CARGO_HOME=/opt/rustwide/cargo-home" "-e" "RUSTUP_HOME=/opt/rustwide/rustup-home" "-w" "/opt/rustwide/workdir" "-m" "1610612736" "--user" "0:0" "--network" "none" "ghcr.io/rust-lang/crates-build-env/linux@sha256:f3a9d4ad9d972b27faf3965f35b62e55ba32bbce8f20bc8fe909558a86702fde" "/opt/rustwide/cargo-home/bin/cargo" "+1.83.0" "test" "--frozen" "--no-run" "--message-format=json", kill_on_drop: false }`
[INFO] [stdout] 7644fd061f59a931f1f0fa888bd713f939540b2a0f83c7698e52ff0456efe570
[INFO] running `Command { std: "docker" "start" "-a" "7644fd061f59a931f1f0fa888bd713f939540b2a0f83c7698e52ff0456efe570", kill_on_drop: false }`
[INFO] [stderr]    Compiling _2024_5 v0.1.0 (/opt/rustwide/workdir/2024/_5)
[INFO] [stderr]    Compiling _2024_1 v0.1.0 (/opt/rustwide/workdir/2024/_1)
[INFO] [stderr]    Compiling _2024_9 v0.1.0 (/opt/rustwide/workdir/2024/_9)
[INFO] [stdout] warning: function `parse_program` is never used
[INFO] [stdout]   --> 2024/_3/src/lib.rs:17:4
[INFO] [stdout]    |
[INFO] [stdout] 17 | fn parse_program(s: &str) -> Vec<(u32, u32)> {
[INFO] [stdout]    |    ^^^^^^^^^^^^^
[INFO] [stdout]    |
[INFO] [stdout]    = note: `#[warn(dead_code)]` on by default
[INFO] [stdout] 
[INFO] [stdout] 
[INFO] [stderr]    Compiling _2024_3 v0.1.0 (/opt/rustwide/workdir/2024/_3)
[INFO] [stderr]    Compiling _2024_2 v0.1.0 (/opt/rustwide/workdir/2024/_2)
[INFO] [stderr]    Compiling _2023_1 v0.1.0 (/opt/rustwide/workdir/2023/_1)
[INFO] [stderr]    Compiling _2024_6 v0.1.0 (/opt/rustwide/workdir/2024/_6)
[INFO] [stderr]    Compiling _2024_7 v0.1.0 (/opt/rustwide/workdir/2024/_7)
[INFO] [stderr]    Compiling _2024_11 v0.1.0 (/opt/rustwide/workdir/2024/_11)
[INFO] [stderr]    Compiling _2024_4 v0.1.0 (/opt/rustwide/workdir/2024/_4)
[INFO] [stdout] warning: unused imports: `cell::RefCell`, `iter::repeat_n`, and `rc::Rc`
[INFO] [stdout]  --> 2024/_11/src/solution.rs:1:11
[INFO] [stdout]   |
[INFO] [stdout] 1 | use std::{cell::RefCell, collections::HashMap, iter::repeat_n, rc::Rc};
[INFO] [stdout]   |           ^^^^^^^^^^^^^                        ^^^^^^^^^^^^^^  ^^^^^^
[INFO] [stdout]   |
[INFO] [stdout]   = note: `#[warn(unused_imports)]` on by default
[INFO] [stdout] 
[INFO] [stdout] 
[INFO] [stdout] warning: unused import: `iter::repeat`
[INFO] [stdout]  --> 2024/_11/src/solution.rs:3:13
[INFO] [stdout]   |
[INFO] [stdout] 3 | use rayon::{iter::repeat, prelude::*};
[INFO] [stdout]   |             ^^^^^^^^^^^^
[INFO] [stdout] 
[INFO] [stdout] 
[INFO] [stdout] warning: unused import: `prelude`
[INFO] [stdout]  --> 2024/_11/src/solution.rs:3:27
[INFO] [stdout]   |
[INFO] [stdout] 3 | use rayon::{iter::repeat, prelude::*};
[INFO] [stdout]   |                           ^^^^^^^
[INFO] [stdout] 
[INFO] [stdout] 
[INFO] [stdout] warning: unused variable: `i`
[INFO] [stdout]   --> 2024/_11/src/solution.rs:55:9
[INFO] [stdout]    |
[INFO] [stdout] 55 |     for i in 0..max_n {
[INFO] [stdout]    |         ^ help: if this is intentional, prefix it with an underscore: `_i`
[INFO] [stdout]    |
[INFO] [stdout]    = note: `#[warn(unused_variables)]` on by default
[INFO] [stdout] 
[INFO] [stdout] 
[INFO] [stderr]    Compiling _2024_8 v0.1.0 (/opt/rustwide/workdir/2024/_8)
[INFO] [stderr]    Compiling _2023_2 v0.1.0 (/opt/rustwide/workdir/2023/_2)
[INFO] [stderr]    Compiling _2023_3 v0.1.0 (/opt/rustwide/workdir/2023/_3)
[INFO] [stdout] warning: unused variable: `r`
[INFO] [stdout]    --> 2024/_8/src/lib.rs:431:13
[INFO] [stdout]     |
[INFO] [stdout] 431 |         let r = find_antinodes(&t0, &t1, max_x, max_y);
[INFO] [stdout]     |             ^ help: if this is intentional, prefix it with an underscore: `_r`
[INFO] [stdout]     |
[INFO] [stdout]     = note: `#[warn(unused_variables)]` on by default
[INFO] [stdout] 
[INFO] [stdout] 
[INFO] [stderr]    Compiling _2024_14 v0.1.0 (/opt/rustwide/workdir/2024/_14)
[INFO] [stdout] warning: unused imports: `thread::sleep` and `time::Duration`
[INFO] [stdout]  --> 2024/_14/src/solution.rs:1:36
[INFO] [stdout]   |
[INFO] [stdout] 1 | use std::{isize, ops::RangeBounds, thread::sleep, time::Duration, usize};
[INFO] [stdout]   |                                    ^^^^^^^^^^^^^  ^^^^^^^^^^^^^^
[INFO] [stdout]   |
[INFO] [stdout]   = note: `#[warn(unused_imports)]` on by default
[INFO] [stdout] 
[INFO] [stdout] 
[INFO] [stdout] warning: unused import: `ops::RangeBounds`
[INFO] [stdout]  --> 2024/_14/src/solution.rs:1:18
[INFO] [stdout]   |
[INFO] [stdout] 1 | use std::{isize, ops::RangeBounds, thread::sleep, time::Duration, usize};
[INFO] [stdout]   |                  ^^^^^^^^^^^^^^^^
[INFO] [stdout] 
[INFO] [stdout] 
[INFO] [stdout] warning: type `solution::Robot` is more private than the item `solution::simulate_robot`
[INFO] [stdout]   --> 2024/_14/src/solution.rs:37:1
[INFO] [stdout]    |
[INFO] [stdout] 37 | pub fn simulate_robot(r: &Robot, n: usize, max_x: isize, max_y: isize) -> Robot {
[INFO] [stdout]    | ^^^^^^^^^^^^^^^^^^^^^^^^^^^^^^^^^^^^^^^^^^^^^^^^^^^^^^^^^^^^^^^^^^^^^^^^^^^^^^^ function `solution::simulate_robot` is reachable at visibility `pub(crate)`
[INFO] [stdout]    |
[INFO] [stdout] note: but type `solution::Robot` is only usable at visibility `pub(self)`
[INFO] [stdout]   --> 2024/_14/src/solution.rs:4:1
[INFO] [stdout]    |
[INFO] [stdout] 4  | struct Robot {
[INFO] [stdout]    | ^^^^^^^^^^^^
[INFO] [stdout]    = note: `#[warn(private_interfaces)]` on by default
[INFO] [stdout] 
[INFO] [stdout] 
[INFO] [stdout] warning: type `solution::Robot` is more private than the item `solution::solve`
[INFO] [stdout]   --> 2024/_14/src/solution.rs:63:1
[INFO] [stdout]    |
[INFO] [stdout] 63 | pub fn solve(robots: &[Robot], n: usize, max_x: isize, max_y: isize) -> isize {
[INFO] [stdout]    | ^^^^^^^^^^^^^^^^^^^^^^^^^^^^^^^^^^^^^^^^^^^^^^^^^^^^^^^^^^^^^^^^^^^^^^^^^^^^^ function `solution::solve` is reachable at visibility `pub(crate)`
[INFO] [stdout]    |
[INFO] [stdout] note: but type `solution::Robot` is only usable at visibility `pub(self)`
[INFO] [stdout]   --> 2024/_14/src/solution.rs:4:1
[INFO] [stdout]    |
[INFO] [stdout] 4  | struct Robot {
[INFO] [stdout]    | ^^^^^^^^^^^^
[INFO] [stdout] 
[INFO] [stdout] 
[INFO] [stdout] warning: type `solution::Robot` is more private than the item `solution::parse_robots`
[INFO] [stdout]    --> 2024/_14/src/solution.rs:115:1
[INFO] [stdout]     |
[INFO] [stdout] 115 | pub fn parse_robots(strs: &[&str]) -> Vec<Robot> {
[INFO] [stdout]     | ^^^^^^^^^^^^^^^^^^^^^^^^^^^^^^^^^^^^^^^^^^^^^^^^ function `solution::parse_robots` is reachable at visibility `pub(crate)`
[INFO] [stdout]     |
[INFO] [stdout] note: but type `solution::Robot` is only usable at visibility `pub(self)`
[INFO] [stdout]    --> 2024/_14/src/solution.rs:4:1
[INFO] [stdout]     |
[INFO] [stdout] 4   | struct Robot {
[INFO] [stdout]     | ^^^^^^^^^^^^
[INFO] [stdout] 
[INFO] [stdout] 
[INFO] [stderr]    Compiling _2024_10 v0.1.0 (/opt/rustwide/workdir/2024/_10)
[INFO] [stderr]    Compiling _2024_13 v0.1.0 (/opt/rustwide/workdir/2024/_13)
[INFO] [stderr]    Compiling _2024_12 v0.1.0 (/opt/rustwide/workdir/2024/_12)
[INFO] [stdout] warning: elided lifetime has a name
[INFO] [stdout]   --> 2024/_12/src/solution.rs:55:36
[INFO] [stdout]    |
[INFO] [stdout] 54 | impl<'a> World<'a> {
[INFO] [stdout]    |      -- lifetime `'a` declared here
[INFO] [stdout] 55 |     fn new(grid: &'a [&'a str]) -> World {
[INFO] [stdout]    |                                    ^^^^^ this elided lifetime gets resolved as `'a`
[INFO] [stdout]    |
[INFO] [stdout]    = note: `#[warn(elided_named_lifetimes)]` on by default
[INFO] [stdout] 
[INFO] [stdout] 
[INFO] [stdout] warning: constant `EXAMPLE3` is never used
[INFO] [stdout]    --> 2024/_12/src/solution.rs:254:11
[INFO] [stdout]     |
[INFO] [stdout] 254 |     const EXAMPLE3: &str = "
[INFO] [stdout]     |           ^^^^^^^^
[INFO] [stdout]     |
[INFO] [stdout]     = note: `#[warn(dead_code)]` on by default
[INFO] [stdout] 
[INFO] [stdout] 
[INFO] [stderr]     Finished `test` profile [unoptimized + debuginfo] target(s) in 12.96s
[INFO] running `Command { std: "docker" "inspect" "7644fd061f59a931f1f0fa888bd713f939540b2a0f83c7698e52ff0456efe570", kill_on_drop: false }`
[INFO] running `Command { std: "docker" "rm" "-f" "7644fd061f59a931f1f0fa888bd713f939540b2a0f83c7698e52ff0456efe570", kill_on_drop: false }`
[INFO] [stdout] 7644fd061f59a931f1f0fa888bd713f939540b2a0f83c7698e52ff0456efe570
[INFO] running `Command { std: "docker" "create" "-v" "/var/lib/crater-agent-workspace/builds/worker-1-tc1/target:/opt/rustwide/target:rw,Z" "-v" "/var/lib/crater-agent-workspace/builds/worker-1-tc1/source:/opt/rustwide/workdir:ro,Z" "-v" "/var/lib/crater-agent-workspace/cargo-home:/opt/rustwide/cargo-home:ro,Z" "-v" "/var/lib/crater-agent-workspace/rustup-home:/opt/rustwide/rustup-home:ro,Z" "-e" "SOURCE_DIR=/opt/rustwide/workdir" "-e" "CARGO_TARGET_DIR=/opt/rustwide/target" "-e" "CARGO_INCREMENTAL=0" "-e" "RUST_BACKTRACE=full" "-e" "RUSTFLAGS=--cap-lints=warn" "-e" "RUSTDOCFLAGS=--cap-lints=warn" "-e" "CARGO_HOME=/opt/rustwide/cargo-home" "-e" "RUSTUP_HOME=/opt/rustwide/rustup-home" "-w" "/opt/rustwide/workdir" "-m" "1610612736" "--user" "0:0" "--network" "none" "ghcr.io/rust-lang/crates-build-env/linux@sha256:f3a9d4ad9d972b27faf3965f35b62e55ba32bbce8f20bc8fe909558a86702fde" "/opt/rustwide/cargo-home/bin/cargo" "+1.83.0" "test" "--frozen", kill_on_drop: false }`
[INFO] [stdout] 038bacd54d114eccd2d505651713c26146ede967581f879305202f64b5621001
[INFO] running `Command { std: "docker" "start" "-a" "038bacd54d114eccd2d505651713c26146ede967581f879305202f64b5621001", kill_on_drop: false }`
[INFO] [stderr] warning: function `parse_program` is never used
[INFO] [stderr]   --> 2024/_3/src/lib.rs:17:4
[INFO] [stderr]    |
[INFO] [stderr] 17 | fn parse_program(s: &str) -> Vec<(u32, u32)> {
[INFO] [stderr]    |    ^^^^^^^^^^^^^
[INFO] [stderr]    |
[INFO] [stderr]    = note: `#[warn(dead_code)]` on by default
[INFO] [stderr] 
[INFO] [stderr] warning: `_2024_3` (lib) generated 1 warning
[INFO] [stderr] warning: unused imports: `cell::RefCell`, `iter::repeat_n`, and `rc::Rc`
[INFO] [stderr]  --> 2024/_11/src/solution.rs:1:11
[INFO] [stderr]   |
[INFO] [stderr] 1 | use std::{cell::RefCell, collections::HashMap, iter::repeat_n, rc::Rc};
[INFO] [stderr]   |           ^^^^^^^^^^^^^                        ^^^^^^^^^^^^^^  ^^^^^^
[INFO] [stderr]   |
[INFO] [stderr]   = note: `#[warn(unused_imports)]` on by default
[INFO] [stderr] 
[INFO] [stderr] warning: unused import: `iter::repeat`
[INFO] [stderr]  --> 2024/_11/src/solution.rs:3:13
[INFO] [stderr]   |
[INFO] [stderr] 3 | use rayon::{iter::repeat, prelude::*};
[INFO] [stderr]   |             ^^^^^^^^^^^^
[INFO] [stderr] 
[INFO] [stderr] warning: unused import: `prelude`
[INFO] [stderr]  --> 2024/_11/src/solution.rs:3:27
[INFO] [stderr]   |
[INFO] [stderr] 3 | use rayon::{iter::repeat, prelude::*};
[INFO] [stderr]   |                           ^^^^^^^
[INFO] [stderr] 
[INFO] [stderr] warning: unused variable: `i`
[INFO] [stderr]   --> 2024/_11/src/solution.rs:55:9
[INFO] [stderr]    |
[INFO] [stderr] 55 |     for i in 0..max_n {
[INFO] [stderr]    |         ^ help: if this is intentional, prefix it with an underscore: `_i`
[INFO] [stderr]    |
[INFO] [stderr]    = note: `#[warn(unused_variables)]` on by default
[INFO] [stderr] 
[INFO] [stderr] warning: `_2024_11` (bin "_2024_11" test) generated 4 warnings (run `cargo fix --bin "_2024_11" --tests` to apply 2 suggestions)
[INFO] [stderr] warning: unused variable: `r`
[INFO] [stderr]    --> 2024/_8/src/lib.rs:431:13
[INFO] [stderr]     |
[INFO] [stderr] 431 |         let r = find_antinodes(&t0, &t1, max_x, max_y);
[INFO] [stderr]     |             ^ help: if this is intentional, prefix it with an underscore: `_r`
[INFO] [stderr]     |
[INFO] [stderr]     = note: `#[warn(unused_variables)]` on by default
[INFO] [stderr] 
[INFO] [stderr] warning: `_2024_8` (lib test) generated 1 warning
[INFO] [stderr] warning: elided lifetime has a name
[INFO] [stderr]   --> 2024/_12/src/solution.rs:55:36
[INFO] [stderr]    |
[INFO] [stderr] 54 | impl<'a> World<'a> {
[INFO] [stderr]    |      -- lifetime `'a` declared here
[INFO] [stderr] 55 |     fn new(grid: &'a [&'a str]) -> World {
[INFO] [stderr]    |                                    ^^^^^ this elided lifetime gets resolved as `'a`
[INFO] [stderr]    |
[INFO] [stderr]    = note: `#[warn(elided_named_lifetimes)]` on by default
[INFO] [stderr] 
[INFO] [stderr] warning: constant `EXAMPLE3` is never used
[INFO] [stderr]    --> 2024/_12/src/solution.rs:254:11
[INFO] [stderr]     |
[INFO] [stderr] 254 |     const EXAMPLE3: &str = "
[INFO] [stderr]     |           ^^^^^^^^
[INFO] [stderr]     |
[INFO] [stderr]     = note: `#[warn(dead_code)]` on by default
[INFO] [stderr] 
[INFO] [stderr] warning: unused imports: `thread::sleep` and `time::Duration`
[INFO] [stderr]  --> 2024/_14/src/solution.rs:1:36
[INFO] [stderr]   |
[INFO] [stderr] 1 | use std::{isize, ops::RangeBounds, thread::sleep, time::Duration, usize};
[INFO] [stderr]   |                                    ^^^^^^^^^^^^^  ^^^^^^^^^^^^^^
[INFO] [stderr]   |
[INFO] [stderr]   = note: `#[warn(unused_imports)]` on by default
[INFO] [stderr] 
[INFO] [stderr] warning: unused import: `ops::RangeBounds`
[INFO] [stderr]  --> 2024/_14/src/solution.rs:1:18
[INFO] [stderr]   |
[INFO] [stderr] 1 | use std::{isize, ops::RangeBounds, thread::sleep, time::Duration, usize};
[INFO] [stderr]   |                  ^^^^^^^^^^^^^^^^
[INFO] [stderr] 
[INFO] [stderr] warning: type `solution::Robot` is more private than the item `solution::simulate_robot`
[INFO] [stderr]   --> 2024/_14/src/solution.rs:37:1
[INFO] [stderr]    |
[INFO] [stderr] 37 | pub fn simulate_robot(r: &Robot, n: usize, max_x: isize, max_y: isize) -> Robot {
[INFO] [stderr]    | ^^^^^^^^^^^^^^^^^^^^^^^^^^^^^^^^^^^^^^^^^^^^^^^^^^^^^^^^^^^^^^^^^^^^^^^^^^^^^^^ function `solution::simulate_robot` is reachable at visibility `pub(crate)`
[INFO] [stderr]    |
[INFO] [stderr] note: but type `solution::Robot` is only usable at visibility `pub(self)`
[INFO] [stderr]   --> 2024/_14/src/solution.rs:4:1
[INFO] [stderr]    |
[INFO] [stderr] 4  | struct Robot {
[INFO] [stderr]    | ^^^^^^^^^^^^
[INFO] [stderr]    = note: `#[warn(private_interfaces)]` on by default
[INFO] [stderr] 
[INFO] [stderr] warning: type `solution::Robot` is more private than the item `solution::solve`
[INFO] [stderr]   --> 2024/_14/src/solution.rs:63:1
[INFO] [stderr]    |
[INFO] [stderr] 63 | pub fn solve(robots: &[Robot], n: usize, max_x: isize, max_y: isize) -> isize {
[INFO] [stderr]    | ^^^^^^^^^^^^^^^^^^^^^^^^^^^^^^^^^^^^^^^^^^^^^^^^^^^^^^^^^^^^^^^^^^^^^^^^^^^^^ function `solution::solve` is reachable at visibility `pub(crate)`
[INFO] [stderr]    |
[INFO] [stderr] note: but type `solution::Robot` is only usable at visibility `pub(self)`
[INFO] [stderr]   --> 2024/_14/src/solution.rs:4:1
[INFO] [stderr]    |
[INFO] [stderr] 4  | struct Robot {
[INFO] [stderr]    | ^^^^^^^^^^^^
[INFO] [stderr] 
[INFO] [stderr] warning: type `solution::Robot` is more private than the item `solution::parse_robots`
[INFO] [stderr]    --> 2024/_14/src/solution.rs:115:1
[INFO] [stderr]     |
[INFO] [stderr] 115 | pub fn parse_robots(strs: &[&str]) -> Vec<Robot> {
[INFO] [stderr]     | ^^^^^^^^^^^^^^^^^^^^^^^^^^^^^^^^^^^^^^^^^^^^^^^^ function `solution::parse_robots` is reachable at visibility `pub(crate)`
[INFO] [stderr]     |
[INFO] [stderr] note: but type `solution::Robot` is only usable at visibility `pub(self)`
[INFO] [stderr]    --> 2024/_14/src/solution.rs:4:1
[INFO] [stderr]     |
[INFO] [stderr] 4   | struct Robot {
[INFO] [stderr]     | ^^^^^^^^^^^^
[INFO] [stderr] 
[INFO] [stderr] warning: `_2024_12` (bin "_2024_12" test) generated 2 warnings
[INFO] [stderr] warning: `_2024_14` (bin "_2024_14" test) generated 5 warnings (run `cargo fix --bin "_2024_14" --tests` to apply 1 suggestion)
[INFO] [stderr]     Finished `test` profile [unoptimized + debuginfo] target(s) in 0.05s
[INFO] [stderr]      Running unittests src/lib.rs (/opt/rustwide/target/debug/deps/_2023_1-65faa98fedbb950b)
[INFO] [stderr]      Running unittests src/main.rs (/opt/rustwide/target/debug/deps/_2023_1-dff1226c76034114)
[INFO] [stdout] 
[INFO] [stdout] running 0 tests
[INFO] [stdout] 
[INFO] [stdout] test result: ok. 0 passed; 0 failed; 0 ignored; 0 measured; 0 filtered out; finished in 0.00s
[INFO] [stdout] 
[INFO] [stdout] 
[INFO] [stdout] running 0 tests
[INFO] [stdout] 
[INFO] [stdout] test result: ok. 0 passed; 0 failed; 0 ignored; 0 measured; 0 filtered out; finished in 0.00s
[INFO] [stdout] 
[INFO] [stderr]      Running unittests src/test.rs (/opt/rustwide/target/debug/deps/test-9d71b54fecae7759)
[INFO] [stderr]      Running unittests src/lib.rs (/opt/rustwide/target/debug/deps/_2023_2-a2df1afc1312225b)
[INFO] [stdout] 
[INFO] [stdout] running 0 tests
[INFO] [stdout] 
[INFO] [stdout] test result: ok. 0 passed; 0 failed; 0 ignored; 0 measured; 0 filtered out; finished in 0.00s
[INFO] [stdout] 
[INFO] [stdout] 
[INFO] [stdout] running 1 test
[INFO] [stdout] test tests::test_parse_game ... ok
[INFO] [stdout] 
[INFO] [stdout] test result: ok. 1 passed; 0 failed; 0 ignored; 0 measured; 0 filtered out; finished in 0.00s
[INFO] [stdout] 
[INFO] [stderr]      Running unittests src/main.rs (/opt/rustwide/target/debug/deps/_2023_2-bb1a45260be0970f)
[INFO] [stdout] 
[INFO] [stdout] running 0 tests
[INFO] [stdout] 
[INFO] [stdout] test result: ok. 0 passed; 0 failed; 0 ignored; 0 measured; 0 filtered out; finished in 0.00s
[INFO] [stdout] 
[INFO] [stdout] 
[INFO] [stdout] running 0 tests
[INFO] [stdout] 
[INFO] [stdout] test result: ok. 0 passed; 0 failed; 0 ignored; 0 measured; 0 filtered out; finished in 0.00s
[INFO] [stdout] 
[INFO] [stderr]      Running unittests src/test.rs (/opt/rustwide/target/debug/deps/test-5e30f7058daa23ae)
[INFO] [stderr]      Running unittests src/lib.rs (/opt/rustwide/target/debug/deps/_2023_3-cda406d2152427ab)
[INFO] [stdout] 
[INFO] [stdout] running 3 tests
[INFO] [stdout] test tests::test_solve_part1 ... ok
[INFO] [stdout] test tests::test_is_symbol ... ok
[INFO] [stderr]      Running unittests src/main.rs (/opt/rustwide/target/debug/deps/_2023_3-e4ee9b8af8ce636b)
[INFO] [stdout] test tests::test_solve_part2 ... ok
[INFO] [stdout] 
[INFO] [stdout] test result: ok. 3 passed; 0 failed; 0 ignored; 0 measured; 0 filtered out; finished in 0.02s
[INFO] [stdout] 
[INFO] [stdout] 
[INFO] [stdout] running 0 tests
[INFO] [stdout] 
[INFO] [stdout] test result: ok. 0 passed; 0 failed; 0 ignored; 0 measured; 0 filtered out; finished in 0.00s
[INFO] [stdout] 
[INFO] [stderr]      Running unittests src/lib.rs (/opt/rustwide/target/debug/deps/_2024_1-47c516203215f4cf)
[INFO] [stdout] 
[INFO] [stdout] running 2 tests
[INFO] [stdout] test tests::test_part2 ... ok
[INFO] [stdout] test tests::test_part1 ... ok
[INFO] [stdout] 
[INFO] [stdout] test result: ok. 2 passed; 0 failed; 0 ignored; 0 measured; 0 filtered out; finished in 0.00s
[INFO] [stdout] 
[INFO] [stderr]      Running unittests src/main.rs (/opt/rustwide/target/debug/deps/_2024_1-5b1206d814bf011f)
[INFO] [stdout] 
[INFO] [stdout] running 0 tests
[INFO] [stdout] 
[INFO] [stdout] test result: ok. 0 passed; 0 failed; 0 ignored; 0 measured; 0 filtered out; finished in 0.00s
[INFO] [stdout] 
[INFO] [stderr]      Running unittests src/main.rs (/opt/rustwide/target/debug/deps/_2024_10-b00ffed044f3fb63)
[INFO] [stdout] 
[INFO] [stdout] running 3 tests
[INFO] [stdout] test solution::tests::test_count_paths ... ok
[INFO] [stdout] test solution::tests::test_example1 ... ok
[INFO] [stdout] test solution::tests::test_name ... ok
[INFO] [stdout] 
[INFO] [stdout] test result: ok. 3 passed; 0 failed; 0 ignored; 0 measured; 0 filtered out; finished in 0.00s
[INFO] [stdout] 
[INFO] [stderr]      Running unittests src/main.rs (/opt/rustwide/target/debug/deps/_2024_11-6b595bc007f66d2f)
[INFO] [stdout] 
[INFO] [stdout] running 2 tests
[INFO] [stdout] test solution::tests::test_part1 ... ok
[INFO] [stdout] test solution::tests::test_one ... ok
[INFO] [stdout] 
[INFO] [stdout] test result: ok. 2 passed; 0 failed; 0 ignored; 0 measured; 0 filtered out; finished in 0.03s
[INFO] [stdout] 
[INFO] [stderr]      Running unittests src/main.rs (/opt/rustwide/target/debug/deps/_2024_12-6652308875e6904e)
[INFO] [stdout] 
[INFO] [stdout] running 4 tests
[INFO] [stdout] test solution::tests::test_example0 ... ok
[INFO] [stderr]      Running unittests src/main.rs (/opt/rustwide/target/debug/deps/_2024_13-230acd8536201603)
[INFO] [stdout] test solution::tests::test_example0_part2 ... ok
[INFO] [stdout] test solution::tests::test_example2_part2 ... ok
[INFO] [stdout] test solution::tests::test_example1 ... ok
[INFO] [stdout] 
[INFO] [stdout] test result: ok. 4 passed; 0 failed; 0 ignored; 0 measured; 0 filtered out; finished in 0.01s
[INFO] [stdout] 
[INFO] [stdout] 
[INFO] [stdout] running 0 tests
[INFO] [stdout] 
[INFO] [stdout] test result: ok. 0 passed; 0 failed; 0 ignored; 0 measured; 0 filtered out; finished in 0.00s
[INFO] [stdout] 
[INFO] [stderr]      Running unittests src/main.rs (/opt/rustwide/target/debug/deps/_2024_14-466d471daa2756c0)
[INFO] [stdout] 
[INFO] [stdout] running 2 tests
[INFO] [stdout] test solution::tests::test_name ... ok
[INFO] [stdout] test solution::tests::test_single ... ok
[INFO] [stdout] 
[INFO] [stdout] test result: ok. 2 passed; 0 failed; 0 ignored; 0 measured; 0 filtered out; finished in 0.01s
[INFO] [stdout] 
[INFO] [stderr]      Running unittests src/lib.rs (/opt/rustwide/target/debug/deps/_2024_2-fbe5d7ffc111ecc4)
[INFO] [stdout] 
[INFO] [stdout] running 4 tests
[INFO] [stdout] test tests::test_all_is_good ... ok
[INFO] [stdout] test tests::test_special ... ok
[INFO] [stdout] test tests::test_example_cases_with_with_dampener ... ok
[INFO] [stdout] test tests::test_example_cases ... ok
[INFO] [stdout] 
[INFO] [stdout] test result: ok. 4 passed; 0 failed; 0 ignored; 0 measured; 0 filtered out; finished in 0.00s
[INFO] [stdout] 
[INFO] [stderr]      Running unittests src/main.rs (/opt/rustwide/target/debug/deps/_2024_2-9369a36f024fb94f)
[INFO] [stdout] 
[INFO] [stdout] running 0 tests
[INFO] [stdout] 
[INFO] [stdout] test result: ok. 0 passed; 0 failed; 0 ignored; 0 measured; 0 filtered out; finished in 0.00s
[INFO] [stdout] 
[INFO] [stderr]      Running unittests src/lib.rs (/opt/rustwide/target/debug/deps/_2024_3-b6fe2970aa72a25d)
[INFO] [stdout] 
[INFO] [stdout] running 16 tests
[INFO] [stdout] test tests::test_final_4 ... ok
[INFO] [stdout] test tests::test_final_3 ... ok
[INFO] [stdout] test tests::test_final_2 ... ok
[INFO] [stdout] test tests::test_get_enabled_blocks_0 ... ok
[INFO] [stdout] test tests::test_get_enabled_blocks_no_dont ... ok
[INFO] [stdout] test tests::test_get_enabled_blocks_dont_at_start ... ok
[INFO] [stdout] test tests::test_get_enabled_blocks_dont_at_end ... ok
[INFO] [stdout] test tests::test_final_1 ... ok
[INFO] [stdout] test tests::test_final_5 ... ok
[INFO] [stdout] test tests::test_parse_program ... ok
[INFO] [stdout] test tests::test_get_enabled_blocks_no_do_and_dont ... ok
[INFO] [stdout] test tests::test_final ... ok
[INFO] [stdout] test tests::test_get_enabled_close ... ok
[INFO] [stdout] test tests::test_name ... ok
[INFO] [stdout] test tests::test_get_enabled_close_2 ... ok
[INFO] [stdout] test tests::test_get_enabled_multiple ... ok
[INFO] [stdout] 
[INFO] [stdout] test result: ok. 16 passed; 0 failed; 0 ignored; 0 measured; 0 filtered out; finished in 0.09s
[INFO] [stdout] 
[INFO] [stdout] 
[INFO] [stdout] running 0 tests
[INFO] [stdout] 
[INFO] [stdout] test result: ok. 0 passed; 0 failed; 0 ignored; 0 measured; 0 filtered out; finished in 0.00s
[INFO] [stdout] 
[INFO] [stdout] 
[INFO] [stdout] running 2 tests
[INFO] [stderr]      Running unittests src/main.rs (/opt/rustwide/target/debug/deps/_2024_3-f236df130affcfee)
[INFO] [stderr]      Running unittests src/lib.rs (/opt/rustwide/target/debug/deps/_2024_4-0e5469d71af7e66b)
[INFO] [stdout] test tests::test_part2 ... ok
[INFO] [stdout] test tests::test_part1 ... ok
[INFO] [stdout] 
[INFO] [stdout] test result: ok. 2 passed; 0 failed; 0 ignored; 0 measured; 0 filtered out; finished in 0.01s
[INFO] [stdout] 
[INFO] [stderr]      Running unittests src/main.rs (/opt/rustwide/target/debug/deps/_2024_4-a595d61dc8b9acbd)
[INFO] [stdout] 
[INFO] [stdout] running 0 tests
[INFO] [stdout] 
[INFO] [stdout] test result: ok. 0 passed; 0 failed; 0 ignored; 0 measured; 0 filtered out; finished in 0.00s
[INFO] [stdout] 
[INFO] [stderr]      Running unittests src/lib.rs (/opt/rustwide/target/debug/deps/_2024_5-262e2c8f574669be)
[INFO] [stdout] 
[INFO] [stdout] running 2 tests
[INFO] [stdout] test tests::test_example ... ok
[INFO] [stdout] test tests::test_example_part2 ... ok
[INFO] [stdout] 
[INFO] [stdout] test result: ok. 2 passed; 0 failed; 0 ignored; 0 measured; 0 filtered out; finished in 0.01s
[INFO] [stdout] 
[INFO] [stderr]      Running unittests src/main.rs (/opt/rustwide/target/debug/deps/_2024_5-0018333b6e363833)
[INFO] [stdout] 
[INFO] [stdout] running 0 tests
[INFO] [stdout] 
[INFO] [stdout] test result: ok. 0 passed; 0 failed; 0 ignored; 0 measured; 0 filtered out; finished in 0.00s
[INFO] [stdout] 
[INFO] [stderr]      Running unittests src/lib.rs (/opt/rustwide/target/debug/deps/_2024_6-3814956021ad0be1)
[INFO] [stdout] 
[INFO] [stdout] running 3 tests
[INFO] [stdout] test tests::test_find_guard ... ok
[INFO] [stdout] test tests::test_part1 ... ok
[INFO] [stdout] test tests::test_part2 ... ok
[INFO] [stdout] 
[INFO] [stdout] test result: ok. 3 passed; 0 failed; 0 ignored; 0 measured; 0 filtered out; finished in 0.03s
[INFO] [stdout] 
[INFO] [stderr]      Running unittests src/main.rs (/opt/rustwide/target/debug/deps/_2024_6-b3e29fb844f9ba98)
[INFO] [stdout] 
[INFO] [stdout] running 0 tests
[INFO] [stdout] 
[INFO] [stdout] test result: ok. 0 passed; 0 failed; 0 ignored; 0 measured; 0 filtered out; finished in 0.00s
[INFO] [stdout] 
[INFO] [stderr]      Running unittests src/lib.rs (/opt/rustwide/target/debug/deps/_2024_7-a31cdbbc81149af3)
[INFO] [stdout] 
[INFO] [stdout] running 2 tests
[INFO] [stdout] test tests::test_example_part1 ... ok
[INFO] [stdout] test tests::test_example_part2 ... ok
[INFO] [stdout] 
[INFO] [stdout] test result: ok. 2 passed; 0 failed; 0 ignored; 0 measured; 0 filtered out; finished in 0.00s
[INFO] [stdout] 
[INFO] [stderr]      Running unittests src/main.rs (/opt/rustwide/target/debug/deps/_2024_7-37a3c9bbdd11b79e)
[INFO] [stdout] 
[INFO] [stdout] running 0 tests
[INFO] [stdout] 
[INFO] [stdout] test result: ok. 0 passed; 0 failed; 0 ignored; 0 measured; 0 filtered out; finished in 0.00s
[INFO] [stdout] 
[INFO] [stderr]      Running unittests src/lib.rs (/opt/rustwide/target/debug/deps/_2024_8-aceb199631e812bc)
[INFO] [stdout] 
[INFO] [stdout] running 5 tests
[INFO] [stdout] test tests::test_part2 ... ok
[INFO] [stdout] test tests::test_part1_example ... ok
[INFO] [stdout] test tests::test_part1 ... ok
[INFO] [stdout] test tests::test_find_antinodes ... ok
[INFO] [stdout] test tests::test_special ... ok
[INFO] [stdout] 
[INFO] [stdout] test result: ok. 5 passed; 0 failed; 0 ignored; 0 measured; 0 filtered out; finished in 0.01s
[INFO] [stdout] 
[INFO] [stderr]      Running unittests src/main.rs (/opt/rustwide/target/debug/deps/_2024_8-ee308090b519cb0e)
[INFO] [stdout] 
[INFO] [stdout] running 0 tests
[INFO] [stdout] 
[INFO] [stdout] test result: ok. 0 passed; 0 failed; 0 ignored; 0 measured; 0 filtered out; finished in 0.00s
[INFO] [stdout] 
[INFO] [stderr]      Running unittests src/lib.rs (/opt/rustwide/target/debug/deps/_2024_9-69ac53ee906946d7)
[INFO] [stdout] 
[INFO] [stdout] running 4 tests
[INFO] [stdout] test tests::test_file ... ok
[INFO] [stdout] test tests::test_parse ... ok
[INFO] [stdout] test tests::test_example1 ... ok
[INFO] [stdout] test tests::test_example0 ... FAILED
[INFO] [stderr] error: test failed, to rerun pass `-p _2024_9 --lib`
[INFO] [stdout] 
[INFO] [stdout] failures:
[INFO] [stdout] 
[INFO] [stdout] ---- tests::test_example0 stdout ----
[INFO] [stdout] thread 'tests::test_example0' panicked at 2024/_9/src/lib.rs:176:9:
[INFO] [stdout] assertion `left == right` failed
[INFO] [stdout]   left: 90
[INFO] [stdout]  right: 60
[INFO] [stdout] stack backtrace:
[INFO] [stdout]    0:     0x612fa84eb21a - std::backtrace_rs::backtrace::libunwind::trace::h5a5b8284f2d0c266
[INFO] [stdout]                                at /rustc/90b35a6239c3d8bdabc530a6a0816f7ff89a0aaf/library/std/src/../../backtrace/src/backtrace/libunwind.rs:116:5
[INFO] [stdout]    1:     0x612fa84eb21a - std::backtrace_rs::backtrace::trace_unsynchronized::h76d4f1c9b0b875e3
[INFO] [stdout]                                at /rustc/90b35a6239c3d8bdabc530a6a0816f7ff89a0aaf/library/std/src/../../backtrace/src/backtrace/mod.rs:66:5
[INFO] [stdout]    2:     0x612fa84eb21a - std::sys::backtrace::_print_fmt::hc4546b8364a537c6
[INFO] [stdout]                                at /rustc/90b35a6239c3d8bdabc530a6a0816f7ff89a0aaf/library/std/src/sys/backtrace.rs:66:9
[INFO] [stdout]    3:     0x612fa84eb21a - <std::sys::backtrace::BacktraceLock::print::DisplayBacktrace as core::fmt::Display>::fmt::h5b6bd5631a6d1f6b
[INFO] [stdout]                                at /rustc/90b35a6239c3d8bdabc530a6a0816f7ff89a0aaf/library/std/src/sys/backtrace.rs:39:26
[INFO] [stdout]    4:     0x612fa85104d3 - core::fmt::rt::Argument::fmt::h270f6602a2b96f62
[INFO] [stdout]                                at /rustc/90b35a6239c3d8bdabc530a6a0816f7ff89a0aaf/library/core/src/fmt/rt.rs:177:76
[INFO] [stdout]    5:     0x612fa85104d3 - core::fmt::write::h7550c97b06c86515
[INFO] [stdout]                                at /rustc/90b35a6239c3d8bdabc530a6a0816f7ff89a0aaf/library/core/src/fmt/mod.rs:1186:21
[INFO] [stdout]    6:     0x612fa84e83e3 - std::io::Write::write_fmt::h509ff860e5956e5e
[INFO] [stdout]                                at /rustc/90b35a6239c3d8bdabc530a6a0816f7ff89a0aaf/library/std/src/io/mod.rs:1839:15
[INFO] [stdout]    7:     0x612fa84eb062 - std::sys::backtrace::BacktraceLock::print::h2395ccd2c84ba3aa
[INFO] [stdout]                                at /rustc/90b35a6239c3d8bdabc530a6a0816f7ff89a0aaf/library/std/src/sys/backtrace.rs:42:9
[INFO] [stdout]    8:     0x612fa84ec67a - std::panicking::default_hook::{{closure}}::he19d4c7230e07961
[INFO] [stdout]                                at /rustc/90b35a6239c3d8bdabc530a6a0816f7ff89a0aaf/library/std/src/panicking.rs:268:22
[INFO] [stdout]    9:     0x612fa84ec484 - std::panicking::default_hook::hf614597d3c67bbdb
[INFO] [stdout]                                at /rustc/90b35a6239c3d8bdabc530a6a0816f7ff89a0aaf/library/std/src/panicking.rs:292:9
[INFO] [stdout]   10:     0x612fa84b7d69 - <alloc::boxed::Box<F,A> as core::ops::function::Fn<Args>>::call::h39b51ce4599c23d1
[INFO] [stdout]                                at /rustc/90b35a6239c3d8bdabc530a6a0816f7ff89a0aaf/library/alloc/src/boxed.rs:2468:9
[INFO] [stdout]   11:     0x612fa84b7d69 - test::test_main::{{closure}}::he977ae839a582784
[INFO] [stdout]                                at /rustc/90b35a6239c3d8bdabc530a6a0816f7ff89a0aaf/library/test/src/lib.rs:133:21
[INFO] [stdout]   12:     0x612fa84ecd18 - <alloc::boxed::Box<F,A> as core::ops::function::Fn<Args>>::call::h9455091b6b06f9fb
[INFO] [stdout]                                at /rustc/90b35a6239c3d8bdabc530a6a0816f7ff89a0aaf/library/alloc/src/boxed.rs:2468:9
[INFO] [stdout]   13:     0x612fa84ecd18 - std::panicking::rust_panic_with_hook::h8942133a8b252070
[INFO] [stdout]                                at /rustc/90b35a6239c3d8bdabc530a6a0816f7ff89a0aaf/library/std/src/panicking.rs:809:13
[INFO] [stdout]   14:     0x612fa84ecada - std::panicking::begin_panic_handler::{{closure}}::hb5f5963570096b29
[INFO] [stdout]                                at /rustc/90b35a6239c3d8bdabc530a6a0816f7ff89a0aaf/library/std/src/panicking.rs:674:13
[INFO] [stdout]   15:     0x612fa84eb6f9 - std::sys::backtrace::__rust_end_short_backtrace::h6208cedc1922feda
[INFO] [stdout]                                at /rustc/90b35a6239c3d8bdabc530a6a0816f7ff89a0aaf/library/std/src/sys/backtrace.rs:170:18
[INFO] [stdout]   16:     0x612fa84ec76c - rust_begin_unwind
[INFO] [stdout]                                at /rustc/90b35a6239c3d8bdabc530a6a0816f7ff89a0aaf/library/std/src/panicking.rs:665:5
[INFO] [stdout]   17:     0x612fa847aa50 - core::panicking::panic_fmt::h0c3082644d1bf418
[INFO] [stdout]                                at /rustc/90b35a6239c3d8bdabc530a6a0816f7ff89a0aaf/library/core/src/panicking.rs:74:14
[INFO] [stdout]   18:     0x612fa847ad7b - core::panicking::assert_failed_inner::h2ddf1fcc067fa858
[INFO] [stdout]   19:     0x612fa847d2ab - core::panicking::assert_failed::hf4953f856b87fa39
[INFO] [stdout]                                at /rustc/90b35a6239c3d8bdabc530a6a0816f7ff89a0aaf/library/core/src/panicking.rs:367:5
[INFO] [stdout]   20:     0x612fa847f7be - _2024_9::tests::test_example0::h4b30b4702d6a6d76
[INFO] [stdout]                                at /opt/rustwide/workdir/2024/_9/src/lib.rs:176:9
[INFO] [stdout]   21:     0x612fa847f737 - _2024_9::tests::test_example0::{{closure}}::haf19b5a5851c50cf
[INFO] [stdout]                                at /opt/rustwide/workdir/2024/_9/src/lib.rs:174:23
[INFO] [stdout]   22:     0x612fa847c1e6 - core::ops::function::FnOnce::call_once::hac1e5c19055b9e0b
[INFO] [stdout]                                at /rustc/90b35a6239c3d8bdabc530a6a0816f7ff89a0aaf/library/core/src/ops/function.rs:250:5
[INFO] [stdout]   23:     0x612fa84bc72b - core::ops::function::FnOnce::call_once::h109cf8051a59b34e
[INFO] [stdout]                                at /rustc/90b35a6239c3d8bdabc530a6a0816f7ff89a0aaf/library/core/src/ops/function.rs:250:5
[INFO] [stdout]   24:     0x612fa84bc72b - test::__rust_begin_short_backtrace::hf4fff89d377446ba
[INFO] [stdout]                                at /rustc/90b35a6239c3d8bdabc530a6a0816f7ff89a0aaf/library/test/src/lib.rs:621:18
[INFO] [stdout]   25:     0x612fa84bbf67 - test::run_test_in_process::{{closure}}::h0e39181dd7ee5a43
[INFO] [stdout]                                at /rustc/90b35a6239c3d8bdabc530a6a0816f7ff89a0aaf/library/test/src/lib.rs:644:60
[INFO] [stdout]   26:     0x612fa84bbf67 - <core::panic::unwind_safe::AssertUnwindSafe<F> as core::ops::function::FnOnce<()>>::call_once::hc5a66a30f0bdfd1f
[INFO] [stdout]                                at /rustc/90b35a6239c3d8bdabc530a6a0816f7ff89a0aaf/library/core/src/panic/unwind_safe.rs:272:9
[INFO] [stdout]   27:     0x612fa84bbf67 - std::panicking::try::do_call::h873b7cf639554a5e
[INFO] [stdout]                                at /rustc/90b35a6239c3d8bdabc530a6a0816f7ff89a0aaf/library/std/src/panicking.rs:557:40
[INFO] [stdout]   28:     0x612fa84bbf67 - std::panicking::try::hdb19862fad9c8bd1
[INFO] [stdout]                                at /rustc/90b35a6239c3d8bdabc530a6a0816f7ff89a0aaf/library/std/src/panicking.rs:520:19
[INFO] [stdout]   29:     0x612fa84bbf67 - std::panic::catch_unwind::h281fe732d236d260
[INFO] [stdout]                                at /rustc/90b35a6239c3d8bdabc530a6a0816f7ff89a0aaf/library/std/src/panic.rs:358:14
[INFO] [stdout]   30:     0x612fa84bbf67 - test::run_test_in_process::h949b6df8457ed338
[INFO] [stdout]                                at /rustc/90b35a6239c3d8bdabc530a6a0816f7ff89a0aaf/library/test/src/lib.rs:644:27
[INFO] [stdout]   31:     0x612fa84bbf67 - test::run_test::{{closure}}::h52c556a6d4740e10
[INFO] [stdout]                                at /rustc/90b35a6239c3d8bdabc530a6a0816f7ff89a0aaf/library/test/src/lib.rs:565:43
[INFO] [stdout]   32:     0x612fa8481244 - test::run_test::{{closure}}::h4237f6381c45ccb9
[INFO] [stdout]                                at /rustc/90b35a6239c3d8bdabc530a6a0816f7ff89a0aaf/library/test/src/lib.rs:595:41
[INFO] [stdout]   33:     0x612fa8481244 - std::sys::backtrace::__rust_begin_short_backtrace::h505c97a579eca628
[INFO] [stdout]                                at /rustc/90b35a6239c3d8bdabc530a6a0816f7ff89a0aaf/library/std/src/sys/backtrace.rs:154:18
[INFO] [stdout]   34:     0x612fa848490e - std::thread::Builder::spawn_unchecked_::{{closure}}::{{closure}}::h9e86b2e2bc107ea3
[INFO] [stdout]                                at /rustc/90b35a6239c3d8bdabc530a6a0816f7ff89a0aaf/library/std/src/thread/mod.rs:538:17
[INFO] [stdout]   35:     0x612fa848490e - <core::panic::unwind_safe::AssertUnwindSafe<F> as core::ops::function::FnOnce<()>>::call_once::h8b06ddb275ff4a25
[INFO] [stdout]                                at /rustc/90b35a6239c3d8bdabc530a6a0816f7ff89a0aaf/library/core/src/panic/unwind_safe.rs:272:9
[INFO] [stdout]   36:     0x612fa848490e - std::panicking::try::do_call::hb26ecd7cd9a9355d
[INFO] [stdout]                                at /rustc/90b35a6239c3d8bdabc530a6a0816f7ff89a0aaf/library/std/src/panicking.rs:557:40
[INFO] [stdout]   37:     0x612fa848490e - std::panicking::try::h8ddeca9d705f9069
[INFO] [stdout]                                at /rustc/90b35a6239c3d8bdabc530a6a0816f7ff89a0aaf/library/std/src/panicking.rs:520:19
[INFO] [stdout]   38:     0x612fa848490e - std::panic::catch_unwind::h49e1c33078844c46
[INFO] [stdout]                                at /rustc/90b35a6239c3d8bdabc530a6a0816f7ff89a0aaf/library/std/src/panic.rs:358:14
[INFO] [stdout]   39:     0x612fa848490e - std::thread::Builder::spawn_unchecked_::{{closure}}::h6073db6ff56ad35d
[INFO] [stdout]                                at /rustc/90b35a6239c3d8bdabc530a6a0816f7ff89a0aaf/library/std/src/thread/mod.rs:537:30
[INFO] [stdout]   40:     0x612fa848490e - core::ops::function::FnOnce::call_once{{vtable.shim}}::h2c5a5f3779c774f1
[INFO] [stdout]                                at /rustc/90b35a6239c3d8bdabc530a6a0816f7ff89a0aaf/library/core/src/ops/function.rs:250:5
[INFO] [stdout]   41:     0x612fa84f0a6b - <alloc::boxed::Box<F,A> as core::ops::function::FnOnce<Args>>::call_once::hf75717d9f28faebf
[INFO] [stdout]                                at /rustc/90b35a6239c3d8bdabc530a6a0816f7ff89a0aaf/library/alloc/src/boxed.rs:2454:9
[INFO] [stdout]   42:     0x612fa84f0a6b - <alloc::boxed::Box<F,A> as core::ops::function::FnOnce<Args>>::call_once::h7bd883a5f3c5f3c1
[INFO] [stdout]                                at /rustc/90b35a6239c3d8bdabc530a6a0816f7ff89a0aaf/library/alloc/src/boxed.rs:2454:9
[INFO] [stdout]   43:     0x612fa84f0a6b - std::sys::pal::unix::thread::Thread::new::thread_start::hcc78f3943333fa94
[INFO] [stdout]                                at /rustc/90b35a6239c3d8bdabc530a6a0816f7ff89a0aaf/library/std/src/sys/pal/unix/thread.rs:105:17
[INFO] [stdout]   44:     0x77d46f840ac3 - <unknown>
[INFO] [stdout]   45:     0x77d46f8d1a04 - clone
[INFO] [stdout]   46:                0x0 - <unknown>
[INFO] [stdout] 
[INFO] [stdout] 
[INFO] [stdout] failures:
[INFO] [stdout]     tests::test_example0
[INFO] [stdout] 
[INFO] [stdout] test result: FAILED. 3 passed; 1 failed; 0 ignored; 0 measured; 0 filtered out; finished in 0.05s
[INFO] [stdout] 
[INFO] running `Command { std: "docker" "inspect" "038bacd54d114eccd2d505651713c26146ede967581f879305202f64b5621001", kill_on_drop: false }`
[INFO] running `Command { std: "docker" "rm" "-f" "038bacd54d114eccd2d505651713c26146ede967581f879305202f64b5621001", kill_on_drop: false }`
[INFO] [stdout] 038bacd54d114eccd2d505651713c26146ede967581f879305202f64b5621001
