[INFO] cloning repository https://github.com/drautb/emu-6502
[INFO] running `Command { std: "git" "-c" "credential.helper=" "-c" "credential.helper=/workspace/cargo-home/bin/git-credential-null" "clone" "--bare" "https://github.com/drautb/emu-6502" "/workspace/cache/git-repos/https%3A%2F%2Fgithub.com%2Fdrautb%2Femu-6502", kill_on_drop: false }`
[INFO] [stderr] Cloning into bare repository '/workspace/cache/git-repos/https%3A%2F%2Fgithub.com%2Fdrautb%2Femu-6502'...
[INFO] running `Command { std: "git" "rev-parse" "HEAD", kill_on_drop: false }`
[INFO] [stdout] 4e2c6a4298ecc6d038001f2a6ba5daed2179b98f
[INFO] testing drautb/emu-6502 against 1.83.0 for beta-1.84.0-4-retry
[INFO] running `Command { std: "git" "clone" "/workspace/cache/git-repos/https%3A%2F%2Fgithub.com%2Fdrautb%2Femu-6502" "/workspace/builds/worker-3-tc1/source", kill_on_drop: false }`
[INFO] [stderr] Cloning into '/workspace/builds/worker-3-tc1/source'...
[INFO] [stderr] done.
[INFO] validating manifest of git repo https://github.com/drautb/emu-6502 on toolchain 1.83.0
[INFO] running `Command { std: CARGO_HOME="/workspace/cargo-home" RUSTUP_HOME="/workspace/rustup-home" "/workspace/cargo-home/bin/cargo" "+1.83.0" "metadata" "--manifest-path" "Cargo.toml" "--no-deps", kill_on_drop: false }`
[INFO] started tweaking git repo https://github.com/drautb/emu-6502
[INFO] finished tweaking git repo https://github.com/drautb/emu-6502
[INFO] tweaked toml for git repo https://github.com/drautb/emu-6502 written to /workspace/builds/worker-3-tc1/source/Cargo.toml
[INFO] crate git repo https://github.com/drautb/emu-6502 already has a lockfile, it will not be regenerated
[INFO] running `Command { std: CARGO_HOME="/workspace/cargo-home" RUSTUP_HOME="/workspace/rustup-home" "/workspace/cargo-home/bin/cargo" "+1.83.0" "fetch" "--manifest-path" "Cargo.toml", kill_on_drop: false }`
[INFO] running `Command { std: "docker" "create" "-v" "/var/lib/crater-agent-workspace/builds/worker-3-tc1/target:/opt/rustwide/target:rw,Z" "-v" "/var/lib/crater-agent-workspace/builds/worker-3-tc1/source:/opt/rustwide/workdir:ro,Z" "-v" "/var/lib/crater-agent-workspace/cargo-home:/opt/rustwide/cargo-home:ro,Z" "-v" "/var/lib/crater-agent-workspace/rustup-home:/opt/rustwide/rustup-home:ro,Z" "-e" "SOURCE_DIR=/opt/rustwide/workdir" "-e" "CARGO_TARGET_DIR=/opt/rustwide/target" "-e" "CARGO_HOME=/opt/rustwide/cargo-home" "-e" "RUSTUP_HOME=/opt/rustwide/rustup-home" "-w" "/opt/rustwide/workdir" "-m" "1610612736" "--user" "0:0" "--network" "none" "ghcr.io/rust-lang/crates-build-env/linux@sha256:f3a9d4ad9d972b27faf3965f35b62e55ba32bbce8f20bc8fe909558a86702fde" "/opt/rustwide/cargo-home/bin/cargo" "+1.83.0" "metadata" "--no-deps" "--format-version=1", kill_on_drop: false }`
[INFO] [stdout] 2262ea47d6e1fdf89c7a6ee398fc1b4fbb27e6e80b0aa79545d2e7c5f1f77be4
[INFO] running `Command { std: "docker" "start" "-a" "2262ea47d6e1fdf89c7a6ee398fc1b4fbb27e6e80b0aa79545d2e7c5f1f77be4", kill_on_drop: false }`
[INFO] running `Command { std: "docker" "inspect" "2262ea47d6e1fdf89c7a6ee398fc1b4fbb27e6e80b0aa79545d2e7c5f1f77be4", kill_on_drop: false }`
[INFO] running `Command { std: "docker" "rm" "-f" "2262ea47d6e1fdf89c7a6ee398fc1b4fbb27e6e80b0aa79545d2e7c5f1f77be4", kill_on_drop: false }`
[INFO] [stdout] 2262ea47d6e1fdf89c7a6ee398fc1b4fbb27e6e80b0aa79545d2e7c5f1f77be4
[INFO] running `Command { std: "docker" "create" "-v" "/var/lib/crater-agent-workspace/builds/worker-3-tc1/target:/opt/rustwide/target:rw,Z" "-v" "/var/lib/crater-agent-workspace/builds/worker-3-tc1/source:/opt/rustwide/workdir:ro,Z" "-v" "/var/lib/crater-agent-workspace/cargo-home:/opt/rustwide/cargo-home:ro,Z" "-v" "/var/lib/crater-agent-workspace/rustup-home:/opt/rustwide/rustup-home:ro,Z" "-e" "SOURCE_DIR=/opt/rustwide/workdir" "-e" "CARGO_TARGET_DIR=/opt/rustwide/target" "-e" "CARGO_INCREMENTAL=0" "-e" "RUST_BACKTRACE=full" "-e" "RUSTFLAGS=--cap-lints=warn" "-e" "RUSTDOCFLAGS=--cap-lints=warn" "-e" "CARGO_HOME=/opt/rustwide/cargo-home" "-e" "RUSTUP_HOME=/opt/rustwide/rustup-home" "-w" "/opt/rustwide/workdir" "-m" "1610612736" "--user" "0:0" "--network" "none" "ghcr.io/rust-lang/crates-build-env/linux@sha256:f3a9d4ad9d972b27faf3965f35b62e55ba32bbce8f20bc8fe909558a86702fde" "/opt/rustwide/cargo-home/bin/cargo" "+1.83.0" "build" "--frozen" "--message-format=json", kill_on_drop: false }`
[INFO] [stdout] b2629a4433ba3ab78ad5b8991573f640da6585c0892e517a1750c0a9378c6ea4
[INFO] running `Command { std: "docker" "start" "-a" "b2629a4433ba3ab78ad5b8991573f640da6585c0892e517a1750c0a9378c6ea4", kill_on_drop: false }`
[INFO] [stderr]    Compiling proc-macro2 v1.0.69
[INFO] [stderr]    Compiling unicode-ident v1.0.12
[INFO] [stderr]    Compiling autocfg v1.1.0
[INFO] [stderr]    Compiling libc v0.2.149
[INFO] [stderr]    Compiling cfg-if v1.0.0
[INFO] [stderr]    Compiling pkg-config v0.3.27
[INFO] [stderr]    Compiling smallvec v1.11.1
[INFO] [stderr]    Compiling serde v1.0.189
[INFO] [stderr]    Compiling equivalent v1.0.1
[INFO] [stderr]    Compiling hashbrown v0.14.1
[INFO] [stderr]    Compiling winnow v0.5.17
[INFO] [stderr]    Compiling version_check v0.9.4
[INFO] [stderr]    Compiling target-lexicon v0.12.12
[INFO] [stderr]    Compiling heck v0.4.1
[INFO] [stderr]    Compiling version-compare v0.1.1
[INFO] [stderr]    Compiling bitflags v1.3.2
[INFO] [stderr]    Compiling once_cell v1.18.0
[INFO] [stderr]    Compiling xml-rs v0.8.19
[INFO] [stderr]    Compiling memchr v2.6.4
[INFO] [stderr]    Compiling log v0.4.20
[INFO] [stderr]    Compiling futures-core v0.3.28
[INFO] [stderr]    Compiling libloading v0.8.1
[INFO] [stderr]    Compiling lazy_static v1.4.0
[INFO] [stderr]    Compiling syn v1.0.109
[INFO] [stderr]    Compiling pin-project-lite v0.2.13
[INFO] [stderr]    Compiling crossbeam-utils v0.8.16
[INFO] [stderr]    Compiling dlib v0.5.2
[INFO] [stderr]    Compiling memoffset v0.6.5
[INFO] [stderr]    Compiling futures-io v0.3.28
[INFO] [stderr]    Compiling typenum v1.17.0
[INFO] [stderr]    Compiling event-listener v2.5.3
[INFO] [stderr]    Compiling generic-array v0.14.7
[INFO] [stderr]    Compiling crc32fast v1.3.2
[INFO] [stderr]    Compiling khronos_api v3.1.0
[INFO] [stderr]    Compiling wayland-sys v0.29.5
[INFO] [stderr]    Compiling ttf-parser v0.19.2
[INFO] [stderr]    Compiling cfg_aliases v0.1.1
[INFO] [stderr]    Compiling simd-adler32 v0.3.7
[INFO] [stderr]    Compiling thiserror v1.0.49
[INFO] [stderr]    Compiling quote v1.0.33
[INFO] [stderr]    Compiling indexmap v2.0.2
[INFO] [stderr]    Compiling concurrent-queue v2.3.0
[INFO] [stderr]    Compiling slab v0.4.9
[INFO] [stderr]    Compiling syn v2.0.38
[INFO] [stderr]    Compiling cfg-expr v0.15.5
[INFO] [stderr]    Compiling wayland-scanner v0.29.5
[INFO] [stderr]    Compiling nix v0.24.3
[INFO] [stderr]    Compiling slotmap v1.0.6
[INFO] [stderr]    Compiling scoped-tls v1.0.1
[INFO] [stderr]    Compiling ab_glyph_rasterizer v0.1.8
[INFO] [stderr]    Compiling downcast-rs v1.2.0
[INFO] [stderr]    Compiling fastrand v1.9.0
[INFO] [stderr]    Compiling adler v1.0.2
[INFO] [stderr]    Compiling parking v2.1.1
[INFO] [stderr]    Compiling waker-fn v1.1.1
[INFO] [stderr]    Compiling minimal-lexical v0.2.1
[INFO] [stderr]    Compiling miniz_oxide v0.7.1
[INFO] [stderr]    Compiling futures-lite v1.13.0
[INFO] [stderr]    Compiling async-lock v2.8.0
[INFO] [stderr]    Compiling memoffset v0.7.1
[INFO] [stderr]    Compiling lock_api v0.4.10
[INFO] [stderr]    Compiling nom v7.1.3
[INFO] [stderr]    Compiling parking_lot_core v0.9.8
[INFO] [stderr]    Compiling io-lifetimes v1.0.11
[INFO] [stderr]    Compiling fastrand v2.0.1
[INFO] [stderr]    Compiling gl_generator v0.14.0
[INFO] [stderr]    Compiling nix v0.25.1
[INFO] [stderr]    Compiling getrandom v0.2.10
[INFO] [stderr]    Compiling fdeflate v0.3.0
[INFO] [stderr]    Compiling flate2 v1.0.28
[INFO] [stderr]    Compiling x11-dl v2.21.0
[INFO] [stderr]    Compiling smithay-client-toolkit v0.16.1
[INFO] [stderr]    Compiling wayland-client v0.29.5
[INFO] [stderr]    Compiling wayland-protocols v0.29.5
[INFO] [stderr]    Compiling aho-corasick v1.1.2
[INFO] [stderr]    Compiling polling v2.8.0
[INFO] [stderr]    Compiling tracing-core v0.1.32
[INFO] [stderr]    Compiling scopeguard v1.2.0
[INFO] [stderr]    Compiling vec_map v0.8.2
[INFO] [stderr]    Compiling futures-task v0.3.28
[INFO] [stderr]    Compiling regex-syntax v0.8.2
[INFO] [stderr]    Compiling atomic-waker v1.1.2
[INFO] [stderr]    Compiling byteorder v1.5.0
[INFO] [stderr]    Compiling rustix v0.37.25
[INFO] [stderr]    Compiling async-task v4.4.1
[INFO] [stderr]    Compiling piper v0.2.1
[INFO] [stderr]    Compiling png v0.17.10
[INFO] [stderr]    Compiling owned_ttf_parser v0.19.0
[INFO] [stderr]    Compiling block-buffer v0.10.4
[INFO] [stderr]    Compiling crypto-common v0.1.6
[INFO] [stderr]    Compiling ab_glyph v0.2.22
[INFO] [stderr]    Compiling rand_core v0.6.4
[INFO] [stderr]    Compiling xcursor v0.3.4
[INFO] [stderr]    Compiling async-channel v1.9.0
[INFO] [stderr]    Compiling memmap2 v0.5.10
[INFO] [stderr]    Compiling async-io v1.13.0
[INFO] [stderr]    Compiling async-fs v1.6.0
[INFO] [stderr]    Compiling ahash v0.8.3
[INFO] [stderr]    Compiling strict-num v0.1.1
[INFO] [stderr]    Compiling arrayref v0.3.7
[INFO] [stderr]    Compiling static_assertions v1.1.0
[INFO] [stderr]    Compiling percent-encoding v2.3.0
[INFO] [stderr]    Compiling linux-raw-sys v0.3.8
[INFO] [stderr]    Compiling futures-util v0.3.28
[INFO] [stderr]    Compiling ppv-lite86 v0.2.17
[INFO] [stderr]    Compiling async-trait v0.1.74
[INFO] [stderr]    Compiling toml_datetime v0.6.3
[INFO] [stderr]    Compiling serde_spanned v0.6.3
[INFO] [stderr]    Compiling parking_lot v0.12.1
[INFO] [stderr]    Compiling nix v0.26.4
[INFO] [stderr]    Compiling digest v0.10.7
[INFO] [stderr]    Compiling toml_edit v0.20.2
[INFO] [stderr]    Compiling toml_edit v0.19.15
[INFO] [stderr]    Compiling rand_chacha v0.3.1
[INFO] [stderr]    Compiling regex-automata v0.4.3
[INFO] [stderr]    Compiling socket2 v0.4.9
[INFO] [stderr]    Compiling zvariant_utils v1.0.1
[INFO] [stderr]    Compiling tinyvec_macros v0.1.1
[INFO] [stderr]    Compiling futures-sink v0.3.28
[INFO] [stderr]    Compiling pin-utils v0.1.0
[INFO] [stderr]    Compiling arrayvec v0.7.4
[INFO] [stderr]    Compiling cpufeatures v0.2.9
[INFO] [stderr]    Compiling raw-window-handle v0.5.2
[INFO] [stderr]    Compiling sha1 v0.10.6
[INFO] [stderr]    Compiling wayland-commons v0.29.5
[INFO] [stderr]    Compiling xdg-home v1.0.0
[INFO] [stderr]    Compiling tinyvec v1.6.0
[INFO] [stderr]    Compiling rand v0.8.5
[INFO] [stderr]    Compiling async-executor v1.5.4
[INFO] [stderr]    Compiling winit v0.28.7
[INFO] [stderr]    Compiling async-broadcast v0.5.1
[INFO] [stderr]    Compiling ordered-stream v0.2.0
[INFO] [stderr]    Compiling num-traits v0.2.17
[INFO] [stderr]    Compiling unicase v2.7.0
[INFO] [stderr]    Compiling hex v0.4.3
[INFO] [stderr]    Compiling nohash-hasher v0.2.0
[INFO] [stderr]    Compiling unicode-normalization v0.1.22
[INFO] [stderr]    Compiling glutin_egl_sys v0.5.1
[INFO] [stderr]    Compiling proc-macro-crate v1.3.1
[INFO] [stderr]    Compiling glutin_glx_sys v0.4.0
[INFO] [stderr]    Compiling mio v0.8.8
[INFO] [stderr]    Compiling toml v0.8.2
[INFO] [stderr]    Compiling wayland-cursor v0.29.5
[INFO] [stderr]    Compiling wayland-sys v0.30.1
[INFO] [stderr]    Compiling system-deps v6.1.2
[INFO] [stderr]    Compiling num-integer v0.1.45
[INFO] [stderr]    Compiling instant v0.1.12
[INFO] [stderr]    Compiling unicode-bidi v0.3.13
[INFO] [stderr]    Compiling x11rb-protocol v0.10.0
[INFO] [stderr]    Compiling regex v1.10.2
[INFO] [stderr]    Compiling form_urlencoded v1.2.0
[INFO] [stderr]    Compiling derivative v2.2.0
[INFO] [stderr]    Compiling zvariant_derive v3.15.0
[INFO] [stderr]    Compiling atspi-macros v0.2.0
[INFO] [stderr]    Compiling idna v0.4.0
[INFO] [stderr]    Compiling gethostname v0.2.3
[INFO] [stderr]    Compiling glutin v0.30.10
[INFO] [stderr]    Compiling num-rational v0.4.1
[INFO] [stderr]    Compiling utf8parse v0.2.1
[INFO] [stderr]    Compiling anstyle-parse v0.2.2
[INFO] [stderr]    Compiling glib-sys v0.18.1
[INFO] [stderr]    Compiling gobject-sys v0.18.0
[INFO] [stderr]    Compiling gdk-sys v0.18.0
[INFO] [stderr]    Compiling atk-sys v0.18.0
[INFO] [stderr]    Compiling gio-sys v0.18.1
[INFO] [stderr]    Compiling cairo-sys-rs v0.18.2
[INFO] [stderr]    Compiling pango-sys v0.18.0
[INFO] [stderr]    Compiling gdk-pixbuf-sys v0.18.0
[INFO] [stderr]    Compiling gtk-sys v0.18.0
[INFO] [stderr]    Compiling url v2.4.1
[INFO] [stderr]    Compiling serde_derive v1.0.189
[INFO] [stderr]    Compiling bytemuck_derive v1.5.0
[INFO] [stderr]    Compiling thiserror-impl v1.0.49
[INFO] [stderr]    Compiling enumflags2_derive v0.7.8
[INFO] [stderr]    Compiling tracing-attributes v0.1.27
[INFO] [stderr]    Compiling enumn v0.1.12
[INFO] [stderr]    Compiling serde_repr v0.1.16
[INFO] [stderr]    Compiling async-recursion v1.0.5
[INFO] [stderr]    Compiling zbus_macros v3.14.1
[INFO] [stderr]    Compiling mime_guess v2.0.4
[INFO] [stderr]    Compiling glutin-winit v0.3.0
[INFO] [stderr]    Compiling bytemuck v1.14.0
[INFO] [stderr]    Compiling libloading v0.7.4
[INFO] [stderr]    Compiling home v0.5.5
[INFO] [stderr]    Compiling anstyle v1.0.4
[INFO] [stderr]    Compiling tiny-skia-path v0.8.4
[INFO] [stderr]    Compiling anstyle-query v1.0.0
[INFO] [stderr]    Compiling colorchoice v1.0.0
[INFO] [stderr]    Compiling webbrowser v0.8.12
[INFO] [stderr]    Compiling anstream v0.6.4
[INFO] [stderr]    Compiling enum-map-derive v0.14.0
[INFO] [stderr]    Compiling calloop v0.10.6
[INFO] [stderr]    Compiling rfd v0.12.0
[INFO] [stderr]    Compiling clap_lex v0.5.1
[INFO] [stderr]    Compiling web-time v0.2.2
[INFO] [stderr]    Compiling tracing v0.1.39
[INFO] [stderr]    Compiling tiny-skia v0.8.4
[INFO] [stderr]    Compiling strsim v0.10.0
[INFO] [stderr]    Compiling glow v0.12.3
[INFO] [stderr]    Compiling blocking v1.4.1
[INFO] [stderr]    Compiling mime v0.3.17
[INFO] [stderr]    Compiling color_quant v1.1.0
[INFO] [stderr]    Compiling clap_builder v4.4.6
[INFO] [stderr]    Compiling clap_derive v4.4.2
[INFO] [stderr]    Compiling image v0.24.7
[INFO] [stderr]    Compiling x11rb v0.10.1
[INFO] [stderr]    Compiling arboard v3.2.1
[INFO] [stderr]    Compiling clap v4.4.6
[INFO] [stderr]    Compiling accesskit v0.11.2
[INFO] [stderr]    Compiling enumflags2 v0.7.8
[INFO] [stderr]    Compiling ecolor v0.23.0
[INFO] [stderr]    Compiling emath v0.23.0
[INFO] [stderr]    Compiling enum-map v2.6.3
[INFO] [stderr]    Compiling zvariant v3.15.0
[INFO] [stderr]    Compiling epaint v0.23.0
[INFO] [stderr]    Compiling accesskit_consumer v0.15.2
[INFO] [stderr]    Compiling zbus_names v2.6.0
[INFO] [stderr]    Compiling zbus v3.14.1
[INFO] [stderr]    Compiling egui v0.23.0
[INFO] [stderr]    Compiling egui_glow v0.23.0
[INFO] [stderr]    Compiling egui_extras v0.23.0
[INFO] [stderr]    Compiling atspi v0.10.1
[INFO] [stderr]    Compiling accesskit_unix v0.5.2
[INFO] [stderr]    Compiling sctk-adwaita v0.5.4
[INFO] [stderr]    Compiling smithay-clipboard v0.6.6
[INFO] [stderr]    Compiling accesskit_winit v0.14.4
[INFO] [stderr]    Compiling egui-winit v0.23.0
[INFO] [stderr]    Compiling eframe v0.23.0
[INFO] [stderr]    Compiling emu-6502 v0.1.0 (/opt/rustwide/workdir)
[INFO] [stderr]     Finished `dev` profile [unoptimized + debuginfo] target(s) in 2m 58s
[INFO] running `Command { std: "docker" "inspect" "b2629a4433ba3ab78ad5b8991573f640da6585c0892e517a1750c0a9378c6ea4", kill_on_drop: false }`
[INFO] running `Command { std: "docker" "rm" "-f" "b2629a4433ba3ab78ad5b8991573f640da6585c0892e517a1750c0a9378c6ea4", kill_on_drop: false }`
[INFO] [stdout] b2629a4433ba3ab78ad5b8991573f640da6585c0892e517a1750c0a9378c6ea4
[INFO] running `Command { std: "docker" "create" "-v" "/var/lib/crater-agent-workspace/builds/worker-3-tc1/target:/opt/rustwide/target:rw,Z" "-v" "/var/lib/crater-agent-workspace/builds/worker-3-tc1/source:/opt/rustwide/workdir:ro,Z" "-v" "/var/lib/crater-agent-workspace/cargo-home:/opt/rustwide/cargo-home:ro,Z" "-v" "/var/lib/crater-agent-workspace/rustup-home:/opt/rustwide/rustup-home:ro,Z" "-e" "SOURCE_DIR=/opt/rustwide/workdir" "-e" "CARGO_TARGET_DIR=/opt/rustwide/target" "-e" "CARGO_INCREMENTAL=0" "-e" "RUST_BACKTRACE=full" "-e" "RUSTFLAGS=--cap-lints=warn" "-e" "RUSTDOCFLAGS=--cap-lints=warn" "-e" "CARGO_HOME=/opt/rustwide/cargo-home" "-e" "RUSTUP_HOME=/opt/rustwide/rustup-home" "-w" "/opt/rustwide/workdir" "-m" "1610612736" "--user" "0:0" "--network" "none" "ghcr.io/rust-lang/crates-build-env/linux@sha256:f3a9d4ad9d972b27faf3965f35b62e55ba32bbce8f20bc8fe909558a86702fde" "/opt/rustwide/cargo-home/bin/cargo" "+1.83.0" "test" "--frozen" "--no-run" "--message-format=json", kill_on_drop: false }`
[INFO] [stdout] ecc34b2f8012b811f638678ec0db2174c4933fd779d367ff55b87ab6cbadfb6f
[INFO] running `Command { std: "docker" "start" "-a" "ecc34b2f8012b811f638678ec0db2174c4933fd779d367ff55b87ab6cbadfb6f", kill_on_drop: false }`
[INFO] [stderr]    Compiling emu-6502 v0.1.0 (/opt/rustwide/workdir)
[INFO] [stderr]     Finished `test` profile [unoptimized + debuginfo] target(s) in 13.91s
[INFO] running `Command { std: "docker" "inspect" "ecc34b2f8012b811f638678ec0db2174c4933fd779d367ff55b87ab6cbadfb6f", kill_on_drop: false }`
[INFO] running `Command { std: "docker" "rm" "-f" "ecc34b2f8012b811f638678ec0db2174c4933fd779d367ff55b87ab6cbadfb6f", kill_on_drop: false }`
[INFO] [stdout] ecc34b2f8012b811f638678ec0db2174c4933fd779d367ff55b87ab6cbadfb6f
[INFO] running `Command { std: "docker" "create" "-v" "/var/lib/crater-agent-workspace/builds/worker-3-tc1/target:/opt/rustwide/target:rw,Z" "-v" "/var/lib/crater-agent-workspace/builds/worker-3-tc1/source:/opt/rustwide/workdir:ro,Z" "-v" "/var/lib/crater-agent-workspace/cargo-home:/opt/rustwide/cargo-home:ro,Z" "-v" "/var/lib/crater-agent-workspace/rustup-home:/opt/rustwide/rustup-home:ro,Z" "-e" "SOURCE_DIR=/opt/rustwide/workdir" "-e" "CARGO_TARGET_DIR=/opt/rustwide/target" "-e" "CARGO_INCREMENTAL=0" "-e" "RUST_BACKTRACE=full" "-e" "RUSTFLAGS=--cap-lints=warn" "-e" "RUSTDOCFLAGS=--cap-lints=warn" "-e" "CARGO_HOME=/opt/rustwide/cargo-home" "-e" "RUSTUP_HOME=/opt/rustwide/rustup-home" "-w" "/opt/rustwide/workdir" "-m" "1610612736" "--user" "0:0" "--network" "none" "ghcr.io/rust-lang/crates-build-env/linux@sha256:f3a9d4ad9d972b27faf3965f35b62e55ba32bbce8f20bc8fe909558a86702fde" "/opt/rustwide/cargo-home/bin/cargo" "+1.83.0" "test" "--frozen", kill_on_drop: false }`
[INFO] [stdout] 3cc155b42b7ca1e3d908866701a63769cc7ba410e5014cbccc16b60a887a2cdb
[INFO] running `Command { std: "docker" "start" "-a" "3cc155b42b7ca1e3d908866701a63769cc7ba410e5014cbccc16b60a887a2cdb", kill_on_drop: false }`
[INFO] [stderr]     Finished `test` profile [unoptimized + debuginfo] target(s) in 0.31s
[INFO] [stderr]      Running unittests src/lib.rs (/opt/rustwide/target/debug/deps/emu_6502-b6d136f694d0fe5b)
[INFO] [stdout] 
[INFO] [stdout] running 181 tests
[INFO] [stdout] test cpu::tests::and_tests::and_aiy ... ok
[INFO] [stdout] test cpu::tests::adc_tests::adc_decimal ... ok
[INFO] [stdout] test cpu::tests::adc_tests::adc_decimal_set_carry ... ok
[INFO] [stdout] test cpu::tests::and_tests::and_immediate ... ok
[INFO] [stdout] test cpu::tests::adc_tests::adc_zero_plus_zero ... ok
[INFO] [stdout] test cpu::tests::adc_tests::adc ... ok
[INFO] [stdout] test cpu::tests::and_tests::and_immediate_pn ... ok
[INFO] [stdout] test cpu::tests::adc_tests::adc_carry ... ok
[INFO] [stdout] test cpu::tests::and_tests::and_zpiiy ... ok
[INFO] [stdout] test cpu::tests::and_tests::and_zpix ... ok
[INFO] [stdout] test cpu::tests::asl_tests::asl_abs ... ok
[INFO] [stdout] test cpu::tests::asl_tests::asl_acc ... ok
[INFO] [stdout] test cpu::tests::asl_tests::asl_zp ... ok
[INFO] [stdout] test cpu::tests::adc_tests::adc_zero_plus_ff_vzc ... ok
[INFO] [stdout] test cpu::tests::and_tests::and_abs ... ok
[INFO] [stdout] test cpu::tests::and_tests::and_immediate_pz ... ok
[INFO] [stdout] test cpu::tests::and_tests::and_aix ... ok
[INFO] [stdout] test cpu::tests::and_tests::and_zp ... ok
[INFO] [stdout] test cpu::tests::bit_tests::bit_nonzero_immediate ... ok
[INFO] [stdout] test cpu::tests::and_tests::and_zpi ... ok
[INFO] [stdout] test cpu::tests::bit_tests::bit_zero_immediate ... ok
[INFO] [stdout] test cpu::tests::and_tests::and_zpii ... ok
[INFO] [stdout] test cpu::tests::branch_tests::bbr_branch_backward ... ok
[INFO] [stdout] test cpu::tests::branch_tests::bbr_branch_forward ... ok
[INFO] [stdout] test cpu::tests::branch_tests::bbr_no_branch ... ok
[INFO] [stdout] test cpu::tests::branch_tests::bcc_no_branch ... ok
[INFO] [stdout] test cpu::tests::branch_tests::bbs_branch_backward ... ok
[INFO] [stdout] test cpu::tests::branch_tests::beq_branch_forward ... ok
[INFO] [stdout] test cpu::tests::branch_tests::bmi_branch_backward ... ok
[INFO] [stdout] test cpu::tests::branch_tests::bne_branch_foward ... ok
[INFO] [stdout] test cpu::tests::branch_tests::bmi_branch_forward ... ok
[INFO] [stdout] test cpu::tests::branch_tests::bmi_no_branch ... ok
[INFO] [stdout] test cpu::tests::branch_tests::bne_branch_backward ... ok
[INFO] [stdout] test cpu::tests::branch_tests::bcc_branch_backward ... ok
[INFO] [stdout] test cpu::tests::branch_tests::bcc_branch_forward ... ok
[INFO] [stdout] test cpu::tests::branch_tests::bcs_branch_forward ... ok
[INFO] [stdout] test cpu::tests::branch_tests::bcs_no_branch ... ok
[INFO] [stdout] test cpu::tests::branch_tests::bne_no_branch ... ok
[INFO] [stdout] test cpu::tests::branch_tests::bbs_no_branch ... ok
[INFO] [stdout] test cpu::tests::branch_tests::bpl_branch_forward ... ok
[INFO] [stdout] test cpu::tests::branch_tests::bra_branch_backward ... ok
[INFO] [stdout] test cpu::tests::branch_tests::beq_no_branch ... ok
[INFO] [stdout] test cpu::tests::branch_tests::bpl_branch_backward ... ok
[INFO] [stdout] test cpu::tests::branch_tests::beq_branch_backward ... ok
[INFO] [stdout] test cpu::tests::branch_tests::bbs_branch_forward ... ok
[INFO] [stdout] test cpu::tests::branch_tests::bvc_branch_forward ... ok
[INFO] [stdout] test cpu::tests::branch_tests::bvs_no_branch ... ok
[INFO] [stdout] test cpu::tests::clear_tests::cli ... ok
[INFO] [stdout] test cpu::tests::clear_tests::clc ... ok
[INFO] [stdout] test cpu::tests::clear_tests::clv ... ok
[INFO] [stdout] test cpu::tests::branch_tests::bcs_branch_backward ... ok
[INFO] [stdout] test cpu::tests::cmp_tests::cmp_equal ... ok
[INFO] [stdout] test cpu::tests::branch_tests::bvc_branch_backward ... ok
[INFO] [stdout] test cpu::tests::branch_tests::bra_branch_forward ... ok
[INFO] [stdout] test cpu::tests::branch_tests::bvs_branch_forward ... ok
[INFO] [stdout] test cpu::tests::branch_tests::bvs_branch_backward ... ok
[INFO] [stdout] test cpu::tests::branch_tests::bpl_no_branch ... ok
[INFO] [stdout] test cpu::tests::branch_tests::bvc_no_branch ... ok
[INFO] [stdout] test cpu::tests::cmp_tests::cpx_equal ... ok
[INFO] [stdout] test cpu::tests::cmp_tests::cmp_less_than ... ok
[INFO] [stdout] test cpu::tests::cpu_status_tests::overflow_flag ... ok
[INFO] [stdout] test cpu::tests::dec_tests::dec_abs_neg ... ok
[INFO] [stdout] test cpu::tests::cmp_tests::cpy_equal ... ok
[INFO] [stdout] test cpu::tests::cmp_tests::cpx_greater_than ... ok
[INFO] [stdout] test cpu::tests::dec_tests::dec_abs ... ok
[INFO] [stdout] test cpu::tests::cmp_tests::cmp_greater_than ... ok
[INFO] [stdout] test cpu::tests::cmp_tests::cpx_less_than ... ok
[INFO] [stdout] test cpu::tests::clear_tests::cld ... ok
[INFO] [stdout] test cpu::tests::cmp_tests::cpy_greater_than ... ok
[INFO] [stdout] test cpu::tests::dec_tests::dec_acc_neg ... ok
[INFO] [stdout] test cpu::tests::dec_tests::dec_acc_zero ... ok
[INFO] [stdout] test cpu::tests::dec_tests::dex_zero ... ok
[INFO] [stdout] test cpu::tests::dec_tests::dex ... ok
[INFO] [stdout] test cpu::tests::eor_tests::eor_zero ... ok
[INFO] [stdout] test cpu::tests::inc_tests::inc_acc_reset_zero ... ok
[INFO] [stdout] test cpu::tests::cmp_tests::cmp_equal_zero ... ok
[INFO] [stdout] test cpu::tests::dec_tests::dec_acc ... ok
[INFO] [stdout] test cpu::tests::dec_tests::dex_neg ... ok
[INFO] [stdout] test cpu::tests::dec_tests::dec_abs_zero ... ok
[INFO] [stdout] test cpu::tests::inc_tests::inc_acc ... ok
[INFO] [stdout] test cpu::tests::cmp_tests::cpy_less_than ... ok
[INFO] [stdout] test cpu::tests::inc_tests::inc_abs_zero ... ok
[INFO] [stdout] test cpu::tests::dec_tests::dey ... ok
[INFO] [stdout] test cpu::tests::dec_tests::dey_neg ... ok
[INFO] [stdout] test cpu::tests::dec_tests::dey_zero ... ok
[INFO] [stdout] test cpu::tests::eor_tests::eor_neg ... ok
[INFO] [stdout] test cpu::tests::inc_tests::inc_abs_reset_zero ... ok
[INFO] [stdout] test cpu::tests::inc_tests::inx_neg ... ok
[INFO] [stdout] test cpu::tests::inc_tests::iny_reset_zero ... ok
[INFO] [stdout] test cpu::tests::inc_tests::inx_reset_zero ... ok
[INFO] [stdout] test cpu::tests::inc_tests::iny_zero ... ok
[INFO] [stdout] test cpu::tests::jmp_tests::jmp_abs ... ok
[INFO] [stdout] test cpu::tests::jmp_tests::jsr ... ok
[INFO] [stdout] test cpu::tests::inc_tests::inx ... ok
[INFO] [stdout] test cpu::tests::jmp_tests::jmp_ai ... ok
[INFO] [stdout] test cpu::tests::interrupt_tests::brk ... ok
[INFO] [stdout] test cpu::tests::jmp_tests::rts ... ok
[INFO] [stdout] test cpu::tests::jmp_tests::jmp_aii ... ok
[INFO] [stdout] test cpu::tests::ld_tests::lda_abs ... ok
[INFO] [stdout] test cpu::tests::inc_tests::inc_abs ... ok
[INFO] [stdout] test cpu::tests::inc_tests::inx_reset_neg ... ok
[INFO] [stdout] test cpu::tests::inc_tests::inx_zero ... ok
[INFO] [stdout] test cpu::tests::inc_tests::iny ... ok
[INFO] [stdout] test cpu::tests::interrupt_tests::rti ... ok
[INFO] [stdout] test cpu::tests::inc_tests::iny_neg ... ok
[INFO] [stdout] test cpu::tests::ld_tests::lda_immediate ... ok
[INFO] [stdout] test cpu::tests::ld_tests::ldx_zpiy ... ok
[INFO] [stdout] test cpu::tests::ld_tests::ldy_abs ... ok
[INFO] [stdout] test cpu::tests::ld_tests::ldy_immediate ... ok
[INFO] [stdout] test cpu::tests::inc_tests::iny_reset_neg ... ok
[INFO] [stdout] test cpu::tests::inc_tests::inc_acc_zero ... ok
[INFO] [stdout] test cpu::tests::ld_tests::ldx_abs ... ok
[INFO] [stdout] test cpu::tests::ld_tests::ldx_immediate ... ok
[INFO] [stdout] test cpu::tests::lsr_tests::lsr_abs_zero ... ok
[INFO] [stdout] test cpu::tests::lsr_tests::lsr_acc_zero ... ok
[INFO] [stdout] test cpu::tests::nop_tests::wai ... ok
[INFO] [stdout] test cpu::tests::ld_tests::ldy_zpix ... ok
[INFO] [stdout] test cpu::tests::lsr_tests::lsr_abs ... ok
[INFO] [stdout] test cpu::tests::push_pull_stack_tests::pha ... ok
[INFO] [stdout] test cpu::tests::push_pull_stack_tests::php ... ok
[INFO] [stdout] test cpu::tests::push_pull_stack_tests::pla_neg ... ok
[INFO] [stdout] test cpu::tests::nop_tests::nop ... ok
[INFO] [stdout] test cpu::tests::nop_tests::stp ... ok
[INFO] [stdout] test cpu::tests::push_pull_stack_tests::phy ... ok
[INFO] [stdout] test cpu::tests::ora_tests::ora_immediate ... ok
[INFO] [stdout] test cpu::tests::push_pull_stack_tests::pla_zero ... ok
[INFO] [stdout] test cpu::tests::push_pull_stack_tests::php_overflow ... ok
[INFO] [stdout] test cpu::tests::push_pull_stack_tests::plp ... ok
[INFO] [stdout] test cpu::tests::push_pull_stack_tests::phx ... ok
[INFO] [stdout] test cpu::tests::push_pull_stack_tests::plx_neg ... ok
[INFO] [stdout] test cpu::tests::lsr_tests::lsr_acc ... ok
[INFO] [stdout] test cpu::tests::ora_tests::ora_immediate_neg ... ok
[INFO] [stdout] test cpu::tests::ora_tests::ora_immediate_zero ... ok
[INFO] [stdout] test cpu::tests::push_pull_stack_tests::plp_underflow ... ok
[INFO] [stdout] test cpu::tests::push_pull_stack_tests::plx_zero ... ok
[INFO] [stdout] test cpu::tests::push_pull_stack_tests::ply_zero ... ok
[INFO] [stdout] test cpu::tests::rmb_tests::rmb_all_bits ... ok
[INFO] [stdout] test cpu::tests::reset_cpu ... ok
[INFO] [stdout] test cpu::tests::rotate_tests::rol_abs_zero ... ok
[INFO] [stdout] test cpu::tests::rotate_tests::ror_abs_neg ... ok
[INFO] [stdout] test cpu::tests::rotate_tests::rol_acc_neg ... ok
[INFO] [stdout] test cpu::tests::sbc_test::sbc_decimal_0_minus_0 ... ok
[INFO] [stdout] test cpu::tests::push_pull_stack_tests::ply_neg ... ok
[INFO] [stdout] test cpu::tests::rotate_tests::ror_acc_neg ... ok
[INFO] [stdout] test cpu::tests::rotate_tests::ror_abs_zero ... ok
[INFO] [stdout] test cpu::tests::rotate_tests::ror_acc_zero ... ok
[INFO] [stdout] test cpu::tests::sbc_test::sbc_decimal_99_minus_0 ... ok
[INFO] [stdout] test cpu::tests::rotate_tests::rol_acc_zero ... ok
[INFO] [stdout] test cpu::tests::sbc_test::sbc_decimal_12_minus_21 ... ok
[INFO] [stdout] test cpu::tests::sbc_test::sbc_immediate ... ok
[INFO] [stdout] test cpu::tests::sbc_test::sbc_immediate_zero_minus_zero_with_carry ... ok
[INFO] [stdout] test cpu::tests::set_tests::sec ... ok
[INFO] [stdout] test cpu::tests::set_tests::sei ... ok
[INFO] [stdout] test cpu::tests::store_tests::sta_abs ... ok
[INFO] [stdout] test cpu::tests::store_tests::sty_zp ... ok
[INFO] [stdout] test cpu::tests::test_and_set_or_reset_tests::trb_zero ... ok
[INFO] [stdout] test cpu::tests::store_tests::stx_abs ... ok
[INFO] [stdout] test cpu::tests::test_and_set_or_reset_tests::tsb ... ok
[INFO] [stdout] test cpu::tests::test_bin_to_dec ... ok
[INFO] [stdout] test cpu::tests::test_and_set_or_reset_tests::tsb_zero ... ok
[INFO] [stdout] test cpu::tests::store_tests::sta_zpii ... ok
[INFO] [stdout] test cpu::tests::test_and_set_or_reset_tests::trb ... ok
[INFO] [stdout] test cpu::tests::store_tests::stz_aix ... ok
[INFO] [stdout] test cpu::tests::transfer_tests::tay_zero ... ok
[INFO] [stdout] test cpu::tests::smb_tests::smb_all_bits ... ok
[INFO] [stdout] test cpu::tests::set_tests::sed ... ok
[INFO] [stdout] test cpu::tests::test_dec_to_bin ... ok
[INFO] [stdout] test cpu::tests::transfer_tests::tax_zero ... ok
[INFO] [stdout] test cpu::tests::transfer_tests::tax_neg ... ok
[INFO] [stdout] test cpu::tests::transfer_tests::tsx_zero ... ok
[INFO] [stdout] test cpu::tests::transfer_tests::txa_neg ... ok
[INFO] [stdout] test cpu::tests::transfer_tests::txs_neg ... ok
[INFO] [stdout] test cpu::tests::transfer_tests::tay_neg ... ok
[INFO] [stdout] test cpu::tests::transfer_tests::tsx_neg ... ok
[INFO] [stdout] test cpu::tests::transfer_tests::txa_zero ... ok
[INFO] [stdout] test cpu::tests::rotate_tests::rol_abs_neg ... ok
[INFO] [stdout] test cpu::tests::transfer_tests::txs_zero ... ok
[INFO] [stdout] test cpu::tests::transfer_tests::tya_neg ... ok
[INFO] [stdout] test cpu::tests::transfer_tests::tya_zero ... ok
[INFO] [stdout] test frontend::tests::compute_start_row ... ok
[INFO] [stdout] test emulator::tests::load_binary ... FAILED
[INFO] [stdout] 
[INFO] [stdout] failures:
[INFO] [stdout] 
[INFO] [stdout] ---- emulator::tests::load_binary stdout ----
[INFO] [stdout] thread 'emulator::tests::load_binary' panicked at src/emulator.rs:151:56:
[INFO] [stdout] Failed to open file!: Os { code: 2, kind: NotFound, message: "No such file or directory" }
[INFO] [stdout] stack backtrace:
[INFO] [stdout]    0:     0x6515f758050a - std::backtrace_rs::backtrace::libunwind::trace::h5a5b8284f2d0c266
[INFO] [stdout]                                at /rustc/90b35a6239c3d8bdabc530a6a0816f7ff89a0aaf/library/std/src/../../backtrace/src/backtrace/libunwind.rs:116:5
[INFO] [stdout]    1:     0x6515f758050a - std::backtrace_rs::backtrace::trace_unsynchronized::h76d4f1c9b0b875e3
[INFO] [stdout]                                at /rustc/90b35a6239c3d8bdabc530a6a0816f7ff89a0aaf/library/std/src/../../backtrace/src/backtrace/mod.rs:66:5
[INFO] [stdout]    2:     0x6515f758050a - std::sys::backtrace::_print_fmt::hc4546b8364a537c6
[INFO] [stdout]                                at /rustc/90b35a6239c3d8bdabc530a6a0816f7ff89a0aaf/library/std/src/sys/backtrace.rs:66:9
[INFO] [stdout]    3:     0x6515f758050a - <std::sys::backtrace::BacktraceLock::print::DisplayBacktrace as core::fmt::Display>::fmt::h5b6bd5631a6d1f6b
[INFO] [stdout]                                at /rustc/90b35a6239c3d8bdabc530a6a0816f7ff89a0aaf/library/std/src/sys/backtrace.rs:39:26
[INFO] [stdout]    4:     0x6515f75a5983 - core::fmt::rt::Argument::fmt::h270f6602a2b96f62
[INFO] [stdout]                                at /rustc/90b35a6239c3d8bdabc530a6a0816f7ff89a0aaf/library/core/src/fmt/rt.rs:177:76
[INFO] [stdout]    5:     0x6515f75a5983 - core::fmt::write::h7550c97b06c86515
[INFO] [stdout]                                at /rustc/90b35a6239c3d8bdabc530a6a0816f7ff89a0aaf/library/core/src/fmt/mod.rs:1186:21
[INFO] [stdout]    6:     0x6515f757d6d3 - std::io::Write::write_fmt::h509ff860e5956e5e
[INFO] [stdout]                                at /rustc/90b35a6239c3d8bdabc530a6a0816f7ff89a0aaf/library/std/src/io/mod.rs:1839:15
[INFO] [stdout]    7:     0x6515f7580352 - std::sys::backtrace::BacktraceLock::print::h2395ccd2c84ba3aa
[INFO] [stdout]                                at /rustc/90b35a6239c3d8bdabc530a6a0816f7ff89a0aaf/library/std/src/sys/backtrace.rs:42:9
[INFO] [stdout]    8:     0x6515f758196a - std::panicking::default_hook::{{closure}}::he19d4c7230e07961
[INFO] [stdout]                                at /rustc/90b35a6239c3d8bdabc530a6a0816f7ff89a0aaf/library/std/src/panicking.rs:268:22
[INFO] [stdout]    9:     0x6515f7581774 - std::panicking::default_hook::hf614597d3c67bbdb
[INFO] [stdout]                                at /rustc/90b35a6239c3d8bdabc530a6a0816f7ff89a0aaf/library/std/src/panicking.rs:292:9
[INFO] [stdout]   10:     0x6515f7545449 - <alloc::boxed::Box<F,A> as core::ops::function::Fn<Args>>::call::h39b51ce4599c23d1
[INFO] [stdout]                                at /rustc/90b35a6239c3d8bdabc530a6a0816f7ff89a0aaf/library/alloc/src/boxed.rs:2468:9
[INFO] [stdout]   11:     0x6515f7545449 - test::test_main::{{closure}}::he977ae839a582784
[INFO] [stdout]                                at /rustc/90b35a6239c3d8bdabc530a6a0816f7ff89a0aaf/library/test/src/lib.rs:133:21
[INFO] [stdout]   12:     0x6515f7582008 - <alloc::boxed::Box<F,A> as core::ops::function::Fn<Args>>::call::h9455091b6b06f9fb
[INFO] [stdout]                                at /rustc/90b35a6239c3d8bdabc530a6a0816f7ff89a0aaf/library/alloc/src/boxed.rs:2468:9
[INFO] [stdout]   13:     0x6515f7582008 - std::panicking::rust_panic_with_hook::h8942133a8b252070
[INFO] [stdout]                                at /rustc/90b35a6239c3d8bdabc530a6a0816f7ff89a0aaf/library/std/src/panicking.rs:809:13
[INFO] [stdout]   14:     0x6515f7581dca - std::panicking::begin_panic_handler::{{closure}}::hb5f5963570096b29
[INFO] [stdout]                                at /rustc/90b35a6239c3d8bdabc530a6a0816f7ff89a0aaf/library/std/src/panicking.rs:674:13
[INFO] [stdout]   15:     0x6515f75809e9 - std::sys::backtrace::__rust_end_short_backtrace::h6208cedc1922feda
[INFO] [stdout]                                at /rustc/90b35a6239c3d8bdabc530a6a0816f7ff89a0aaf/library/std/src/sys/backtrace.rs:170:18
[INFO] [stdout]   16:     0x6515f7581a5c - rust_begin_unwind
[INFO] [stdout]                                at /rustc/90b35a6239c3d8bdabc530a6a0816f7ff89a0aaf/library/std/src/panicking.rs:665:5
[INFO] [stdout]   17:     0x6515f74e7a60 - core::panicking::panic_fmt::h0c3082644d1bf418
[INFO] [stdout]                                at /rustc/90b35a6239c3d8bdabc530a6a0816f7ff89a0aaf/library/core/src/panicking.rs:74:14
[INFO] [stdout]   18:     0x6515f74e7e06 - core::result::unwrap_failed::hd20b4aa073bda1e2
[INFO] [stdout]                                at /rustc/90b35a6239c3d8bdabc530a6a0816f7ff89a0aaf/library/core/src/result.rs:1700:5
[INFO] [stdout]   19:     0x6515f750825d - core::result::Result<T,E>::expect::h7c6c9a0932d05c3b
[INFO] [stdout]                                at /rustc/90b35a6239c3d8bdabc530a6a0816f7ff89a0aaf/library/core/src/result.rs:1061:23
[INFO] [stdout]   20:     0x6515f7508dd9 - emu_6502::emulator::Emulator::load_binary::h249d8bf992e6d3de
[INFO] [stdout]                                at /opt/rustwide/workdir/src/emulator.rs:151:35
[INFO] [stdout]   21:     0x6515f750cf0a - emu_6502::emulator::tests::load_binary::he75079e526367fb5
[INFO] [stdout]                                at /opt/rustwide/workdir/src/emulator.rs:168:9
[INFO] [stdout]   22:     0x6515f750ce67 - emu_6502::emulator::tests::load_binary::{{closure}}::h8a07abdfdf6894fd
[INFO] [stdout]                                at /opt/rustwide/workdir/src/emulator.rs:165:21
[INFO] [stdout]   23:     0x6515f74f9986 - core::ops::function::FnOnce::call_once::hb5a65b71da49ab06
[INFO] [stdout]                                at /rustc/90b35a6239c3d8bdabc530a6a0816f7ff89a0aaf/library/core/src/ops/function.rs:250:5
[INFO] [stdout]   24:     0x6515f7549e0b - core::ops::function::FnOnce::call_once::h109cf8051a59b34e
[INFO] [stdout]                                at /rustc/90b35a6239c3d8bdabc530a6a0816f7ff89a0aaf/library/core/src/ops/function.rs:250:5
[INFO] [stdout]   25:     0x6515f7549e0b - test::__rust_begin_short_backtrace::hf4fff89d377446ba
[INFO] [stdout]                                at /rustc/90b35a6239c3d8bdabc530a6a0816f7ff89a0aaf/library/test/src/lib.rs:621:18
[INFO] [stdout]   26:     0x6515f7549647 - test::run_test_in_process::{{closure}}::h0e39181dd7ee5a43
[INFO] [stdout]                                at /rustc/90b35a6239c3d8bdabc530a6a0816f7ff89a0aaf/library/test/src/lib.rs:644:60
[INFO] [stdout]   27:     0x6515f7549647 - <core::panic::unwind_safe::AssertUnwindSafe<F> as core::ops::function::FnOnce<()>>::call_once::hc5a66a30f0bdfd1f
[INFO] [stdout]                                at /rustc/90b35a6239c3d8bdabc530a6a0816f7ff89a0aaf/library/core/src/panic/unwind_safe.rs:272:9
[INFO] [stdout]   28:     0x6515f7549647 - std::panicking::try::do_call::h873b7cf639554a5e
[INFO] [stdout]                                at /rustc/90b35a6239c3d8bdabc530a6a0816f7ff89a0aaf/library/std/src/panicking.rs:557:40
[INFO] [stdout]   29:     0x6515f7549647 - std::panicking::try::hdb19862fad9c8bd1
[INFO] [stdout]                                at /rustc/90b35a6239c3d8bdabc530a6a0816f7ff89a0aaf/library/std/src/panicking.rs:520:19
[INFO] [stdout]   30:     0x6515f7549647 - std::panic::catch_unwind::h281fe732d236d260
[INFO] [stdout]                                at /rustc/90b35a6239c3d8bdabc530a6a0816f7ff89a0aaf/library/std/src/panic.rs:358:14
[INFO] [stdout]   31:     0x6515f7549647 - test::run_test_in_process::h949b6df8457ed338
[INFO] [stdout]                                at /rustc/90b35a6239c3d8bdabc530a6a0816f7ff89a0aaf/library/test/src/lib.rs:644:27
[INFO] [stdout]   32:     0x6515f7549647 - test::run_test::{{closure}}::h52c556a6d4740e10
[INFO] [stdout]                                at /rustc/90b35a6239c3d8bdabc530a6a0816f7ff89a0aaf/library/test/src/lib.rs:565:43
[INFO] [stdout]   33:     0x6515f750e924 - test::run_test::{{closure}}::h4237f6381c45ccb9
[INFO] [stdout]                                at /rustc/90b35a6239c3d8bdabc530a6a0816f7ff89a0aaf/library/test/src/lib.rs:595:41
[INFO] [stdout]   34:     0x6515f750e924 - std::sys::backtrace::__rust_begin_short_backtrace::h505c97a579eca628
[INFO] [stdout]                                at /rustc/90b35a6239c3d8bdabc530a6a0816f7ff89a0aaf/library/std/src/sys/backtrace.rs:154:18
[INFO] [stdout]   35:     0x6515f7511fee - std::thread::Builder::spawn_unchecked_::{{closure}}::{{closure}}::h9e86b2e2bc107ea3
[INFO] [stdout]                                at /rustc/90b35a6239c3d8bdabc530a6a0816f7ff89a0aaf/library/std/src/thread/mod.rs:538:17
[INFO] [stdout]   36:     0x6515f7511fee - <core::panic::unwind_safe::AssertUnwindSafe<F> as core::ops::function::FnOnce<()>>::call_once::h8b06ddb275ff4a25
[INFO] [stdout]                                at /rustc/90b35a6239c3d8bdabc530a6a0816f7ff89a0aaf/library/core/src/panic/unwind_safe.rs:272:9
[INFO] [stdout]   37:     0x6515f7511fee - std::panicking::try::do_call::hb26ecd7cd9a9355d
[INFO] [stdout]                                at /rustc/90b35a6239c3d8bdabc530a6a0816f7ff89a0aaf/library/std/src/panicking.rs:557:40
[INFO] [stdout]   38:     0x6515f7511fee - std::panicking::try::h8ddeca9d705f9069
[INFO] [stdout]                                at /rustc/90b35a6239c3d8bdabc530a6a0816f7ff89a0aaf/library/std/src/panicking.rs:520:19
[INFO] [stdout]   39:     0x6515f7511fee - std::panic::catch_unwind::h49e1c33078844c46
[INFO] [stdout]                                at /rustc/90b35a6239c3d8bdabc530a6a0816f7ff89a0aaf/library/std/src/panic.rs:358:14
[INFO] [stdout]   40:     0x6515f7511fee - std::thread::Builder::spawn_unchecked_::{{closure}}::h6073db6ff56ad35d
[INFO] [stdout]                                at /rustc/90b35a6239c3d8bdabc530a6a0816f7ff89a0aaf/library/std/src/thread/mod.rs:537:30
[INFO] [stdout]   41:     0x6515f7511fee - core::ops::function::FnOnce::call_once{{vtable.shim}}::h2c5a5f3779c774f1
[INFO] [stdout]                                at /rustc/90b35a6239c3d8bdabc530a6a0816f7ff89a0aaf/library/core/src/ops/function.rs:250:5
[INFO] [stdout]   42:     0x6515f7585d6b - <alloc::boxed::Box<F,A> as core::ops::function::FnOnce<Args>>::call_once::hf75717d9f28faebf
[INFO] [stdout]                                at /rustc/90b35a6239c3d8bdabc530a6a0816f7ff89a0aaf/library/alloc/src/boxed.rs:2454:9
[INFO] [stdout]   43:     0x6515f7585d6b - <alloc::boxed::Box<F,A> as core::ops::function::FnOnce<Args>>::call_once::h7bd883a5f3c5f3c1
[INFO] [stdout]                                at /rustc/90b35a6239c3d8bdabc530a6a0816f7ff89a0aaf/library/alloc/src/boxed.rs:2454:9
[INFO] [stdout]   44:     0x6515f7585d6b - std::sys::pal::unix::thread::Thread::new::thread_start::hcc78f3943333fa94
[INFO] [stdout]                                at /rustc/90b35a6239c3d8bdabc530a6a0816f7ff89a0aaf/library/std/src/sys/pal/unix/thread.rs:105:17
[INFO] [stdout]   45:     0x7c9f8c3f7ac3 - <unknown>
[INFO] [stdout]   46:     0x7c9f8c488a04 - clone
[INFO] [stdout]   47:                0x0 - <unknown>
[INFO] [stdout] 
[INFO] [stdout] 
[INFO] [stdout] failures:
[INFO] [stdout]     emulator::tests::load_binary
[INFO] [stdout] 
[INFO] [stdout] test result: FAILED. 180 passed; 1 failed; 0 ignored; 0 measured; 0 filtered out; finished in 0.24s
[INFO] [stdout] 
[INFO] [stderr] error: test failed, to rerun pass `--lib`
[INFO] running `Command { std: "docker" "inspect" "3cc155b42b7ca1e3d908866701a63769cc7ba410e5014cbccc16b60a887a2cdb", kill_on_drop: false }`
[INFO] running `Command { std: "docker" "rm" "-f" "3cc155b42b7ca1e3d908866701a63769cc7ba410e5014cbccc16b60a887a2cdb", kill_on_drop: false }`
[INFO] [stdout] 3cc155b42b7ca1e3d908866701a63769cc7ba410e5014cbccc16b60a887a2cdb
