[INFO] cloning repository https://github.com/doug-q/hugr-llvm
[INFO] running `Command { std: "git" "-c" "credential.helper=" "-c" "credential.helper=/workspace/cargo-home/bin/git-credential-null" "clone" "--bare" "https://github.com/doug-q/hugr-llvm" "/workspace/cache/git-repos/https%3A%2F%2Fgithub.com%2Fdoug-q%2Fhugr-llvm", kill_on_drop: false }`
[INFO] [stderr] Cloning into bare repository '/workspace/cache/git-repos/https%3A%2F%2Fgithub.com%2Fdoug-q%2Fhugr-llvm'...
[INFO] running `Command { std: "git" "rev-parse" "HEAD", kill_on_drop: false }`
[INFO] [stdout] 8045498a37b070e668b73a303f1a0316b9c2a7ba
[INFO] testing doug-q/hugr-llvm against 1.83.0 for beta-1.84.0-4-retry
[INFO] running `Command { std: "git" "clone" "/workspace/cache/git-repos/https%3A%2F%2Fgithub.com%2Fdoug-q%2Fhugr-llvm" "/workspace/builds/worker-7-tc1/source", kill_on_drop: false }`
[INFO] [stderr] Cloning into '/workspace/builds/worker-7-tc1/source'...
[INFO] [stderr] done.
[INFO] validating manifest of git repo https://github.com/doug-q/hugr-llvm on toolchain 1.83.0
[INFO] running `Command { std: CARGO_HOME="/workspace/cargo-home" RUSTUP_HOME="/workspace/rustup-home" "/workspace/cargo-home/bin/cargo" "+1.83.0" "metadata" "--manifest-path" "Cargo.toml" "--no-deps", kill_on_drop: false }`
[INFO] started tweaking git repo https://github.com/doug-q/hugr-llvm
[INFO] finished tweaking git repo https://github.com/doug-q/hugr-llvm
[INFO] tweaked toml for git repo https://github.com/doug-q/hugr-llvm written to /workspace/builds/worker-7-tc1/source/Cargo.toml
[INFO] crate git repo https://github.com/doug-q/hugr-llvm already has a lockfile, it will not be regenerated
[INFO] running `Command { std: CARGO_HOME="/workspace/cargo-home" RUSTUP_HOME="/workspace/rustup-home" "/workspace/cargo-home/bin/cargo" "+1.83.0" "fetch" "--manifest-path" "Cargo.toml", kill_on_drop: false }`
[INFO] [stderr]     Updating crates.io index
[INFO] [stderr]  Downloading crates ...
[INFO] [stderr]   Downloaded delegate v0.13.1
[INFO] [stderr]   Downloaded inkwell_internals v0.9.0
[INFO] [stderr]   Downloaded inkwell v0.4.0
[INFO] [stderr]   Downloaded context-iterators v0.2.0
[INFO] [stderr]   Downloaded llvm-sys v140.1.3
[INFO] [stderr]   Downloaded portgraph v0.12.2
[INFO] [stderr]   Downloaded clio v0.3.5
[INFO] [stderr]   Downloaded tket2 v0.6.0
[INFO] [stderr]   Downloaded hugr v0.13.2
[INFO] [stderr]   Downloaded tket-json-rs v0.5.1
[INFO] [stderr]   Downloaded hugr-passes v0.13.2
[INFO] [stderr]   Downloaded hugr-cli v0.13.2
[INFO] [stderr]   Downloaded hugr-core v0.13.2
[INFO] running `Command { std: "docker" "create" "-v" "/var/lib/crater-agent-workspace/builds/worker-7-tc1/target:/opt/rustwide/target:rw,Z" "-v" "/var/lib/crater-agent-workspace/builds/worker-7-tc1/source:/opt/rustwide/workdir:ro,Z" "-v" "/var/lib/crater-agent-workspace/cargo-home:/opt/rustwide/cargo-home:ro,Z" "-v" "/var/lib/crater-agent-workspace/rustup-home:/opt/rustwide/rustup-home:ro,Z" "-e" "SOURCE_DIR=/opt/rustwide/workdir" "-e" "CARGO_TARGET_DIR=/opt/rustwide/target" "-e" "CARGO_HOME=/opt/rustwide/cargo-home" "-e" "RUSTUP_HOME=/opt/rustwide/rustup-home" "-w" "/opt/rustwide/workdir" "-m" "1610612736" "--user" "0:0" "--network" "none" "ghcr.io/rust-lang/crates-build-env/linux@sha256:f3a9d4ad9d972b27faf3965f35b62e55ba32bbce8f20bc8fe909558a86702fde" "/opt/rustwide/cargo-home/bin/cargo" "+1.83.0" "metadata" "--no-deps" "--format-version=1", kill_on_drop: false }`
[INFO] [stdout] b335ab74d7bb62308c11d834c8f4e1a12b6e53a3b92556d524593a3f1b3bbdb0
[INFO] running `Command { std: "docker" "start" "-a" "b335ab74d7bb62308c11d834c8f4e1a12b6e53a3b92556d524593a3f1b3bbdb0", kill_on_drop: false }`
[INFO] running `Command { std: "docker" "inspect" "b335ab74d7bb62308c11d834c8f4e1a12b6e53a3b92556d524593a3f1b3bbdb0", kill_on_drop: false }`
[INFO] running `Command { std: "docker" "rm" "-f" "b335ab74d7bb62308c11d834c8f4e1a12b6e53a3b92556d524593a3f1b3bbdb0", kill_on_drop: false }`
[INFO] [stdout] b335ab74d7bb62308c11d834c8f4e1a12b6e53a3b92556d524593a3f1b3bbdb0
[INFO] running `Command { std: "docker" "create" "-v" "/var/lib/crater-agent-workspace/builds/worker-7-tc1/target:/opt/rustwide/target:rw,Z" "-v" "/var/lib/crater-agent-workspace/builds/worker-7-tc1/source:/opt/rustwide/workdir:ro,Z" "-v" "/var/lib/crater-agent-workspace/cargo-home:/opt/rustwide/cargo-home:ro,Z" "-v" "/var/lib/crater-agent-workspace/rustup-home:/opt/rustwide/rustup-home:ro,Z" "-e" "SOURCE_DIR=/opt/rustwide/workdir" "-e" "CARGO_TARGET_DIR=/opt/rustwide/target" "-e" "CARGO_INCREMENTAL=0" "-e" "RUST_BACKTRACE=full" "-e" "RUSTFLAGS=--cap-lints=warn" "-e" "RUSTDOCFLAGS=--cap-lints=warn" "-e" "CARGO_HOME=/opt/rustwide/cargo-home" "-e" "RUSTUP_HOME=/opt/rustwide/rustup-home" "-w" "/opt/rustwide/workdir" "-m" "1610612736" "--user" "0:0" "--network" "none" "ghcr.io/rust-lang/crates-build-env/linux@sha256:f3a9d4ad9d972b27faf3965f35b62e55ba32bbce8f20bc8fe909558a86702fde" "/opt/rustwide/cargo-home/bin/cargo" "+1.83.0" "build" "--frozen" "--message-format=json", kill_on_drop: false }`
[INFO] [stdout] 7042690b75940ef1c88c2b7156041b057db259e814a210f2ec1d323f6f9086a7
[INFO] running `Command { std: "docker" "start" "-a" "7042690b75940ef1c88c2b7156041b057db259e814a210f2ec1d323f6f9086a7", kill_on_drop: false }`
[INFO] [stderr]    Compiling proc-macro2 v1.0.89
[INFO] [stderr]    Compiling unicode-ident v1.0.13
[INFO] [stderr]    Compiling memchr v2.7.4
[INFO] [stderr]    Compiling serde v1.0.213
[INFO] [stderr]    Compiling libc v0.2.161
[INFO] [stderr]    Compiling once_cell v1.20.2
[INFO] [stderr]    Compiling autocfg v1.4.0
[INFO] [stderr]    Compiling thiserror v1.0.65
[INFO] [stderr]    Compiling shlex v1.3.0
[INFO] [stderr]    Compiling regex-syntax v0.8.5
[INFO] [stderr]    Compiling heck v0.5.0
[INFO] [stderr]    Compiling either v1.13.0
[INFO] [stderr]    Compiling rustversion v1.0.18
[INFO] [stderr]    Compiling lazy_static v1.5.0
[INFO] [stderr]    Compiling typeid v1.0.2
[INFO] [stderr]    Compiling hashbrown v0.15.0
[INFO] [stderr]    Compiling equivalent v1.0.1
[INFO] [stderr]    Compiling radium v0.7.0
[INFO] [stderr]    Compiling utf8parse v0.2.2
[INFO] [stderr]    Compiling crossbeam-utils v0.8.20
[INFO] [stderr]    Compiling tap v1.0.1
[INFO] [stderr]    Compiling ryu v1.0.18
[INFO] [stderr]    Compiling serde_json v1.0.132
[INFO] [stderr]    Compiling itoa v1.0.11
[INFO] [stderr]    Compiling wyz v0.5.1
[INFO] [stderr]    Compiling anstyle-parse v0.2.5
[INFO] [stderr]    Compiling fixedbitset v0.4.2
[INFO] [stderr]    Compiling anstyle-query v1.1.1
[INFO] [stderr]    Compiling paste v1.0.15
[INFO] [stderr]    Compiling cgmath v0.18.0
[INFO] [stderr]    Compiling semver v1.0.23
[INFO] [stderr]    Compiling anstyle v1.0.8
[INFO] [stderr]    Compiling is_terminal_polyfill v1.70.1
[INFO] [stderr]    Compiling funty v2.0.0
[INFO] [stderr]    Compiling colorchoice v1.0.2
[INFO] [stderr]    Compiling pkg-config v0.3.31
[INFO] [stderr]    Compiling unicode-xid v0.2.6
[INFO] [stderr]    Compiling num-traits v0.2.19
[INFO] [stderr]    Compiling itertools v0.13.0
[INFO] [stderr]    Compiling context-iterators v0.2.0
[INFO] [stderr]    Compiling clap_lex v0.7.2
[INFO] [stderr]    Compiling anstream v0.6.15
[INFO] [stderr]    Compiling byteorder v1.5.0
[INFO] [stderr]    Compiling inventory v0.3.15
[INFO] [stderr]    Compiling indexmap v2.6.0
[INFO] [stderr]    Compiling utf8-width v0.1.7
[INFO] [stderr]    Compiling strsim v0.11.1
[INFO] [stderr]    Compiling rustix v0.38.37
[INFO] [stderr]    Compiling html-escape v0.2.13
[INFO] [stderr]    Compiling aho-corasick v1.1.3
[INFO] [stderr]    Compiling quote v1.0.37
[INFO] [stderr]    Compiling clap_builder v4.5.20
[INFO] [stderr]    Compiling fxhash v0.2.1
[INFO] [stderr]    Compiling linux-raw-sys v0.4.14
[INFO] [stderr]    Compiling downcast-rs v1.2.1
[INFO] [stderr]    Compiling ucd-trie v0.1.7
[INFO] [stderr]    Compiling bitflags v2.6.0
[INFO] [stderr]    Compiling bumpalo v3.16.0
[INFO] [stderr]    Compiling syn v2.0.82
[INFO] [stderr]    Compiling crossbeam-epoch v0.9.18
[INFO] [stderr]    Compiling same-file v1.0.6
[INFO] [stderr]    Compiling jobserver v0.1.32
[INFO] [stderr]    Compiling fastrand v2.1.1
[INFO] [stderr]    Compiling petgraph v0.6.5
[INFO] [stderr]    Compiling rayon-core v1.12.1
[INFO] [stderr]    Compiling cfg-if v1.0.0
[INFO] [stderr]    Compiling cc v1.1.31
[INFO] [stderr]    Compiling zstd-safe v7.2.1
[INFO] [stderr]    Compiling crossbeam-deque v0.8.5
[INFO] [stderr]    Compiling walkdir v2.5.0
[INFO] [stderr]    Compiling is-terminal v0.4.13
[INFO] [stderr]    Compiling log v0.4.22
[INFO] [stderr]    Compiling csv-core v0.1.11
[INFO] [stderr]    Compiling tracing-core v0.1.32
[INFO] [stderr]    Compiling regex-automata v0.4.8
[INFO] [stderr]    Compiling num-integer v0.1.46
[INFO] [stderr]    Compiling approx v0.4.0
[INFO] [stderr]    Compiling anyhow v1.0.91
[INFO] [stderr]    Compiling pin-project-lite v0.2.14
[INFO] [stderr]    Compiling iana-time-zone v0.1.61
[INFO] [stderr]    Compiling inkwell v0.4.0
[INFO] [stderr]    Compiling num-bigint v0.4.6
[INFO] [stderr]    Compiling chrono v0.4.38
[INFO] [stderr]    Compiling priority-queue v2.1.1
[INFO] [stderr]    Compiling crossbeam-channel v0.5.13
[INFO] [stderr]    Compiling bytemuck v1.19.0
[INFO] [stderr]    Compiling rayon v1.10.0
[INFO] [stderr]    Compiling itertools v0.12.1
[INFO] [stderr]    Compiling zstd-sys v2.0.13+zstd.1.5.6
[INFO] [stderr]    Compiling tempfile v3.13.0
[INFO] [stderr]    Compiling regex v1.11.0
[INFO] [stderr]    Compiling llvm-sys v140.1.3
[INFO] [stderr]    Compiling serde_derive v1.0.213
[INFO] [stderr]    Compiling thiserror-impl v1.0.65
[INFO] [stderr]    Compiling strum_macros v0.26.4
[INFO] [stderr]    Compiling delegate v0.12.0
[INFO] [stderr]    Compiling typetag-impl v0.2.18
[INFO] [stderr]    Compiling derive_more-impl v1.0.0
[INFO] [stderr]    Compiling enum_dispatch v0.3.13
[INFO] [stderr]    Compiling delegate v0.13.1
[INFO] [stderr]    Compiling clap_derive v4.5.18
[INFO] [stderr]    Compiling tracing-attributes v0.1.27
[INFO] [stderr]    Compiling inkwell_internals v0.9.0
[INFO] [stderr]    Compiling zstd v0.13.2
[INFO] [stderr]    Compiling pest v2.7.14
[INFO] [stderr]    Compiling tracing v0.1.40
[INFO] [stderr]    Compiling strum v0.26.3
[INFO] [stderr]    Compiling clap v4.5.20
[INFO] [stderr]    Compiling clap-verbosity-flag v2.2.2
[INFO] [stderr]    Compiling clio v0.3.5
[INFO] [stderr]    Compiling pest_meta v2.7.14
[INFO] [stderr]    Compiling derive_more v1.0.0
[INFO] [stderr]    Compiling pest_generator v2.7.14
[INFO] [stderr]    Compiling pest_derive v2.7.14
[INFO] [stderr]    Compiling erased-serde v0.4.5
[INFO] [stderr]    Compiling bitvec v1.0.1
[INFO] [stderr]    Compiling num-rational v0.4.2
[INFO] [stderr]    Compiling smol_str v0.3.1
[INFO] [stderr]    Compiling uuid v1.11.0
[INFO] [stderr]    Compiling csv v1.3.0
[INFO] [stderr]    Compiling typetag v0.2.18
[INFO] [stderr]    Compiling tket-json-rs v0.5.1
[INFO] [stderr]    Compiling portgraph v0.12.2
[INFO] [stderr]    Compiling hugr-core v0.13.2
[INFO] [stderr]    Compiling hugr-passes v0.13.2
[INFO] [stderr]    Compiling hugr v0.13.2
[INFO] [stderr]    Compiling hugr-cli v0.13.2
[INFO] [stderr]    Compiling tket2 v0.6.0
[INFO] [stderr]    Compiling hugr-llvm v0.6.1 (/opt/rustwide/workdir)
[INFO] [stderr]     Finished `dev` profile [unoptimized + debuginfo] target(s) in 1m 23s
[INFO] running `Command { std: "docker" "inspect" "7042690b75940ef1c88c2b7156041b057db259e814a210f2ec1d323f6f9086a7", kill_on_drop: false }`
[INFO] running `Command { std: "docker" "rm" "-f" "7042690b75940ef1c88c2b7156041b057db259e814a210f2ec1d323f6f9086a7", kill_on_drop: false }`
[INFO] [stdout] 7042690b75940ef1c88c2b7156041b057db259e814a210f2ec1d323f6f9086a7
[INFO] running `Command { std: "docker" "create" "-v" "/var/lib/crater-agent-workspace/builds/worker-7-tc1/target:/opt/rustwide/target:rw,Z" "-v" "/var/lib/crater-agent-workspace/builds/worker-7-tc1/source:/opt/rustwide/workdir:ro,Z" "-v" "/var/lib/crater-agent-workspace/cargo-home:/opt/rustwide/cargo-home:ro,Z" "-v" "/var/lib/crater-agent-workspace/rustup-home:/opt/rustwide/rustup-home:ro,Z" "-e" "SOURCE_DIR=/opt/rustwide/workdir" "-e" "CARGO_TARGET_DIR=/opt/rustwide/target" "-e" "CARGO_INCREMENTAL=0" "-e" "RUST_BACKTRACE=full" "-e" "RUSTFLAGS=--cap-lints=warn" "-e" "RUSTDOCFLAGS=--cap-lints=warn" "-e" "CARGO_HOME=/opt/rustwide/cargo-home" "-e" "RUSTUP_HOME=/opt/rustwide/rustup-home" "-w" "/opt/rustwide/workdir" "-m" "1610612736" "--user" "0:0" "--network" "none" "ghcr.io/rust-lang/crates-build-env/linux@sha256:f3a9d4ad9d972b27faf3965f35b62e55ba32bbce8f20bc8fe909558a86702fde" "/opt/rustwide/cargo-home/bin/cargo" "+1.83.0" "test" "--frozen" "--no-run" "--message-format=json", kill_on_drop: false }`
[INFO] [stdout] 0386c37975977bf88a35d6795f63abb9af69e7204a4292c1a42eb8dcf80dcee6
[INFO] running `Command { std: "docker" "start" "-a" "0386c37975977bf88a35d6795f63abb9af69e7204a4292c1a42eb8dcf80dcee6", kill_on_drop: false }`
[INFO] [stderr]    Compiling syn v2.0.82
[INFO] [stderr]    Compiling slab v0.4.9
[INFO] [stderr]    Compiling futures-core v0.3.31
[INFO] [stderr]    Compiling futures-sink v0.3.31
[INFO] [stderr]    Compiling rustc_version v0.4.1
[INFO] [stderr]    Compiling futures-task v0.3.31
[INFO] [stderr]    Compiling futures-io v0.3.31
[INFO] [stderr]    Compiling pin-utils v0.1.0
[INFO] [stderr]    Compiling glob v0.3.1
[INFO] [stderr]    Compiling relative-path v1.9.3
[INFO] [stderr]    Compiling console v0.15.8
[INFO] [stderr]    Compiling linked-hash-map v0.5.6
[INFO] [stderr]    Compiling futures-timer v3.0.3
[INFO] [stderr]    Compiling similar v2.6.0
[INFO] [stderr]    Compiling pathsearch v0.2.0
[INFO] [stderr]    Compiling futures-channel v0.3.31
[INFO] [stderr]    Compiling rstest_macros v0.19.0
[INFO] [stderr]    Compiling insta v1.40.0
[INFO] [stderr]    Compiling serde_derive v1.0.213
[INFO] [stderr]    Compiling thiserror-impl v1.0.65
[INFO] [stderr]    Compiling strum_macros v0.26.4
[INFO] [stderr]    Compiling typetag-impl v0.2.18
[INFO] [stderr]    Compiling delegate v0.12.0
[INFO] [stderr]    Compiling derive_more-impl v1.0.0
[INFO] [stderr]    Compiling clap_derive v4.5.18
[INFO] [stderr]    Compiling delegate v0.13.1
[INFO] [stderr]    Compiling enum_dispatch v0.3.13
[INFO] [stderr]    Compiling futures-macro v0.3.31
[INFO] [stderr]    Compiling tracing-attributes v0.1.27
[INFO] [stderr]    Compiling inkwell_internals v0.9.0
[INFO] [stderr]    Compiling futures-util v0.3.31
[INFO] [stderr]    Compiling thiserror v1.0.65
[INFO] [stderr]    Compiling pest v2.7.14
[INFO] [stderr]    Compiling inkwell v0.4.0
[INFO] [stderr]    Compiling tracing v0.1.40
[INFO] [stderr]    Compiling clap v4.5.20
[INFO] [stderr]    Compiling clio v0.3.5
[INFO] [stderr]    Compiling clap-verbosity-flag v2.2.2
[INFO] [stderr]    Compiling strum v0.26.3
[INFO] [stderr]    Compiling derive_more v1.0.0
[INFO] [stderr]    Compiling pest_meta v2.7.14
[INFO] [stderr]    Compiling serde v1.0.213
[INFO] [stderr]    Compiling pest_generator v2.7.14
[INFO] [stderr]    Compiling pest_derive v2.7.14
[INFO] [stderr]    Compiling futures-executor v0.3.31
[INFO] [stderr]    Compiling futures v0.3.31
[INFO] [stderr]    Compiling rstest v0.19.0
[INFO] [stderr]    Compiling erased-serde v0.4.5
[INFO] [stderr]    Compiling bitvec v1.0.1
[INFO] [stderr]    Compiling serde_json v1.0.132
[INFO] [stderr]    Compiling semver v1.0.23
[INFO] [stderr]    Compiling num-rational v0.4.2
[INFO] [stderr]    Compiling cgmath v0.18.0
[INFO] [stderr]    Compiling smol_str v0.3.1
[INFO] [stderr]    Compiling uuid v1.11.0
[INFO] [stderr]    Compiling csv v1.3.0
[INFO] [stderr]    Compiling typetag v0.2.18
[INFO] [stderr]    Compiling tket-json-rs v0.5.1
[INFO] [stderr]    Compiling portgraph v0.12.2
[INFO] [stderr]    Compiling hugr-core v0.13.2
[INFO] [stderr]    Compiling hugr-passes v0.13.2
[INFO] [stderr]    Compiling hugr v0.13.2
[INFO] [stderr]    Compiling hugr-cli v0.13.2
[INFO] [stderr]    Compiling tket2 v0.6.0
[INFO] [stderr]    Compiling hugr-llvm v0.6.1 (/opt/rustwide/workdir)
[INFO] [stderr]     Finished `test` profile [unoptimized + debuginfo] target(s) in 1m 44s
[INFO] running `Command { std: "docker" "inspect" "0386c37975977bf88a35d6795f63abb9af69e7204a4292c1a42eb8dcf80dcee6", kill_on_drop: false }`
[INFO] running `Command { std: "docker" "rm" "-f" "0386c37975977bf88a35d6795f63abb9af69e7204a4292c1a42eb8dcf80dcee6", kill_on_drop: false }`
[INFO] [stdout] 0386c37975977bf88a35d6795f63abb9af69e7204a4292c1a42eb8dcf80dcee6
[INFO] running `Command { std: "docker" "create" "-v" "/var/lib/crater-agent-workspace/builds/worker-7-tc1/target:/opt/rustwide/target:rw,Z" "-v" "/var/lib/crater-agent-workspace/builds/worker-7-tc1/source:/opt/rustwide/workdir:ro,Z" "-v" "/var/lib/crater-agent-workspace/cargo-home:/opt/rustwide/cargo-home:ro,Z" "-v" "/var/lib/crater-agent-workspace/rustup-home:/opt/rustwide/rustup-home:ro,Z" "-e" "SOURCE_DIR=/opt/rustwide/workdir" "-e" "CARGO_TARGET_DIR=/opt/rustwide/target" "-e" "CARGO_INCREMENTAL=0" "-e" "RUST_BACKTRACE=full" "-e" "RUSTFLAGS=--cap-lints=warn" "-e" "RUSTDOCFLAGS=--cap-lints=warn" "-e" "CARGO_HOME=/opt/rustwide/cargo-home" "-e" "RUSTUP_HOME=/opt/rustwide/rustup-home" "-w" "/opt/rustwide/workdir" "-m" "1610612736" "--user" "0:0" "--network" "none" "ghcr.io/rust-lang/crates-build-env/linux@sha256:f3a9d4ad9d972b27faf3965f35b62e55ba32bbce8f20bc8fe909558a86702fde" "/opt/rustwide/cargo-home/bin/cargo" "+1.83.0" "test" "--frozen", kill_on_drop: false }`
[INFO] [stdout] 620ac8c4305df3246b8b30c3a092397e7c665480cc434e72cf2b86b26b1df37d
[INFO] running `Command { std: "docker" "start" "-a" "620ac8c4305df3246b8b30c3a092397e7c665480cc434e72cf2b86b26b1df37d", kill_on_drop: false }`
[INFO] [stderr]     Finished `test` profile [unoptimized + debuginfo] target(s) in 0.35s
[INFO] [stderr]      Running unittests src/lib.rs (/opt/rustwide/target/debug/deps/hugr_llvm-1e395d8077f9668a)
[INFO] [stdout] 
[INFO] [stdout] running 171 tests
[INFO] [stdout] test custom::test::extension_op_lifetime ... ok
[INFO] [stdout] test custom::test::types_with_lifetimes ... ok
[INFO] [stdout] test custom::test::custom_const_lifetime_of_context ... ok
[INFO] [stdout] test emit::test::get_external_func ... ok
[INFO] [stdout] test emit::test::test_exec ... ok
[INFO] [stdout] test extension::conversions::test::approx_roundtrip_signed::case_01 ... ok
[INFO] [stdout] test emit::test::diverse_module_children ... ok
[INFO] [stdout] test emit::test::emit_hugr_dfg ... ok
[INFO] [stdout] test emit::test::emit_hugr_custom_op ... ok
[INFO] [stdout] test emit::ops::cfg::test::diverse_outputs ... ok
[INFO] [stdout] test emit::test::load_function ... ok
[INFO] [stdout] test emit::test::emit_hugr_load_constant ... ok
[INFO] [stdout] test extension::conversions::test::approx_roundtrip_signed::case_02 ... ok
[INFO] [stdout] test emit::test::diverse_dfg_children ... ok
[INFO] [stdout] test extension::conversions::test::approx_roundtrip_signed::case_03 ... ok
[INFO] [stdout] test emit::test::emit_hugr_tag ... ok
[INFO] [stdout] test emit::test::emit_hugr_call ... ok
[INFO] [stdout] test emit::test::diverse_cfg_children ... ok
[INFO] [stdout] test emit::test::emit_hugr_conditional ... ok
[INFO] [stdout] test emit::test::emit_hugr_call_indirect ... ok
[INFO] [stdout] test extension::conversions::test::approx_roundtrip_signed::case_04 ... ok
[INFO] [stdout] test emit::ops::cfg::test::nested ... ok
[INFO] [stdout] test extension::conversions::test::approx_roundtrip_signed::case_15 ... ok
[INFO] [stdout] test extension::conversions::test::approx_roundtrip_signed::case_12 ... ok
[INFO] [stdout] test extension::conversions::test::approx_roundtrip_signed::case_08 ... ok
[INFO] [stdout] test extension::conversions::test::approx_roundtrip_signed::case_16 ... ok
[INFO] [stdout] test extension::conversions::test::approx_roundtrip_signed::case_06 ... ok
[INFO] [stdout] test extension::conversions::test::approx_roundtrip_signed::case_13 ... ok
[INFO] [stdout] test extension::conversions::test::approx_roundtrip_signed::case_05 ... ok
[INFO] [stdout] test extension::conversions::test::approx_roundtrip_signed::case_07 ... ok
[INFO] [stdout] test extension::conversions::test::approx_roundtrip_signed::case_14 ... ok
[INFO] [stdout] test extension::conversions::test::approx_roundtrip_signed::case_09 ... ok
[INFO] [stdout] test extension::conversions::test::approx_roundtrip_signed::case_11 ... ok
[INFO] [stdout] test extension::conversions::test::approx_roundtrip_unsigned::case_02 ... ok
[INFO] [stdout] test extension::conversions::test::approx_roundtrip_unsigned::case_03 ... ok
[INFO] [stdout] test extension::conversions::test::approx_roundtrip_signed::case_10 ... ok
[INFO] [stdout] test extension::conversions::test::approx_roundtrip_signed::case_24 ... ok
[INFO] [stdout] test extension::conversions::test::approx_roundtrip_unsigned::case_04 ... ok
[INFO] [stdout] test extension::conversions::test::approx_roundtrip_signed::case_20 ... ok
[INFO] [stdout] test extension::conversions::test::approx_roundtrip_unsigned::case_05 ... ok
[INFO] [stdout] test extension::conversions::test::approx_roundtrip_signed::case_26 ... ok
[INFO] [stdout] test extension::conversions::test::approx_roundtrip_unsigned::case_01 ... ok
[INFO] [stdout] test extension::conversions::test::approx_roundtrip_signed::case_21 ... ok
[INFO] [stdout] test extension::conversions::test::approx_roundtrip_signed::case_23 ... ok
[INFO] [stdout] test extension::conversions::test::approx_roundtrip_unsigned::case_06 ... ok
[INFO] [stdout] test extension::conversions::test::approx_roundtrip_unsigned::case_07 ... ok
[INFO] [stdout] test extension::conversions::test::approx_roundtrip_unsigned::case_10 ... ok
[INFO] [stdout] test extension::conversions::test::approx_roundtrip_signed::case_18 ... ok
[INFO] [stdout] test extension::conversions::test::approx_roundtrip_signed::case_22 ... ok
[INFO] [stdout] test extension::conversions::test::itobool_roundtrip::i_1_0 ... ok
[INFO] [stdout] test extension::conversions::test::approx_roundtrip_signed::case_17 ... ok
[INFO] [stdout] test extension::conversions::test::itobool_cond::i_2_1 ... ok
[INFO] [stdout] test extension::conversions::test::approx_roundtrip_unsigned::case_09 ... ok
[INFO] [stdout] test extension::conversions::test::approx_roundtrip_unsigned::case_08 ... ok
[INFO] [stdout] test extension::conversions::test::itobool_roundtrip::i_2_1 ... ok
[INFO] [stdout] test extension::conversions::test::my_test_exec ... ok
[INFO] [stdout] test extension::conversions::test::roundtrip_signed::case_6 ... ok
[INFO] [stdout] test extension::conversions::test::approx_roundtrip_unsigned::case_13 ... ok
[INFO] [stdout] test extension::conversions::test::roundtrip_unsigned::case_1 ... ok
[INFO] [stdout] test extension::conversions::test::approx_roundtrip_unsigned::case_12 ... ok
[INFO] [stdout] test extension::conversions::test::roundtrip_unsigned::case_2 ... ok
[INFO] [stdout] test extension::conversions::test::roundtrip_signed::case_3 ... ok
[INFO] [stdout] test extension::conversions::test::roundtrip_unsigned::case_5 ... ok
[INFO] [stdout] test extension::conversions::test::roundtrip_signed::case_5 ... ok
[INFO] [stdout] test extension::conversions::test::roundtrip_unsigned::case_4 ... ok
[INFO] [stdout] test extension::conversions::test::test_intbool_emit::case_1 ... ok
[INFO] [stdout] test extension::conversions::test::test_intbool_emit::case_2 ... ok
[INFO] [stdout] test extension::conversions::test::test_convert::case_1 ... ok
[INFO] [stdout] test extension::conversions::test::approx_roundtrip_signed::case_19 ... ok
[INFO] [stdout] test extension::conversions::test::test_convert::case_2 ... ok
[INFO] [stdout] test extension::float::test::float_operations::case_01_feq ... ok
[INFO] [stdout] test extension::conversions::test::approx_roundtrip_unsigned::case_11 ... ok
[INFO] [stdout] test extension::float::test::const_float ... ok
[INFO] [stdout] test extension::float::test::float_operations::case_02_fne ... ok
[INFO] [stdout] test extension::float::test::float_operations::case_06_fge ... ok
[INFO] [stdout] test extension::conversions::test::roundtrip_signed::case_4 ... ok
[INFO] [stdout] test extension::conversions::test::usize_roundtrip::case_3 ... ok
[INFO] [stdout] test extension::conversions::test::test_truncation::case_2 ... ok
[INFO] [stdout] test extension::conversions::test::test_truncation::case_1 ... ok
[INFO] [stdout] test extension::float::test::float_operations::case_05_fle ... ok
[INFO] [stdout] test extension::float::test::float_operations::case_03_flt ... ok
[INFO] [stdout] test extension::conversions::test::usize_roundtrip::case_1 ... ok
[INFO] [stdout] test extension::conversions::test::roundtrip_unsigned::case_3 ... ok
[INFO] [stdout] test extension::float::test::float_operations::case_07_fadd ... ok
[INFO] [stdout] test extension::conversions::test::itobool_cond::i_1_0 ... ok
[INFO] [stdout] test extension::conversions::test::usize_roundtrip::case_2 ... ok
[INFO] [stdout] test extension::conversions::test::roundtrip_signed::case_1 ... ok
[INFO] [stdout] test extension::float::test::float_operations::case_11_fdiv ... ok
[INFO] [stdout] test extension::float::test::float_operations::case_10_fmul ... ok
[INFO] [stdout] test extension::int::test::test_binop_emission::case_1_iadd ... ok
[INFO] [stdout] test extension::conversions::test::roundtrip_signed::case_2 ... ok
[INFO] [stdout] test extension::conversions::test::roundtrip_unsigned::case_6 ... ok
[INFO] [stdout] test extension::float::test::float_operations::case_09_fneg ... ok
[INFO] [stdout] test extension::float::test::float_operations::case_04_fgt ... ok
[INFO] [stdout] test extension::conversions::test::approx_roundtrip_signed::case_25 ... ok
[INFO] [stdout] test extension::int::test::test_neg_emission ... ok
[INFO] [stdout] test extension::int::test::test_binop_emission::case_2_isub ... ok
[INFO] [stdout] test extension::logic::test::and ... ok
[INFO] [stdout] test extension::int::test::test_cmp_emission::case_1_ieq ... ok
[INFO] [stdout] test extension::int::test::test_cmp_emission::case_2_ilt_s ... ok
[INFO] [stdout] test extension::logic::test::or ... ok
[INFO] [stdout] test extension::prelude::array::test::emit_get ... ok
[INFO] [stdout] test extension::logic::test::eq ... ok
[INFO] [stdout] test extension::float::test::float_operations::case_08_fsub ... ok
[INFO] [stdout] test extension::prelude::array::test::exec_get::case_4 ... ok
[INFO] [stdout] test extension::prelude::array::test::exec_get::case_1 ... ok
[INFO] [stdout] test extension::prelude::array::test::exec_pop::case_5 ... ok
[INFO] [stdout] test extension::prelude::array::test::exec_get::case_2 ... ok
[INFO] [stdout] test extension::prelude::array::test::exec_pop::case_2 ... ok
[INFO] [stdout] test extension::prelude::array::test::exec_pop::case_1 ... ok
[INFO] [stdout] test extension::prelude::array::test::exec_get::case_3 ... ok
[INFO] [stdout] test extension::prelude::array::test::exec_pop::case_3 ... ok
[INFO] [stdout] test extension::prelude::array::test::exec_pop::case_6 ... ok
[INFO] [stdout] test extension::prelude::test::prelude_const_usize ... ok
[INFO] [stdout] test extension::prelude::test::prelude_extension_types ... ok
[INFO] [stdout] test extension::prelude::test::prelude_extension_types_in_test_context ... ok
[INFO] [stdout] test extension::prelude::array::test::exec_swap::case_4 ... ok
[INFO] [stdout] test extension::prelude::test::prelude_make_tuple ... ok
[INFO] [stdout] test extension::prelude::test::prelude_print ... ok
[INFO] [stdout] test extension::prelude::test::prelude_panic ... ok
[INFO] [stdout] test extension::prelude::array::test::exec_pop::case_4 ... ok
[INFO] [stdout] test extension::prelude::array::test::exec_pop::case_8 ... ok
[INFO] [stdout] test extension::prelude::array::test::exec_pop::case_7 ... ok
[INFO] [stdout] test extension::prelude::test::prelude_const_external_symbol ... ok
[INFO] [stdout] test extension::prelude::test::prelude_unpack_tuple ... ok
[INFO] [stdout] test extension::rotation::test::exec_from_halfturns::case_01 ... ok
[INFO] [stdout] test extension::prelude::array::test::exec_swap::case_3 ... ok
[INFO] [stdout] test extension::rotation::test::exec_aadd::case_2 ... ok
[INFO] [stdout] test extension::rotation::test::exec_from_halfturns::case_02 ... ok
[INFO] [stdout] test extension::rotation::test::exec_aadd::case_1 ... ok
[INFO] [stdout] test extension::rotation::test::emit_all_ops ... ok
[INFO] [stdout] test extension::prelude::array::test::exec_swap::case_6 ... ok
[INFO] [stdout] test extension::prelude::array::test::exec_swap::case_1 ... ok
[INFO] [stdout] test extension::rotation::test::exec_from_halfturns::case_08 ... ok
[INFO] [stdout] test extension::rotation::test::exec_from_halfturns::case_07 ... ok
[INFO] [stdout] test extension::prelude::array::test::exec_swap::case_2 ... ok
[INFO] [stdout] test extension::prelude::array::test::exec_swap::case_5 ... ok
[INFO] [stdout] test extension::rotation::test::exec_from_halfturns::case_03 ... ok
[INFO] [stdout] test extension::rotation::test::exec_to_halfturns::case_4 ... ok
[INFO] [stdout] test extension::rotation::test::exec_from_halfturns::case_04 ... ok
[INFO] [stdout] test types::test::ext_types::case_1 ... ok
[INFO] [stdout] test types::test::ext_types::case_2 ... ok
[INFO] [stdout] test extension::rotation::test::exec_from_halfturns::case_06 ... ok
[INFO] [stdout] test extension::rotation::test::exec_to_halfturns::case_1 ... ok
[INFO] [stdout] test types::test::ext_types::case_4 ... ok
[INFO] [stdout] test types::test::ext_types::case_3 ... ok
[INFO] [stdout] test types::test::ext_types::case_5 ... ok
[INFO] [stdout] test types::test::ext_types::case_8 ... ok
[INFO] [stdout] test types::test::func_types::case_2 ... ok
[INFO] [stdout] test types::test::ext_types::case_7 ... ok
[INFO] [stdout] test types::test::func_types::case_3 ... ok
[INFO] [stdout] test types::test::func_types::case_1 ... ok
[INFO] [stdout] test extension::rotation::test::exec_from_halfturns::case_09 ... ok
[INFO] [stdout] test types::test::ext_types::case_6 ... ok
[INFO] [stdout] test types::test::sum_types::case_4 ... ok
[INFO] [stdout] test types::test::sum_types::case_2 ... ok
[INFO] [stdout] test types::test::sum_types::case_3 ... ok
[INFO] [stdout] test types::test::sum_types::case_1 ... ok
[INFO] [stdout] test extension::rotation::test::exec_from_halfturns::case_11 ... ok
[INFO] [stdout] test utils::inline_constant_functions::test::simple ... ok
[INFO] [stdout] test extension::rotation::test::exec_to_halfturns::case_2 ... ok
[INFO] [stdout] test utils::array_op_builder::test::build_all_ops ... ok
[INFO] [stdout] test extension::rotation::test::exec_to_halfturns::case_3 ... ok
[INFO] [stdout] test extension::rotation::test::exec_from_halfturns::case_10 ... ok
[INFO] [stdout] test utils::inline_constant_functions::test::nested ... ok
[INFO] [stdout] test extension::rotation::test::exec_from_halfturns::case_05 ... ok
[INFO] [stdout] test extension::prelude::array::test::emit_all_ops ... ok
[INFO] [stdout] test extension::prelude::array::test::exec_set::case_2 ... ok
[INFO] [stdout] test extension::prelude::array::test::exec_set::case_1 ... ok
[INFO] [stdout] test extension::prelude::array::test::exec_set::case_4 ... ok
[INFO] [stdout] test extension::prelude::array::test::exec_set::case_3 ... ok
[INFO] [stdout] 
[INFO] [stdout] test result: ok. 171 passed; 0 failed; 0 ignored; 0 measured; 0 filtered out; finished in 0.84s
[INFO] [stdout] 
[INFO] [stderr]    Doc-tests hugr_llvm
[INFO] [stdout] 
[INFO] [stdout] running 2 tests
[INFO] [stdout] test src/custom.rs - custom::CodegenExtsBuilder<'a,H>::add_extension (line 73) ... FAILED
[INFO] [stdout] test src/emit/namer.rs - emit::namer::Namer::new (line 20) ... ok
[INFO] [stdout] 
[INFO] [stdout] failures:
[INFO] [stdout] 
[INFO] [stdout] ---- src/custom.rs - custom::CodegenExtsBuilder<'a,H>::add_extension (line 73) stdout ----
[INFO] [stdout] error: linking with `cc` failed: exit status: 1
[INFO] [stdout]   |
[INFO] [stdout]   = note: LC_ALL="C" PATH="/opt/rustwide/rustup-home/toolchains/1.83.0-x86_64-unknown-linux-gnu/lib/rustlib/x86_64-unknown-linux-gnu/bin:/opt/rustwide/cargo-home/bin:/usr/local/sbin:/usr/local/bin:/usr/sbin:/usr/bin:/sbin:/bin" VSLANG="1033" "cc" "-m64" "/tmp/rustcJJLmHI/symbols.o" "/tmp/rustdoctestq0JeuD/rust_out.rust_out.cb03291d53e4e161-cgu.0.rcgu.o" "/tmp/rustdoctestq0JeuD/rust_out.1s7umcihpz0t7nkz1uc2ifee9.rcgu.o" "-Wl,--as-needed" "-Wl,-Bstatic" "/opt/rustwide/target/debug/deps/libhugr_llvm-adabf046727583a4.rlib" "/opt/rustwide/target/debug/deps/libtket2-7f114dedf361c131.rlib" "/opt/rustwide/target/debug/deps/libchrono-58976ac2b5c42bdd.rlib" "/opt/rustwide/target/debug/deps/libnum_traits-15e1fbffc26ebd9a.rlib" "/opt/rustwide/target/debug/deps/libiana_time_zone-327d1375b89fcc29.rlib" "/opt/rustwide/target/debug/deps/libcsv-3c089c92530d3876.rlib" "/opt/rustwide/target/debug/deps/libcsv_core-77664cc04dc9d631.rlib" "/opt/rustwide/target/debug/deps/libtracing-9f9a5e224fe167ae.rlib" "/opt/rustwide/target/debug/deps/libpin_project_lite-04d37b8eb510eecb.rlib" "/opt/rustwide/target/debug/deps/libtracing_core-f8f0b4af6c34417e.rlib" "/opt/rustwide/target/debug/deps/libpest-9562235525d8105f.rlib" "/opt/rustwide/target/debug/deps/libucd_trie-60180606a3bb610f.rlib" "/opt/rustwide/target/debug/deps/libtket_json_rs-d627f834bee68d97.rlib" "/opt/rustwide/target/debug/deps/libuuid-85a90a1830cd4443.rlib" "/opt/rustwide/target/debug/deps/libhugr_cli-f8992082860bd9ed.rlib" "/opt/rustwide/target/debug/deps/libclio-ec89432033922de7.rlib" "/opt/rustwide/target/debug/deps/libwalkdir-1dd1923acd2c1bf5.rlib" "/opt/rustwide/target/debug/deps/libsame_file-5669399e58eccd84.rlib" "/opt/rustwide/target/debug/deps/libis_terminal-5b118476b80c26dc.rlib" "/opt/rustwide/target/debug/deps/libtempfile-874100b81c459f5f.rlib" "/opt/rustwide/target/debug/deps/libfastrand-5234a3763566eaa2.rlib" "/opt/rustwide/target/debug/deps/librustix-78320d0ebbb8faf2.rlib" "/opt/rustwide/target/debug/deps/libbitflags-e3f7c5486a00e38a.rlib" "/opt/rustwide/target/debug/deps/liblinux_raw_sys-e828328f9118a1ee.rlib" "/opt/rustwide/target/debug/deps/libcfg_if-8217498f8667ada9.rlib" "/opt/rustwide/target/debug/deps/libclap_verbosity_flag-6e8f89c2268521b6.rlib" "/opt/rustwide/target/debug/deps/liblog-2579a5a2dbce8c4d.rlib" "/opt/rustwide/target/debug/deps/libclap-6324ba9f6fb168f9.rlib" "/opt/rustwide/target/debug/deps/libclap_builder-d00932f26c7c0b58.rlib" "/opt/rustwide/target/debug/deps/libstrsim-f67fc7e181d739b6.rlib" "/opt/rustwide/target/debug/deps/libanstream-748e90a67c989567.rlib" "/opt/rustwide/target/debug/deps/libanstyle_query-6b60dcf5a66126f4.rlib" "/opt/rustwide/target/debug/deps/libis_terminal_polyfill-427901c753b7c39d.rlib" "/opt/rustwide/target/debug/deps/libcolorchoice-34e7d99119a7cc27.rlib" "/opt/rustwide/target/debug/deps/libanstyle_parse-e490bb1c7a6e9363.rlib" "/opt/rustwide/target/debug/deps/libutf8parse-3dd3c3e36081117c.rlib" "/opt/rustwide/target/debug/deps/libclap_lex-ff8c1f19c4854b1c.rlib" "/opt/rustwide/target/debug/deps/libanstyle-b1a5fa46dea5de48.rlib" "/opt/rustwide/target/debug/deps/libbytemuck-c88ca73f99f70750.rlib" "/opt/rustwide/target/debug/deps/librayon-c9eda3cbee0f4c56.rlib" "/opt/rustwide/target/debug/deps/librayon_core-c85d1807022617f5.rlib" "/opt/rustwide/target/debug/deps/libcrossbeam_deque-a3beb0ebfe0441fb.rlib" "/opt/rustwide/target/debug/deps/libcrossbeam_epoch-17a12af7c8a0cc0a.rlib" "/opt/rustwide/target/debug/deps/libpriority_queue-1db87059c7e6aefc.rlib" "/opt/rustwide/target/debug/deps/libcrossbeam_channel-2b068e04c96a1cbf.rlib" "/opt/rustwide/target/debug/deps/libcrossbeam_utils-be96993693568ee0.rlib" "/opt/rustwide/target/debug/deps/libfxhash-17a7b64bed36dd98.rlib" "/opt/rustwide/target/debug/deps/libbyteorder-f47bc0e1adee4793.rlib" "/opt/rustwide/target/debug/deps/libitertools-afd6d47054afcdc8.rlib" "/opt/rustwide/target/debug/deps/libinkwell-b9004b8296d5417e.rlib" "/opt/rustwide/target/debug/deps/libllvm_sys-2c6b17dd5e8fa1ca.rlib" "/opt/rustwide/target/debug/deps/liblibc-1a25c2a268023cac.rlib" "/opt/rustwide/target/debug/deps/libanyhow-584d22ab9ac31d0a.rlib" "/opt/rustwide/target/debug/deps/libhugr-82fc4ece0423b3f9.rlib" "/opt/rustwide/target/debug/deps/libhugr_passes-638eb90f7b27940d.rlib" "/opt/rustwide/target/debug/deps/libhugr_core-1cebe0d510974d6b.rlib" "/opt/rustwide/target/debug/deps/libhtml_escape-97523992a54707ee.rlib" "/opt/rustwide/target/debug/deps/libutf8_width-1627adc422341676.rlib" "/opt/rustwide/target/debug/deps/libserde_json-d0e52933805e381f.rlib" "/opt/rustwide/target/debug/deps/libitoa-cde9c8f28780c780.rlib" "/opt/rustwide/target/debug/deps/libryu-bba83beca99dd7c0.rlib" "/opt/rustwide/target/debug/deps/libtypetag-59e5a7250ba71ab8.rlib" "/opt/rustwide/target/debug/deps/libonce_cell-6f631f2a5f71cecc.rlib" "/opt/rustwide/target/debug/deps/libinventory-77b7978c2efca033.rlib" "/opt/rustwide/target/debug/deps/liberased_serde-e23591db72a77d25.rlib" "/opt/rustwide/target/debug/deps/libtypeid-f14491989104f587.rlib" "/opt/rustwide/target/debug/deps/libdowncast_rs-f186421ecc7397d6.rlib" "/opt/rustwide/target/debug/deps/libregex-836e7cda268402d9.rlib" "/opt/rustwide/target/debug/deps/libregex_automata-0b16463a9bcebd02.rlib" "/opt/rustwide/target/debug/deps/libaho_corasick-ca3c2ec2e6ffa0c6.rlib" "/opt/rustwide/target/debug/deps/libmemchr-a61794c77f52d343.rlib" "/opt/rustwide/target/debug/deps/libregex_syntax-155e812807b49638.rlib" "/opt/rustwide/target/debug/deps/libportgraph-1c6bac80b5d4901d.rlib" "/opt/rustwide/target/debug/deps/libpetgraph-db373bcc5a88e13d.rlib" "/opt/rustwide/target/debug/deps/libindexmap-3b61befb0fcbe039.rlib" "/opt/rustwide/target/debug/deps/libequivalent-4d5cfde55792e26d.rlib" "/opt/rustwide/target/debug/deps/libhashbrown-6289f19fff399cbf.rlib" "/opt/rustwide/target/debug/deps/libfixedbitset-0a8c4c54ba30ea5e.rlib" "/opt/rustwide/target/debug/deps/libcontext_iterators-ff4cb4d6661ff3f1.rlib" "/opt/rustwide/target/debug/deps/libbitvec-fcdaee2128d2a848.rlib" "/opt/rustwide/target/debug/deps/libwyz-1bf639ea2585bd37.rlib" "/opt/rustwide/target/debug/deps/libtap-88d1698c4d44c9d2.rlib" "/opt/rustwide/target/debug/deps/libradium-70b4d14a4cf73461.rlib" "/opt/rustwide/target/debug/deps/libfunty-8432ee30c8d1a4ea.rlib" "/opt/rustwide/target/debug/deps/libstrum-a90a25238ba46fef.rlib" "/opt/rustwide/target/debug/deps/liblazy_static-977f75dcedc2f7be.rlib" "/opt/rustwide/target/debug/deps/libsemver-22e775792d687a83.rlib" "/opt/rustwide/target/debug/deps/libderive_more-1a6f851f98f096fe.rlib" "/opt/rustwide/target/debug/deps/libsmol_str-ec54d7ec46523575.rlib" "/opt/rustwide/target/debug/deps/libserde-c07f03d037967adc.rlib" "/opt/rustwide/target/debug/deps/libitertools-a3117c8bfa5363f0.rlib" "/opt/rustwide/target/debug/deps/libeither-f8e74052d764b867.rlib" "/opt/rustwide/target/debug/deps/libthiserror-21971a10cbdf6428.rlib" "/opt/rustwide/rustup-home/toolchains/1.83.0-x86_64-unknown-linux-gnu/lib/rustlib/x86_64-unknown-linux-gnu/lib/libstd-ca74a2d9c5166d9f.rlib" "/opt/rustwide/rustup-home/toolchains/1.83.0-x86_64-unknown-linux-gnu/lib/rustlib/x86_64-unknown-linux-gnu/lib/libpanic_unwind-e31ab23316ed5080.rlib" "/opt/rustwide/rustup-home/toolchains/1.83.0-x86_64-unknown-linux-gnu/lib/rustlib/x86_64-unknown-linux-gnu/lib/libobject-27dc4aa955912662.rlib" "/opt/rustwide/rustup-home/toolchains/1.83.0-x86_64-unknown-linux-gnu/lib/rustlib/x86_64-unknown-linux-gnu/lib/libmemchr-bd0d6cccce077b99.rlib" "/opt/rustwide/rustup-home/toolchains/1.83.0-x86_64-unknown-linux-gnu/lib/rustlib/x86_64-unknown-linux-gnu/lib/libaddr2line-8d001680935b5e3c.rlib" "/opt/rustwide/rustup-home/toolchains/1.83.0-x86_64-unknown-linux-gnu/lib/rustlib/x86_64-unknown-linux-gnu/lib/libgimli-ba8ce71964f984f4.rlib" "/opt/rustwide/rustup-home/toolchains/1.83.0-x86_64-unknown-linux-gnu/lib/rustlib/x86_64-unknown-linux-gnu/lib/librustc_demangle-99a73526abcec14b.rlib" "/opt/rustwide/rustup-home/toolchains/1.83.0-x86_64-unknown-linux-gnu/lib/rustlib/x86_64-unknown-linux-gnu/lib/libstd_detect-63ac0d22cff92579.rlib" "/opt/rustwide/rustup-home/toolchains/1.83.0-x86_64-unknown-linux-gnu/lib/rustlib/x86_64-unknown-linux-gnu/lib/libhashbrown-9057355c92c922d5.rlib" "/opt/rustwide/rustup-home/toolchains/1.83.0-x86_64-unknown-linux-gnu/lib/rustlib/x86_64-unknown-linux-gnu/lib/librustc_std_workspace_alloc-358be9bc1f6bab04.rlib" "/opt/rustwide/rustup-home/toolchains/1.83.0-x86_64-unknown-linux-gnu/lib/rustlib/x86_64-unknown-linux-gnu/lib/libminiz_oxide-aca15549d5bff974.rlib" "/opt/rustwide/rustup-home/toolchains/1.83.0-x86_64-unknown-linux-gnu/lib/rustlib/x86_64-unknown-linux-gnu/lib/libadler-8251d2cef7072448.rlib" "/opt/rustwide/rustup-home/toolchains/1.83.0-x86_64-unknown-linux-gnu/lib/rustlib/x86_64-unknown-linux-gnu/lib/libunwind-7d50b86011c66411.rlib" "/opt/rustwide/rustup-home/toolchains/1.83.0-x86_64-unknown-linux-gnu/lib/rustlib/x86_64-unknown-linux-gnu/lib/libcfg_if-51ea098fce5006bf.rlib" "/opt/rustwide/rustup-home/toolchains/1.83.0-x86_64-unknown-linux-gnu/lib/rustlib/x86_64-unknown-linux-gnu/lib/liblibc-5a14e0d0b712e731.rlib" "/opt/rustwide/rustup-home/toolchains/1.83.0-x86_64-unknown-linux-gnu/lib/rustlib/x86_64-unknown-linux-gnu/lib/liballoc-8b83dbf3a7b8f999.rlib" "/opt/rustwide/rustup-home/toolchains/1.83.0-x86_64-unknown-linux-gnu/lib/rustlib/x86_64-unknown-linux-gnu/lib/librustc_std_workspace_core-c6fd227bdc7b39ff.rlib" "/opt/rustwide/rustup-home/toolchains/1.83.0-x86_64-unknown-linux-gnu/lib/rustlib/x86_64-unknown-linux-gnu/lib/libcore-959d3389fa3da8a5.rlib" "/opt/rustwide/rustup-home/toolchains/1.83.0-x86_64-unknown-linux-gnu/lib/rustlib/x86_64-unknown-linux-gnu/lib/libcompiler_builtins-abe05db089cc2c62.rlib" "-Wl,-Bdynamic" "-lffi" "-lrt" "-ldl" "-lm" "-lz" "-ltinfo" "-lxml2" "-lstdc++" "-lgcc_s" "-lutil" "-lrt" "-lpthread" "-lm" "-ldl" "-lc" "-Wl,--eh-frame-hdr" "-Wl,-z,noexecstack" "-L" "/opt/rustwide/target/debug/build/llvm-sys-901a2930b3abb95c/out" "-L" "/opt/rustwide/target/debug/build/zstd-sys-ea650a1398ac06d4/out" "-L" "/usr/lib/llvm-14/lib" "-L" "/opt/rustwide/rustup-home/toolchains/1.83.0-x86_64-unknown-linux-gnu/lib/rustlib/x86_64-unknown-linux-gnu/lib" "-o" "/tmp/rustdoctestq0JeuD/rust_out" "-Wl,--gc-sections" "-pie" "-Wl,-z,relro,-z,now" "-nodefaultlibs"
[INFO] [stdout]   = note: collect2: fatal error: ld terminated with signal 9 [Killed]
[INFO] [stdout]           compilation terminated.
[INFO] [stdout]           
[INFO] [stdout] 
[INFO] [stdout] error: aborting due to 1 previous error
[INFO] [stdout] 
[INFO] [stdout] Couldn't compile the test.
[INFO] [stdout] 
[INFO] [stdout] failures:
[INFO] [stdout]     src/custom.rs - custom::CodegenExtsBuilder<'a,H>::add_extension (line 73)
[INFO] [stdout] 
[INFO] [stdout] test result: FAILED. 1 passed; 1 failed; 0 ignored; 0 measured; 0 filtered out; finished in 12.57s
[INFO] [stdout] 
[INFO] [stderr] error: doctest failed, to rerun pass `--doc`
[INFO] running `Command { std: "docker" "inspect" "620ac8c4305df3246b8b30c3a092397e7c665480cc434e72cf2b86b26b1df37d", kill_on_drop: false }`
[INFO] running `Command { std: "docker" "rm" "-f" "620ac8c4305df3246b8b30c3a092397e7c665480cc434e72cf2b86b26b1df37d", kill_on_drop: false }`
[INFO] [stdout] 620ac8c4305df3246b8b30c3a092397e7c665480cc434e72cf2b86b26b1df37d
