[INFO] cloning repository https://github.com/doriancodes/wiki-o
[INFO] running `Command { std: "git" "-c" "credential.helper=" "-c" "credential.helper=/workspace/cargo-home/bin/git-credential-null" "clone" "--bare" "https://github.com/doriancodes/wiki-o" "/workspace/cache/git-repos/https%3A%2F%2Fgithub.com%2Fdoriancodes%2Fwiki-o", kill_on_drop: false }`
[INFO] [stderr] Cloning into bare repository '/workspace/cache/git-repos/https%3A%2F%2Fgithub.com%2Fdoriancodes%2Fwiki-o'...
[INFO] running `Command { std: "git" "rev-parse" "HEAD", kill_on_drop: false }`
[INFO] [stdout] cfab7585581ac2c763af5b339666b67d77d47d8b
[INFO] testing doriancodes/wiki-o against 1.83.0 for beta-1.84.0-4-retry
[INFO] running `Command { std: "git" "clone" "/workspace/cache/git-repos/https%3A%2F%2Fgithub.com%2Fdoriancodes%2Fwiki-o" "/workspace/builds/worker-6-tc1/source", kill_on_drop: false }`
[INFO] [stderr] Cloning into '/workspace/builds/worker-6-tc1/source'...
[INFO] [stderr] done.
[INFO] validating manifest of git repo https://github.com/doriancodes/wiki-o on toolchain 1.83.0
[INFO] running `Command { std: CARGO_HOME="/workspace/cargo-home" RUSTUP_HOME="/workspace/rustup-home" "/workspace/cargo-home/bin/cargo" "+1.83.0" "metadata" "--manifest-path" "Cargo.toml" "--no-deps", kill_on_drop: false }`
[INFO] started tweaking git repo https://github.com/doriancodes/wiki-o
[INFO] finished tweaking git repo https://github.com/doriancodes/wiki-o
[INFO] tweaked toml for git repo https://github.com/doriancodes/wiki-o written to /workspace/builds/worker-6-tc1/source/Cargo.toml
[INFO] crate git repo https://github.com/doriancodes/wiki-o already has a lockfile, it will not be regenerated
[INFO] running `Command { std: CARGO_HOME="/workspace/cargo-home" RUSTUP_HOME="/workspace/rustup-home" "/workspace/cargo-home/bin/cargo" "+1.83.0" "fetch" "--manifest-path" "Cargo.toml", kill_on_drop: false }`
[INFO] running `Command { std: "docker" "create" "-v" "/var/lib/crater-agent-workspace/builds/worker-6-tc1/target:/opt/rustwide/target:rw,Z" "-v" "/var/lib/crater-agent-workspace/builds/worker-6-tc1/source:/opt/rustwide/workdir:ro,Z" "-v" "/var/lib/crater-agent-workspace/cargo-home:/opt/rustwide/cargo-home:ro,Z" "-v" "/var/lib/crater-agent-workspace/rustup-home:/opt/rustwide/rustup-home:ro,Z" "-e" "SOURCE_DIR=/opt/rustwide/workdir" "-e" "CARGO_TARGET_DIR=/opt/rustwide/target" "-e" "CARGO_HOME=/opt/rustwide/cargo-home" "-e" "RUSTUP_HOME=/opt/rustwide/rustup-home" "-w" "/opt/rustwide/workdir" "-m" "1610612736" "--user" "0:0" "--network" "none" "ghcr.io/rust-lang/crates-build-env/linux@sha256:f3a9d4ad9d972b27faf3965f35b62e55ba32bbce8f20bc8fe909558a86702fde" "/opt/rustwide/cargo-home/bin/cargo" "+1.83.0" "metadata" "--no-deps" "--format-version=1", kill_on_drop: false }`
[INFO] [stdout] 7274ef77996e4fb927353577fee1dff3aeedd996eedda30acbe2fe17d81d5076
[INFO] running `Command { std: "docker" "start" "-a" "7274ef77996e4fb927353577fee1dff3aeedd996eedda30acbe2fe17d81d5076", kill_on_drop: false }`
[INFO] running `Command { std: "docker" "inspect" "7274ef77996e4fb927353577fee1dff3aeedd996eedda30acbe2fe17d81d5076", kill_on_drop: false }`
[INFO] running `Command { std: "docker" "rm" "-f" "7274ef77996e4fb927353577fee1dff3aeedd996eedda30acbe2fe17d81d5076", kill_on_drop: false }`
[INFO] [stdout] 7274ef77996e4fb927353577fee1dff3aeedd996eedda30acbe2fe17d81d5076
[INFO] running `Command { std: "docker" "create" "-v" "/var/lib/crater-agent-workspace/builds/worker-6-tc1/target:/opt/rustwide/target:rw,Z" "-v" "/var/lib/crater-agent-workspace/builds/worker-6-tc1/source:/opt/rustwide/workdir:ro,Z" "-v" "/var/lib/crater-agent-workspace/cargo-home:/opt/rustwide/cargo-home:ro,Z" "-v" "/var/lib/crater-agent-workspace/rustup-home:/opt/rustwide/rustup-home:ro,Z" "-e" "SOURCE_DIR=/opt/rustwide/workdir" "-e" "CARGO_TARGET_DIR=/opt/rustwide/target" "-e" "CARGO_INCREMENTAL=0" "-e" "RUST_BACKTRACE=full" "-e" "RUSTFLAGS=--cap-lints=warn" "-e" "RUSTDOCFLAGS=--cap-lints=warn" "-e" "CARGO_HOME=/opt/rustwide/cargo-home" "-e" "RUSTUP_HOME=/opt/rustwide/rustup-home" "-w" "/opt/rustwide/workdir" "-m" "1610612736" "--user" "0:0" "--network" "none" "ghcr.io/rust-lang/crates-build-env/linux@sha256:f3a9d4ad9d972b27faf3965f35b62e55ba32bbce8f20bc8fe909558a86702fde" "/opt/rustwide/cargo-home/bin/cargo" "+1.83.0" "build" "--frozen" "--message-format=json", kill_on_drop: false }`
[INFO] [stdout] fadd28dd6b924fe122fe6fd57da7e64d32edebbfd206baa9e64fb259ea93582d
[INFO] running `Command { std: "docker" "start" "-a" "fadd28dd6b924fe122fe6fd57da7e64d32edebbfd206baa9e64fb259ea93582d", kill_on_drop: false }`
[INFO] [stderr]    Compiling proc-macro2 v1.0.78
[INFO] [stderr]    Compiling unicode-ident v1.0.12
[INFO] [stderr]    Compiling utf8parse v0.2.1
[INFO] [stderr]    Compiling anstyle v1.0.6
[INFO] [stderr]    Compiling anstyle-query v1.0.2
[INFO] [stderr]    Compiling colorchoice v1.0.0
[INFO] [stderr]    Compiling serde v1.0.197
[INFO] [stderr]    Compiling anyhow v1.0.82
[INFO] [stderr]    Compiling strsim v0.11.0
[INFO] [stderr]    Compiling heck v0.5.0
[INFO] [stderr]    Compiling clap_lex v0.7.0
[INFO] [stderr]    Compiling lazy_static v1.4.0
[INFO] [stderr]    Compiling home v0.5.9
[INFO] [stderr]    Compiling colored v2.1.0
[INFO] [stderr]    Compiling anstyle-parse v0.2.3
[INFO] [stderr]    Compiling anstream v0.6.13
[INFO] [stderr]    Compiling clap_builder v4.5.2
[INFO] [stderr]    Compiling quote v1.0.35
[INFO] [stderr]    Compiling syn v2.0.52
[INFO] [stderr]    Compiling clap_derive v4.5.3
[INFO] [stderr]    Compiling serde_derive v1.0.197
[INFO] [stderr]    Compiling clap v4.5.3
[INFO] [stderr]    Compiling wiki-o v0.1.0 (/opt/rustwide/workdir)
[INFO] [stderr]     Finished `dev` profile [optimized + debuginfo] target(s) in 19.85s
[INFO] running `Command { std: "docker" "inspect" "fadd28dd6b924fe122fe6fd57da7e64d32edebbfd206baa9e64fb259ea93582d", kill_on_drop: false }`
[INFO] running `Command { std: "docker" "rm" "-f" "fadd28dd6b924fe122fe6fd57da7e64d32edebbfd206baa9e64fb259ea93582d", kill_on_drop: false }`
[INFO] [stdout] fadd28dd6b924fe122fe6fd57da7e64d32edebbfd206baa9e64fb259ea93582d
[INFO] running `Command { std: "docker" "create" "-v" "/var/lib/crater-agent-workspace/builds/worker-6-tc1/target:/opt/rustwide/target:rw,Z" "-v" "/var/lib/crater-agent-workspace/builds/worker-6-tc1/source:/opt/rustwide/workdir:ro,Z" "-v" "/var/lib/crater-agent-workspace/cargo-home:/opt/rustwide/cargo-home:ro,Z" "-v" "/var/lib/crater-agent-workspace/rustup-home:/opt/rustwide/rustup-home:ro,Z" "-e" "SOURCE_DIR=/opt/rustwide/workdir" "-e" "CARGO_TARGET_DIR=/opt/rustwide/target" "-e" "CARGO_INCREMENTAL=0" "-e" "RUST_BACKTRACE=full" "-e" "RUSTFLAGS=--cap-lints=warn" "-e" "RUSTDOCFLAGS=--cap-lints=warn" "-e" "CARGO_HOME=/opt/rustwide/cargo-home" "-e" "RUSTUP_HOME=/opt/rustwide/rustup-home" "-w" "/opt/rustwide/workdir" "-m" "1610612736" "--user" "0:0" "--network" "none" "ghcr.io/rust-lang/crates-build-env/linux@sha256:f3a9d4ad9d972b27faf3965f35b62e55ba32bbce8f20bc8fe909558a86702fde" "/opt/rustwide/cargo-home/bin/cargo" "+1.83.0" "test" "--frozen" "--no-run" "--message-format=json", kill_on_drop: false }`
[INFO] [stdout] ae47d78e9f183831941752d17e68c8f6edabf00fb031406cfce47fb28a2c68c3
[INFO] running `Command { std: "docker" "start" "-a" "ae47d78e9f183831941752d17e68c8f6edabf00fb031406cfce47fb28a2c68c3", kill_on_drop: false }`
[INFO] [stderr]    Compiling autocfg v1.1.0
[INFO] [stderr]    Compiling memchr v2.7.1
[INFO] [stderr]    Compiling regex-syntax v0.8.2
[INFO] [stderr]    Compiling libc v0.2.153
[INFO] [stderr]    Compiling doc-comment v0.3.3
[INFO] [stderr]    Compiling predicates-core v1.0.6
[INFO] [stderr]    Compiling difflib v0.4.0
[INFO] [stderr]    Compiling termtree v0.4.1
[INFO] [stderr]    Compiling assert_cmd v2.0.14
[INFO] [stderr]    Compiling normalize-line-endings v0.3.0
[INFO] [stderr]    Compiling predicates-tree v1.0.9
[INFO] [stderr]    Compiling num-traits v0.2.18
[INFO] [stderr]    Compiling aho-corasick v1.1.2
[INFO] [stderr]    Compiling wait-timeout v0.2.0
[INFO] [stderr]    Compiling float-cmp v0.9.0
[INFO] [stderr]    Compiling regex-automata v0.4.6
[INFO] [stderr]    Compiling regex v1.10.3
[INFO] [stderr]    Compiling bstr v1.9.1
[INFO] [stderr]    Compiling predicates v3.1.0
[INFO] [stderr]    Compiling wiki-o v0.1.0 (/opt/rustwide/workdir)
[INFO] [stderr]     Finished `test` profile [optimized + debuginfo] target(s) in 37.20s
[INFO] running `Command { std: "docker" "inspect" "ae47d78e9f183831941752d17e68c8f6edabf00fb031406cfce47fb28a2c68c3", kill_on_drop: false }`
[INFO] running `Command { std: "docker" "rm" "-f" "ae47d78e9f183831941752d17e68c8f6edabf00fb031406cfce47fb28a2c68c3", kill_on_drop: false }`
[INFO] [stdout] ae47d78e9f183831941752d17e68c8f6edabf00fb031406cfce47fb28a2c68c3
[INFO] running `Command { std: "docker" "create" "-v" "/var/lib/crater-agent-workspace/builds/worker-6-tc1/target:/opt/rustwide/target:rw,Z" "-v" "/var/lib/crater-agent-workspace/builds/worker-6-tc1/source:/opt/rustwide/workdir:ro,Z" "-v" "/var/lib/crater-agent-workspace/cargo-home:/opt/rustwide/cargo-home:ro,Z" "-v" "/var/lib/crater-agent-workspace/rustup-home:/opt/rustwide/rustup-home:ro,Z" "-e" "SOURCE_DIR=/opt/rustwide/workdir" "-e" "CARGO_TARGET_DIR=/opt/rustwide/target" "-e" "CARGO_INCREMENTAL=0" "-e" "RUST_BACKTRACE=full" "-e" "RUSTFLAGS=--cap-lints=warn" "-e" "RUSTDOCFLAGS=--cap-lints=warn" "-e" "CARGO_HOME=/opt/rustwide/cargo-home" "-e" "RUSTUP_HOME=/opt/rustwide/rustup-home" "-w" "/opt/rustwide/workdir" "-m" "1610612736" "--user" "0:0" "--network" "none" "ghcr.io/rust-lang/crates-build-env/linux@sha256:f3a9d4ad9d972b27faf3965f35b62e55ba32bbce8f20bc8fe909558a86702fde" "/opt/rustwide/cargo-home/bin/cargo" "+1.83.0" "test" "--frozen", kill_on_drop: false }`
[INFO] [stdout] 719b2b9a1e15c2b6d259efb5cded8899ea0513456b37fe6b0c9535655b635715
[INFO] running `Command { std: "docker" "start" "-a" "719b2b9a1e15c2b6d259efb5cded8899ea0513456b37fe6b0c9535655b635715", kill_on_drop: false }`
[INFO] [stderr]     Finished `test` profile [optimized + debuginfo] target(s) in 0.07s
[INFO] [stderr]      Running unittests src/lib.rs (/opt/rustwide/target/debug/deps/wiki_o-bc6d9f30431067a8)
[INFO] [stderr]      Running unittests src/main.rs (/opt/rustwide/target/debug/deps/wo-86745d235b0da725)
[INFO] [stdout] 
[INFO] [stdout] running 0 tests
[INFO] [stdout] 
[INFO] [stdout] test result: ok. 0 passed; 0 failed; 0 ignored; 0 measured; 0 filtered out; finished in 0.00s
[INFO] [stdout] 
[INFO] [stdout] 
[INFO] [stdout] running 0 tests
[INFO] [stderr]      Running tests/mod.rs (/opt/rustwide/target/debug/deps/mod-84d0f016596bf054)
[INFO] [stdout] 
[INFO] [stdout] test result: ok. 0 passed; 0 failed; 0 ignored; 0 measured; 0 filtered out; finished in 0.00s
[INFO] [stdout] 
[INFO] [stdout] 
[INFO] [stdout] running 1 test
[INFO] [stdout] test tests::integration_test ... FAILED
[INFO] [stdout] 
[INFO] [stdout] failures:
[INFO] [stdout] 
[INFO] [stdout] ---- tests::integration_test stdout ----
[INFO] [stdout] thread 'tests::integration_test' panicked at tests/tests.rs:12:21:
[INFO] [stdout] called `Result::unwrap()` on an `Err` value: Read-only file system (os error 30)
[INFO] [stdout] 
[INFO] [stdout] Stack backtrace:
[INFO] [stdout]    0: anyhow::error::<impl core::convert::From<E> for anyhow::Error>::from
[INFO] [stdout]              at /opt/rustwide/cargo-home/registry/src/index.crates.io-6f17d22bba15001f/anyhow-1.0.82/src/backtrace.rs:27:14
[INFO] [stdout]    1: <core::result::Result<T,F> as core::ops::try_trait::FromResidual<core::result::Result<core::convert::Infallible,E>>>::from_residual
[INFO] [stdout]              at /rustc/90b35a6239c3d8bdabc530a6a0816f7ff89a0aaf/library/core/src/result.rs:2010:27
[INFO] [stdout]    2: wiki_o::io::file::create_dir_if_not_exist
[INFO] [stdout]              at ./src/io/file.rs:87:9
[INFO] [stdout]    3: wiki_o::io::env::ContextWriter::create_config_dir
[INFO] [stdout]              at ./src/io/env.rs:90:9
[INFO] [stdout]    4: wiki_o::io::env::ContextWriter::init
[INFO] [stdout]              at ./src/io/env.rs:84:9
[INFO] [stdout]    5: mod::tests::setup
[INFO] [stdout]              at ./tests/tests.rs:12:5
[INFO] [stdout]    6: mod::tests::integration_test
[INFO] [stdout]              at ./tests/tests.rs:38:59
[INFO] [stdout]    7: mod::tests::integration_test::{{closure}}
[INFO] [stdout]              at ./tests/tests.rs:37:22
[INFO] [stdout]    8: core::ops::function::FnOnce::call_once
[INFO] [stdout]              at /rustc/90b35a6239c3d8bdabc530a6a0816f7ff89a0aaf/library/core/src/ops/function.rs:250:5
[INFO] [stdout]    9: core::ops::function::FnOnce::call_once
[INFO] [stdout]              at /rustc/90b35a6239c3d8bdabc530a6a0816f7ff89a0aaf/library/core/src/ops/function.rs:250:5
[INFO] [stdout]   10: test::__rust_begin_short_backtrace
[INFO] [stdout]              at /rustc/90b35a6239c3d8bdabc530a6a0816f7ff89a0aaf/library/test/src/lib.rs:621:18
[INFO] [stdout]   11: test::run_test_in_process::{{closure}}
[INFO] [stdout]              at /rustc/90b35a6239c3d8bdabc530a6a0816f7ff89a0aaf/library/test/src/lib.rs:644:60
[INFO] [stdout]   12: <core::panic::unwind_safe::AssertUnwindSafe<F> as core::ops::function::FnOnce<()>>::call_once
[INFO] [stdout]              at /rustc/90b35a6239c3d8bdabc530a6a0816f7ff89a0aaf/library/core/src/panic/unwind_safe.rs:272:9
[INFO] [stdout]   13: std::panicking::try::do_call
[INFO] [stdout]              at /rustc/90b35a6239c3d8bdabc530a6a0816f7ff89a0aaf/library/std/src/panicking.rs:557:40
[INFO] [stdout]   14: std::panicking::try
[INFO] [stdout]              at /rustc/90b35a6239c3d8bdabc530a6a0816f7ff89a0aaf/library/std/src/panicking.rs:520:19
[INFO] [stdout]   15: std::panic::catch_unwind
[INFO] [stdout]              at /rustc/90b35a6239c3d8bdabc530a6a0816f7ff89a0aaf/library/std/src/panic.rs:358:14
[INFO] [stdout]   16: test::run_test_in_process
[INFO] [stdout]              at /rustc/90b35a6239c3d8bdabc530a6a0816f7ff89a0aaf/library/test/src/lib.rs:644:27
[INFO] [stdout]   17: test::run_test::{{closure}}
[INFO] [stdout]              at /rustc/90b35a6239c3d8bdabc530a6a0816f7ff89a0aaf/library/test/src/lib.rs:565:43
[INFO] [stdout]   18: test::run_test::{{closure}}
[INFO] [stdout]              at /rustc/90b35a6239c3d8bdabc530a6a0816f7ff89a0aaf/library/test/src/lib.rs:595:41
[INFO] [stdout]   19: std::sys::backtrace::__rust_begin_short_backtrace
[INFO] [stdout]              at /rustc/90b35a6239c3d8bdabc530a6a0816f7ff89a0aaf/library/std/src/sys/backtrace.rs:154:18
[INFO] [stdout]   20: std::thread::Builder::spawn_unchecked_::{{closure}}::{{closure}}
[INFO] [stdout]              at /rustc/90b35a6239c3d8bdabc530a6a0816f7ff89a0aaf/library/std/src/thread/mod.rs:538:17
[INFO] [stdout]   21: <core::panic::unwind_safe::AssertUnwindSafe<F> as core::ops::function::FnOnce<()>>::call_once
[INFO] [stdout]              at /rustc/90b35a6239c3d8bdabc530a6a0816f7ff89a0aaf/library/core/src/panic/unwind_safe.rs:272:9
[INFO] [stdout]   22: std::panicking::try::do_call
[INFO] [stdout]              at /rustc/90b35a6239c3d8bdabc530a6a0816f7ff89a0aaf/library/std/src/panicking.rs:557:40
[INFO] [stdout]   23: std::panicking::try
[INFO] [stdout]              at /rustc/90b35a6239c3d8bdabc530a6a0816f7ff89a0aaf/library/std/src/panicking.rs:520:19
[INFO] [stdout]   24: std::panic::catch_unwind
[INFO] [stdout]              at /rustc/90b35a6239c3d8bdabc530a6a0816f7ff89a0aaf/library/std/src/panic.rs:358:14
[INFO] [stdout]   25: std::thread::Builder::spawn_unchecked_::{{closure}}
[INFO] [stdout]              at /rustc/90b35a6239c3d8bdabc530a6a0816f7ff89a0aaf/library/std/src/thread/mod.rs:537:30
[INFO] [stdout]   26: core::ops::function::FnOnce::call_once{{vtable.shim}}
[INFO] [stdout]              at /rustc/90b35a6239c3d8bdabc530a6a0816f7ff89a0aaf/library/core/src/ops/function.rs:250:5
[INFO] [stdout]   27: <alloc::boxed::Box<F,A> as core::ops::function::FnOnce<Args>>::call_once
[INFO] [stdout]              at /rustc/90b35a6239c3d8bdabc530a6a0816f7ff89a0aaf/library/alloc/src/boxed.rs:2454:9
[INFO] [stdout]   28: <alloc::boxed::Box<F,A> as core::ops::function::FnOnce<Args>>::call_once
[INFO] [stdout]              at /rustc/90b35a6239c3d8bdabc530a6a0816f7ff89a0aaf/library/alloc/src/boxed.rs:2454:9
[INFO] [stdout]   29: std::sys::pal::unix::thread::Thread::new::thread_start
[INFO] [stdout]              at /rustc/90b35a6239c3d8bdabc530a6a0816f7ff89a0aaf/library/std/src/sys/pal/unix/thread.rs:105:17
[INFO] [stdout]   30: <unknown>
[INFO] [stdout]   31: clone
[INFO] [stdout] stack backtrace:
[INFO] [stdout]    0:     0x5c0920bae07a - std::backtrace_rs::backtrace::libunwind::trace::h5a5b8284f2d0c266
[INFO] [stdout]                                at /rustc/90b35a6239c3d8bdabc530a6a0816f7ff89a0aaf/library/std/src/../../backtrace/src/backtrace/libunwind.rs:116:5
[INFO] [stdout]    1:     0x5c0920bae07a - std::backtrace_rs::backtrace::trace_unsynchronized::h76d4f1c9b0b875e3
[INFO] [stdout]                                at /rustc/90b35a6239c3d8bdabc530a6a0816f7ff89a0aaf/library/std/src/../../backtrace/src/backtrace/mod.rs:66:5
[INFO] [stdout]    2:     0x5c0920bae07a - std::sys::backtrace::_print_fmt::hc4546b8364a537c6
[INFO] [stdout]                                at /rustc/90b35a6239c3d8bdabc530a6a0816f7ff89a0aaf/library/std/src/sys/backtrace.rs:66:9
[INFO] [stdout]    3:     0x5c0920bae07a - <std::sys::backtrace::BacktraceLock::print::DisplayBacktrace as core::fmt::Display>::fmt::h5b6bd5631a6d1f6b
[INFO] [stdout]                                at /rustc/90b35a6239c3d8bdabc530a6a0816f7ff89a0aaf/library/std/src/sys/backtrace.rs:39:26
[INFO] [stdout]    4:     0x5c0920bd41d3 - core::fmt::rt::Argument::fmt::h270f6602a2b96f62
[INFO] [stdout]                                at /rustc/90b35a6239c3d8bdabc530a6a0816f7ff89a0aaf/library/core/src/fmt/rt.rs:177:76
[INFO] [stdout]    5:     0x5c0920bd41d3 - core::fmt::write::h7550c97b06c86515
[INFO] [stdout]                                at /rustc/90b35a6239c3d8bdabc530a6a0816f7ff89a0aaf/library/core/src/fmt/mod.rs:1186:21
[INFO] [stdout]    6:     0x5c0920baaeb3 - std::io::Write::write_fmt::h509ff860e5956e5e
[INFO] [stdout]                                at /rustc/90b35a6239c3d8bdabc530a6a0816f7ff89a0aaf/library/std/src/io/mod.rs:1839:15
[INFO] [stdout]    7:     0x5c0920badec2 - std::sys::backtrace::BacktraceLock::print::h2395ccd2c84ba3aa
[INFO] [stdout]                                at /rustc/90b35a6239c3d8bdabc530a6a0816f7ff89a0aaf/library/std/src/sys/backtrace.rs:42:9
[INFO] [stdout]    8:     0x5c0920baf4da - std::panicking::default_hook::{{closure}}::he19d4c7230e07961
[INFO] [stdout]                                at /rustc/90b35a6239c3d8bdabc530a6a0816f7ff89a0aaf/library/std/src/panicking.rs:268:22
[INFO] [stdout]    9:     0x5c0920baf2e4 - std::panicking::default_hook::hf614597d3c67bbdb
[INFO] [stdout]                                at /rustc/90b35a6239c3d8bdabc530a6a0816f7ff89a0aaf/library/std/src/panicking.rs:292:9
[INFO] [stdout]   10:     0x5c0920b6dea9 - <alloc::boxed::Box<F,A> as core::ops::function::Fn<Args>>::call::h39b51ce4599c23d1
[INFO] [stdout]                                at /rustc/90b35a6239c3d8bdabc530a6a0816f7ff89a0aaf/library/alloc/src/boxed.rs:2468:9
[INFO] [stdout]   11:     0x5c0920b6dea9 - test::test_main::{{closure}}::he977ae839a582784
[INFO] [stdout]                                at /rustc/90b35a6239c3d8bdabc530a6a0816f7ff89a0aaf/library/test/src/lib.rs:133:21
[INFO] [stdout]   12:     0x5c0920bafb78 - <alloc::boxed::Box<F,A> as core::ops::function::Fn<Args>>::call::h9455091b6b06f9fb
[INFO] [stdout]                                at /rustc/90b35a6239c3d8bdabc530a6a0816f7ff89a0aaf/library/alloc/src/boxed.rs:2468:9
[INFO] [stdout]   13:     0x5c0920bafb78 - std::panicking::rust_panic_with_hook::h8942133a8b252070
[INFO] [stdout]                                at /rustc/90b35a6239c3d8bdabc530a6a0816f7ff89a0aaf/library/std/src/panicking.rs:809:13
[INFO] [stdout]   14:     0x5c0920baf93a - std::panicking::begin_panic_handler::{{closure}}::hb5f5963570096b29
[INFO] [stdout]                                at /rustc/90b35a6239c3d8bdabc530a6a0816f7ff89a0aaf/library/std/src/panicking.rs:674:13
[INFO] [stdout]   15:     0x5c0920bae559 - std::sys::backtrace::__rust_end_short_backtrace::h6208cedc1922feda
[INFO] [stdout]                                at /rustc/90b35a6239c3d8bdabc530a6a0816f7ff89a0aaf/library/std/src/sys/backtrace.rs:170:18
[INFO] [stdout]   16:     0x5c0920baf5cc - rust_begin_unwind
[INFO] [stdout]                                at /rustc/90b35a6239c3d8bdabc530a6a0816f7ff89a0aaf/library/std/src/panicking.rs:665:5
[INFO] [stdout]   17:     0x5c0920b33d60 - core::panicking::panic_fmt::h0c3082644d1bf418
[INFO] [stdout]                                at /rustc/90b35a6239c3d8bdabc530a6a0816f7ff89a0aaf/library/core/src/panicking.rs:74:14
[INFO] [stdout]   18:     0x5c0920b341a6 - core::result::unwrap_failed::hd20b4aa073bda1e2
[INFO] [stdout]                                at /rustc/90b35a6239c3d8bdabc530a6a0816f7ff89a0aaf/library/core/src/result.rs:1700:5
[INFO] [stdout]   19:     0x5c0920b34fab - core::result::Result<T,E>::unwrap::h7771d15718903cc6
[INFO] [stdout]                                at /rustc/90b35a6239c3d8bdabc530a6a0816f7ff89a0aaf/library/core/src/result.rs:1104:23
[INFO] [stdout]   20:     0x5c0920b34fab - mod::tests::setup::h5188fd451f2df77d
[INFO] [stdout]                                at /opt/rustwide/workdir/tests/tests.rs:12:5
[INFO] [stdout]   21:     0x5c0920b34fab - mod::tests::integration_test::h051b590186e8487c
[INFO] [stdout]                                at /opt/rustwide/workdir/tests/tests.rs:38:59
[INFO] [stdout]   22:     0x5c0920b34fab - mod::tests::integration_test::{{closure}}::h09d0a076e8050c64
[INFO] [stdout]                                at /opt/rustwide/workdir/tests/tests.rs:37:22
[INFO] [stdout]   23:     0x5c0920b34fab - core::ops::function::FnOnce::call_once::h1368ca1cf0c8576a
[INFO] [stdout]                                at /rustc/90b35a6239c3d8bdabc530a6a0816f7ff89a0aaf/library/core/src/ops/function.rs:250:5
[INFO] [stdout]   24:     0x5c0920b7286b - core::ops::function::FnOnce::call_once::h109cf8051a59b34e
[INFO] [stdout]                                at /rustc/90b35a6239c3d8bdabc530a6a0816f7ff89a0aaf/library/core/src/ops/function.rs:250:5
[INFO] [stdout]   25:     0x5c0920b7286b - test::__rust_begin_short_backtrace::hf4fff89d377446ba
[INFO] [stdout]                                at /rustc/90b35a6239c3d8bdabc530a6a0816f7ff89a0aaf/library/test/src/lib.rs:621:18
[INFO] [stdout]   26:     0x5c0920b720a7 - test::run_test_in_process::{{closure}}::h0e39181dd7ee5a43
[INFO] [stdout]                                at /rustc/90b35a6239c3d8bdabc530a6a0816f7ff89a0aaf/library/test/src/lib.rs:644:60
[INFO] [stdout]   27:     0x5c0920b720a7 - <core::panic::unwind_safe::AssertUnwindSafe<F> as core::ops::function::FnOnce<()>>::call_once::hc5a66a30f0bdfd1f
[INFO] [stdout]                                at /rustc/90b35a6239c3d8bdabc530a6a0816f7ff89a0aaf/library/core/src/panic/unwind_safe.rs:272:9
[INFO] [stdout]   28:     0x5c0920b720a7 - std::panicking::try::do_call::h873b7cf639554a5e
[INFO] [stdout]                                at /rustc/90b35a6239c3d8bdabc530a6a0816f7ff89a0aaf/library/std/src/panicking.rs:557:40
[INFO] [stdout]   29:     0x5c0920b720a7 - std::panicking::try::hdb19862fad9c8bd1
[INFO] [stdout]                                at /rustc/90b35a6239c3d8bdabc530a6a0816f7ff89a0aaf/library/std/src/panicking.rs:520:19
[INFO] [stdout]   30:     0x5c0920b720a7 - std::panic::catch_unwind::h281fe732d236d260
[INFO] [stdout]                                at /rustc/90b35a6239c3d8bdabc530a6a0816f7ff89a0aaf/library/std/src/panic.rs:358:14
[INFO] [stdout]   31:     0x5c0920b720a7 - test::run_test_in_process::h949b6df8457ed338
[INFO] [stdout]                                at /rustc/90b35a6239c3d8bdabc530a6a0816f7ff89a0aaf/library/test/src/lib.rs:644:27
[INFO] [stdout]   32:     0x5c0920b720a7 - test::run_test::{{closure}}::h52c556a6d4740e10
[INFO] [stdout]                                at /rustc/90b35a6239c3d8bdabc530a6a0816f7ff89a0aaf/library/test/src/lib.rs:565:43
[INFO] [stdout]   33:     0x5c0920b37384 - test::run_test::{{closure}}::h4237f6381c45ccb9
[INFO] [stdout]                                at /rustc/90b35a6239c3d8bdabc530a6a0816f7ff89a0aaf/library/test/src/lib.rs:595:41
[INFO] [stdout]   34:     0x5c0920b37384 - std::sys::backtrace::__rust_begin_short_backtrace::h505c97a579eca628
[INFO] [stdout]                                at /rustc/90b35a6239c3d8bdabc530a6a0816f7ff89a0aaf/library/std/src/sys/backtrace.rs:154:18
[INFO] [stdout]   35:     0x5c0920b3aa4e - std::thread::Builder::spawn_unchecked_::{{closure}}::{{closure}}::h9e86b2e2bc107ea3
[INFO] [stdout]                                at /rustc/90b35a6239c3d8bdabc530a6a0816f7ff89a0aaf/library/std/src/thread/mod.rs:538:17
[INFO] [stdout]   36:     0x5c0920b3aa4e - <core::panic::unwind_safe::AssertUnwindSafe<F> as core::ops::function::FnOnce<()>>::call_once::h8b06ddb275ff4a25
[INFO] [stdout]                                at /rustc/90b35a6239c3d8bdabc530a6a0816f7ff89a0aaf/library/core/src/panic/unwind_safe.rs:272:9
[INFO] [stdout]   37:     0x5c0920b3aa4e - std::panicking::try::do_call::hb26ecd7cd9a9355d
[INFO] [stdout]                                at /rustc/90b35a6239c3d8bdabc530a6a0816f7ff89a0aaf/library/std/src/panicking.rs:557:40
[INFO] [stdout]   38:     0x5c0920b3aa4e - std::panicking::try::h8ddeca9d705f9069
[INFO] [stdout]                                at /rustc/90b35a6239c3d8bdabc530a6a0816f7ff89a0aaf/library/std/src/panicking.rs:520:19
[INFO] [stdout]   39:     0x5c0920b3aa4e - std::panic::catch_unwind::h49e1c33078844c46
[INFO] [stdout]                                at /rustc/90b35a6239c3d8bdabc530a6a0816f7ff89a0aaf/library/std/src/panic.rs:358:14
[INFO] [stdout]   40:     0x5c0920b3aa4e - std::thread::Builder::spawn_unchecked_::{{closure}}::h6073db6ff56ad35d
[INFO] [stdout]                                at /rustc/90b35a6239c3d8bdabc530a6a0816f7ff89a0aaf/library/std/src/thread/mod.rs:537:30
[INFO] [stdout]   41:     0x5c0920b3aa4e - core::ops::function::FnOnce::call_once{{vtable.shim}}::h2c5a5f3779c774f1
[INFO] [stdout]                                at /rustc/90b35a6239c3d8bdabc530a6a0816f7ff89a0aaf/library/core/src/ops/function.rs:250:5
[INFO] [stdout]   42:     0x5c0920bb457b - <alloc::boxed::Box<F,A> as core::ops::function::FnOnce<Args>>::call_once::hf75717d9f28faebf
[INFO] [stdout]                                at /rustc/90b35a6239c3d8bdabc530a6a0816f7ff89a0aaf/library/alloc/src/boxed.rs:2454:9
[INFO] [stdout]   43:     0x5c0920bb457b - <alloc::boxed::Box<F,A> as core::ops::function::FnOnce<Args>>::call_once::h7bd883a5f3c5f3c1
[INFO] [stdout]                                at /rustc/90b35a6239c3d8bdabc530a6a0816f7ff89a0aaf/library/alloc/src/boxed.rs:2454:9
[INFO] [stdout]   44:     0x5c0920bb457b - std::sys::pal::unix::thread::Thread::new::thread_start::hcc78f3943333fa94
[INFO] [stdout]                                at /rustc/90b35a6239c3d8bdabc530a6a0816f7ff89a0aaf/library/std/src/sys/pal/unix/thread.rs:105:17
[INFO] [stdout]   45:     0x7829024e6ac3 - <unknown>
[INFO] [stdout]   46:     0x782902577a04 - clone
[INFO] [stdout]   47:                0x0 - <unknown>
[INFO] [stdout] 
[INFO] [stdout] 
[INFO] [stdout] failures:
[INFO] [stdout]     tests::integration_test
[INFO] [stdout] 
[INFO] [stdout] test result: FAILED. 0 passed; 1 failed; 0 ignored; 0 measured; 0 filtered out; finished in 0.05s
[INFO] [stdout] 
[INFO] [stderr] error: test failed, to rerun pass `--test mod`
[INFO] running `Command { std: "docker" "inspect" "719b2b9a1e15c2b6d259efb5cded8899ea0513456b37fe6b0c9535655b635715", kill_on_drop: false }`
[INFO] running `Command { std: "docker" "rm" "-f" "719b2b9a1e15c2b6d259efb5cded8899ea0513456b37fe6b0c9535655b635715", kill_on_drop: false }`
[INFO] [stdout] 719b2b9a1e15c2b6d259efb5cded8899ea0513456b37fe6b0c9535655b635715
