[INFO] cloning repository https://github.com/dominod-dev/talkoxid
[INFO] running `Command { std: "git" "-c" "credential.helper=" "-c" "credential.helper=/workspace/cargo-home/bin/git-credential-null" "clone" "--bare" "https://github.com/dominod-dev/talkoxid" "/workspace/cache/git-repos/https%3A%2F%2Fgithub.com%2Fdominod-dev%2Ftalkoxid", kill_on_drop: false }`
[INFO] [stderr] Cloning into bare repository '/workspace/cache/git-repos/https%3A%2F%2Fgithub.com%2Fdominod-dev%2Ftalkoxid'...
[INFO] running `Command { std: "git" "rev-parse" "HEAD", kill_on_drop: false }`
[INFO] [stdout] 234016f00d8fba3473d75e413199eb5f43ecb30a
[INFO] testing dominod-dev/talkoxid against beta-2024-12-08 for beta-1.84.0-4-retry
[INFO] running `Command { std: "git" "clone" "/workspace/cache/git-repos/https%3A%2F%2Fgithub.com%2Fdominod-dev%2Ftalkoxid" "/workspace/builds/worker-3-tc2/source", kill_on_drop: false }`
[INFO] [stderr] Cloning into '/workspace/builds/worker-3-tc2/source'...
[INFO] [stderr] done.
[INFO] validating manifest of git repo https://github.com/dominod-dev/talkoxid on toolchain beta-2024-12-08
[INFO] running `Command { std: CARGO_HOME="/workspace/cargo-home" RUSTUP_HOME="/workspace/rustup-home" "/workspace/cargo-home/bin/cargo" "+beta-2024-12-08" "metadata" "--manifest-path" "Cargo.toml" "--no-deps", kill_on_drop: false }`
[INFO] started tweaking git repo https://github.com/dominod-dev/talkoxid
[INFO] finished tweaking git repo https://github.com/dominod-dev/talkoxid
[INFO] tweaked toml for git repo https://github.com/dominod-dev/talkoxid written to /workspace/builds/worker-3-tc2/source/Cargo.toml
[INFO] crate git repo https://github.com/dominod-dev/talkoxid already has a lockfile, it will not be regenerated
[INFO] running `Command { std: CARGO_HOME="/workspace/cargo-home" RUSTUP_HOME="/workspace/rustup-home" "/workspace/cargo-home/bin/cargo" "+beta-2024-12-08" "fetch" "--manifest-path" "Cargo.toml", kill_on_drop: false }`
[INFO] running `Command { std: "docker" "create" "-v" "/var/lib/crater-agent-workspace/builds/worker-3-tc2/target:/opt/rustwide/target:rw,Z" "-v" "/var/lib/crater-agent-workspace/builds/worker-3-tc2/source:/opt/rustwide/workdir:ro,Z" "-v" "/var/lib/crater-agent-workspace/cargo-home:/opt/rustwide/cargo-home:ro,Z" "-v" "/var/lib/crater-agent-workspace/rustup-home:/opt/rustwide/rustup-home:ro,Z" "-e" "SOURCE_DIR=/opt/rustwide/workdir" "-e" "CARGO_TARGET_DIR=/opt/rustwide/target" "-e" "CARGO_HOME=/opt/rustwide/cargo-home" "-e" "RUSTUP_HOME=/opt/rustwide/rustup-home" "-w" "/opt/rustwide/workdir" "-m" "1610612736" "--user" "0:0" "--network" "none" "ghcr.io/rust-lang/crates-build-env/linux@sha256:f3a9d4ad9d972b27faf3965f35b62e55ba32bbce8f20bc8fe909558a86702fde" "/opt/rustwide/cargo-home/bin/cargo" "+beta-2024-12-08" "metadata" "--no-deps" "--format-version=1", kill_on_drop: false }`
[INFO] [stdout] 08d294363767b39bf638cf1329c302f9dab5370ef68fe7453a1826049cca1580
[INFO] running `Command { std: "docker" "start" "-a" "08d294363767b39bf638cf1329c302f9dab5370ef68fe7453a1826049cca1580", kill_on_drop: false }`
[INFO] running `Command { std: "docker" "inspect" "08d294363767b39bf638cf1329c302f9dab5370ef68fe7453a1826049cca1580", kill_on_drop: false }`
[INFO] running `Command { std: "docker" "rm" "-f" "08d294363767b39bf638cf1329c302f9dab5370ef68fe7453a1826049cca1580", kill_on_drop: false }`
[INFO] [stdout] 08d294363767b39bf638cf1329c302f9dab5370ef68fe7453a1826049cca1580
[INFO] running `Command { std: "docker" "create" "-v" "/var/lib/crater-agent-workspace/builds/worker-3-tc2/target:/opt/rustwide/target:rw,Z" "-v" "/var/lib/crater-agent-workspace/builds/worker-3-tc2/source:/opt/rustwide/workdir:ro,Z" "-v" "/var/lib/crater-agent-workspace/cargo-home:/opt/rustwide/cargo-home:ro,Z" "-v" "/var/lib/crater-agent-workspace/rustup-home:/opt/rustwide/rustup-home:ro,Z" "-e" "SOURCE_DIR=/opt/rustwide/workdir" "-e" "CARGO_TARGET_DIR=/opt/rustwide/target" "-e" "CARGO_INCREMENTAL=0" "-e" "RUST_BACKTRACE=full" "-e" "RUSTFLAGS=--cap-lints=warn" "-e" "RUSTDOCFLAGS=--cap-lints=warn" "-e" "CARGO_HOME=/opt/rustwide/cargo-home" "-e" "RUSTUP_HOME=/opt/rustwide/rustup-home" "-w" "/opt/rustwide/workdir" "-m" "1610612736" "--user" "0:0" "--network" "none" "ghcr.io/rust-lang/crates-build-env/linux@sha256:f3a9d4ad9d972b27faf3965f35b62e55ba32bbce8f20bc8fe909558a86702fde" "/opt/rustwide/cargo-home/bin/cargo" "+beta-2024-12-08" "build" "--frozen" "--message-format=json", kill_on_drop: false }`
[INFO] [stdout] 2bd72d69d15160134413ceb760e7f334891b8398d5fc9339a60945588df2d417
[INFO] running `Command { std: "docker" "start" "-a" "2bd72d69d15160134413ceb760e7f334891b8398d5fc9339a60945588df2d417", kill_on_drop: false }`
[INFO] [stderr]    Compiling libc v0.2.118
[INFO] [stderr]    Compiling cfg-if v1.0.0
[INFO] [stderr]    Compiling proc-macro2 v1.0.36
[INFO] [stderr]    Compiling unicode-xid v0.2.2
[INFO] [stderr]    Compiling syn v1.0.86
[INFO] [stderr]    Compiling autocfg v1.1.0
[INFO] [stderr]    Compiling version_check v0.9.4
[INFO] [stderr]    Compiling log v0.4.14
[INFO] [stderr]    Compiling once_cell v1.9.0
[INFO] [stderr]    Compiling typenum v1.15.0
[INFO] [stderr]    Compiling pkg-config v0.3.24
[INFO] [stderr]    Compiling num-traits v0.2.14
[INFO] [stderr]    Compiling generic-array v0.14.5
[INFO] [stderr]    Compiling fnv v1.0.7
[INFO] [stderr]    Compiling untrusted v0.7.1
[INFO] [stderr]    Compiling spin v0.5.2
[INFO] [stderr]    Compiling num-integer v0.1.44
[INFO] [stderr]    Compiling scopeguard v1.1.0
[INFO] [stderr]    Compiling serde_derive v1.0.136
[INFO] [stderr]    Compiling smallvec v1.8.0
[INFO] [stderr]    Compiling tinyvec_macros v0.1.0
[INFO] [stderr]    Compiling serde v1.0.136
[INFO] [stderr]    Compiling tinyvec v1.5.1
[INFO] [stderr]    Compiling quote v1.0.15
[INFO] [stderr]    Compiling parking_lot_core v0.8.5
[INFO] [stderr]    Compiling bitflags v1.3.2
[INFO] [stderr]    Compiling itoa v1.0.1
[INFO] [stderr]    Compiling strsim v0.10.0
[INFO] [stderr]    Compiling ident_case v1.0.1
[INFO] [stderr]    Compiling memoffset v0.6.5
[INFO] [stderr]    Compiling instant v0.1.12
[INFO] [stderr]    Compiling alsa-sys v0.3.1
[INFO] [stderr]    Compiling lock_api v0.4.6
[INFO] [stderr]    Compiling num-iter v0.1.42
[INFO] [stderr]    Compiling num-rational v0.4.0
[INFO] [stderr]    Compiling futures-core v0.3.21
[INFO] [stderr]    Compiling matches v0.1.9
[INFO] [stderr]    Compiling byteorder v1.4.3
[INFO] [stderr]    Compiling rustls v0.20.3
[INFO] [stderr]    Compiling crossbeam-utils v0.8.7
[INFO] [stderr]    Compiling jobserver v0.1.24
[INFO] [stderr]    Compiling getrandom v0.2.4
[INFO] [stderr]    Compiling signal-hook v0.3.13
[INFO] [stderr]    Compiling rand_core v0.6.3
[INFO] [stderr]    Compiling signal-hook-registry v1.4.0
[INFO] [stderr]    Compiling cc v1.0.73
[INFO] [stderr]    Compiling parking_lot v0.11.2
[INFO] [stderr]    Compiling unicode-normalization v0.1.19
[INFO] [stderr]    Compiling libdbus-sys v0.2.2
[INFO] [stderr]    Compiling ahash v0.7.6
[INFO] [stderr]    Compiling percent-encoding v2.1.0
[INFO] [stderr]    Compiling unicode-bidi v0.3.7
[INFO] [stderr]    Compiling cpufeatures v0.2.1
[INFO] [stderr]    Compiling futures-task v0.3.21
[INFO] [stderr]    Compiling unicode-width v0.1.9
[INFO] [stderr]    Compiling pin-project-lite v0.2.8
[INFO] [stderr]    Compiling ppv-lite86 v0.2.16
[INFO] [stderr]    Compiling lazy_static v1.4.0
[INFO] [stderr]    Compiling httparse v1.6.0
[INFO] [stderr]    Compiling form_urlencoded v1.0.1
[INFO] [stderr]    Compiling nix v0.23.1
[INFO] [stderr]    Compiling digest v0.9.0
[INFO] [stderr]    Compiling block-buffer v0.9.0
[INFO] [stderr]    Compiling rand_chacha v0.3.1
[INFO] [stderr]    Compiling idna v0.2.3
[INFO] [stderr]    Compiling ring v0.16.20
[INFO] [stderr]    Compiling minimp3-sys v0.3.2
[INFO] [stderr]    Compiling mio v0.8.0
[INFO] [stderr]    Compiling num_cpus v1.13.1
[INFO] [stderr]    Compiling mio v0.7.14
[INFO] [stderr]    Compiling socket2 v0.4.4
[INFO] [stderr]    Compiling num-complex v0.4.0
[INFO] [stderr]    Compiling opaque-debug v0.3.0
[INFO] [stderr]    Compiling num_threads v0.1.3
[INFO] [stderr]    Compiling cpal v0.13.5
[INFO] [stderr]    Compiling stable_deref_trait v1.2.0
[INFO] [stderr]    Compiling bytes v1.1.0
[INFO] [stderr]    Compiling cfg-if v0.1.10
[INFO] [stderr]    Compiling futures-util v0.3.21
[INFO] [stderr]    Compiling num v0.4.0
[INFO] [stderr]    Compiling parking_lot_core v0.7.2
[INFO] [stderr]    Compiling signal-hook-mio v0.2.1
[INFO] [stderr]    Compiling owning_ref v0.4.1
[INFO] [stderr]    Compiling time v0.3.7
[INFO] [stderr]    Compiling sha-1 v0.9.8
[INFO] [stderr]    Compiling url v2.2.2
[INFO] [stderr]    Compiling rand v0.8.5
[INFO] [stderr]    Compiling http v0.2.6
[INFO] [stderr]    Compiling crossbeam-channel v0.5.2
[INFO] [stderr]    Compiling alsa v0.6.0
[INFO] [stderr]    Compiling block-buffer v0.10.2
[INFO] [stderr]    Compiling darling_core v0.13.1
[INFO] [stderr]    Compiling crypto-common v0.1.3
[INFO] [stderr]    Compiling ogg v0.8.0
[INFO] [stderr]    Compiling slice-deque v0.3.0
[INFO] [stderr]    Compiling time v0.1.43
[INFO] [stderr]    Compiling lock_api v0.3.4
[INFO] [stderr]    Compiling slab v0.4.5
[INFO] [stderr]    Compiling async-trait v0.1.52
[INFO] [stderr]    Compiling unicode-segmentation v1.9.0
[INFO] [stderr]    Compiling pin-utils v0.1.0
[INFO] [stderr]    Compiling serde_json v1.0.79
[INFO] [stderr]    Compiling xi-unicode v0.3.0
[INFO] [stderr]    Compiling futures-sink v0.3.21
[INFO] [stderr]    Compiling numtoa v0.1.0
[INFO] [stderr]    Compiling base64 v0.13.0
[INFO] [stderr]    Compiling utf-8 v0.7.6
[INFO] [stderr]    Compiling cache-padded v1.2.0
[INFO] [stderr]    Compiling concurrent-queue v1.2.2
[INFO] [stderr]    Compiling termion v1.5.6
[INFO] [stderr]    Compiling parking_lot v0.10.2
[INFO] [stderr]    Compiling lewton v0.10.2
[INFO] [stderr]    Compiling digest v0.10.3
[INFO] [stderr]    Compiling dbus v0.9.5
[INFO] [stderr]    Compiling crossterm v0.22.1
[INFO] [stderr]    Compiling textwrap v0.11.0
[INFO] [stderr]    Compiling thread-id v3.3.0
[INFO] [stderr]    Compiling dirs-sys-next v0.1.2
[INFO] [stderr]    Compiling futures-io v0.3.21
[INFO] [stderr]    Compiling thiserror-impl v1.0.30
[INFO] [stderr]    Compiling enum-map-derive v0.8.0
[INFO] [stderr]    Compiling darling_macro v0.13.1
[INFO] [stderr]    Compiling tokio-macros v1.7.0
[INFO] [stderr]    Compiling enum-map v2.0.1
[INFO] [stderr]    Compiling arc-swap v0.4.8
[INFO] [stderr]    Compiling event-listener v2.5.2
[INFO] [stderr]    Compiling log-mdc v0.1.0
[INFO] [stderr]    Compiling claxon v0.4.3
[INFO] [stderr]    Compiling yaml-rust v0.3.5
[INFO] [stderr]    Compiling darling v0.13.1
[INFO] [stderr]    Compiling enumset_derive v0.5.5
[INFO] [stderr]    Compiling tokio v1.17.0
[INFO] [stderr]    Compiling hound v3.4.0
[INFO] [stderr]    Compiling ryu v1.0.9
[INFO] [stderr]    Compiling thiserror v1.0.30
[INFO] [stderr]    Compiling minimp3 v0.5.1
[INFO] [stderr]    Compiling notify-rust v4.5.6
[INFO] [stderr]    Compiling clap v2.34.0
[INFO] [stderr]    Compiling rodio v0.15.0
[INFO] [stderr]    Compiling enumset v1.0.8
[INFO] [stderr]    Compiling async-channel v1.6.1
[INFO] [stderr]    Compiling dirs-next v1.0.2
[INFO] [stderr]    Compiling sha2 v0.10.2
[INFO] [stderr]    Compiling webpki v0.22.0
[INFO] [stderr]    Compiling sct v0.7.0
[INFO] [stderr]    Compiling webpki v0.21.4
[INFO] [stderr]    Compiling webpki-roots v0.22.2
[INFO] [stderr]    Compiling webpki-roots v0.20.0
[INFO] [stderr]    Compiling tungstenite v0.16.0
[INFO] [stderr]    Compiling tokio-rustls v0.23.2
[INFO] [stderr]    Compiling async-tungstenite v0.16.1
[INFO] [stderr]    Compiling toml v0.5.8
[INFO] [stderr]    Compiling chrono v0.4.19
[INFO] [stderr]    Compiling cursive_core v0.3.1
[INFO] [stderr]    Compiling log4rs v0.12.0
[INFO] [stderr]    Compiling cursive v0.17.0
[INFO] [stderr]    Compiling talkoxid v0.1.0 (/opt/rustwide/workdir)
[INFO] [stdout] warning: field `0` is never read
[INFO] [stdout]   --> src/chats/rocketchat/schema.rs:96:34
[INFO] [stdout]    |
[INFO] [stdout] 96 | pub struct SocketEventResponseWs(pub String, pub EventResponseWs);
[INFO] [stdout]    |            --------------------- ^^^^^^^^^^
[INFO] [stdout]    |            |
[INFO] [stdout]    |            field in this struct
[INFO] [stdout]    |
[INFO] [stdout]    = note: `SocketEventResponseWs` has a derived impl for the trait `Debug`, but this is intentionally ignored during dead code analysis
[INFO] [stdout]    = note: `#[warn(dead_code)]` on by default
[INFO] [stdout] help: consider changing the field to be of unit type to suppress this warning while preserving the field numbering, or remove the field
[INFO] [stdout]    |
[INFO] [stdout] 96 | pub struct SocketEventResponseWs((), pub EventResponseWs);
[INFO] [stdout]    |                                  ~~
[INFO] [stdout] 
[INFO] [stdout] 
[INFO] [stdout] warning: fields `id` and `msg` are never read
[INFO] [stdout]    --> src/chats/rocketchat/schema.rs:105:9
[INFO] [stdout]     |
[INFO] [stdout] 104 | pub struct SocketMessageWs {
[INFO] [stdout]     |            --------------- fields in this struct
[INFO] [stdout] 105 |     pub id: String,
[INFO] [stdout]     |         ^^
[INFO] [stdout] 106 |     pub msg: String,
[INFO] [stdout]     |         ^^^
[INFO] [stdout]     |
[INFO] [stdout]     = note: `SocketMessageWs` has a derived impl for the trait `Debug`, but this is intentionally ignored during dead code analysis
[INFO] [stdout] 
[INFO] [stdout] 
[INFO] [stdout] warning: field `remove` is never read
[INFO] [stdout]    --> src/chats/rocketchat/schema.rs:141:9
[INFO] [stdout]     |
[INFO] [stdout] 139 | pub struct RoomsResponseWs {
[INFO] [stdout]     |            --------------- field in this struct
[INFO] [stdout] 140 |     pub update: Vec<RoomResponseWs>,
[INFO] [stdout] 141 |     pub remove: Vec<serde_json::value::Value>,
[INFO] [stdout]     |         ^^^^^^
[INFO] [stdout]     |
[INFO] [stdout]     = note: `RoomsResponseWs` has a derived impl for the trait `Debug`, but this is intentionally ignored during dead code analysis
[INFO] [stdout] 
[INFO] [stdout] 
[INFO] [stdout] warning: fields `total` and `record` are never read
[INFO] [stdout]    --> src/chats/rocketchat/schema.rs:162:9
[INFO] [stdout]     |
[INFO] [stdout] 161 | pub struct UserInRoomResponseWs {
[INFO] [stdout]     |            -------------------- fields in this struct
[INFO] [stdout] 162 |     pub total: usize,
[INFO] [stdout]     |         ^^^^^
[INFO] [stdout] 163 |     pub record: Vec<serde_json::value::Value>,
[INFO] [stdout]     |         ^^^^^^
[INFO] [stdout]     |
[INFO] [stdout]     = note: `UserInRoomResponseWs` has a derived impl for the trait `Debug`, but this is intentionally ignored during dead code analysis
[INFO] [stdout] 
[INFO] [stdout] 
[INFO] [stdout] warning: field `total` is never read
[INFO] [stdout]    --> src/chats/rocketchat/schema.rs:168:9
[INFO] [stdout]     |
[INFO] [stdout] 167 | pub struct UsersInRoomResponseWs {
[INFO] [stdout]     |            --------------------- field in this struct
[INFO] [stdout] 168 |     pub total: usize,
[INFO] [stdout]     |         ^^^^^
[INFO] [stdout]     |
[INFO] [stdout]     = note: `UsersInRoomResponseWs` has a derived impl for the trait `Debug`, but this is intentionally ignored during dead code analysis
[INFO] [stdout] 
[INFO] [stdout] 
[INFO] [stdout] warning: field `msg` is never read
[INFO] [stdout]    --> src/chats/rocketchat/schema.rs:177:9
[INFO] [stdout]     |
[INFO] [stdout] 176 |     History {
[INFO] [stdout]     |     ------- field in this variant
[INFO] [stdout] 177 |         msg: String,
[INFO] [stdout]     |         ^^^
[INFO] [stdout]     |
[INFO] [stdout]     = note: `WsResponse` has a derived impl for the trait `Debug`, but this is intentionally ignored during dead code analysis
[INFO] [stdout] 
[INFO] [stdout] 
[INFO] [stdout] warning: field `msg` is never read
[INFO] [stdout]    --> src/chats/rocketchat/schema.rs:182:9
[INFO] [stdout]     |
[INFO] [stdout] 181 |     Rooms {
[INFO] [stdout]     |     ----- field in this variant
[INFO] [stdout] 182 |         msg: String,
[INFO] [stdout]     |         ^^^
[INFO] [stdout]     |
[INFO] [stdout]     = note: `WsResponse` has a derived impl for the trait `Debug`, but this is intentionally ignored during dead code analysis
[INFO] [stdout] 
[INFO] [stdout] 
[INFO] [stdout] warning: field `msg` is never read
[INFO] [stdout]    --> src/chats/rocketchat/schema.rs:187:9
[INFO] [stdout]     |
[INFO] [stdout] 186 |     JoinedRoom {
[INFO] [stdout]     |     ---------- field in this variant
[INFO] [stdout] 187 |         msg: String,
[INFO] [stdout]     |         ^^^
[INFO] [stdout]     |
[INFO] [stdout]     = note: `WsResponse` has a derived impl for the trait `Debug`, but this is intentionally ignored during dead code analysis
[INFO] [stdout] 
[INFO] [stdout] 
[INFO] [stdout] warning: field `msg` is never read
[INFO] [stdout]    --> src/chats/rocketchat/schema.rs:192:9
[INFO] [stdout]     |
[INFO] [stdout] 191 |     UsersInRoom {
[INFO] [stdout]     |     ----------- field in this variant
[INFO] [stdout] 192 |         msg: String,
[INFO] [stdout]     |         ^^^
[INFO] [stdout]     |
[INFO] [stdout]     = note: `WsResponse` has a derived impl for the trait `Debug`, but this is intentionally ignored during dead code analysis
[INFO] [stdout] 
[INFO] [stdout] 
[INFO] [stdout] warning: struct `UIError` is never constructed
[INFO] [stdout]   --> src/core.rs:49:8
[INFO] [stdout]    |
[INFO] [stdout] 49 | struct UIError {
[INFO] [stdout]    |        ^^^^^^^
[INFO] [stdout] 
[INFO] [stdout] 
[INFO] [stderr]     Finished `dev` profile [unoptimized + debuginfo] target(s) in 2m 16s
[INFO] running `Command { std: "docker" "inspect" "2bd72d69d15160134413ceb760e7f334891b8398d5fc9339a60945588df2d417", kill_on_drop: false }`
[INFO] running `Command { std: "docker" "rm" "-f" "2bd72d69d15160134413ceb760e7f334891b8398d5fc9339a60945588df2d417", kill_on_drop: false }`
[INFO] [stdout] 2bd72d69d15160134413ceb760e7f334891b8398d5fc9339a60945588df2d417
[INFO] running `Command { std: "docker" "create" "-v" "/var/lib/crater-agent-workspace/builds/worker-3-tc2/target:/opt/rustwide/target:rw,Z" "-v" "/var/lib/crater-agent-workspace/builds/worker-3-tc2/source:/opt/rustwide/workdir:ro,Z" "-v" "/var/lib/crater-agent-workspace/cargo-home:/opt/rustwide/cargo-home:ro,Z" "-v" "/var/lib/crater-agent-workspace/rustup-home:/opt/rustwide/rustup-home:ro,Z" "-e" "SOURCE_DIR=/opt/rustwide/workdir" "-e" "CARGO_TARGET_DIR=/opt/rustwide/target" "-e" "CARGO_INCREMENTAL=0" "-e" "RUST_BACKTRACE=full" "-e" "RUSTFLAGS=--cap-lints=warn" "-e" "RUSTDOCFLAGS=--cap-lints=warn" "-e" "CARGO_HOME=/opt/rustwide/cargo-home" "-e" "RUSTUP_HOME=/opt/rustwide/rustup-home" "-w" "/opt/rustwide/workdir" "-m" "1610612736" "--user" "0:0" "--network" "none" "ghcr.io/rust-lang/crates-build-env/linux@sha256:f3a9d4ad9d972b27faf3965f35b62e55ba32bbce8f20bc8fe909558a86702fde" "/opt/rustwide/cargo-home/bin/cargo" "+beta-2024-12-08" "test" "--frozen" "--no-run" "--message-format=json", kill_on_drop: false }`
[INFO] [stdout] 77ccb3bc09f203ffa774229a13158586445da75cdc1bc3402c94debe4e046072
[INFO] running `Command { std: "docker" "start" "-a" "77ccb3bc09f203ffa774229a13158586445da75cdc1bc3402c94debe4e046072", kill_on_drop: false }`
[INFO] [stderr]    Compiling talkoxid v0.1.0 (/opt/rustwide/workdir)
[INFO] [stdout] warning: field `0` is never read
[INFO] [stdout]   --> src/chats/rocketchat/schema.rs:96:34
[INFO] [stdout]    |
[INFO] [stdout] 96 | pub struct SocketEventResponseWs(pub String, pub EventResponseWs);
[INFO] [stdout]    |            --------------------- ^^^^^^^^^^
[INFO] [stdout]    |            |
[INFO] [stdout]    |            field in this struct
[INFO] [stdout]    |
[INFO] [stdout]    = note: `SocketEventResponseWs` has a derived impl for the trait `Debug`, but this is intentionally ignored during dead code analysis
[INFO] [stdout]    = note: `#[warn(dead_code)]` on by default
[INFO] [stdout] help: consider changing the field to be of unit type to suppress this warning while preserving the field numbering, or remove the field
[INFO] [stdout]    |
[INFO] [stdout] 96 | pub struct SocketEventResponseWs((), pub EventResponseWs);
[INFO] [stdout]    |                                  ~~
[INFO] [stdout] 
[INFO] [stdout] 
[INFO] [stdout] warning: fields `id` and `msg` are never read
[INFO] [stdout]    --> src/chats/rocketchat/schema.rs:105:9
[INFO] [stdout]     |
[INFO] [stdout] 104 | pub struct SocketMessageWs {
[INFO] [stdout]     |            --------------- fields in this struct
[INFO] [stdout] 105 |     pub id: String,
[INFO] [stdout]     |         ^^
[INFO] [stdout] 106 |     pub msg: String,
[INFO] [stdout]     |         ^^^
[INFO] [stdout]     |
[INFO] [stdout]     = note: `SocketMessageWs` has a derived impl for the trait `Debug`, but this is intentionally ignored during dead code analysis
[INFO] [stdout] 
[INFO] [stdout] 
[INFO] [stdout] warning: field `remove` is never read
[INFO] [stdout]    --> src/chats/rocketchat/schema.rs:141:9
[INFO] [stdout]     |
[INFO] [stdout] 139 | pub struct RoomsResponseWs {
[INFO] [stdout]     |            --------------- field in this struct
[INFO] [stdout] 140 |     pub update: Vec<RoomResponseWs>,
[INFO] [stdout] 141 |     pub remove: Vec<serde_json::value::Value>,
[INFO] [stdout]     |         ^^^^^^
[INFO] [stdout]     |
[INFO] [stdout]     = note: `RoomsResponseWs` has a derived impl for the trait `Debug`, but this is intentionally ignored during dead code analysis
[INFO] [stdout] 
[INFO] [stdout] 
[INFO] [stdout] warning: fields `total` and `record` are never read
[INFO] [stdout]    --> src/chats/rocketchat/schema.rs:162:9
[INFO] [stdout]     |
[INFO] [stdout] 161 | pub struct UserInRoomResponseWs {
[INFO] [stdout]     |            -------------------- fields in this struct
[INFO] [stdout] 162 |     pub total: usize,
[INFO] [stdout]     |         ^^^^^
[INFO] [stdout] 163 |     pub record: Vec<serde_json::value::Value>,
[INFO] [stdout]     |         ^^^^^^
[INFO] [stdout]     |
[INFO] [stdout]     = note: `UserInRoomResponseWs` has a derived impl for the trait `Debug`, but this is intentionally ignored during dead code analysis
[INFO] [stdout] 
[INFO] [stdout] 
[INFO] [stdout] warning: field `total` is never read
[INFO] [stdout]    --> src/chats/rocketchat/schema.rs:168:9
[INFO] [stdout]     |
[INFO] [stdout] 167 | pub struct UsersInRoomResponseWs {
[INFO] [stdout]     |            --------------------- field in this struct
[INFO] [stdout] 168 |     pub total: usize,
[INFO] [stdout]     |         ^^^^^
[INFO] [stdout]     |
[INFO] [stdout]     = note: `UsersInRoomResponseWs` has a derived impl for the trait `Debug`, but this is intentionally ignored during dead code analysis
[INFO] [stdout] 
[INFO] [stdout] 
[INFO] [stdout] warning: field `msg` is never read
[INFO] [stdout]    --> src/chats/rocketchat/schema.rs:177:9
[INFO] [stdout]     |
[INFO] [stdout] 176 |     History {
[INFO] [stdout]     |     ------- field in this variant
[INFO] [stdout] 177 |         msg: String,
[INFO] [stdout]     |         ^^^
[INFO] [stdout]     |
[INFO] [stdout]     = note: `WsResponse` has a derived impl for the trait `Debug`, but this is intentionally ignored during dead code analysis
[INFO] [stdout] 
[INFO] [stdout] 
[INFO] [stdout] warning: field `msg` is never read
[INFO] [stdout]    --> src/chats/rocketchat/schema.rs:182:9
[INFO] [stdout]     |
[INFO] [stdout] 181 |     Rooms {
[INFO] [stdout]     |     ----- field in this variant
[INFO] [stdout] 182 |         msg: String,
[INFO] [stdout]     |         ^^^
[INFO] [stdout]     |
[INFO] [stdout]     = note: `WsResponse` has a derived impl for the trait `Debug`, but this is intentionally ignored during dead code analysis
[INFO] [stdout] 
[INFO] [stdout] 
[INFO] [stdout] warning: field `msg` is never read
[INFO] [stdout]    --> src/chats/rocketchat/schema.rs:187:9
[INFO] [stdout]     |
[INFO] [stdout] 186 |     JoinedRoom {
[INFO] [stdout]     |     ---------- field in this variant
[INFO] [stdout] 187 |         msg: String,
[INFO] [stdout]     |         ^^^
[INFO] [stdout]     |
[INFO] [stdout]     = note: `WsResponse` has a derived impl for the trait `Debug`, but this is intentionally ignored during dead code analysis
[INFO] [stdout] 
[INFO] [stdout] 
[INFO] [stdout] warning: field `msg` is never read
[INFO] [stdout]    --> src/chats/rocketchat/schema.rs:192:9
[INFO] [stdout]     |
[INFO] [stdout] 191 |     UsersInRoom {
[INFO] [stdout]     |     ----------- field in this variant
[INFO] [stdout] 192 |         msg: String,
[INFO] [stdout]     |         ^^^
[INFO] [stdout]     |
[INFO] [stdout]     = note: `WsResponse` has a derived impl for the trait `Debug`, but this is intentionally ignored during dead code analysis
[INFO] [stdout] 
[INFO] [stdout] 
[INFO] [stdout] warning: struct `UIError` is never constructed
[INFO] [stdout]   --> src/core.rs:49:8
[INFO] [stdout]    |
[INFO] [stdout] 49 | struct UIError {
[INFO] [stdout]    |        ^^^^^^^
[INFO] [stdout] 
[INFO] [stdout] 
[INFO] [stdout] warning: field `0` is never read
[INFO] [stdout]   --> src/chats/rocketchat/schema.rs:96:34
[INFO] [stdout]    |
[INFO] [stdout] 96 | pub struct SocketEventResponseWs(pub String, pub EventResponseWs);
[INFO] [stdout]    |            --------------------- ^^^^^^^^^^
[INFO] [stdout]    |            |
[INFO] [stdout]    |            field in this struct
[INFO] [stdout]    |
[INFO] [stdout]    = note: `SocketEventResponseWs` has a derived impl for the trait `Debug`, but this is intentionally ignored during dead code analysis
[INFO] [stdout]    = note: `#[warn(dead_code)]` on by default
[INFO] [stdout] help: consider changing the field to be of unit type to suppress this warning while preserving the field numbering, or remove the field
[INFO] [stdout]    |
[INFO] [stdout] 96 | pub struct SocketEventResponseWs((), pub EventResponseWs);
[INFO] [stdout]    |                                  ~~
[INFO] [stdout] 
[INFO] [stdout] 
[INFO] [stdout] warning: fields `id` and `msg` are never read
[INFO] [stdout]    --> src/chats/rocketchat/schema.rs:105:9
[INFO] [stdout]     |
[INFO] [stdout] 104 | pub struct SocketMessageWs {
[INFO] [stdout]     |            --------------- fields in this struct
[INFO] [stdout] 105 |     pub id: String,
[INFO] [stdout]     |         ^^
[INFO] [stdout] 106 |     pub msg: String,
[INFO] [stdout]     |         ^^^
[INFO] [stdout]     |
[INFO] [stdout]     = note: `SocketMessageWs` has a derived impl for the trait `Debug`, but this is intentionally ignored during dead code analysis
[INFO] [stdout] 
[INFO] [stdout] 
[INFO] [stdout] warning: field `remove` is never read
[INFO] [stdout]    --> src/chats/rocketchat/schema.rs:141:9
[INFO] [stdout]     |
[INFO] [stdout] 139 | pub struct RoomsResponseWs {
[INFO] [stdout]     |            --------------- field in this struct
[INFO] [stdout] 140 |     pub update: Vec<RoomResponseWs>,
[INFO] [stdout] 141 |     pub remove: Vec<serde_json::value::Value>,
[INFO] [stdout]     |         ^^^^^^
[INFO] [stdout]     |
[INFO] [stdout]     = note: `RoomsResponseWs` has a derived impl for the trait `Debug`, but this is intentionally ignored during dead code analysis
[INFO] [stdout] 
[INFO] [stdout] 
[INFO] [stdout] warning: fields `total` and `record` are never read
[INFO] [stdout]    --> src/chats/rocketchat/schema.rs:162:9
[INFO] [stdout]     |
[INFO] [stdout] 161 | pub struct UserInRoomResponseWs {
[INFO] [stdout]     |            -------------------- fields in this struct
[INFO] [stdout] 162 |     pub total: usize,
[INFO] [stdout]     |         ^^^^^
[INFO] [stdout] 163 |     pub record: Vec<serde_json::value::Value>,
[INFO] [stdout]     |         ^^^^^^
[INFO] [stdout]     |
[INFO] [stdout]     = note: `UserInRoomResponseWs` has a derived impl for the trait `Debug`, but this is intentionally ignored during dead code analysis
[INFO] [stdout] 
[INFO] [stdout] 
[INFO] [stdout] warning: field `total` is never read
[INFO] [stdout]    --> src/chats/rocketchat/schema.rs:168:9
[INFO] [stdout]     |
[INFO] [stdout] 167 | pub struct UsersInRoomResponseWs {
[INFO] [stdout]     |            --------------------- field in this struct
[INFO] [stdout] 168 |     pub total: usize,
[INFO] [stdout]     |         ^^^^^
[INFO] [stdout]     |
[INFO] [stdout]     = note: `UsersInRoomResponseWs` has a derived impl for the trait `Debug`, but this is intentionally ignored during dead code analysis
[INFO] [stdout] 
[INFO] [stdout] 
[INFO] [stdout] warning: field `msg` is never read
[INFO] [stdout]    --> src/chats/rocketchat/schema.rs:177:9
[INFO] [stdout]     |
[INFO] [stdout] 176 |     History {
[INFO] [stdout]     |     ------- field in this variant
[INFO] [stdout] 177 |         msg: String,
[INFO] [stdout]     |         ^^^
[INFO] [stdout]     |
[INFO] [stdout]     = note: `WsResponse` has a derived impl for the trait `Debug`, but this is intentionally ignored during dead code analysis
[INFO] [stdout] 
[INFO] [stdout] 
[INFO] [stdout] warning: field `msg` is never read
[INFO] [stdout]    --> src/chats/rocketchat/schema.rs:182:9
[INFO] [stdout]     |
[INFO] [stdout] 181 |     Rooms {
[INFO] [stdout]     |     ----- field in this variant
[INFO] [stdout] 182 |         msg: String,
[INFO] [stdout]     |         ^^^
[INFO] [stdout]     |
[INFO] [stdout]     = note: `WsResponse` has a derived impl for the trait `Debug`, but this is intentionally ignored during dead code analysis
[INFO] [stdout] 
[INFO] [stdout] 
[INFO] [stdout] warning: field `msg` is never read
[INFO] [stdout]    --> src/chats/rocketchat/schema.rs:187:9
[INFO] [stdout]     |
[INFO] [stdout] 186 |     JoinedRoom {
[INFO] [stdout]     |     ---------- field in this variant
[INFO] [stdout] 187 |         msg: String,
[INFO] [stdout]     |         ^^^
[INFO] [stdout]     |
[INFO] [stdout]     = note: `WsResponse` has a derived impl for the trait `Debug`, but this is intentionally ignored during dead code analysis
[INFO] [stdout] 
[INFO] [stdout] 
[INFO] [stdout] warning: field `msg` is never read
[INFO] [stdout]    --> src/chats/rocketchat/schema.rs:192:9
[INFO] [stdout]     |
[INFO] [stdout] 191 |     UsersInRoom {
[INFO] [stdout]     |     ----------- field in this variant
[INFO] [stdout] 192 |         msg: String,
[INFO] [stdout]     |         ^^^
[INFO] [stdout]     |
[INFO] [stdout]     = note: `WsResponse` has a derived impl for the trait `Debug`, but this is intentionally ignored during dead code analysis
[INFO] [stdout] 
[INFO] [stdout] 
[INFO] [stdout] warning: struct `UIError` is never constructed
[INFO] [stdout]   --> src/core.rs:49:8
[INFO] [stdout]    |
[INFO] [stdout] 49 | struct UIError {
[INFO] [stdout]    |        ^^^^^^^
[INFO] [stdout] 
[INFO] [stdout] 
[INFO] [stderr]     Finished `test` profile [unoptimized + debuginfo] target(s) in 8.66s
[INFO] running `Command { std: "docker" "inspect" "77ccb3bc09f203ffa774229a13158586445da75cdc1bc3402c94debe4e046072", kill_on_drop: false }`
[INFO] running `Command { std: "docker" "rm" "-f" "77ccb3bc09f203ffa774229a13158586445da75cdc1bc3402c94debe4e046072", kill_on_drop: false }`
[INFO] [stdout] 77ccb3bc09f203ffa774229a13158586445da75cdc1bc3402c94debe4e046072
[INFO] running `Command { std: "docker" "create" "-v" "/var/lib/crater-agent-workspace/builds/worker-3-tc2/target:/opt/rustwide/target:rw,Z" "-v" "/var/lib/crater-agent-workspace/builds/worker-3-tc2/source:/opt/rustwide/workdir:ro,Z" "-v" "/var/lib/crater-agent-workspace/cargo-home:/opt/rustwide/cargo-home:ro,Z" "-v" "/var/lib/crater-agent-workspace/rustup-home:/opt/rustwide/rustup-home:ro,Z" "-e" "SOURCE_DIR=/opt/rustwide/workdir" "-e" "CARGO_TARGET_DIR=/opt/rustwide/target" "-e" "CARGO_INCREMENTAL=0" "-e" "RUST_BACKTRACE=full" "-e" "RUSTFLAGS=--cap-lints=warn" "-e" "RUSTDOCFLAGS=--cap-lints=warn" "-e" "CARGO_HOME=/opt/rustwide/cargo-home" "-e" "RUSTUP_HOME=/opt/rustwide/rustup-home" "-w" "/opt/rustwide/workdir" "-m" "1610612736" "--user" "0:0" "--network" "none" "ghcr.io/rust-lang/crates-build-env/linux@sha256:f3a9d4ad9d972b27faf3965f35b62e55ba32bbce8f20bc8fe909558a86702fde" "/opt/rustwide/cargo-home/bin/cargo" "+beta-2024-12-08" "test" "--frozen", kill_on_drop: false }`
[INFO] [stdout] 423795fcb302108665759af8c674e65398208f72a14cac5a5856c44bdf561110
[INFO] running `Command { std: "docker" "start" "-a" "423795fcb302108665759af8c674e65398208f72a14cac5a5856c44bdf561110", kill_on_drop: false }`
[INFO] [stderr] warning: field `0` is never read
[INFO] [stderr]   --> src/chats/rocketchat/schema.rs:96:34
[INFO] [stderr]    |
[INFO] [stderr] 96 | pub struct SocketEventResponseWs(pub String, pub EventResponseWs);
[INFO] [stderr]    |            --------------------- ^^^^^^^^^^
[INFO] [stderr]    |            |
[INFO] [stderr]    |            field in this struct
[INFO] [stderr]    |
[INFO] [stderr]    = note: `SocketEventResponseWs` has a derived impl for the trait `Debug`, but this is intentionally ignored during dead code analysis
[INFO] [stderr]    = note: `#[warn(dead_code)]` on by default
[INFO] [stderr] help: consider changing the field to be of unit type to suppress this warning while preserving the field numbering, or remove the field
[INFO] [stderr]    |
[INFO] [stderr] 96 | pub struct SocketEventResponseWs((), pub EventResponseWs);
[INFO] [stderr]    |                                  ~~
[INFO] [stderr] 
[INFO] [stderr] warning: fields `id` and `msg` are never read
[INFO] [stderr]    --> src/chats/rocketchat/schema.rs:105:9
[INFO] [stderr]     |
[INFO] [stderr] 104 | pub struct SocketMessageWs {
[INFO] [stderr]     |            --------------- fields in this struct
[INFO] [stderr] 105 |     pub id: String,
[INFO] [stderr]     |         ^^
[INFO] [stderr] 106 |     pub msg: String,
[INFO] [stderr]     |         ^^^
[INFO] [stderr]     |
[INFO] [stderr]     = note: `SocketMessageWs` has a derived impl for the trait `Debug`, but this is intentionally ignored during dead code analysis
[INFO] [stderr] 
[INFO] [stderr] warning: field `remove` is never read
[INFO] [stderr]    --> src/chats/rocketchat/schema.rs:141:9
[INFO] [stderr]     |
[INFO] [stderr] 139 | pub struct RoomsResponseWs {
[INFO] [stderr]     |            --------------- field in this struct
[INFO] [stderr] 140 |     pub update: Vec<RoomResponseWs>,
[INFO] [stderr] 141 |     pub remove: Vec<serde_json::value::Value>,
[INFO] [stderr]     |         ^^^^^^
[INFO] [stderr]     |
[INFO] [stderr]     = note: `RoomsResponseWs` has a derived impl for the trait `Debug`, but this is intentionally ignored during dead code analysis
[INFO] [stderr] 
[INFO] [stderr] warning: fields `total` and `record` are never read
[INFO] [stderr]    --> src/chats/rocketchat/schema.rs:162:9
[INFO] [stderr]     |
[INFO] [stderr] 161 | pub struct UserInRoomResponseWs {
[INFO] [stderr]     |            -------------------- fields in this struct
[INFO] [stderr] 162 |     pub total: usize,
[INFO] [stderr]     |         ^^^^^
[INFO] [stderr] 163 |     pub record: Vec<serde_json::value::Value>,
[INFO] [stderr]     |         ^^^^^^
[INFO] [stderr]     |
[INFO] [stderr]     = note: `UserInRoomResponseWs` has a derived impl for the trait `Debug`, but this is intentionally ignored during dead code analysis
[INFO] [stderr] 
[INFO] [stderr] warning: field `total` is never read
[INFO] [stderr]    --> src/chats/rocketchat/schema.rs:168:9
[INFO] [stderr]     |
[INFO] [stderr] 167 | pub struct UsersInRoomResponseWs {
[INFO] [stderr]     |            --------------------- field in this struct
[INFO] [stderr] 168 |     pub total: usize,
[INFO] [stderr]     |         ^^^^^
[INFO] [stderr]     |
[INFO] [stderr]     = note: `UsersInRoomResponseWs` has a derived impl for the trait `Debug`, but this is intentionally ignored during dead code analysis
[INFO] [stderr] 
[INFO] [stderr] warning: field `msg` is never read
[INFO] [stderr]    --> src/chats/rocketchat/schema.rs:177:9
[INFO] [stderr]     |
[INFO] [stderr] 176 |     History {
[INFO] [stderr]     |     ------- field in this variant
[INFO] [stderr] 177 |         msg: String,
[INFO] [stderr]     |         ^^^
[INFO] [stderr]     |
[INFO] [stderr]     = note: `WsResponse` has a derived impl for the trait `Debug`, but this is intentionally ignored during dead code analysis
[INFO] [stderr] 
[INFO] [stderr] warning: field `msg` is never read
[INFO] [stderr]    --> src/chats/rocketchat/schema.rs:182:9
[INFO] [stderr]     |
[INFO] [stderr] 181 |     Rooms {
[INFO] [stderr]     |     ----- field in this variant
[INFO] [stderr] 182 |         msg: String,
[INFO] [stderr]     |         ^^^
[INFO] [stderr]     |
[INFO] [stderr]     = note: `WsResponse` has a derived impl for the trait `Debug`, but this is intentionally ignored during dead code analysis
[INFO] [stderr] 
[INFO] [stderr] warning: field `msg` is never read
[INFO] [stderr]    --> src/chats/rocketchat/schema.rs:187:9
[INFO] [stderr]     |
[INFO] [stderr] 186 |     JoinedRoom {
[INFO] [stderr]     |     ---------- field in this variant
[INFO] [stderr] 187 |         msg: String,
[INFO] [stderr]     |         ^^^
[INFO] [stderr]     |
[INFO] [stderr]     = note: `WsResponse` has a derived impl for the trait `Debug`, but this is intentionally ignored during dead code analysis
[INFO] [stderr] 
[INFO] [stderr] warning: field `msg` is never read
[INFO] [stderr]    --> src/chats/rocketchat/schema.rs:192:9
[INFO] [stderr]     |
[INFO] [stderr] 191 |     UsersInRoom {
[INFO] [stderr]     |     ----------- field in this variant
[INFO] [stderr] 192 |         msg: String,
[INFO] [stderr]     |         ^^^
[INFO] [stderr]     |
[INFO] [stderr]     = note: `WsResponse` has a derived impl for the trait `Debug`, but this is intentionally ignored during dead code analysis
[INFO] [stderr] 
[INFO] [stderr] warning: struct `UIError` is never constructed
[INFO] [stderr]   --> src/core.rs:49:8
[INFO] [stderr]    |
[INFO] [stderr] 49 | struct UIError {
[INFO] [stderr]    |        ^^^^^^^
[INFO] [stderr] 
[INFO] [stderr] warning: `talkoxid` (lib) generated 10 warnings
[INFO] [stderr] warning: `talkoxid` (lib test) generated 10 warnings (10 duplicates)
[INFO] [stderr]     Finished `test` profile [unoptimized + debuginfo] target(s) in 0.23s
[INFO] [stderr]      Running unittests src/lib.rs (/opt/rustwide/target/debug/deps/talkoxid-3aa2bdef3f121a9b)
[INFO] [stdout] 
[INFO] [stdout] running 21 tests
[INFO] [stdout] test chats::rocketchat::api::tests::test_create_direct_chat ... ok
[INFO] [stdout] test chats::rocketchat::api::tests::test_init ... ok
[INFO] [stdout] test chats::rocketchat::api::tests::test_load_history ... ok
[INFO] [stdout] test chats::rocketchat::api::tests::test_load_rooms ... ok
[INFO] [stdout] test chats::rocketchat::api::tests::test_login ... ok
[INFO] [stdout] test chats::rocketchat::api::tests::test_pong ... ok
[INFO] [stdout] test chats::rocketchat::api::tests::test_send_message ... ok
[INFO] [stdout] test chats::rocketchat::tests::test_add_message ... ok
[INFO] [stdout] test chats::rocketchat::api::tests::test_get_user_room ... ok
[INFO] [stdout] test chats::rocketchat::tests::test_add_message_not_current_channel ... ok
[INFO] [stdout] test chats::rocketchat::api::tests::test_subscribe_user ... ok
[INFO] [stdout] test chats::rocketchat::tests::test_recv_message ... ok
[INFO] [stdout] test chats::rocketchat::tests::test_init ... ok
[INFO] [stdout] test chats::rocketchat::tests::test_recv_users_in_room_me ... ok
[INFO] [stdout] test chats::rocketchat::tests::test_recv_rooms ... ok
[INFO] [stdout] test chats::rocketchat::tests::test_recv_users_in_room ... ok
[INFO] [stdout] test ui::cursive_ui::tests::test_format_channels ... ok
[INFO] [stdout] test chats::rocketchat::tests::test_send_message ... ok
[INFO] [stdout] test chats::rocketchat::tests::test_recv_users_in_room_one_not_me ... ok
[INFO] [stdout] test chats::rocketchat::api::tests::test_subscribe_messages ... ok
[INFO] [stdout] test chats::rocketchat::tests::test_recv_history ... FAILED
[INFO] [stdout] 
[INFO] [stdout] failures:
[INFO] [stdout] 
[INFO] [stdout] ---- chats::rocketchat::tests::test_recv_history stdout ----
[INFO] [stdout] thread 'chats::rocketchat::tests::test_recv_history' panicked at src/chats/rocketchat/mod.rs:650:17:
[INFO] [stdout] assertion `left == right` failed
[INFO] [stdout]   left: "[2020-06-30 16:11:40][lou]: la\n[2020-06-30 16:12:05][collkid]: laul\n[2020-06-30 18:31:27][lou]: la\n[2020-06-30 18:34:07][lou]: la\n[2020-06-30 18:34:09][lou]: loul\n[2020-07-01 07:45:15][lou]: slt\n[2020-07-01 07:45:17][lou]: yes !\n[2020-07-01 07:47:45][lou]: la\n[2020-07-01 07:47:47][lou]: nice\n[2020-07-01 07:49:10][lou]: la"
[INFO] [stdout]  right: "[2020-06-30 18:11:40][lou]: la\n[2020-06-30 18:12:05][collkid]: laul\n[2020-06-30 20:31:27][lou]: la\n[2020-06-30 20:34:07][lou]: la\n[2020-06-30 20:34:09][lou]: loul\n[2020-07-01 09:45:15][lou]: slt\n[2020-07-01 09:45:17][lou]: yes !\n[2020-07-01 09:47:45][lou]: la\n[2020-07-01 09:47:47][lou]: nice\n[2020-07-01 09:49:10][lou]: la"
[INFO] [stdout] stack backtrace:
[INFO] [stdout]    0:     0x627ff79797aa - std::backtrace_rs::backtrace::libunwind::trace::h8810477743020387
[INFO] [stdout]                                at /rustc/202008a1b8de96d2e5b6bc02d379db03a877d34d/library/std/src/../../backtrace/src/backtrace/libunwind.rs:116:5
[INFO] [stdout]    1:     0x627ff79797aa - std::backtrace_rs::backtrace::trace_unsynchronized::h3aa55355dd6c54a6
[INFO] [stdout]                                at /rustc/202008a1b8de96d2e5b6bc02d379db03a877d34d/library/std/src/../../backtrace/src/backtrace/mod.rs:66:5
[INFO] [stdout]    2:     0x627ff79797aa - std::sys::backtrace::_print_fmt::h8588b0f62410823f
[INFO] [stdout]                                at /rustc/202008a1b8de96d2e5b6bc02d379db03a877d34d/library/std/src/sys/backtrace.rs:66:9
[INFO] [stdout]    3:     0x627ff79797aa - <std::sys::backtrace::BacktraceLock::print::DisplayBacktrace as core::fmt::Display>::fmt::h98c26ac25ffe89bb
[INFO] [stdout]                                at /rustc/202008a1b8de96d2e5b6bc02d379db03a877d34d/library/std/src/sys/backtrace.rs:39:26
[INFO] [stdout]    4:     0x627ff79a00d3 - core::fmt::rt::Argument::fmt::hf95377f4aebd453b
[INFO] [stdout]                                at /rustc/202008a1b8de96d2e5b6bc02d379db03a877d34d/library/core/src/fmt/rt.rs:177:76
[INFO] [stdout]    5:     0x627ff79a00d3 - core::fmt::write::h0dd5f6e2238c7982
[INFO] [stdout]                                at /rustc/202008a1b8de96d2e5b6bc02d379db03a877d34d/library/core/src/fmt/mod.rs:1189:21
[INFO] [stdout]    6:     0x627ff7976743 - std::io::Write::write_fmt::h03bb0ca26e6faf8c
[INFO] [stdout]                                at /rustc/202008a1b8de96d2e5b6bc02d379db03a877d34d/library/std/src/io/mod.rs:1884:15
[INFO] [stdout]    7:     0x627ff79795f2 - std::sys::backtrace::BacktraceLock::print::h5c19c1c038ee186d
[INFO] [stdout]                                at /rustc/202008a1b8de96d2e5b6bc02d379db03a877d34d/library/std/src/sys/backtrace.rs:42:9
[INFO] [stdout]    8:     0x627ff797ac2d - std::panicking::default_hook::{{closure}}::h77172f079a1fcb13
[INFO] [stdout]                                at /rustc/202008a1b8de96d2e5b6bc02d379db03a877d34d/library/std/src/panicking.rs:268:22
[INFO] [stdout]    9:     0x627ff797aa37 - std::panicking::default_hook::he5f8e3b203ccddba
[INFO] [stdout]                                at /rustc/202008a1b8de96d2e5b6bc02d379db03a877d34d/library/std/src/panicking.rs:292:9
[INFO] [stdout]   10:     0x627ff7835017 - <alloc::boxed::Box<F,A> as core::ops::function::Fn<Args>>::call::h7a3c7b4a1ae77f2f
[INFO] [stdout]                                at /rustc/202008a1b8de96d2e5b6bc02d379db03a877d34d/library/alloc/src/boxed.rs:1986:9
[INFO] [stdout]   11:     0x627ff7835017 - test::test_main::{{closure}}::hf0d3b69ae9b353d1
[INFO] [stdout]                                at /rustc/202008a1b8de96d2e5b6bc02d379db03a877d34d/library/test/src/lib.rs:134:21
[INFO] [stdout]   12:     0x627ff797b2d8 - <alloc::boxed::Box<F,A> as core::ops::function::Fn<Args>>::call::h6332e82e7b189abd
[INFO] [stdout]                                at /rustc/202008a1b8de96d2e5b6bc02d379db03a877d34d/library/alloc/src/boxed.rs:1986:9
[INFO] [stdout]   13:     0x627ff797b2d8 - std::panicking::rust_panic_with_hook::h53863d4e9018df39
[INFO] [stdout]                                at /rustc/202008a1b8de96d2e5b6bc02d379db03a877d34d/library/std/src/panicking.rs:809:13
[INFO] [stdout]   14:     0x627ff797b09a - std::panicking::begin_panic_handler::{{closure}}::h67280e6fa0757873
[INFO] [stdout]                                at /rustc/202008a1b8de96d2e5b6bc02d379db03a877d34d/library/std/src/panicking.rs:674:13
[INFO] [stdout]   15:     0x627ff7979c89 - std::sys::backtrace::__rust_end_short_backtrace::h1dac3f54d6fbbeb2
[INFO] [stdout]                                at /rustc/202008a1b8de96d2e5b6bc02d379db03a877d34d/library/std/src/sys/backtrace.rs:170:18
[INFO] [stdout]   16:     0x627ff797ad2c - rust_begin_unwind
[INFO] [stdout]                                at /rustc/202008a1b8de96d2e5b6bc02d379db03a877d34d/library/std/src/panicking.rs:665:5
[INFO] [stdout]   17:     0x627ff7707c10 - core::panicking::panic_fmt::h6792bd1b2bf01041
[INFO] [stdout]                                at /rustc/202008a1b8de96d2e5b6bc02d379db03a877d34d/library/core/src/panicking.rs:76:14
[INFO] [stdout]   18:     0x627ff7707fdb - core::panicking::assert_failed_inner::hf2c17e6d30928787
[INFO] [stdout]   19:     0x627ff7771323 - core::panicking::assert_failed::hc1963741e516800a
[INFO] [stdout]                                at /rustc/202008a1b8de96d2e5b6bc02d379db03a877d34d/library/core/src/panicking.rs:373:5
[INFO] [stdout]   20:     0x627ff77af86b - talkoxid::chats::rocketchat::tests::test_recv_history::{{closure}}::hd3122f2e604178fa
[INFO] [stdout]                                at /opt/rustwide/workdir/src/chats/rocketchat/mod.rs:650:17
[INFO] [stdout]   21:     0x627ff77a0c3d - <core::pin::Pin<P> as core::future::future::Future>::poll::h6060c22b0a4d1127
[INFO] [stdout]                                at /rustc/202008a1b8de96d2e5b6bc02d379db03a877d34d/library/core/src/future/future.rs:124:9
[INFO] [stdout]   22:     0x627ff772732f - tokio::runtime::basic_scheduler::CoreGuard::block_on::{{closure}}::{{closure}}::{{closure}}::hef5a0a9b30984d67
[INFO] [stdout]                                at /opt/rustwide/cargo-home/registry/src/index.crates.io-6f17d22bba15001f/tokio-1.17.0/src/runtime/basic_scheduler.rs:498:48
[INFO] [stdout]   23:     0x627ff77d4973 - tokio::coop::with_budget::{{closure}}::hf64b5ab8ff150a92
[INFO] [stdout]                                at /opt/rustwide/cargo-home/registry/src/index.crates.io-6f17d22bba15001f/tokio-1.17.0/src/coop.rs:102:9
[INFO] [stdout]   24:     0x627ff774543a - std::thread::local::LocalKey<T>::try_with::hf0a884ac3a27423d
[INFO] [stdout]                                at /rustc/202008a1b8de96d2e5b6bc02d379db03a877d34d/library/std/src/thread/local.rs:283:12
[INFO] [stdout]   25:     0x627ff773eaea - std::thread::local::LocalKey<T>::with::h61644a7fa6ac85e1
[INFO] [stdout]                                at /rustc/202008a1b8de96d2e5b6bc02d379db03a877d34d/library/std/src/thread/local.rs:260:9
[INFO] [stdout]   26:     0x627ff77257b9 - tokio::coop::with_budget::h9b528e829d499836
[INFO] [stdout]                                at /opt/rustwide/cargo-home/registry/src/index.crates.io-6f17d22bba15001f/tokio-1.17.0/src/coop.rs:95:5
[INFO] [stdout]   27:     0x627ff77257b9 - tokio::coop::budget::h75d8504ff401aae7
[INFO] [stdout]                                at /opt/rustwide/cargo-home/registry/src/index.crates.io-6f17d22bba15001f/tokio-1.17.0/src/coop.rs:72:5
[INFO] [stdout]   28:     0x627ff77257b9 - tokio::runtime::basic_scheduler::CoreGuard::block_on::{{closure}}::{{closure}}::h0459ab3250ab0c72
[INFO] [stdout]                                at /opt/rustwide/cargo-home/registry/src/index.crates.io-6f17d22bba15001f/tokio-1.17.0/src/runtime/basic_scheduler.rs:498:25
[INFO] [stdout]   29:     0x627ff7712bf0 - tokio::runtime::basic_scheduler::Context::enter::h8f25b5573bfdb9ba
[INFO] [stdout]                                at /opt/rustwide/cargo-home/registry/src/index.crates.io-6f17d22bba15001f/tokio-1.17.0/src/runtime/basic_scheduler.rs:356:19
[INFO] [stdout]   30:     0x627ff7722f7a - tokio::runtime::basic_scheduler::CoreGuard::block_on::{{closure}}::hc34ac3753a15da56
[INFO] [stdout]                                at /opt/rustwide/cargo-home/registry/src/index.crates.io-6f17d22bba15001f/tokio-1.17.0/src/runtime/basic_scheduler.rs:497:36
[INFO] [stdout]   31:     0x627ff771ca94 - tokio::runtime::basic_scheduler::CoreGuard::enter::{{closure}}::hd4cd4e6235211ac9
[INFO] [stdout]                                at /opt/rustwide/cargo-home/registry/src/index.crates.io-6f17d22bba15001f/tokio-1.17.0/src/runtime/basic_scheduler.rs:555:57
[INFO] [stdout]   32:     0x627ff77929bd - tokio::macros::scoped_tls::ScopedKey<T>::set::hc00e9e0dda9ba427
[INFO] [stdout]                                at /opt/rustwide/cargo-home/registry/src/index.crates.io-6f17d22bba15001f/tokio-1.17.0/src/macros/scoped_tls.rs:61:9
[INFO] [stdout]   33:     0x627ff771c2ac - tokio::runtime::basic_scheduler::CoreGuard::enter::hd806b1e48fb1cd29
[INFO] [stdout]                                at /opt/rustwide/cargo-home/registry/src/index.crates.io-6f17d22bba15001f/tokio-1.17.0/src/runtime/basic_scheduler.rs:555:27
[INFO] [stdout]   34:     0x627ff771cb8a - tokio::runtime::basic_scheduler::CoreGuard::block_on::h758d88d2298f0419
[INFO] [stdout]                                at /opt/rustwide/cargo-home/registry/src/index.crates.io-6f17d22bba15001f/tokio-1.17.0/src/runtime/basic_scheduler.rs:488:9
[INFO] [stdout]   35:     0x627ff770c2ee - tokio::runtime::basic_scheduler::BasicScheduler::block_on::h800427eb233134d0
[INFO] [stdout]                                at /opt/rustwide/cargo-home/registry/src/index.crates.io-6f17d22bba15001f/tokio-1.17.0/src/runtime/basic_scheduler.rs:168:24
[INFO] [stdout]   36:     0x627ff7769d80 - tokio::runtime::Runtime::block_on::h1e3111502eb9cfc9
[INFO] [stdout]                                at /opt/rustwide/cargo-home/registry/src/index.crates.io-6f17d22bba15001f/tokio-1.17.0/src/runtime/mod.rs:475:46
[INFO] [stdout]   37:     0x627ff77aeaef - talkoxid::chats::rocketchat::tests::test_recv_history::hee46b1c3581c0eac
[INFO] [stdout]                                at /opt/rustwide/workdir/src/chats/rocketchat/mod.rs:648:9
[INFO] [stdout]   38:     0x627ff77ae9d7 - talkoxid::chats::rocketchat::tests::test_recv_history::{{closure}}::h348d18c638cb6bf3
[INFO] [stdout]                                at /opt/rustwide/workdir/src/chats/rocketchat/mod.rs:636:33
[INFO] [stdout]   39:     0x627ff77c4ad6 - core::ops::function::FnOnce::call_once::h451e3587d03abe80
[INFO] [stdout]                                at /rustc/202008a1b8de96d2e5b6bc02d379db03a877d34d/library/core/src/ops/function.rs:250:5
[INFO] [stdout]   40:     0x627ff7839b3b - core::ops::function::FnOnce::call_once::h871bf86719ec9aa4
[INFO] [stdout]                                at /rustc/202008a1b8de96d2e5b6bc02d379db03a877d34d/library/core/src/ops/function.rs:250:5
[INFO] [stdout]   41:     0x627ff7839b3b - test::__rust_begin_short_backtrace::h2167df1e2b7d76fd
[INFO] [stdout]                                at /rustc/202008a1b8de96d2e5b6bc02d379db03a877d34d/library/test/src/lib.rs:632:18
[INFO] [stdout]   42:     0x627ff7839528 - test::run_test_in_process::{{closure}}::h15d92f75a3adfb79
[INFO] [stdout]                                at /rustc/202008a1b8de96d2e5b6bc02d379db03a877d34d/library/test/src/lib.rs:655:60
[INFO] [stdout]   43:     0x627ff7839528 - <core::panic::unwind_safe::AssertUnwindSafe<F> as core::ops::function::FnOnce<()>>::call_once::hb6c8955835a8dbbb
[INFO] [stdout]                                at /rustc/202008a1b8de96d2e5b6bc02d379db03a877d34d/library/core/src/panic/unwind_safe.rs:272:9
[INFO] [stdout]   44:     0x627ff7839528 - std::panicking::try::do_call::hc79d0fc888a0bd30
[INFO] [stdout]                                at /rustc/202008a1b8de96d2e5b6bc02d379db03a877d34d/library/std/src/panicking.rs:557:40
[INFO] [stdout]   45:     0x627ff7839528 - std::panicking::try::hb8a7878e3a8589d6
[INFO] [stdout]                                at /rustc/202008a1b8de96d2e5b6bc02d379db03a877d34d/library/std/src/panicking.rs:520:19
[INFO] [stdout]   46:     0x627ff7839528 - std::panic::catch_unwind::hb8e4600ff0ff5cfa
[INFO] [stdout]                                at /rustc/202008a1b8de96d2e5b6bc02d379db03a877d34d/library/std/src/panic.rs:358:14
[INFO] [stdout]   47:     0x627ff7839528 - test::run_test_in_process::hc2900b0b18688dd6
[INFO] [stdout]                                at /rustc/202008a1b8de96d2e5b6bc02d379db03a877d34d/library/test/src/lib.rs:655:27
[INFO] [stdout]   48:     0x627ff7839528 - test::run_test::{{closure}}::hac2a9cb07be3d48d
[INFO] [stdout]                                at /rustc/202008a1b8de96d2e5b6bc02d379db03a877d34d/library/test/src/lib.rs:576:43
[INFO] [stdout]   49:     0x627ff77fcfca - test::run_test::{{closure}}::h4a5b729e66a38cd8
[INFO] [stdout]                                at /rustc/202008a1b8de96d2e5b6bc02d379db03a877d34d/library/test/src/lib.rs:606:41
[INFO] [stdout]   50:     0x627ff77fcfca - std::sys::backtrace::__rust_begin_short_backtrace::h0496fb742492f573
[INFO] [stdout]                                at /rustc/202008a1b8de96d2e5b6bc02d379db03a877d34d/library/std/src/sys/backtrace.rs:154:18
[INFO] [stdout]   51:     0x627ff7800944 - std::thread::Builder::spawn_unchecked_::{{closure}}::{{closure}}::hbb6d257c550a54bd
[INFO] [stdout]                                at /rustc/202008a1b8de96d2e5b6bc02d379db03a877d34d/library/std/src/thread/mod.rs:561:17
[INFO] [stdout]   52:     0x627ff7800944 - <core::panic::unwind_safe::AssertUnwindSafe<F> as core::ops::function::FnOnce<()>>::call_once::h46696fe4a6832328
[INFO] [stdout]                                at /rustc/202008a1b8de96d2e5b6bc02d379db03a877d34d/library/core/src/panic/unwind_safe.rs:272:9
[INFO] [stdout]   53:     0x627ff7800944 - std::panicking::try::do_call::h2625a51b667bfb64
[INFO] [stdout]                                at /rustc/202008a1b8de96d2e5b6bc02d379db03a877d34d/library/std/src/panicking.rs:557:40
[INFO] [stdout]   54:     0x627ff7800944 - std::panicking::try::hb956a59a1973aa4c
[INFO] [stdout]                                at /rustc/202008a1b8de96d2e5b6bc02d379db03a877d34d/library/std/src/panicking.rs:520:19
[INFO] [stdout]   55:     0x627ff7800944 - std::panic::catch_unwind::h64f3b9d1067ef6a0
[INFO] [stdout]                                at /rustc/202008a1b8de96d2e5b6bc02d379db03a877d34d/library/std/src/panic.rs:358:14
[INFO] [stdout]   56:     0x627ff7800944 - std::thread::Builder::spawn_unchecked_::{{closure}}::h42b2841295b6c0b2
[INFO] [stdout]                                at /rustc/202008a1b8de96d2e5b6bc02d379db03a877d34d/library/std/src/thread/mod.rs:559:30
[INFO] [stdout]   57:     0x627ff7800944 - core::ops::function::FnOnce::call_once{{vtable.shim}}::h6127de71b8124639
[INFO] [stdout]                                at /rustc/202008a1b8de96d2e5b6bc02d379db03a877d34d/library/core/src/ops/function.rs:250:5
[INFO] [stdout]   58:     0x627ff797f27b - <alloc::boxed::Box<F,A> as core::ops::function::FnOnce<Args>>::call_once::h42f0ba71002a1b2c
[INFO] [stdout]                                at /rustc/202008a1b8de96d2e5b6bc02d379db03a877d34d/library/alloc/src/boxed.rs:1972:9
[INFO] [stdout]   59:     0x627ff797f27b - <alloc::boxed::Box<F,A> as core::ops::function::FnOnce<Args>>::call_once::had9e47d7a3dcecb8
[INFO] [stdout]                                at /rustc/202008a1b8de96d2e5b6bc02d379db03a877d34d/library/alloc/src/boxed.rs:1972:9
[INFO] [stdout]   60:     0x627ff797f27b - std::sys::pal::unix::thread::Thread::new::thread_start::h48cf765408f6f5f2
[INFO] [stdout]                                at /rustc/202008a1b8de96d2e5b6bc02d379db03a877d34d/library/std/src/sys/pal/unix/thread.rs:105:17
[INFO] [stdout]   61:     0x7585feedeac3 - <unknown>
[INFO] [stdout]   62:     0x7585fef6fa04 - clone
[INFO] [stdout]   63:                0x0 - <unknown>
[INFO] [stdout] 
[INFO] [stdout] 
[INFO] [stdout] failures:
[INFO] [stdout]     chats::rocketchat::tests::test_recv_history
[INFO] [stdout] 
[INFO] [stdout] test result: FAILED. 20 passed; 1 failed; 0 ignored; 0 measured; 0 filtered out; finished in 0.12s
[INFO] [stdout] 
[INFO] [stderr] error: test failed, to rerun pass `--lib`
[INFO] running `Command { std: "docker" "inspect" "423795fcb302108665759af8c674e65398208f72a14cac5a5856c44bdf561110", kill_on_drop: false }`
[INFO] running `Command { std: "docker" "rm" "-f" "423795fcb302108665759af8c674e65398208f72a14cac5a5856c44bdf561110", kill_on_drop: false }`
[INFO] [stdout] 423795fcb302108665759af8c674e65398208f72a14cac5a5856c44bdf561110
