[INFO] cloning repository https://github.com/dominicchui/voxel-carving
[INFO] running `Command { std: "git" "-c" "credential.helper=" "-c" "credential.helper=/workspace/cargo-home/bin/git-credential-null" "clone" "--bare" "https://github.com/dominicchui/voxel-carving" "/workspace/cache/git-repos/https%3A%2F%2Fgithub.com%2Fdominicchui%2Fvoxel-carving", kill_on_drop: false }`
[INFO] [stderr] Cloning into bare repository '/workspace/cache/git-repos/https%3A%2F%2Fgithub.com%2Fdominicchui%2Fvoxel-carving'...
[INFO] running `Command { std: "git" "rev-parse" "HEAD", kill_on_drop: false }`
[INFO] [stdout] cac365198526713de8fd7f05838ca7d050ee461f
[INFO] testing dominicchui/voxel-carving against beta-2024-12-08 for beta-1.84.0-4-retry
[INFO] running `Command { std: "git" "clone" "/workspace/cache/git-repos/https%3A%2F%2Fgithub.com%2Fdominicchui%2Fvoxel-carving" "/workspace/builds/worker-0-tc2/source", kill_on_drop: false }`
[INFO] [stderr] Cloning into '/workspace/builds/worker-0-tc2/source'...
[INFO] [stderr] done.
[INFO] validating manifest of git repo https://github.com/dominicchui/voxel-carving on toolchain beta-2024-12-08
[INFO] running `Command { std: CARGO_HOME="/workspace/cargo-home" RUSTUP_HOME="/workspace/rustup-home" "/workspace/cargo-home/bin/cargo" "+beta-2024-12-08" "metadata" "--manifest-path" "Cargo.toml" "--no-deps", kill_on_drop: false }`
[INFO] started tweaking git repo https://github.com/dominicchui/voxel-carving
[INFO] finished tweaking git repo https://github.com/dominicchui/voxel-carving
[INFO] tweaked toml for git repo https://github.com/dominicchui/voxel-carving written to /workspace/builds/worker-0-tc2/source/Cargo.toml
[INFO] crate git repo https://github.com/dominicchui/voxel-carving already has a lockfile, it will not be regenerated
[INFO] running `Command { std: CARGO_HOME="/workspace/cargo-home" RUSTUP_HOME="/workspace/rustup-home" "/workspace/cargo-home/bin/cargo" "+beta-2024-12-08" "fetch" "--manifest-path" "Cargo.toml", kill_on_drop: false }`
[INFO] running `Command { std: "docker" "create" "-v" "/var/lib/crater-agent-workspace/builds/worker-0-tc2/target:/opt/rustwide/target:rw,Z" "-v" "/var/lib/crater-agent-workspace/builds/worker-0-tc2/source:/opt/rustwide/workdir:ro,Z" "-v" "/var/lib/crater-agent-workspace/cargo-home:/opt/rustwide/cargo-home:ro,Z" "-v" "/var/lib/crater-agent-workspace/rustup-home:/opt/rustwide/rustup-home:ro,Z" "-e" "SOURCE_DIR=/opt/rustwide/workdir" "-e" "CARGO_TARGET_DIR=/opt/rustwide/target" "-e" "CARGO_HOME=/opt/rustwide/cargo-home" "-e" "RUSTUP_HOME=/opt/rustwide/rustup-home" "-w" "/opt/rustwide/workdir" "-m" "1610612736" "--user" "0:0" "--network" "none" "ghcr.io/rust-lang/crates-build-env/linux@sha256:f3a9d4ad9d972b27faf3965f35b62e55ba32bbce8f20bc8fe909558a86702fde" "/opt/rustwide/cargo-home/bin/cargo" "+beta-2024-12-08" "metadata" "--no-deps" "--format-version=1", kill_on_drop: false }`
[INFO] [stdout] 89320cd6b5649283919714acde123433ce8e61472c3474cfbcc81bc1a600bc15
[INFO] running `Command { std: "docker" "start" "-a" "89320cd6b5649283919714acde123433ce8e61472c3474cfbcc81bc1a600bc15", kill_on_drop: false }`
[INFO] running `Command { std: "docker" "inspect" "89320cd6b5649283919714acde123433ce8e61472c3474cfbcc81bc1a600bc15", kill_on_drop: false }`
[INFO] running `Command { std: "docker" "rm" "-f" "89320cd6b5649283919714acde123433ce8e61472c3474cfbcc81bc1a600bc15", kill_on_drop: false }`
[INFO] [stdout] 89320cd6b5649283919714acde123433ce8e61472c3474cfbcc81bc1a600bc15
[INFO] running `Command { std: "docker" "create" "-v" "/var/lib/crater-agent-workspace/builds/worker-0-tc2/target:/opt/rustwide/target:rw,Z" "-v" "/var/lib/crater-agent-workspace/builds/worker-0-tc2/source:/opt/rustwide/workdir:ro,Z" "-v" "/var/lib/crater-agent-workspace/cargo-home:/opt/rustwide/cargo-home:ro,Z" "-v" "/var/lib/crater-agent-workspace/rustup-home:/opt/rustwide/rustup-home:ro,Z" "-e" "SOURCE_DIR=/opt/rustwide/workdir" "-e" "CARGO_TARGET_DIR=/opt/rustwide/target" "-e" "CARGO_INCREMENTAL=0" "-e" "RUST_BACKTRACE=full" "-e" "RUSTFLAGS=--cap-lints=warn" "-e" "RUSTDOCFLAGS=--cap-lints=warn" "-e" "CARGO_HOME=/opt/rustwide/cargo-home" "-e" "RUSTUP_HOME=/opt/rustwide/rustup-home" "-w" "/opt/rustwide/workdir" "-m" "1610612736" "--user" "0:0" "--network" "none" "ghcr.io/rust-lang/crates-build-env/linux@sha256:f3a9d4ad9d972b27faf3965f35b62e55ba32bbce8f20bc8fe909558a86702fde" "/opt/rustwide/cargo-home/bin/cargo" "+beta-2024-12-08" "build" "--frozen" "--message-format=json", kill_on_drop: false }`
[INFO] [stdout] d66e4b42ad57471492d8c0ae4591405a56f1f80845aebecac0d3b00e23ef1211
[INFO] running `Command { std: "docker" "start" "-a" "d66e4b42ad57471492d8c0ae4591405a56f1f80845aebecac0d3b00e23ef1211", kill_on_drop: false }`
[INFO] [stderr]    Compiling autocfg v1.3.0
[INFO] [stderr]    Compiling proc-macro2 v1.0.86
[INFO] [stderr]    Compiling unicode-ident v1.0.12
[INFO] [stderr]    Compiling cfg-if v1.0.0
[INFO] [stderr]    Compiling bytemuck v1.17.0
[INFO] [stderr]    Compiling crossbeam-utils v0.8.20
[INFO] [stderr]    Compiling paste v1.0.15
[INFO] [stderr]    Compiling anyhow v1.0.86
[INFO] [stderr]    Compiling simd-adler32 v0.3.7
[INFO] [stderr]    Compiling thiserror v1.0.63
[INFO] [stderr]    Compiling minimal-lexical v0.2.1
[INFO] [stderr]    Compiling either v1.13.0
[INFO] [stderr]    Compiling built v0.7.4
[INFO] [stderr]    Compiling libc v0.2.158
[INFO] [stderr]    Compiling adler2 v2.0.0
[INFO] [stderr]    Compiling scopeguard v1.2.0
[INFO] [stderr]    Compiling rayon-core v1.12.1
[INFO] [stderr]    Compiling arrayvec v0.7.6
[INFO] [stderr]    Compiling aligned-vec v0.5.0
[INFO] [stderr]    Compiling memchr v2.7.4
[INFO] [stderr]    Compiling miniz_oxide v0.8.0
[INFO] [stderr]    Compiling crc32fast v1.4.2
[INFO] [stderr]    Compiling adler v1.0.2
[INFO] [stderr]    Compiling log v0.4.22
[INFO] [stderr]    Compiling itertools v0.12.1
[INFO] [stderr]    Compiling safe_arch v0.7.2
[INFO] [stderr]    Compiling maybe-rayon v0.1.1
[INFO] [stderr]    Compiling bitstream-io v2.5.2
[INFO] [stderr]    Compiling miniz_oxide v0.7.4
[INFO] [stderr]    Compiling noop_proc_macro v0.3.0
[INFO] [stderr]    Compiling once_cell v1.19.0
[INFO] [stderr]    Compiling quick-error v2.0.1
[INFO] [stderr]    Compiling rav1e v0.7.1
[INFO] [stderr]    Compiling weezl v0.1.8
[INFO] [stderr]    Compiling num-traits v0.2.19
[INFO] [stderr]    Compiling lock_api v0.4.12
[INFO] [stderr]    Compiling flate2 v1.0.32
[INFO] [stderr]    Compiling nom v7.1.3
[INFO] [stderr]    Compiling matrixmultiply v0.3.9
[INFO] [stderr]    Compiling new_debug_unreachable v1.0.6
[INFO] [stderr]    Compiling imgref v1.10.1
[INFO] [stderr]    Compiling spin v0.9.8
[INFO] [stderr]    Compiling typenum v1.17.0
[INFO] [stderr]    Compiling wide v0.7.28
[INFO] [stderr]    Compiling rgb v0.8.48
[INFO] [stderr]    Compiling quote v1.0.36
[INFO] [stderr]    Compiling crossbeam-epoch v0.9.18
[INFO] [stderr]    Compiling flume v0.11.0
[INFO] [stderr]    Compiling loop9 v0.1.5
[INFO] [stderr]    Compiling avif-serialize v0.8.1
[INFO] [stderr]    Compiling syn v2.0.75
[INFO] [stderr]    Compiling zune-inflate v0.2.54
[INFO] [stderr]    Compiling fdeflate v0.3.4
[INFO] [stderr]    Compiling half v2.4.1
[INFO] [stderr]    Compiling simd_helpers v0.1.0
[INFO] [stderr]    Compiling rawpointer v0.2.1
[INFO] [stderr]    Compiling jpeg-decoder v0.3.1
[INFO] [stderr]    Compiling byteorder-lite v0.1.0
[INFO] [stderr]    Compiling lebe v0.5.2
[INFO] [stderr]    Compiling crossbeam-deque v0.8.5
[INFO] [stderr]    Compiling smallvec v1.13.2
[INFO] [stderr]    Compiling color_quant v1.1.0
[INFO] [stderr]    Compiling bit_field v0.10.2
[INFO] [stderr]    Compiling bitflags v1.3.2
[INFO] [stderr]    Compiling zune-core v0.4.12
[INFO] [stderr]    Compiling gif v0.13.1
[INFO] [stderr]    Compiling image-webp v0.1.3
[INFO] [stderr]    Compiling png v0.17.13
[INFO] [stderr]    Compiling num-integer v0.1.46
[INFO] [stderr]    Compiling v_frame v0.3.8
[INFO] [stderr]    Compiling approx v0.5.1
[INFO] [stderr]    Compiling num-complex v0.4.6
[INFO] [stderr]    Compiling zune-jpeg v0.4.13
[INFO] [stderr]    Compiling exr v1.72.0
[INFO] [stderr]    Compiling rayon v1.10.0
[INFO] [stderr]    Compiling num-bigint v0.4.6
[INFO] [stderr]    Compiling tiff v0.9.1
[INFO] [stderr]    Compiling qoi v0.4.1
[INFO] [stderr]    Compiling ordered-float v4.2.2
[INFO] [stderr]    Compiling num-rational v0.4.2
[INFO] [stderr]    Compiling simba v0.9.0
[INFO] [stderr]    Compiling av1-grain v0.2.3
[INFO] [stderr]    Compiling profiling-procmacros v1.0.15
[INFO] [stderr]    Compiling thiserror-impl v1.0.63
[INFO] [stderr]    Compiling num-derive v0.4.2
[INFO] [stderr]    Compiling arg_enum_proc_macro v0.3.4
[INFO] [stderr]    Compiling nalgebra-macros v0.2.2
[INFO] [stderr]    Compiling profiling v1.0.15
[INFO] [stderr]    Compiling nalgebra v0.33.0
[INFO] [stderr]    Compiling ravif v0.11.10
[INFO] [stderr]    Compiling image v0.25.2
[INFO] [stderr]    Compiling voxel_carving v0.1.0 (/opt/rustwide/workdir)
[INFO] [stdout] warning: unused import: `Perspective3`
[INFO] [stdout]  --> src/camera.rs:1:36
[INFO] [stdout]   |
[INFO] [stdout] 1 | use nalgebra::{Isometry3, Matrix4, Perspective3, Point3, Vector3};
[INFO] [stdout]   |                                    ^^^^^^^^^^^^
[INFO] [stdout]   |
[INFO] [stdout]   = note: `#[warn(unused_imports)]` on by default
[INFO] [stdout] 
[INFO] [stdout] 
[INFO] [stdout] warning: unused imports: `RESOLUTION` and `Voxel`
[INFO] [stdout]  --> src/raytracer.rs:5:34
[INFO] [stdout]   |
[INFO] [stdout] 5 |     voxel::{find_cube_intersect, Voxel, VoxelBlock},
[INFO] [stdout]   |                                  ^^^^^
[INFO] [stdout] 6 |     RESOLUTION,
[INFO] [stdout]   |     ^^^^^^^^^^
[INFO] [stdout] 
[INFO] [stdout] 
[INFO] [stdout] warning: unused variable: `image_5`
[INFO] [stdout]    --> src/scene_generator.rs:157:9
[INFO] [stdout]     |
[INFO] [stdout] 157 |     let image_5 = Image::new_from_file(
[INFO] [stdout]     |         ^^^^^^^ help: if this is intentional, prefix it with an underscore: `_image_5`
[INFO] [stdout]     |
[INFO] [stdout]     = note: `#[warn(unused_variables)]` on by default
[INFO] [stdout] 
[INFO] [stdout] 
[INFO] [stdout] warning: unused variable: `image_6`
[INFO] [stdout]    --> src/scene_generator.rs:166:9
[INFO] [stdout]     |
[INFO] [stdout] 166 |     let image_6 = Image::new_from_file(
[INFO] [stdout]     |         ^^^^^^^ help: if this is intentional, prefix it with an underscore: `_image_6`
[INFO] [stdout] 
[INFO] [stdout] 
[INFO] [stdout] warning: unused variable: `image_7`
[INFO] [stdout]    --> src/scene_generator.rs:175:9
[INFO] [stdout]     |
[INFO] [stdout] 175 |     let image_7 = Image::new_from_file(
[INFO] [stdout]     |         ^^^^^^^ help: if this is intentional, prefix it with an underscore: `_image_7`
[INFO] [stdout] 
[INFO] [stdout] 
[INFO] [stdout] warning: unused variable: `image_8`
[INFO] [stdout]    --> src/scene_generator.rs:184:9
[INFO] [stdout]     |
[INFO] [stdout] 184 |     let image_8 = Image::new_from_file(
[INFO] [stdout]     |         ^^^^^^^ help: if this is intentional, prefix it with an underscore: `_image_8`
[INFO] [stdout] 
[INFO] [stdout] 
[INFO] [stdout] warning: multiple fields are never read
[INFO] [stdout]   --> src/camera.rs:5:16
[INFO] [stdout]    |
[INFO] [stdout] 4  | pub(crate) struct Camera {
[INFO] [stdout]    |                   ------ fields in this struct
[INFO] [stdout] 5  |     pub(crate) width: usize,
[INFO] [stdout]    |                ^^^^^
[INFO] [stdout] 6  |     pub(crate) height: usize,
[INFO] [stdout]    |                ^^^^^^
[INFO] [stdout] ...
[INFO] [stdout] 9  |     pub(crate) up: Vector3<f32>,
[INFO] [stdout]    |                ^^
[INFO] [stdout] 10 |     pub(crate) height_angle: f32,
[INFO] [stdout]    |                ^^^^^^^^^^^^
[INFO] [stdout] 11 |     pub(crate) view_matrix: Matrix4<f32>,
[INFO] [stdout] 12 |     pub(crate) inv_view_matrix: Matrix4<f32>,
[INFO] [stdout]    |                ^^^^^^^^^^^^^^^
[INFO] [stdout] 13 |     pub(crate) proj_matrix: Matrix4<f32>,
[INFO] [stdout] 14 |     near: f32,
[INFO] [stdout]    |     ^^^^
[INFO] [stdout] 15 |     far: f32,
[INFO] [stdout]    |     ^^^
[INFO] [stdout]    |
[INFO] [stdout]    = note: `Camera` has a derived impl for the trait `Clone`, but this is intentionally ignored during dead code analysis
[INFO] [stdout]    = note: `#[warn(dead_code)]` on by default
[INFO] [stdout] 
[INFO] [stdout] 
[INFO] [stdout] warning: method `get_aspect_ratio` is never used
[INFO] [stdout]   --> src/camera.rs:86:12
[INFO] [stdout]    |
[INFO] [stdout] 18 | impl Camera {
[INFO] [stdout]    | ----------- method in this implementation
[INFO] [stdout] ...
[INFO] [stdout] 86 |     pub fn get_aspect_ratio(&self) -> f32 {
[INFO] [stdout]    |            ^^^^^^^^^^^^^^^^
[INFO] [stdout] 
[INFO] [stdout] 
[INFO] [stdout] warning: enum `ProjectedColor` is never used
[INFO] [stdout]   --> src/carver.rs:12:6
[INFO] [stdout]    |
[INFO] [stdout] 12 | enum ProjectedColor {
[INFO] [stdout]    |      ^^^^^^^^^^^^^^
[INFO] [stdout] 
[INFO] [stdout] 
[INFO] [stdout] warning: enum `LightType` is never used
[INFO] [stdout]  --> src/raytracer.rs:9:17
[INFO] [stdout]   |
[INFO] [stdout] 9 | pub(crate) enum LightType {
[INFO] [stdout]   |                 ^^^^^^^^^
[INFO] [stdout] 
[INFO] [stdout] 
[INFO] [stdout] warning: struct `SceneLightData` is never constructed
[INFO] [stdout]   --> src/raytracer.rs:15:19
[INFO] [stdout]    |
[INFO] [stdout] 15 | pub(crate) struct SceneLightData {
[INFO] [stdout]    |                   ^^^^^^^^^^^^^^
[INFO] [stdout] 
[INFO] [stdout] 
[INFO] [stdout] warning: struct `Ray` is never constructed
[INFO] [stdout]   --> src/raytracer.rs:23:19
[INFO] [stdout]    |
[INFO] [stdout] 23 | pub(crate) struct Ray {
[INFO] [stdout]    |                   ^^^
[INFO] [stdout] 
[INFO] [stdout] 
[INFO] [stdout] warning: function `generate_ray` is never used
[INFO] [stdout]   --> src/raytracer.rs:28:15
[INFO] [stdout]    |
[INFO] [stdout] 28 | pub(crate) fn generate_ray(i: usize, j: usize, k: f32, camera: &Camera) -> Ray {
[INFO] [stdout]    |               ^^^^^^^^^^^^
[INFO] [stdout] 
[INFO] [stdout] 
[INFO] [stdout] warning: function `generate_ray_direct` is never used
[INFO] [stdout]   --> src/raytracer.rs:36:15
[INFO] [stdout]    |
[INFO] [stdout] 36 | pub(crate) fn generate_ray_direct(x: f32, y: f32, z: f32, camera: &Camera) -> Ray {
[INFO] [stdout]    |               ^^^^^^^^^^^^^^^^^^^
[INFO] [stdout] 
[INFO] [stdout] 
[INFO] [stdout] warning: function `get_ray_dir_for_pixel` is never used
[INFO] [stdout]   --> src/raytracer.rs:44:4
[INFO] [stdout]    |
[INFO] [stdout] 44 | fn get_ray_dir_for_pixel(i: usize, j: usize, k: f32, camera: &Camera) -> Vector4<f32> {
[INFO] [stdout]    |    ^^^^^^^^^^^^^^^^^^^^^
[INFO] [stdout] 
[INFO] [stdout] 
[INFO] [stdout] warning: function `trace_ray` is never used
[INFO] [stdout]   --> src/raytracer.rs:60:15
[INFO] [stdout]    |
[INFO] [stdout] 60 | pub(crate) fn trace_ray(
[INFO] [stdout]    |               ^^^^^^^^^
[INFO] [stdout] 
[INFO] [stdout] 
[INFO] [stdout] warning: function `find_closest_intersection` is never used
[INFO] [stdout]   --> src/raytracer.rs:70:15
[INFO] [stdout]    |
[INFO] [stdout] 70 | pub(crate) fn find_closest_intersection(
[INFO] [stdout]    |               ^^^^^^^^^^^^^^^^^^^^^^^^^
[INFO] [stdout] 
[INFO] [stdout] 
[INFO] [stdout] warning: function `three_cylinders` is never used
[INFO] [stdout]  --> src/scene_generator.rs:5:15
[INFO] [stdout]   |
[INFO] [stdout] 5 | pub(crate) fn three_cylinders() -> Vec<Image> {
[INFO] [stdout]   |               ^^^^^^^^^^^^^^^
[INFO] [stdout] 
[INFO] [stdout] 
[INFO] [stdout] warning: function `cone` is never used
[INFO] [stdout]    --> src/scene_generator.rs:106:15
[INFO] [stdout]     |
[INFO] [stdout] 106 | pub(crate) fn cone() -> Vec<Image> {
[INFO] [stdout]     |               ^^^^
[INFO] [stdout] 
[INFO] [stdout] 
[INFO] [stdout] warning: method `voxel_length` is never used
[INFO] [stdout]    --> src/voxel.rs:108:12
[INFO] [stdout]     |
[INFO] [stdout] 67  | impl VoxelBlock {
[INFO] [stdout]     | --------------- method in this implementation
[INFO] [stdout] ...
[INFO] [stdout] 108 |     pub fn voxel_length(&self) -> f32 {
[INFO] [stdout]     |            ^^^^^^^^^^^^
[INFO] [stdout] 
[INFO] [stdout] 
[INFO] [stdout] warning: function `find_cube_intersect` is never used
[INFO] [stdout]    --> src/voxel.rs:327:15
[INFO] [stdout]     |
[INFO] [stdout] 327 | pub(crate) fn find_cube_intersect(
[INFO] [stdout]     |               ^^^^^^^^^^^^^^^^^^^
[INFO] [stdout] 
[INFO] [stdout] 
[INFO] [stdout] warning: function `is_valid_cube_t` is never used
[INFO] [stdout]    --> src/voxel.rs:364:15
[INFO] [stdout]     |
[INFO] [stdout] 364 | pub(crate) fn is_valid_cube_t(p: Vector4<f32>, d: Vector4<f32>, t: f32) -> bool {
[INFO] [stdout]     |               ^^^^^^^^^^^^^^^
[INFO] [stdout] 
[INFO] [stdout] 
[INFO] [stderr]     Finished `dev` profile [unoptimized + debuginfo] target(s) in 47.51s
[INFO] running `Command { std: "docker" "inspect" "d66e4b42ad57471492d8c0ae4591405a56f1f80845aebecac0d3b00e23ef1211", kill_on_drop: false }`
[INFO] running `Command { std: "docker" "rm" "-f" "d66e4b42ad57471492d8c0ae4591405a56f1f80845aebecac0d3b00e23ef1211", kill_on_drop: false }`
[INFO] [stdout] d66e4b42ad57471492d8c0ae4591405a56f1f80845aebecac0d3b00e23ef1211
[INFO] running `Command { std: "docker" "create" "-v" "/var/lib/crater-agent-workspace/builds/worker-0-tc2/target:/opt/rustwide/target:rw,Z" "-v" "/var/lib/crater-agent-workspace/builds/worker-0-tc2/source:/opt/rustwide/workdir:ro,Z" "-v" "/var/lib/crater-agent-workspace/cargo-home:/opt/rustwide/cargo-home:ro,Z" "-v" "/var/lib/crater-agent-workspace/rustup-home:/opt/rustwide/rustup-home:ro,Z" "-e" "SOURCE_DIR=/opt/rustwide/workdir" "-e" "CARGO_TARGET_DIR=/opt/rustwide/target" "-e" "CARGO_INCREMENTAL=0" "-e" "RUST_BACKTRACE=full" "-e" "RUSTFLAGS=--cap-lints=warn" "-e" "RUSTDOCFLAGS=--cap-lints=warn" "-e" "CARGO_HOME=/opt/rustwide/cargo-home" "-e" "RUSTUP_HOME=/opt/rustwide/rustup-home" "-w" "/opt/rustwide/workdir" "-m" "1610612736" "--user" "0:0" "--network" "none" "ghcr.io/rust-lang/crates-build-env/linux@sha256:f3a9d4ad9d972b27faf3965f35b62e55ba32bbce8f20bc8fe909558a86702fde" "/opt/rustwide/cargo-home/bin/cargo" "+beta-2024-12-08" "test" "--frozen" "--no-run" "--message-format=json", kill_on_drop: false }`
[INFO] [stdout] 6b2603b91d335182e7e39d96856423a4bb18bed00ab8a14ce2d274f58cda594e
[INFO] running `Command { std: "docker" "start" "-a" "6b2603b91d335182e7e39d96856423a4bb18bed00ab8a14ce2d274f58cda594e", kill_on_drop: false }`
[INFO] [stderr]    Compiling voxel_carving v0.1.0 (/opt/rustwide/workdir)
[INFO] [stdout] warning: unused import: `Perspective3`
[INFO] [stdout]  --> src/camera.rs:1:36
[INFO] [stdout]   |
[INFO] [stdout] 1 | use nalgebra::{Isometry3, Matrix4, Perspective3, Point3, Vector3};
[INFO] [stdout]   |                                    ^^^^^^^^^^^^
[INFO] [stdout]   |
[INFO] [stdout]   = note: `#[warn(unused_imports)]` on by default
[INFO] [stdout] 
[INFO] [stdout] 
[INFO] [stdout] warning: unused import: `nalgebra::Vector3`
[INFO] [stdout]    --> src/carver.rs:267:9
[INFO] [stdout]     |
[INFO] [stdout] 267 |     use nalgebra::Vector3;
[INFO] [stdout]     |         ^^^^^^^^^^^^^^^^^
[INFO] [stdout] 
[INFO] [stdout] 
[INFO] [stdout] warning: unused imports: `RESOLUTION` and `Voxel`
[INFO] [stdout]  --> src/raytracer.rs:5:34
[INFO] [stdout]   |
[INFO] [stdout] 5 |     voxel::{find_cube_intersect, Voxel, VoxelBlock},
[INFO] [stdout]   |                                  ^^^^^
[INFO] [stdout] 6 |     RESOLUTION,
[INFO] [stdout]   |     ^^^^^^^^^^
[INFO] [stdout] 
[INFO] [stdout] 
[INFO] [stdout] warning: unused imports: `Perspective3`, `Point3`, and `Vector3`
[INFO] [stdout]    --> src/raytracer.rs:131:20
[INFO] [stdout]     |
[INFO] [stdout] 131 |     use nalgebra::{Perspective3, Point3, Vector3, Vector4};
[INFO] [stdout]     |                    ^^^^^^^^^^^^  ^^^^^^  ^^^^^^^
[INFO] [stdout] 
[INFO] [stdout] 
[INFO] [stdout] warning: variable does not need to be mutable
[INFO] [stdout]    --> src/raytracer.rs:144:13
[INFO] [stdout]     |
[INFO] [stdout] 144 |         let mut voxel_block = VoxelBlock::new(2, 2);
[INFO] [stdout]     |             ----^^^^^^^^^^^
[INFO] [stdout]     |             |
[INFO] [stdout]     |             help: remove this `mut`
[INFO] [stdout]     |
[INFO] [stdout]     = note: `#[warn(unused_mut)]` on by default
[INFO] [stdout] 
[INFO] [stdout] 
[INFO] [stdout] warning: unused variable: `image_5`
[INFO] [stdout]    --> src/scene_generator.rs:157:9
[INFO] [stdout]     |
[INFO] [stdout] 157 |     let image_5 = Image::new_from_file(
[INFO] [stdout]     |         ^^^^^^^ help: if this is intentional, prefix it with an underscore: `_image_5`
[INFO] [stdout]     |
[INFO] [stdout]     = note: `#[warn(unused_variables)]` on by default
[INFO] [stdout] 
[INFO] [stdout] 
[INFO] [stdout] warning: unused variable: `image_6`
[INFO] [stdout]    --> src/scene_generator.rs:166:9
[INFO] [stdout]     |
[INFO] [stdout] 166 |     let image_6 = Image::new_from_file(
[INFO] [stdout]     |         ^^^^^^^ help: if this is intentional, prefix it with an underscore: `_image_6`
[INFO] [stdout] 
[INFO] [stdout] 
[INFO] [stdout] warning: unused variable: `image_7`
[INFO] [stdout]    --> src/scene_generator.rs:175:9
[INFO] [stdout]     |
[INFO] [stdout] 175 |     let image_7 = Image::new_from_file(
[INFO] [stdout]     |         ^^^^^^^ help: if this is intentional, prefix it with an underscore: `_image_7`
[INFO] [stdout] 
[INFO] [stdout] 
[INFO] [stdout] warning: unused variable: `image_8`
[INFO] [stdout]    --> src/scene_generator.rs:184:9
[INFO] [stdout]     |
[INFO] [stdout] 184 |     let image_8 = Image::new_from_file(
[INFO] [stdout]     |         ^^^^^^^ help: if this is intentional, prefix it with an underscore: `_image_8`
[INFO] [stdout] 
[INFO] [stdout] 
[INFO] [stdout] warning: fields `up`, `near`, and `far` are never read
[INFO] [stdout]   --> src/camera.rs:9:16
[INFO] [stdout]    |
[INFO] [stdout] 4  | pub(crate) struct Camera {
[INFO] [stdout]    |                   ------ fields in this struct
[INFO] [stdout] ...
[INFO] [stdout] 9  |     pub(crate) up: Vector3<f32>,
[INFO] [stdout]    |                ^^
[INFO] [stdout] ...
[INFO] [stdout] 14 |     near: f32,
[INFO] [stdout]    |     ^^^^
[INFO] [stdout] 15 |     far: f32,
[INFO] [stdout]    |     ^^^
[INFO] [stdout]    |
[INFO] [stdout]    = note: `Camera` has a derived impl for the trait `Clone`, but this is intentionally ignored during dead code analysis
[INFO] [stdout]    = note: `#[warn(dead_code)]` on by default
[INFO] [stdout] 
[INFO] [stdout] 
[INFO] [stdout] warning: enum `ProjectedColor` is never used
[INFO] [stdout]   --> src/carver.rs:12:6
[INFO] [stdout]    |
[INFO] [stdout] 12 | enum ProjectedColor {
[INFO] [stdout]    |      ^^^^^^^^^^^^^^
[INFO] [stdout] 
[INFO] [stdout] 
[INFO] [stdout] warning: enum `LightType` is never used
[INFO] [stdout]  --> src/raytracer.rs:9:17
[INFO] [stdout]   |
[INFO] [stdout] 9 | pub(crate) enum LightType {
[INFO] [stdout]   |                 ^^^^^^^^^
[INFO] [stdout] 
[INFO] [stdout] 
[INFO] [stdout] warning: struct `SceneLightData` is never constructed
[INFO] [stdout]   --> src/raytracer.rs:15:19
[INFO] [stdout]    |
[INFO] [stdout] 15 | pub(crate) struct SceneLightData {
[INFO] [stdout]    |                   ^^^^^^^^^^^^^^
[INFO] [stdout] 
[INFO] [stdout] 
[INFO] [stdout] warning: function `three_cylinders` is never used
[INFO] [stdout]  --> src/scene_generator.rs:5:15
[INFO] [stdout]   |
[INFO] [stdout] 5 | pub(crate) fn three_cylinders() -> Vec<Image> {
[INFO] [stdout]   |               ^^^^^^^^^^^^^^^
[INFO] [stdout] 
[INFO] [stdout] 
[INFO] [stdout] warning: method `voxel_length` is never used
[INFO] [stdout]    --> src/voxel.rs:108:12
[INFO] [stdout]     |
[INFO] [stdout] 67  | impl VoxelBlock {
[INFO] [stdout]     | --------------- method in this implementation
[INFO] [stdout] ...
[INFO] [stdout] 108 |     pub fn voxel_length(&self) -> f32 {
[INFO] [stdout]     |            ^^^^^^^^^^^^
[INFO] [stdout] 
[INFO] [stdout] 
[INFO] [stderr]     Finished `test` profile [unoptimized + debuginfo] target(s) in 4.68s
[INFO] running `Command { std: "docker" "inspect" "6b2603b91d335182e7e39d96856423a4bb18bed00ab8a14ce2d274f58cda594e", kill_on_drop: false }`
[INFO] running `Command { std: "docker" "rm" "-f" "6b2603b91d335182e7e39d96856423a4bb18bed00ab8a14ce2d274f58cda594e", kill_on_drop: false }`
[INFO] [stdout] 6b2603b91d335182e7e39d96856423a4bb18bed00ab8a14ce2d274f58cda594e
[INFO] running `Command { std: "docker" "create" "-v" "/var/lib/crater-agent-workspace/builds/worker-0-tc2/target:/opt/rustwide/target:rw,Z" "-v" "/var/lib/crater-agent-workspace/builds/worker-0-tc2/source:/opt/rustwide/workdir:ro,Z" "-v" "/var/lib/crater-agent-workspace/cargo-home:/opt/rustwide/cargo-home:ro,Z" "-v" "/var/lib/crater-agent-workspace/rustup-home:/opt/rustwide/rustup-home:ro,Z" "-e" "SOURCE_DIR=/opt/rustwide/workdir" "-e" "CARGO_TARGET_DIR=/opt/rustwide/target" "-e" "CARGO_INCREMENTAL=0" "-e" "RUST_BACKTRACE=full" "-e" "RUSTFLAGS=--cap-lints=warn" "-e" "RUSTDOCFLAGS=--cap-lints=warn" "-e" "CARGO_HOME=/opt/rustwide/cargo-home" "-e" "RUSTUP_HOME=/opt/rustwide/rustup-home" "-w" "/opt/rustwide/workdir" "-m" "1610612736" "--user" "0:0" "--network" "none" "ghcr.io/rust-lang/crates-build-env/linux@sha256:f3a9d4ad9d972b27faf3965f35b62e55ba32bbce8f20bc8fe909558a86702fde" "/opt/rustwide/cargo-home/bin/cargo" "+beta-2024-12-08" "test" "--frozen", kill_on_drop: false }`
[INFO] [stdout] 9b589fa66f1759959ceceea74be00897f3aed94e3b57b27b72881f4dacfb0e1a
[INFO] running `Command { std: "docker" "start" "-a" "9b589fa66f1759959ceceea74be00897f3aed94e3b57b27b72881f4dacfb0e1a", kill_on_drop: false }`
[INFO] [stderr] warning: unused import: `Perspective3`
[INFO] [stderr]  --> src/camera.rs:1:36
[INFO] [stderr]   |
[INFO] [stderr] 1 | use nalgebra::{Isometry3, Matrix4, Perspective3, Point3, Vector3};
[INFO] [stderr]   |                                    ^^^^^^^^^^^^
[INFO] [stderr]   |
[INFO] [stderr]   = note: `#[warn(unused_imports)]` on by default
[INFO] [stderr] 
[INFO] [stderr] warning: unused import: `nalgebra::Vector3`
[INFO] [stderr]    --> src/carver.rs:267:9
[INFO] [stderr]     |
[INFO] [stderr] 267 |     use nalgebra::Vector3;
[INFO] [stderr]     |         ^^^^^^^^^^^^^^^^^
[INFO] [stderr] 
[INFO] [stderr] warning: unused imports: `RESOLUTION` and `Voxel`
[INFO] [stderr]  --> src/raytracer.rs:5:34
[INFO] [stderr]   |
[INFO] [stderr] 5 |     voxel::{find_cube_intersect, Voxel, VoxelBlock},
[INFO] [stderr]   |                                  ^^^^^
[INFO] [stderr] 6 |     RESOLUTION,
[INFO] [stderr]   |     ^^^^^^^^^^
[INFO] [stderr] 
[INFO] [stderr] warning: unused imports: `Perspective3`, `Point3`, and `Vector3`
[INFO] [stderr]    --> src/raytracer.rs:131:20
[INFO] [stderr]     |
[INFO] [stderr] 131 |     use nalgebra::{Perspective3, Point3, Vector3, Vector4};
[INFO] [stderr]     |                    ^^^^^^^^^^^^  ^^^^^^  ^^^^^^^
[INFO] [stderr] 
[INFO] [stderr] warning: variable does not need to be mutable
[INFO] [stderr]    --> src/raytracer.rs:144:13
[INFO] [stderr]     |
[INFO] [stderr] 144 |         let mut voxel_block = VoxelBlock::new(2, 2);
[INFO] [stderr]     |             ----^^^^^^^^^^^
[INFO] [stderr]     |             |
[INFO] [stderr]     |             help: remove this `mut`
[INFO] [stderr]     |
[INFO] [stderr]     = note: `#[warn(unused_mut)]` on by default
[INFO] [stderr] 
[INFO] [stderr] warning: unused variable: `image_5`
[INFO] [stderr]    --> src/scene_generator.rs:157:9
[INFO] [stderr]     |
[INFO] [stderr] 157 |     let image_5 = Image::new_from_file(
[INFO] [stderr]     |         ^^^^^^^ help: if this is intentional, prefix it with an underscore: `_image_5`
[INFO] [stderr]     |
[INFO] [stderr]     = note: `#[warn(unused_variables)]` on by default
[INFO] [stderr] 
[INFO] [stderr] warning: unused variable: `image_6`
[INFO] [stderr]    --> src/scene_generator.rs:166:9
[INFO] [stderr]     |
[INFO] [stderr] 166 |     let image_6 = Image::new_from_file(
[INFO] [stderr]     |         ^^^^^^^ help: if this is intentional, prefix it with an underscore: `_image_6`
[INFO] [stderr] 
[INFO] [stderr] warning: unused variable: `image_7`
[INFO] [stderr]    --> src/scene_generator.rs:175:9
[INFO] [stderr]     |
[INFO] [stderr] 175 |     let image_7 = Image::new_from_file(
[INFO] [stderr]     |         ^^^^^^^ help: if this is intentional, prefix it with an underscore: `_image_7`
[INFO] [stderr] 
[INFO] [stderr] warning: unused variable: `image_8`
[INFO] [stderr]    --> src/scene_generator.rs:184:9
[INFO] [stderr]     |
[INFO] [stderr] 184 |     let image_8 = Image::new_from_file(
[INFO] [stderr]     |         ^^^^^^^ help: if this is intentional, prefix it with an underscore: `_image_8`
[INFO] [stderr] 
[INFO] [stderr] warning: fields `up`, `near`, and `far` are never read
[INFO] [stderr]   --> src/camera.rs:9:16
[INFO] [stderr]    |
[INFO] [stderr] 4  | pub(crate) struct Camera {
[INFO] [stderr]    |                   ------ fields in this struct
[INFO] [stderr] ...
[INFO] [stderr] 9  |     pub(crate) up: Vector3<f32>,
[INFO] [stderr]    |                ^^
[INFO] [stderr] ...
[INFO] [stderr] 14 |     near: f32,
[INFO] [stderr]    |     ^^^^
[INFO] [stderr] 15 |     far: f32,
[INFO] [stderr]    |     ^^^
[INFO] [stderr]    |
[INFO] [stderr]    = note: `Camera` has a derived impl for the trait `Clone`, but this is intentionally ignored during dead code analysis
[INFO] [stderr]    = note: `#[warn(dead_code)]` on by default
[INFO] [stderr] 
[INFO] [stderr] warning: enum `ProjectedColor` is never used
[INFO] [stderr]   --> src/carver.rs:12:6
[INFO] [stderr]    |
[INFO] [stderr] 12 | enum ProjectedColor {
[INFO] [stderr]    |      ^^^^^^^^^^^^^^
[INFO] [stderr] 
[INFO] [stderr] warning: enum `LightType` is never used
[INFO] [stderr]  --> src/raytracer.rs:9:17
[INFO] [stderr]   |
[INFO] [stderr] 9 | pub(crate) enum LightType {
[INFO] [stderr]   |                 ^^^^^^^^^
[INFO] [stderr] 
[INFO] [stderr] warning: struct `SceneLightData` is never constructed
[INFO] [stderr]   --> src/raytracer.rs:15:19
[INFO] [stderr]    |
[INFO] [stderr] 15 | pub(crate) struct SceneLightData {
[INFO] [stderr]    |                   ^^^^^^^^^^^^^^
[INFO] [stderr] 
[INFO] [stderr] warning: function `three_cylinders` is never used
[INFO] [stderr]  --> src/scene_generator.rs:5:15
[INFO] [stderr]   |
[INFO] [stderr] 5 | pub(crate) fn three_cylinders() -> Vec<Image> {
[INFO] [stderr]   |               ^^^^^^^^^^^^^^^
[INFO] [stderr] 
[INFO] [stderr] warning: method `voxel_length` is never used
[INFO] [stderr]    --> src/voxel.rs:108:12
[INFO] [stderr]     |
[INFO] [stderr] 67  | impl VoxelBlock {
[INFO] [stderr]     | --------------- method in this implementation
[INFO] [stderr] ...
[INFO] [stderr] 108 |     pub fn voxel_length(&self) -> f32 {
[INFO] [stderr]     |            ^^^^^^^^^^^^
[INFO] [stderr] 
[INFO] [stderr] warning: `voxel_carving` (bin "voxel_carving" test) generated 15 warnings (run `cargo fix --bin "voxel_carving" --tests` to apply 5 suggestions)
[INFO] [stderr]     Finished `test` profile [unoptimized + debuginfo] target(s) in 0.10s
[INFO] [stderr]      Running unittests src/main.rs (/opt/rustwide/target/debug/deps/voxel_carving-cb59c4e105c8b45f)
[INFO] [stdout] 
[INFO] [stdout] running 5 tests
[INFO] [stdout] test carver::tests::test_is_roughly_equal ... ok
[INFO] [stdout] test voxel::tests::test_intercept ... ok
[INFO] [stdout] test voxel::tests::test_ctm ... ok
[INFO] [stdout] test voxel::tests::test_indexing ... ok
[INFO] [stdout] test raytracer::tests::test_trace_ray ... FAILED
[INFO] [stdout] 
[INFO] [stdout] failures:
[INFO] [stdout] 
[INFO] [stdout] ---- raytracer::tests::test_trace_ray stdout ----
[INFO] [stdout] thread 'raytracer::tests::test_trace_ray' panicked at src/image.rs:27:37:
[INFO] [stdout] called `Result::unwrap()` on an `Err` value: IoError(Os { code: 2, kind: NotFound, message: "No such file or directory" })
[INFO] [stdout] stack backtrace:
[INFO] [stdout]    0:     0x63f8ec8d748a - std::backtrace_rs::backtrace::libunwind::trace::h8810477743020387
[INFO] [stdout]                                at /rustc/202008a1b8de96d2e5b6bc02d379db03a877d34d/library/std/src/../../backtrace/src/backtrace/libunwind.rs:116:5
[INFO] [stdout]    1:     0x63f8ec8d748a - std::backtrace_rs::backtrace::trace_unsynchronized::h3aa55355dd6c54a6
[INFO] [stdout]                                at /rustc/202008a1b8de96d2e5b6bc02d379db03a877d34d/library/std/src/../../backtrace/src/backtrace/mod.rs:66:5
[INFO] [stdout]    2:     0x63f8ec8d748a - std::sys::backtrace::_print_fmt::h8588b0f62410823f
[INFO] [stdout]                                at /rustc/202008a1b8de96d2e5b6bc02d379db03a877d34d/library/std/src/sys/backtrace.rs:66:9
[INFO] [stdout]    3:     0x63f8ec8d748a - <std::sys::backtrace::BacktraceLock::print::DisplayBacktrace as core::fmt::Display>::fmt::h98c26ac25ffe89bb
[INFO] [stdout]                                at /rustc/202008a1b8de96d2e5b6bc02d379db03a877d34d/library/std/src/sys/backtrace.rs:39:26
[INFO] [stdout]    4:     0x63f8ec8feea3 - core::fmt::rt::Argument::fmt::hf95377f4aebd453b
[INFO] [stdout]                                at /rustc/202008a1b8de96d2e5b6bc02d379db03a877d34d/library/core/src/fmt/rt.rs:177:76
[INFO] [stdout]    5:     0x63f8ec8feea3 - core::fmt::write::h0dd5f6e2238c7982
[INFO] [stdout]                                at /rustc/202008a1b8de96d2e5b6bc02d379db03a877d34d/library/core/src/fmt/mod.rs:1189:21
[INFO] [stdout]    6:     0x63f8ec8d44c3 - std::io::Write::write_fmt::h03bb0ca26e6faf8c
[INFO] [stdout]                                at /rustc/202008a1b8de96d2e5b6bc02d379db03a877d34d/library/std/src/io/mod.rs:1884:15
[INFO] [stdout]    7:     0x63f8ec8d72d2 - std::sys::backtrace::BacktraceLock::print::h5c19c1c038ee186d
[INFO] [stdout]                                at /rustc/202008a1b8de96d2e5b6bc02d379db03a877d34d/library/std/src/sys/backtrace.rs:42:9
[INFO] [stdout]    8:     0x63f8ec8d890d - std::panicking::default_hook::{{closure}}::h77172f079a1fcb13
[INFO] [stdout]                                at /rustc/202008a1b8de96d2e5b6bc02d379db03a877d34d/library/std/src/panicking.rs:268:22
[INFO] [stdout]    9:     0x63f8ec8d8717 - std::panicking::default_hook::he5f8e3b203ccddba
[INFO] [stdout]                                at /rustc/202008a1b8de96d2e5b6bc02d379db03a877d34d/library/std/src/panicking.rs:292:9
[INFO] [stdout]   10:     0x63f8ec5d3737 - <alloc::boxed::Box<F,A> as core::ops::function::Fn<Args>>::call::h7a3c7b4a1ae77f2f
[INFO] [stdout]                                at /rustc/202008a1b8de96d2e5b6bc02d379db03a877d34d/library/alloc/src/boxed.rs:1986:9
[INFO] [stdout]   11:     0x63f8ec5d3737 - test::test_main::{{closure}}::hf0d3b69ae9b353d1
[INFO] [stdout]                                at /rustc/202008a1b8de96d2e5b6bc02d379db03a877d34d/library/test/src/lib.rs:134:21
[INFO] [stdout]   12:     0x63f8ec8d8fb8 - <alloc::boxed::Box<F,A> as core::ops::function::Fn<Args>>::call::h6332e82e7b189abd
[INFO] [stdout]                                at /rustc/202008a1b8de96d2e5b6bc02d379db03a877d34d/library/alloc/src/boxed.rs:1986:9
[INFO] [stdout]   13:     0x63f8ec8d8fb8 - std::panicking::rust_panic_with_hook::h53863d4e9018df39
[INFO] [stdout]                                at /rustc/202008a1b8de96d2e5b6bc02d379db03a877d34d/library/std/src/panicking.rs:809:13
[INFO] [stdout]   14:     0x63f8ec8d8d7a - std::panicking::begin_panic_handler::{{closure}}::h67280e6fa0757873
[INFO] [stdout]                                at /rustc/202008a1b8de96d2e5b6bc02d379db03a877d34d/library/std/src/panicking.rs:674:13
[INFO] [stdout]   15:     0x63f8ec8d7969 - std::sys::backtrace::__rust_end_short_backtrace::h1dac3f54d6fbbeb2
[INFO] [stdout]                                at /rustc/202008a1b8de96d2e5b6bc02d379db03a877d34d/library/std/src/sys/backtrace.rs:170:18
[INFO] [stdout]   16:     0x63f8ec8d8a0c - rust_begin_unwind
[INFO] [stdout]                                at /rustc/202008a1b8de96d2e5b6bc02d379db03a877d34d/library/std/src/panicking.rs:665:5
[INFO] [stdout]   17:     0x63f8ec48b0a0 - core::panicking::panic_fmt::h6792bd1b2bf01041
[INFO] [stdout]                                at /rustc/202008a1b8de96d2e5b6bc02d379db03a877d34d/library/core/src/panicking.rs:76:14
[INFO] [stdout]   18:     0x63f8ec48b586 - core::result::unwrap_failed::h05e0602ed34287c5
[INFO] [stdout]                                at /rustc/202008a1b8de96d2e5b6bc02d379db03a877d34d/library/core/src/result.rs:1699:5
[INFO] [stdout]   19:     0x63f8ec550d86 - core::result::Result<T,E>::unwrap::h2a7a7c5f0ef85321
[INFO] [stdout]                                at /rustc/202008a1b8de96d2e5b6bc02d379db03a877d34d/library/core/src/result.rs:1104:23
[INFO] [stdout]   20:     0x63f8ec550d86 - voxel_carving::image::Image::new_from_file::h4ff551ba62c82e54
[INFO] [stdout]                                at /opt/rustwide/workdir/src/image.rs:27:21
[INFO] [stdout]   21:     0x63f8ec4f9f18 - voxel_carving::scene_generator::cone::h76054443c76e2af7
[INFO] [stdout]                                at /opt/rustwide/workdir/src/scene_generator.rs:112:19
[INFO] [stdout]   22:     0x63f8ec544f76 - voxel_carving::raytracer::tests::test_trace_ray::hc3a507c53ab51848
[INFO] [stdout]                                at /opt/rustwide/workdir/src/raytracer.rs:143:27
[INFO] [stdout]   23:     0x63f8ec544f47 - voxel_carving::raytracer::tests::test_trace_ray::{{closure}}::hbbd809a47f52e199
[INFO] [stdout]                                at /opt/rustwide/workdir/src/raytracer.rs:142:24
[INFO] [stdout]   24:     0x63f8ec5493c6 - core::ops::function::FnOnce::call_once::h312e8ac97ddb1a3a
[INFO] [stdout]                                at /rustc/202008a1b8de96d2e5b6bc02d379db03a877d34d/library/core/src/ops/function.rs:250:5
[INFO] [stdout]   25:     0x63f8ec5d825b - core::ops::function::FnOnce::call_once::h871bf86719ec9aa4
[INFO] [stdout]                                at /rustc/202008a1b8de96d2e5b6bc02d379db03a877d34d/library/core/src/ops/function.rs:250:5
[INFO] [stdout]   26:     0x63f8ec5d825b - test::__rust_begin_short_backtrace::h2167df1e2b7d76fd
[INFO] [stdout]                                at /rustc/202008a1b8de96d2e5b6bc02d379db03a877d34d/library/test/src/lib.rs:632:18
[INFO] [stdout]   27:     0x63f8ec5d7c48 - test::run_test_in_process::{{closure}}::h15d92f75a3adfb79
[INFO] [stdout]                                at /rustc/202008a1b8de96d2e5b6bc02d379db03a877d34d/library/test/src/lib.rs:655:60
[INFO] [stdout]   28:     0x63f8ec5d7c48 - <core::panic::unwind_safe::AssertUnwindSafe<F> as core::ops::function::FnOnce<()>>::call_once::hb6c8955835a8dbbb
[INFO] [stdout]                                at /rustc/202008a1b8de96d2e5b6bc02d379db03a877d34d/library/core/src/panic/unwind_safe.rs:272:9
[INFO] [stdout]   29:     0x63f8ec5d7c48 - std::panicking::try::do_call::hc79d0fc888a0bd30
[INFO] [stdout]                                at /rustc/202008a1b8de96d2e5b6bc02d379db03a877d34d/library/std/src/panicking.rs:557:40
[INFO] [stdout]   30:     0x63f8ec5d7c48 - std::panicking::try::hb8a7878e3a8589d6
[INFO] [stdout]                                at /rustc/202008a1b8de96d2e5b6bc02d379db03a877d34d/library/std/src/panicking.rs:520:19
[INFO] [stdout]   31:     0x63f8ec5d7c48 - std::panic::catch_unwind::hb8e4600ff0ff5cfa
[INFO] [stdout]                                at /rustc/202008a1b8de96d2e5b6bc02d379db03a877d34d/library/std/src/panic.rs:358:14
[INFO] [stdout]   32:     0x63f8ec5d7c48 - test::run_test_in_process::hc2900b0b18688dd6
[INFO] [stdout]                                at /rustc/202008a1b8de96d2e5b6bc02d379db03a877d34d/library/test/src/lib.rs:655:27
[INFO] [stdout]   33:     0x63f8ec5d7c48 - test::run_test::{{closure}}::hac2a9cb07be3d48d
[INFO] [stdout]                                at /rustc/202008a1b8de96d2e5b6bc02d379db03a877d34d/library/test/src/lib.rs:576:43
[INFO] [stdout]   34:     0x63f8ec59b6ea - test::run_test::{{closure}}::h4a5b729e66a38cd8
[INFO] [stdout]                                at /rustc/202008a1b8de96d2e5b6bc02d379db03a877d34d/library/test/src/lib.rs:606:41
[INFO] [stdout]   35:     0x63f8ec59b6ea - std::sys::backtrace::__rust_begin_short_backtrace::h0496fb742492f573
[INFO] [stdout]                                at /rustc/202008a1b8de96d2e5b6bc02d379db03a877d34d/library/std/src/sys/backtrace.rs:154:18
[INFO] [stdout]   36:     0x63f8ec59f064 - std::thread::Builder::spawn_unchecked_::{{closure}}::{{closure}}::hbb6d257c550a54bd
[INFO] [stdout]                                at /rustc/202008a1b8de96d2e5b6bc02d379db03a877d34d/library/std/src/thread/mod.rs:561:17
[INFO] [stdout]   37:     0x63f8ec59f064 - <core::panic::unwind_safe::AssertUnwindSafe<F> as core::ops::function::FnOnce<()>>::call_once::h46696fe4a6832328
[INFO] [stdout]                                at /rustc/202008a1b8de96d2e5b6bc02d379db03a877d34d/library/core/src/panic/unwind_safe.rs:272:9
[INFO] [stdout]   38:     0x63f8ec59f064 - std::panicking::try::do_call::h2625a51b667bfb64
[INFO] [stdout]                                at /rustc/202008a1b8de96d2e5b6bc02d379db03a877d34d/library/std/src/panicking.rs:557:40
[INFO] [stdout]   39:     0x63f8ec59f064 - std::panicking::try::hb956a59a1973aa4c
[INFO] [stdout]                                at /rustc/202008a1b8de96d2e5b6bc02d379db03a877d34d/library/std/src/panicking.rs:520:19
[INFO] [stdout]   40:     0x63f8ec59f064 - std::panic::catch_unwind::h64f3b9d1067ef6a0
[INFO] [stdout]                                at /rustc/202008a1b8de96d2e5b6bc02d379db03a877d34d/library/std/src/panic.rs:358:14
[INFO] [stdout]   41:     0x63f8ec59f064 - std::thread::Builder::spawn_unchecked_::{{closure}}::h42b2841295b6c0b2
[INFO] [stdout]                                at /rustc/202008a1b8de96d2e5b6bc02d379db03a877d34d/library/std/src/thread/mod.rs:559:30
[INFO] [stdout]   42:     0x63f8ec59f064 - core::ops::function::FnOnce::call_once{{vtable.shim}}::h6127de71b8124639
[INFO] [stdout]                                at /rustc/202008a1b8de96d2e5b6bc02d379db03a877d34d/library/core/src/ops/function.rs:250:5
[INFO] [stdout]   43:     0x63f8ec8dcf0b - <alloc::boxed::Box<F,A> as core::ops::function::FnOnce<Args>>::call_once::h42f0ba71002a1b2c
[INFO] [stdout]                                at /rustc/202008a1b8de96d2e5b6bc02d379db03a877d34d/library/alloc/src/boxed.rs:1972:9
[INFO] [stdout]   44:     0x63f8ec8dcf0b - <alloc::boxed::Box<F,A> as core::ops::function::FnOnce<Args>>::call_once::had9e47d7a3dcecb8
[INFO] [stdout]                                at /rustc/202008a1b8de96d2e5b6bc02d379db03a877d34d/library/alloc/src/boxed.rs:1972:9
[INFO] [stdout]   45:     0x63f8ec8dcf0b - std::sys::pal::unix::thread::Thread::new::thread_start::h48cf765408f6f5f2
[INFO] [stdout]                                at /rustc/202008a1b8de96d2e5b6bc02d379db03a877d34d/library/std/src/sys/pal/unix/thread.rs:105:17
[INFO] [stdout]   46:     0x73e7bf046ac3 - <unknown>
[INFO] [stdout]   47:     0x73e7bf0d7a04 - clone
[INFO] [stdout]   48:                0x0 - <unknown>
[INFO] [stdout] 
[INFO] [stdout] 
[INFO] [stdout] failures:
[INFO] [stdout]     raytracer::tests::test_trace_ray
[INFO] [stdout] 
[INFO] [stdout] test result: FAILED. 4 passed; 1 failed; 0 ignored; 0 measured; 0 filtered out; finished in 0.07s
[INFO] [stdout] 
[INFO] [stderr] error: test failed, to rerun pass `--bin voxel_carving`
[INFO] running `Command { std: "docker" "inspect" "9b589fa66f1759959ceceea74be00897f3aed94e3b57b27b72881f4dacfb0e1a", kill_on_drop: false }`
[INFO] running `Command { std: "docker" "rm" "-f" "9b589fa66f1759959ceceea74be00897f3aed94e3b57b27b72881f4dacfb0e1a", kill_on_drop: false }`
[INFO] [stdout] 9b589fa66f1759959ceceea74be00897f3aed94e3b57b27b72881f4dacfb0e1a
