[INFO] cloning repository https://github.com/dogabudak/btcturk_websockets
[INFO] running `Command { std: "git" "-c" "credential.helper=" "-c" "credential.helper=/workspace/cargo-home/bin/git-credential-null" "clone" "--bare" "https://github.com/dogabudak/btcturk_websockets" "/workspace/cache/git-repos/https%3A%2F%2Fgithub.com%2Fdogabudak%2Fbtcturk_websockets", kill_on_drop: false }`
[INFO] [stderr] Cloning into bare repository '/workspace/cache/git-repos/https%3A%2F%2Fgithub.com%2Fdogabudak%2Fbtcturk_websockets'...
[INFO] running `Command { std: "git" "rev-parse" "HEAD", kill_on_drop: false }`
[INFO] [stdout] b35293bb8ec4e203bd8ee936c669d13602c89164
[INFO] testing dogabudak/btcturk_websockets against beta-2024-12-08 for beta-1.84.0-4-retry
[INFO] running `Command { std: "git" "clone" "/workspace/cache/git-repos/https%3A%2F%2Fgithub.com%2Fdogabudak%2Fbtcturk_websockets" "/workspace/builds/worker-2-tc2/source", kill_on_drop: false }`
[INFO] [stderr] Cloning into '/workspace/builds/worker-2-tc2/source'...
[INFO] [stderr] done.
[INFO] validating manifest of git repo https://github.com/dogabudak/btcturk_websockets on toolchain beta-2024-12-08
[INFO] running `Command { std: CARGO_HOME="/workspace/cargo-home" RUSTUP_HOME="/workspace/rustup-home" "/workspace/cargo-home/bin/cargo" "+beta-2024-12-08" "metadata" "--manifest-path" "Cargo.toml" "--no-deps", kill_on_drop: false }`
[INFO] started tweaking git repo https://github.com/dogabudak/btcturk_websockets
[INFO] finished tweaking git repo https://github.com/dogabudak/btcturk_websockets
[INFO] tweaked toml for git repo https://github.com/dogabudak/btcturk_websockets written to /workspace/builds/worker-2-tc2/source/Cargo.toml
[INFO] crate git repo https://github.com/dogabudak/btcturk_websockets already has a lockfile, it will not be regenerated
[INFO] running `Command { std: CARGO_HOME="/workspace/cargo-home" RUSTUP_HOME="/workspace/rustup-home" "/workspace/cargo-home/bin/cargo" "+beta-2024-12-08" "fetch" "--manifest-path" "Cargo.toml", kill_on_drop: false }`
[INFO] running `Command { std: "docker" "create" "-v" "/var/lib/crater-agent-workspace/builds/worker-2-tc2/target:/opt/rustwide/target:rw,Z" "-v" "/var/lib/crater-agent-workspace/builds/worker-2-tc2/source:/opt/rustwide/workdir:ro,Z" "-v" "/var/lib/crater-agent-workspace/cargo-home:/opt/rustwide/cargo-home:ro,Z" "-v" "/var/lib/crater-agent-workspace/rustup-home:/opt/rustwide/rustup-home:ro,Z" "-e" "SOURCE_DIR=/opt/rustwide/workdir" "-e" "CARGO_TARGET_DIR=/opt/rustwide/target" "-e" "CARGO_HOME=/opt/rustwide/cargo-home" "-e" "RUSTUP_HOME=/opt/rustwide/rustup-home" "-w" "/opt/rustwide/workdir" "-m" "1610612736" "--user" "0:0" "--network" "none" "ghcr.io/rust-lang/crates-build-env/linux@sha256:f3a9d4ad9d972b27faf3965f35b62e55ba32bbce8f20bc8fe909558a86702fde" "/opt/rustwide/cargo-home/bin/cargo" "+beta-2024-12-08" "metadata" "--no-deps" "--format-version=1", kill_on_drop: false }`
[INFO] [stdout] 58333f3966b669f6141058b95617e33c3895204ce4475f8fc3dfb7d8487bbb6c
[INFO] running `Command { std: "docker" "start" "-a" "58333f3966b669f6141058b95617e33c3895204ce4475f8fc3dfb7d8487bbb6c", kill_on_drop: false }`
[INFO] running `Command { std: "docker" "inspect" "58333f3966b669f6141058b95617e33c3895204ce4475f8fc3dfb7d8487bbb6c", kill_on_drop: false }`
[INFO] running `Command { std: "docker" "rm" "-f" "58333f3966b669f6141058b95617e33c3895204ce4475f8fc3dfb7d8487bbb6c", kill_on_drop: false }`
[INFO] [stdout] 58333f3966b669f6141058b95617e33c3895204ce4475f8fc3dfb7d8487bbb6c
[INFO] running `Command { std: "docker" "create" "-v" "/var/lib/crater-agent-workspace/builds/worker-2-tc2/target:/opt/rustwide/target:rw,Z" "-v" "/var/lib/crater-agent-workspace/builds/worker-2-tc2/source:/opt/rustwide/workdir:ro,Z" "-v" "/var/lib/crater-agent-workspace/cargo-home:/opt/rustwide/cargo-home:ro,Z" "-v" "/var/lib/crater-agent-workspace/rustup-home:/opt/rustwide/rustup-home:ro,Z" "-e" "SOURCE_DIR=/opt/rustwide/workdir" "-e" "CARGO_TARGET_DIR=/opt/rustwide/target" "-e" "CARGO_INCREMENTAL=0" "-e" "RUST_BACKTRACE=full" "-e" "RUSTFLAGS=--cap-lints=warn" "-e" "RUSTDOCFLAGS=--cap-lints=warn" "-e" "CARGO_HOME=/opt/rustwide/cargo-home" "-e" "RUSTUP_HOME=/opt/rustwide/rustup-home" "-w" "/opt/rustwide/workdir" "-m" "1610612736" "--user" "0:0" "--network" "none" "ghcr.io/rust-lang/crates-build-env/linux@sha256:f3a9d4ad9d972b27faf3965f35b62e55ba32bbce8f20bc8fe909558a86702fde" "/opt/rustwide/cargo-home/bin/cargo" "+beta-2024-12-08" "build" "--frozen" "--message-format=json", kill_on_drop: false }`
[INFO] [stdout] bae8f055ab0fe648ca98e90043abfbc765ca3f465359325ae32c26b8ac083ad9
[INFO] running `Command { std: "docker" "start" "-a" "bae8f055ab0fe648ca98e90043abfbc765ca3f465359325ae32c26b8ac083ad9", kill_on_drop: false }`
[INFO] [stderr]    Compiling libc v0.2.147
[INFO] [stderr]    Compiling proc-macro2 v1.0.66
[INFO] [stderr]    Compiling unicode-ident v1.0.11
[INFO] [stderr]    Compiling typenum v1.16.0
[INFO] [stderr]    Compiling pkg-config v0.3.27
[INFO] [stderr]    Compiling generic-array v0.14.7
[INFO] [stderr]    Compiling futures-core v0.3.28
[INFO] [stderr]    Compiling slab v0.4.8
[INFO] [stderr]    Compiling lock_api v0.4.10
[INFO] [stderr]    Compiling tinyvec_macros v0.1.1
[INFO] [stderr]    Compiling subtle v2.5.0
[INFO] [stderr]    Compiling pin-project-lite v0.2.10
[INFO] [stderr]    Compiling foreign-types-shared v0.1.1
[INFO] [stderr]    Compiling openssl v0.10.55
[INFO] [stderr]    Compiling parking_lot_core v0.9.8
[INFO] [stderr]    Compiling futures-channel v0.3.28
[INFO] [stderr]    Compiling futures-task v0.3.28
[INFO] [stderr]    Compiling foreign-types v0.3.2
[INFO] [stderr]    Compiling tinyvec v1.6.0
[INFO] [stderr]    Compiling scopeguard v1.2.0
[INFO] [stderr]    Compiling futures-util v0.3.28
[INFO] [stderr]    Compiling futures-sink v0.3.28
[INFO] [stderr]    Compiling once_cell v1.18.0
[INFO] [stderr]    Compiling smallvec v1.11.0
[INFO] [stderr]    Compiling native-tls v0.2.11
[INFO] [stderr]    Compiling bytes v1.4.0
[INFO] [stderr]    Compiling bitflags v1.3.2
[INFO] [stderr]    Compiling quote v1.0.32
[INFO] [stderr]    Compiling syn v2.0.28
[INFO] [stderr]    Compiling cc v1.0.80
[INFO] [stderr]    Compiling getrandom v0.2.10
[INFO] [stderr]    Compiling tokio v1.29.1
[INFO] [stderr]    Compiling unicode-normalization v0.1.22
[INFO] [stderr]    Compiling rand_core v0.6.4
[INFO] [stderr]    Compiling thiserror v1.0.44
[INFO] [stderr]    Compiling futures-io v0.3.28
[INFO] [stderr]    Compiling percent-encoding v2.3.0
[INFO] [stderr]    Compiling unicode-bidi v0.3.13
[INFO] [stderr]    Compiling httparse v1.8.0
[INFO] [stderr]    Compiling openssl-probe v0.1.5
[INFO] [stderr]    Compiling cpufeatures v0.2.9
[INFO] [stderr]    Compiling log v0.4.19
[INFO] [stderr]    Compiling ppv-lite86 v0.2.17
[INFO] [stderr]    Compiling idna v0.4.0
[INFO] [stderr]    Compiling form_urlencoded v1.2.0
[INFO] [stderr]    Compiling parking_lot v0.12.1
[INFO] [stderr]    Compiling block-buffer v0.10.4
[INFO] [stderr]    Compiling crypto-common v0.1.6
[INFO] [stderr]    Compiling rand_chacha v0.3.1
[INFO] [stderr]    Compiling digest v0.10.7
[INFO] [stderr]    Compiling num_cpus v1.16.0
[INFO] [stderr]    Compiling socket2 v0.4.9
[INFO] [stderr]    Compiling mio v0.8.8
[INFO] [stderr]    Compiling signal-hook-registry v1.4.1
[INFO] [stderr]    Compiling openssl-sys v0.9.90
[INFO] [stderr]    Compiling num-traits v0.2.16
[INFO] [stderr]    Compiling fnv v1.0.7
[INFO] [stderr]    Compiling itoa v1.0.9
[INFO] [stderr]    Compiling url v2.4.0
[INFO] [stderr]    Compiling rand v0.8.5
[INFO] [stderr]    Compiling http v0.2.9
[INFO] [stderr]    Compiling sha-1 v0.10.1
[INFO] [stderr]    Compiling base64 v0.13.1
[INFO] [stderr]    Compiling utf-8 v0.7.6
[INFO] [stderr]    Compiling byteorder v1.4.3
[INFO] [stderr]    Compiling time v0.1.45
[INFO] [stderr]    Compiling iana-time-zone v0.1.57
[INFO] [stderr]    Compiling sha2 v0.10.7
[INFO] [stderr]    Compiling hmac v0.12.1
[INFO] [stderr]    Compiling hex-literal v0.4.1
[INFO] [stderr]    Compiling base64 v0.21.2
[INFO] [stderr]    Compiling dotenv v0.15.0
[INFO] [stderr]    Compiling chrono v0.4.26
[INFO] [stderr]    Compiling openssl-macros v0.1.1
[INFO] [stderr]    Compiling futures-macro v0.3.28
[INFO] [stderr]    Compiling tokio-macros v2.1.0
[INFO] [stderr]    Compiling thiserror-impl v1.0.44
[INFO] [stderr]    Compiling tungstenite v0.17.3
[INFO] [stderr]    Compiling futures-executor v0.3.28
[INFO] [stderr]    Compiling futures v0.3.28
[INFO] [stderr]    Compiling tokio-native-tls v0.3.1
[INFO] [stderr]    Compiling tokio-tungstenite v0.17.2
[INFO] [stderr]    Compiling btcturk_websockets v0.1.0 (/opt/rustwide/workdir)
[INFO] [stdout] warning: use of deprecated function `base64::decode`: Use Engine::decode
[INFO] [stdout]   --> src/lib.rs:54:63
[INFO] [stdout]    |
[INFO] [stdout] 54 |         let mut mac = Hmac::<Sha256>::new_from_slice(&base64::decode(self.keys.private_key.clone()).unwrap()).unwrap();
[INFO] [stdout]    |                                                               ^^^^^^
[INFO] [stdout]    |
[INFO] [stdout]    = note: `#[warn(deprecated)]` on by default
[INFO] [stdout] 
[INFO] [stdout] 
[INFO] [stdout] warning: use of deprecated function `base64::encode`: Use Engine::encode
[INFO] [stdout]   --> src/lib.rs:56:41
[INFO] [stdout]    |
[INFO] [stdout] 56 |         let signature: String = base64::encode(mac.finalize().into_bytes());
[INFO] [stdout]    |                                         ^^^^^^
[INFO] [stdout] 
[INFO] [stdout] 
[INFO] [stderr]     Finished `dev` profile [unoptimized + debuginfo] target(s) in 49.96s
[INFO] running `Command { std: "docker" "inspect" "bae8f055ab0fe648ca98e90043abfbc765ca3f465359325ae32c26b8ac083ad9", kill_on_drop: false }`
[INFO] running `Command { std: "docker" "rm" "-f" "bae8f055ab0fe648ca98e90043abfbc765ca3f465359325ae32c26b8ac083ad9", kill_on_drop: false }`
[INFO] [stdout] bae8f055ab0fe648ca98e90043abfbc765ca3f465359325ae32c26b8ac083ad9
[INFO] running `Command { std: "docker" "create" "-v" "/var/lib/crater-agent-workspace/builds/worker-2-tc2/target:/opt/rustwide/target:rw,Z" "-v" "/var/lib/crater-agent-workspace/builds/worker-2-tc2/source:/opt/rustwide/workdir:ro,Z" "-v" "/var/lib/crater-agent-workspace/cargo-home:/opt/rustwide/cargo-home:ro,Z" "-v" "/var/lib/crater-agent-workspace/rustup-home:/opt/rustwide/rustup-home:ro,Z" "-e" "SOURCE_DIR=/opt/rustwide/workdir" "-e" "CARGO_TARGET_DIR=/opt/rustwide/target" "-e" "CARGO_INCREMENTAL=0" "-e" "RUST_BACKTRACE=full" "-e" "RUSTFLAGS=--cap-lints=warn" "-e" "RUSTDOCFLAGS=--cap-lints=warn" "-e" "CARGO_HOME=/opt/rustwide/cargo-home" "-e" "RUSTUP_HOME=/opt/rustwide/rustup-home" "-w" "/opt/rustwide/workdir" "-m" "1610612736" "--user" "0:0" "--network" "none" "ghcr.io/rust-lang/crates-build-env/linux@sha256:f3a9d4ad9d972b27faf3965f35b62e55ba32bbce8f20bc8fe909558a86702fde" "/opt/rustwide/cargo-home/bin/cargo" "+beta-2024-12-08" "test" "--frozen" "--no-run" "--message-format=json", kill_on_drop: false }`
[INFO] [stdout] d206e67ab3755f4c6c515252aebfcbec47ec3d1a8545243f4703a35a737e9683
[INFO] running `Command { std: "docker" "start" "-a" "d206e67ab3755f4c6c515252aebfcbec47ec3d1a8545243f4703a35a737e9683", kill_on_drop: false }`
[INFO] [stderr]    Compiling syn v2.0.28
[INFO] [stderr]    Compiling predicates-core v1.0.6
[INFO] [stderr]    Compiling either v1.9.0
[INFO] [stderr]    Compiling anstyle v1.0.4
[INFO] [stderr]    Compiling termtree v0.4.1
[INFO] [stderr]    Compiling downcast v0.11.0
[INFO] [stderr]    Compiling fragile v2.0.0
[INFO] [stderr]    Compiling lazy_static v1.4.0
[INFO] [stderr]    Compiling predicates-tree v1.0.9
[INFO] [stderr]    Compiling itertools v0.11.0
[INFO] [stderr]    Compiling predicates v3.0.4
[INFO] [stderr]    Compiling openssl-macros v0.1.1
[INFO] [stderr]    Compiling futures-macro v0.3.28
[INFO] [stderr]    Compiling thiserror-impl v1.0.44
[INFO] [stderr]    Compiling tokio-macros v2.1.0
[INFO] [stderr]    Compiling mockall_derive v0.12.1
[INFO] [stderr]    Compiling openssl v0.10.55
[INFO] [stderr]    Compiling tokio v1.29.1
[INFO] [stderr]    Compiling futures-util v0.3.28
[INFO] [stderr]    Compiling thiserror v1.0.44
[INFO] [stderr]    Compiling mockall v0.12.1
[INFO] [stderr]    Compiling native-tls v0.2.11
[INFO] [stderr]    Compiling tungstenite v0.17.3
[INFO] [stderr]    Compiling futures-executor v0.3.28
[INFO] [stderr]    Compiling futures v0.3.28
[INFO] [stderr]    Compiling tokio-native-tls v0.3.1
[INFO] [stderr]    Compiling tokio-tungstenite v0.17.2
[INFO] [stderr]    Compiling btcturk_websockets v0.1.0 (/opt/rustwide/workdir)
[INFO] [stdout] warning: use of deprecated function `base64::decode`: Use Engine::decode
[INFO] [stdout]   --> src/lib.rs:54:63
[INFO] [stdout]    |
[INFO] [stdout] 54 |         let mut mac = Hmac::<Sha256>::new_from_slice(&base64::decode(self.keys.private_key.clone()).unwrap()).unwrap();
[INFO] [stdout]    |                                                               ^^^^^^
[INFO] [stdout]    |
[INFO] [stdout]    = note: `#[warn(deprecated)]` on by default
[INFO] [stdout] 
[INFO] [stdout] 
[INFO] [stdout] warning: use of deprecated function `base64::encode`: Use Engine::encode
[INFO] [stdout]   --> src/lib.rs:56:41
[INFO] [stdout]    |
[INFO] [stdout] 56 |         let signature: String = base64::encode(mac.finalize().into_bytes());
[INFO] [stdout]    |                                         ^^^^^^
[INFO] [stdout] 
[INFO] [stdout] 
[INFO] [stdout] warning: unused import: `std::borrow::Borrow`
[INFO] [stdout]  --> tests/example.rs:8:5
[INFO] [stdout]   |
[INFO] [stdout] 8 | use std::borrow::Borrow;
[INFO] [stdout]   |     ^^^^^^^^^^^^^^^^^^^
[INFO] [stdout]   |
[INFO] [stdout]   = note: `#[warn(unused_imports)]` on by default
[INFO] [stdout] 
[INFO] [stdout] 
[INFO] [stdout] warning: use of deprecated function `base64::decode`: Use Engine::decode
[INFO] [stdout]   --> tests/example.rs:24:59
[INFO] [stdout]    |
[INFO] [stdout] 24 |     let mut mac = Hmac::<Sha256>::new_from_slice(&base64::decode(btc_private_key).unwrap()).unwrap();
[INFO] [stdout]    |                                                           ^^^^^^
[INFO] [stdout]    |
[INFO] [stdout]    = note: `#[warn(deprecated)]` on by default
[INFO] [stdout] 
[INFO] [stdout] 
[INFO] [stdout] warning: use of deprecated function `base64::encode`: Use Engine::encode
[INFO] [stdout]   --> tests/example.rs:26:37
[INFO] [stdout]    |
[INFO] [stdout] 26 |     let signature: String = base64::encode(mac.finalize().into_bytes());
[INFO] [stdout]    |                                     ^^^^^^
[INFO] [stdout] 
[INFO] [stdout] 
[INFO] [stdout] warning: use of deprecated function `base64::decode`: Use Engine::decode
[INFO] [stdout]   --> src/lib.rs:54:63
[INFO] [stdout]    |
[INFO] [stdout] 54 |         let mut mac = Hmac::<Sha256>::new_from_slice(&base64::decode(self.keys.private_key.clone()).unwrap()).unwrap();
[INFO] [stdout]    |                                                               ^^^^^^
[INFO] [stdout]    |
[INFO] [stdout]    = note: `#[warn(deprecated)]` on by default
[INFO] [stdout] 
[INFO] [stdout] 
[INFO] [stdout] warning: use of deprecated function `base64::encode`: Use Engine::encode
[INFO] [stdout]   --> src/lib.rs:56:41
[INFO] [stdout]    |
[INFO] [stdout] 56 |         let signature: String = base64::encode(mac.finalize().into_bytes());
[INFO] [stdout]    |                                         ^^^^^^
[INFO] [stdout] 
[INFO] [stdout] 
[INFO] [stdout] warning: use of deprecated function `base64::decode`: Use Engine::decode
[INFO] [stdout]    --> src/lib.rs:101:67
[INFO] [stdout]     |
[INFO] [stdout] 101 |             let mut mac = Hmac::<Sha256>::new_from_slice(&base64::decode(client.keys.private_key.clone()).unwrap()).unwrap();
[INFO] [stdout]     |                                                                   ^^^^^^
[INFO] [stdout] 
[INFO] [stdout] 
[INFO] [stdout] warning: use of deprecated function `base64::encode`: Use Engine::encode
[INFO] [stdout]    --> src/lib.rs:103:54
[INFO] [stdout]     |
[INFO] [stdout] 103 |             let expected_signature: String = base64::encode(mac.finalize().into_bytes());
[INFO] [stdout]     |                                                      ^^^^^^
[INFO] [stdout] 
[INFO] [stdout] 
[INFO] [stdout] warning: unused variable: `token`
[INFO] [stdout]   --> tests/main.rs:10:9
[INFO] [stdout]    |
[INFO] [stdout] 10 |     let token = client.clone().generate_token_message();
[INFO] [stdout]    |         ^^^^^ help: if this is intentional, prefix it with an underscore: `_token`
[INFO] [stdout]    |
[INFO] [stdout]    = note: `#[warn(unused_variables)]` on by default
[INFO] [stdout] 
[INFO] [stdout] 
[INFO] [stdout] warning: unused variable: `connection`
[INFO] [stdout]   --> tests/main.rs:11:9
[INFO] [stdout]    |
[INFO] [stdout] 11 |     let connection = client.clone().create_connection().await;
[INFO] [stdout]    |         ^^^^^^^^^^ help: if this is intentional, prefix it with an underscore: `_connection`
[INFO] [stdout] 
[INFO] [stdout] 
[INFO] [stdout] warning: unused variable: `ticker`
[INFO] [stdout]   --> tests/main.rs:12:9
[INFO] [stdout]    |
[INFO] [stdout] 12 |     let ticker = client.clone().get_ticker().await;
[INFO] [stdout]    |         ^^^^^^ help: if this is intentional, prefix it with an underscore: `_ticker`
[INFO] [stdout] 
[INFO] [stdout] 
[INFO] [stdout] warning: unused `Result` that must be used
[INFO] [stdout]   --> tests/example.rs:43:5
[INFO] [stdout]    |
[INFO] [stdout] 43 |     tokio::spawn(read_from_socket).await;
[INFO] [stdout]    |     ^^^^^^^^^^^^^^^^^^^^^^^^^^^^^^^^^^^^
[INFO] [stdout]    |
[INFO] [stdout]    = note: this `Result` may be an `Err` variant, which should be handled
[INFO] [stdout]    = note: `#[warn(unused_must_use)]` on by default
[INFO] [stdout] help: use `let _ = ...` to ignore the resulting value
[INFO] [stdout]    |
[INFO] [stdout] 43 |     let _ = tokio::spawn(read_from_socket).await;
[INFO] [stdout]    |     +++++++
[INFO] [stdout] 
[INFO] [stdout] 
[INFO] [stderr]     Finished `test` profile [unoptimized + debuginfo] target(s) in 39.20s
[INFO] running `Command { std: "docker" "inspect" "d206e67ab3755f4c6c515252aebfcbec47ec3d1a8545243f4703a35a737e9683", kill_on_drop: false }`
[INFO] running `Command { std: "docker" "rm" "-f" "d206e67ab3755f4c6c515252aebfcbec47ec3d1a8545243f4703a35a737e9683", kill_on_drop: false }`
[INFO] [stdout] d206e67ab3755f4c6c515252aebfcbec47ec3d1a8545243f4703a35a737e9683
[INFO] running `Command { std: "docker" "create" "-v" "/var/lib/crater-agent-workspace/builds/worker-2-tc2/target:/opt/rustwide/target:rw,Z" "-v" "/var/lib/crater-agent-workspace/builds/worker-2-tc2/source:/opt/rustwide/workdir:ro,Z" "-v" "/var/lib/crater-agent-workspace/cargo-home:/opt/rustwide/cargo-home:ro,Z" "-v" "/var/lib/crater-agent-workspace/rustup-home:/opt/rustwide/rustup-home:ro,Z" "-e" "SOURCE_DIR=/opt/rustwide/workdir" "-e" "CARGO_TARGET_DIR=/opt/rustwide/target" "-e" "CARGO_INCREMENTAL=0" "-e" "RUST_BACKTRACE=full" "-e" "RUSTFLAGS=--cap-lints=warn" "-e" "RUSTDOCFLAGS=--cap-lints=warn" "-e" "CARGO_HOME=/opt/rustwide/cargo-home" "-e" "RUSTUP_HOME=/opt/rustwide/rustup-home" "-w" "/opt/rustwide/workdir" "-m" "1610612736" "--user" "0:0" "--network" "none" "ghcr.io/rust-lang/crates-build-env/linux@sha256:f3a9d4ad9d972b27faf3965f35b62e55ba32bbce8f20bc8fe909558a86702fde" "/opt/rustwide/cargo-home/bin/cargo" "+beta-2024-12-08" "test" "--frozen", kill_on_drop: false }`
[INFO] [stdout] 82c08b8b94584030c363a0b87975293774a584692782109a89bc85632b9fedc5
[INFO] running `Command { std: "docker" "start" "-a" "82c08b8b94584030c363a0b87975293774a584692782109a89bc85632b9fedc5", kill_on_drop: false }`
[INFO] [stderr] warning: use of deprecated function `base64::decode`: Use Engine::decode
[INFO] [stderr]   --> src/lib.rs:54:63
[INFO] [stderr]    |
[INFO] [stderr] 54 |         let mut mac = Hmac::<Sha256>::new_from_slice(&base64::decode(self.keys.private_key.clone()).unwrap()).unwrap();
[INFO] [stderr]    |                                                               ^^^^^^
[INFO] [stderr]    |
[INFO] [stderr]    = note: `#[warn(deprecated)]` on by default
[INFO] [stderr] 
[INFO] [stderr] warning: use of deprecated function `base64::encode`: Use Engine::encode
[INFO] [stderr]   --> src/lib.rs:56:41
[INFO] [stderr]    |
[INFO] [stderr] 56 |         let signature: String = base64::encode(mac.finalize().into_bytes());
[INFO] [stderr]    |                                         ^^^^^^
[INFO] [stderr] 
[INFO] [stderr] warning: `btcturk_websockets` (lib) generated 2 warnings
[INFO] [stderr] warning: unused import: `std::borrow::Borrow`
[INFO] [stderr]  --> tests/example.rs:8:5
[INFO] [stderr]   |
[INFO] [stderr] 8 | use std::borrow::Borrow;
[INFO] [stderr]   |     ^^^^^^^^^^^^^^^^^^^
[INFO] [stderr]   |
[INFO] [stderr]   = note: `#[warn(unused_imports)]` on by default
[INFO] [stderr] 
[INFO] [stderr] warning: use of deprecated function `base64::decode`: Use Engine::decode
[INFO] [stderr]   --> tests/example.rs:24:59
[INFO] [stderr]    |
[INFO] [stderr] 24 |     let mut mac = Hmac::<Sha256>::new_from_slice(&base64::decode(btc_private_key).unwrap()).unwrap();
[INFO] [stderr]    |                                                           ^^^^^^
[INFO] [stderr]    |
[INFO] [stderr]    = note: `#[warn(deprecated)]` on by default
[INFO] [stderr] 
[INFO] [stderr] warning: use of deprecated function `base64::encode`: Use Engine::encode
[INFO] [stderr]   --> tests/example.rs:26:37
[INFO] [stderr]    |
[INFO] [stderr] 26 |     let signature: String = base64::encode(mac.finalize().into_bytes());
[INFO] [stderr]    |                                     ^^^^^^
[INFO] [stderr] 
[INFO] [stderr] warning: unused `Result` that must be used
[INFO] [stderr]   --> tests/example.rs:43:5
[INFO] [stderr]    |
[INFO] [stderr] 43 |     tokio::spawn(read_from_socket).await;
[INFO] [stderr]    |     ^^^^^^^^^^^^^^^^^^^^^^^^^^^^^^^^^^^^
[INFO] [stderr]    |
[INFO] [stderr]    = note: this `Result` may be an `Err` variant, which should be handled
[INFO] [stderr]    = note: `#[warn(unused_must_use)]` on by default
[INFO] [stderr] help: use `let _ = ...` to ignore the resulting value
[INFO] [stderr]    |
[INFO] [stderr] 43 |     let _ = tokio::spawn(read_from_socket).await;
[INFO] [stderr]    |     +++++++
[INFO] [stderr] 
[INFO] [stderr] warning: use of deprecated function `base64::decode`: Use Engine::decode
[INFO] [stderr]    --> src/lib.rs:101:67
[INFO] [stderr]     |
[INFO] [stderr] 101 |             let mut mac = Hmac::<Sha256>::new_from_slice(&base64::decode(client.keys.private_key.clone()).unwrap()).unwrap();
[INFO] [stderr]     |                                                                   ^^^^^^
[INFO] [stderr] 
[INFO] [stderr] warning: use of deprecated function `base64::encode`: Use Engine::encode
[INFO] [stderr]    --> src/lib.rs:103:54
[INFO] [stderr]     |
[INFO] [stderr] 103 |             let expected_signature: String = base64::encode(mac.finalize().into_bytes());
[INFO] [stderr]     |                                                      ^^^^^^
[INFO] [stderr] 
[INFO] [stderr] warning: unused variable: `token`
[INFO] [stderr]   --> tests/main.rs:10:9
[INFO] [stderr]    |
[INFO] [stderr] 10 |     let token = client.clone().generate_token_message();
[INFO] [stderr]    |         ^^^^^ help: if this is intentional, prefix it with an underscore: `_token`
[INFO] [stderr]    |
[INFO] [stderr]    = note: `#[warn(unused_variables)]` on by default
[INFO] [stderr] 
[INFO] [stderr] warning: unused variable: `connection`
[INFO] [stderr]   --> tests/main.rs:11:9
[INFO] [stderr]    |
[INFO] [stderr] 11 |     let connection = client.clone().create_connection().await;
[INFO] [stderr]    |         ^^^^^^^^^^ help: if this is intentional, prefix it with an underscore: `_connection`
[INFO] [stderr] 
[INFO] [stderr] warning: unused variable: `ticker`
[INFO] [stderr]   --> tests/main.rs:12:9
[INFO] [stderr]    |
[INFO] [stderr] 12 |     let ticker = client.clone().get_ticker().await;
[INFO] [stderr]    |         ^^^^^^ help: if this is intentional, prefix it with an underscore: `_ticker`
[INFO] [stderr] 
[INFO] [stderr] warning: `btcturk_websockets` (test "example") generated 4 warnings (run `cargo fix --test "example"` to apply 1 suggestion)
[INFO] [stderr] warning: `btcturk_websockets` (lib test) generated 4 warnings (2 duplicates)
[INFO] [stderr] warning: `btcturk_websockets` (test "main") generated 3 warnings
[INFO] [stderr]     Finished `test` profile [unoptimized + debuginfo] target(s) in 0.19s
[INFO] [stderr]      Running unittests src/lib.rs (/opt/rustwide/target/debug/deps/btcturk_websockets-1b8dcae25d950e04)
[INFO] [stdout] 
[INFO] [stdout] running 2 tests
[INFO] [stdout] test tests::create_api_keys ... ok
[INFO] [stderr]      Running tests/example.rs (/opt/rustwide/target/debug/deps/example-d4dfb69e73568880)
[INFO] [stdout] test tests::test_generate_token_message ... ok
[INFO] [stdout] 
[INFO] [stdout] test result: ok. 2 passed; 0 failed; 0 ignored; 0 measured; 0 filtered out; finished in 0.00s
[INFO] [stdout] 
[INFO] [stdout] 
[INFO] [stdout] running 0 tests
[INFO] [stdout] 
[INFO] [stdout] test result: ok. 0 passed; 0 failed; 0 ignored; 0 measured; 0 filtered out; finished in 0.00s
[INFO] [stdout] 
[INFO] [stderr]      Running tests/main.rs (/opt/rustwide/target/debug/deps/main-53e6a7f37031a15c)
[INFO] [stdout] 
[INFO] [stdout] running 1 test
[INFO] [stdout] test general_test ... FAILED
[INFO] [stdout] 
[INFO] [stdout] failures:
[INFO] [stdout] 
[INFO] [stdout] ---- general_test stdout ----
[INFO] [stdout] thread 'general_test' panicked at tests/main.rs:5:62:
[INFO] [stdout] BTCTURK_PUBLIC_KEY must be set.: NotPresent
[INFO] [stdout] stack backtrace:
[INFO] [stdout]    0:     0x6350cc45031a - std::backtrace_rs::backtrace::libunwind::trace::h8810477743020387
[INFO] [stdout]                                at /rustc/202008a1b8de96d2e5b6bc02d379db03a877d34d/library/std/src/../../backtrace/src/backtrace/libunwind.rs:116:5
[INFO] [stdout]    1:     0x6350cc45031a - std::backtrace_rs::backtrace::trace_unsynchronized::h3aa55355dd6c54a6
[INFO] [stdout]                                at /rustc/202008a1b8de96d2e5b6bc02d379db03a877d34d/library/std/src/../../backtrace/src/backtrace/mod.rs:66:5
[INFO] [stdout]    2:     0x6350cc45031a - std::sys::backtrace::_print_fmt::h8588b0f62410823f
[INFO] [stdout]                                at /rustc/202008a1b8de96d2e5b6bc02d379db03a877d34d/library/std/src/sys/backtrace.rs:66:9
[INFO] [stdout]    3:     0x6350cc45031a - <std::sys::backtrace::BacktraceLock::print::DisplayBacktrace as core::fmt::Display>::fmt::h98c26ac25ffe89bb
[INFO] [stdout]                                at /rustc/202008a1b8de96d2e5b6bc02d379db03a877d34d/library/std/src/sys/backtrace.rs:39:26
[INFO] [stdout]    4:     0x6350cc477d43 - core::fmt::rt::Argument::fmt::hf95377f4aebd453b
[INFO] [stdout]                                at /rustc/202008a1b8de96d2e5b6bc02d379db03a877d34d/library/core/src/fmt/rt.rs:177:76
[INFO] [stdout]    5:     0x6350cc477d43 - core::fmt::write::h0dd5f6e2238c7982
[INFO] [stdout]                                at /rustc/202008a1b8de96d2e5b6bc02d379db03a877d34d/library/core/src/fmt/mod.rs:1189:21
[INFO] [stdout]    6:     0x6350cc44cc53 - std::io::Write::write_fmt::h03bb0ca26e6faf8c
[INFO] [stdout]                                at /rustc/202008a1b8de96d2e5b6bc02d379db03a877d34d/library/std/src/io/mod.rs:1884:15
[INFO] [stdout]    7:     0x6350cc450162 - std::sys::backtrace::BacktraceLock::print::h5c19c1c038ee186d
[INFO] [stdout]                                at /rustc/202008a1b8de96d2e5b6bc02d379db03a877d34d/library/std/src/sys/backtrace.rs:42:9
[INFO] [stdout]    8:     0x6350cc45179d - std::panicking::default_hook::{{closure}}::h77172f079a1fcb13
[INFO] [stdout]                                at /rustc/202008a1b8de96d2e5b6bc02d379db03a877d34d/library/std/src/panicking.rs:268:22
[INFO] [stdout]    9:     0x6350cc4515a7 - std::panicking::default_hook::he5f8e3b203ccddba
[INFO] [stdout]                                at /rustc/202008a1b8de96d2e5b6bc02d379db03a877d34d/library/std/src/panicking.rs:292:9
[INFO] [stdout]   10:     0x6350cc256867 - <alloc::boxed::Box<F,A> as core::ops::function::Fn<Args>>::call::h7a3c7b4a1ae77f2f
[INFO] [stdout]                                at /rustc/202008a1b8de96d2e5b6bc02d379db03a877d34d/library/alloc/src/boxed.rs:1986:9
[INFO] [stdout]   11:     0x6350cc256867 - test::test_main::{{closure}}::hf0d3b69ae9b353d1
[INFO] [stdout]                                at /rustc/202008a1b8de96d2e5b6bc02d379db03a877d34d/library/test/src/lib.rs:134:21
[INFO] [stdout]   12:     0x6350cc451e48 - <alloc::boxed::Box<F,A> as core::ops::function::Fn<Args>>::call::h6332e82e7b189abd
[INFO] [stdout]                                at /rustc/202008a1b8de96d2e5b6bc02d379db03a877d34d/library/alloc/src/boxed.rs:1986:9
[INFO] [stdout]   13:     0x6350cc451e48 - std::panicking::rust_panic_with_hook::h53863d4e9018df39
[INFO] [stdout]                                at /rustc/202008a1b8de96d2e5b6bc02d379db03a877d34d/library/std/src/panicking.rs:809:13
[INFO] [stdout]   14:     0x6350cc451c0a - std::panicking::begin_panic_handler::{{closure}}::h67280e6fa0757873
[INFO] [stdout]                                at /rustc/202008a1b8de96d2e5b6bc02d379db03a877d34d/library/std/src/panicking.rs:674:13
[INFO] [stdout]   15:     0x6350cc4507f9 - std::sys::backtrace::__rust_end_short_backtrace::h1dac3f54d6fbbeb2
[INFO] [stdout]                                at /rustc/202008a1b8de96d2e5b6bc02d379db03a877d34d/library/std/src/sys/backtrace.rs:170:18
[INFO] [stdout]   16:     0x6350cc45189c - rust_begin_unwind
[INFO] [stdout]                                at /rustc/202008a1b8de96d2e5b6bc02d379db03a877d34d/library/std/src/panicking.rs:665:5
[INFO] [stdout]   17:     0x6350cc1e0300 - core::panicking::panic_fmt::h6792bd1b2bf01041
[INFO] [stdout]                                at /rustc/202008a1b8de96d2e5b6bc02d379db03a877d34d/library/core/src/panicking.rs:76:14
[INFO] [stdout]   18:     0x6350cc1e07e6 - core::result::unwrap_failed::h05e0602ed34287c5
[INFO] [stdout]                                at /rustc/202008a1b8de96d2e5b6bc02d379db03a877d34d/library/core/src/result.rs:1699:5
[INFO] [stdout]   19:     0x6350cc1f5836 - core::result::Result<T,E>::expect::h366e1485b663662d
[INFO] [stdout]                                at /rustc/202008a1b8de96d2e5b6bc02d379db03a877d34d/library/core/src/result.rs:1061:23
[INFO] [stdout]   20:     0x6350cc21c8d2 - main::general_test::{{closure}}::h3e7b469c43d26060
[INFO] [stdout]                                at /opt/rustwide/workdir/tests/main.rs:5:26
[INFO] [stdout]   21:     0x6350cc20fdc2 - <core::pin::Pin<P> as core::future::future::Future>::poll::h9d635642b58484cf
[INFO] [stdout]                                at /rustc/202008a1b8de96d2e5b6bc02d379db03a877d34d/library/core/src/future/future.rs:124:9
[INFO] [stdout]   22:     0x6350cc20fd3d - <core::pin::Pin<P> as core::future::future::Future>::poll::h76cf1da68162ebf8
[INFO] [stdout]                                at /rustc/202008a1b8de96d2e5b6bc02d379db03a877d34d/library/core/src/future/future.rs:124:9
[INFO] [stdout]   23:     0x6350cc20189f - tokio::runtime::scheduler::current_thread::CoreGuard::block_on::{{closure}}::{{closure}}::{{closure}}::hf43e971c031b36d3
[INFO] [stdout]                                at /opt/rustwide/cargo-home/registry/src/index.crates.io-6f17d22bba15001f/tokio-1.29.1/src/runtime/scheduler/current_thread.rs:651:57
[INFO] [stdout]   24:     0x6350cc2017d5 - tokio::runtime::coop::with_budget::h16f184ad7aa457c2
[INFO] [stdout]                                at /opt/rustwide/cargo-home/registry/src/index.crates.io-6f17d22bba15001f/tokio-1.29.1/src/runtime/coop.rs:107:5
[INFO] [stdout]   25:     0x6350cc2017d5 - tokio::runtime::coop::budget::h2f973c5d01e8f428
[INFO] [stdout]                                at /opt/rustwide/cargo-home/registry/src/index.crates.io-6f17d22bba15001f/tokio-1.29.1/src/runtime/coop.rs:73:5
[INFO] [stdout]   26:     0x6350cc2017d5 - tokio::runtime::scheduler::current_thread::CoreGuard::block_on::{{closure}}::{{closure}}::h1c8ecefad527b9f6
[INFO] [stdout]                                at /opt/rustwide/cargo-home/registry/src/index.crates.io-6f17d22bba15001f/tokio-1.29.1/src/runtime/scheduler/current_thread.rs:651:25
[INFO] [stdout]   27:     0x6350cc200290 - tokio::runtime::scheduler::current_thread::Context::enter::h0c50e30dfcf80d57
[INFO] [stdout]                                at /opt/rustwide/cargo-home/registry/src/index.crates.io-6f17d22bba15001f/tokio-1.29.1/src/runtime/scheduler/current_thread.rs:410:19
[INFO] [stdout]   28:     0x6350cc20103e - tokio::runtime::scheduler::current_thread::CoreGuard::block_on::{{closure}}::h94ac965582999af1
[INFO] [stdout]                                at /opt/rustwide/cargo-home/registry/src/index.crates.io-6f17d22bba15001f/tokio-1.29.1/src/runtime/scheduler/current_thread.rs:650:36
[INFO] [stdout]   29:     0x6350cc200db4 - tokio::runtime::scheduler::current_thread::CoreGuard::enter::{{closure}}::hff6d05eba2d39c52
[INFO] [stdout]                                at /opt/rustwide/cargo-home/registry/src/index.crates.io-6f17d22bba15001f/tokio-1.29.1/src/runtime/scheduler/current_thread.rs:729:68
[INFO] [stdout]   30:     0x6350cc20f7ab - tokio::runtime::context::scoped::Scoped<T>::set::h42d2910954b16047
[INFO] [stdout]                                at /opt/rustwide/cargo-home/registry/src/index.crates.io-6f17d22bba15001f/tokio-1.29.1/src/runtime/context/scoped.rs:40:9
[INFO] [stdout]   31:     0x6350cc214099 - tokio::runtime::context::set_scheduler::{{closure}}::h0be6c50450b600d4
[INFO] [stdout]                                at /opt/rustwide/cargo-home/registry/src/index.crates.io-6f17d22bba15001f/tokio-1.29.1/src/runtime/context.rs:176:26
[INFO] [stdout]   32:     0x6350cc2063cd - std::thread::local::LocalKey<T>::try_with::h0c40bc494aa57584
[INFO] [stdout]                                at /rustc/202008a1b8de96d2e5b6bc02d379db03a877d34d/library/std/src/thread/local.rs:283:12
[INFO] [stdout]   33:     0x6350cc2060ba - std::thread::local::LocalKey<T>::with::h0e31cc16e0f42408
[INFO] [stdout]                                at /rustc/202008a1b8de96d2e5b6bc02d379db03a877d34d/library/std/src/thread/local.rs:260:9
[INFO] [stdout]   34:     0x6350cc21404d - tokio::runtime::context::set_scheduler::h1d88ce6257bca0e6
[INFO] [stdout]                                at /opt/rustwide/cargo-home/registry/src/index.crates.io-6f17d22bba15001f/tokio-1.29.1/src/runtime/context.rs:176:9
[INFO] [stdout]   35:     0x6350cc200b60 - tokio::runtime::scheduler::current_thread::CoreGuard::enter::hc3c4e804973be0a1
[INFO] [stdout]                                at /opt/rustwide/cargo-home/registry/src/index.crates.io-6f17d22bba15001f/tokio-1.29.1/src/runtime/scheduler/current_thread.rs:729:27
[INFO] [stdout]   36:     0x6350cc200dd3 - tokio::runtime::scheduler::current_thread::CoreGuard::block_on::h8de4eed9a84ff9e8
[INFO] [stdout]                                at /opt/rustwide/cargo-home/registry/src/index.crates.io-6f17d22bba15001f/tokio-1.29.1/src/runtime/scheduler/current_thread.rs:638:19
[INFO] [stdout]   37:     0x6350cc1ff8bd - tokio::runtime::scheduler::current_thread::CurrentThread::block_on::{{closure}}::h0f9babb547354e52
[INFO] [stdout]                                at /opt/rustwide/cargo-home/registry/src/index.crates.io-6f17d22bba15001f/tokio-1.29.1/src/runtime/scheduler/current_thread.rs:175:28
[INFO] [stdout]   38:     0x6350cc1f6216 - tokio::runtime::context::runtime::enter_runtime::h1b0507a1dc8769b2
[INFO] [stdout]                                at /opt/rustwide/cargo-home/registry/src/index.crates.io-6f17d22bba15001f/tokio-1.29.1/src/runtime/context/runtime.rs:65:16
[INFO] [stdout]   39:     0x6350cc1ff7d1 - tokio::runtime::scheduler::current_thread::CurrentThread::block_on::h846ca008dff2f88b
[INFO] [stdout]                                at /opt/rustwide/cargo-home/registry/src/index.crates.io-6f17d22bba15001f/tokio-1.29.1/src/runtime/scheduler/current_thread.rs:167:9
[INFO] [stdout]   40:     0x6350cc20f8dd - tokio::runtime::runtime::Runtime::block_on::h588a961525f49881
[INFO] [stdout]                                at /opt/rustwide/cargo-home/registry/src/index.crates.io-6f17d22bba15001f/tokio-1.29.1/src/runtime/runtime.rs:311:47
[INFO] [stdout]   41:     0x6350cc21c6f2 - main::general_test::hdcec6faf0f3d44b9
[INFO] [stdout]                                at /opt/rustwide/workdir/tests/main.rs:12:5
[INFO] [stdout]   42:     0x6350cc21c587 - main::general_test::{{closure}}::h07b88157f6055c01
[INFO] [stdout]                                at /opt/rustwide/workdir/tests/main.rs:4:24
[INFO] [stdout]   43:     0x6350cc1e4966 - core::ops::function::FnOnce::call_once::h3ccf3936fd1492e4
[INFO] [stdout]                                at /rustc/202008a1b8de96d2e5b6bc02d379db03a877d34d/library/core/src/ops/function.rs:250:5
[INFO] [stdout]   44:     0x6350cc25b38b - core::ops::function::FnOnce::call_once::h871bf86719ec9aa4
[INFO] [stdout]                                at /rustc/202008a1b8de96d2e5b6bc02d379db03a877d34d/library/core/src/ops/function.rs:250:5
[INFO] [stdout]   45:     0x6350cc25b38b - test::__rust_begin_short_backtrace::h2167df1e2b7d76fd
[INFO] [stdout]                                at /rustc/202008a1b8de96d2e5b6bc02d379db03a877d34d/library/test/src/lib.rs:632:18
[INFO] [stdout]   46:     0x6350cc25ad78 - test::run_test_in_process::{{closure}}::h15d92f75a3adfb79
[INFO] [stdout]                                at /rustc/202008a1b8de96d2e5b6bc02d379db03a877d34d/library/test/src/lib.rs:655:60
[INFO] [stdout]   47:     0x6350cc25ad78 - <core::panic::unwind_safe::AssertUnwindSafe<F> as core::ops::function::FnOnce<()>>::call_once::hb6c8955835a8dbbb
[INFO] [stdout]                                at /rustc/202008a1b8de96d2e5b6bc02d379db03a877d34d/library/core/src/panic/unwind_safe.rs:272:9
[INFO] [stdout]   48:     0x6350cc25ad78 - std::panicking::try::do_call::hc79d0fc888a0bd30
[INFO] [stdout]                                at /rustc/202008a1b8de96d2e5b6bc02d379db03a877d34d/library/std/src/panicking.rs:557:40
[INFO] [stdout]   49:     0x6350cc25ad78 - std::panicking::try::hb8a7878e3a8589d6
[INFO] [stdout]                                at /rustc/202008a1b8de96d2e5b6bc02d379db03a877d34d/library/std/src/panicking.rs:520:19
[INFO] [stdout]   50:     0x6350cc25ad78 - std::panic::catch_unwind::hb8e4600ff0ff5cfa
[INFO] [stdout]                                at /rustc/202008a1b8de96d2e5b6bc02d379db03a877d34d/library/std/src/panic.rs:358:14
[INFO] [stdout]   51:     0x6350cc25ad78 - test::run_test_in_process::hc2900b0b18688dd6
[INFO] [stdout]                                at /rustc/202008a1b8de96d2e5b6bc02d379db03a877d34d/library/test/src/lib.rs:655:27
[INFO] [stdout]   52:     0x6350cc25ad78 - test::run_test::{{closure}}::hac2a9cb07be3d48d
[INFO] [stdout]                                at /rustc/202008a1b8de96d2e5b6bc02d379db03a877d34d/library/test/src/lib.rs:576:43
[INFO] [stdout]   53:     0x6350cc21e81a - test::run_test::{{closure}}::h4a5b729e66a38cd8
[INFO] [stdout]                                at /rustc/202008a1b8de96d2e5b6bc02d379db03a877d34d/library/test/src/lib.rs:606:41
[INFO] [stdout]   54:     0x6350cc21e81a - std::sys::backtrace::__rust_begin_short_backtrace::h0496fb742492f573
[INFO] [stdout]                                at /rustc/202008a1b8de96d2e5b6bc02d379db03a877d34d/library/std/src/sys/backtrace.rs:154:18
[INFO] [stdout]   55:     0x6350cc222194 - std::thread::Builder::spawn_unchecked_::{{closure}}::{{closure}}::hbb6d257c550a54bd
[INFO] [stdout]                                at /rustc/202008a1b8de96d2e5b6bc02d379db03a877d34d/library/std/src/thread/mod.rs:561:17
[INFO] [stdout]   56:     0x6350cc222194 - <core::panic::unwind_safe::AssertUnwindSafe<F> as core::ops::function::FnOnce<()>>::call_once::h46696fe4a6832328
[INFO] [stdout]                                at /rustc/202008a1b8de96d2e5b6bc02d379db03a877d34d/library/core/src/panic/unwind_safe.rs:272:9
[INFO] [stdout]   57:     0x6350cc222194 - std::panicking::try::do_call::h2625a51b667bfb64
[INFO] [stdout]                                at /rustc/202008a1b8de96d2e5b6bc02d379db03a877d34d/library/std/src/panicking.rs:557:40
[INFO] [stdout]   58:     0x6350cc222194 - std::panicking::try::hb956a59a1973aa4c
[INFO] [stdout]                                at /rustc/202008a1b8de96d2e5b6bc02d379db03a877d34d/library/std/src/panicking.rs:520:19
[INFO] [stdout]   59:     0x6350cc222194 - std::panic::catch_unwind::h64f3b9d1067ef6a0
[INFO] [stdout]                                at /rustc/202008a1b8de96d2e5b6bc02d379db03a877d34d/library/std/src/panic.rs:358:14
[INFO] [stdout]   60:     0x6350cc222194 - std::thread::Builder::spawn_unchecked_::{{closure}}::h42b2841295b6c0b2
[INFO] [stdout]                                at /rustc/202008a1b8de96d2e5b6bc02d379db03a877d34d/library/std/src/thread/mod.rs:559:30
[INFO] [stdout]   61:     0x6350cc222194 - core::ops::function::FnOnce::call_once{{vtable.shim}}::h6127de71b8124639
[INFO] [stdout]                                at /rustc/202008a1b8de96d2e5b6bc02d379db03a877d34d/library/core/src/ops/function.rs:250:5
[INFO] [stdout]   62:     0x6350cc4562fb - <alloc::boxed::Box<F,A> as core::ops::function::FnOnce<Args>>::call_once::h42f0ba71002a1b2c
[INFO] [stdout]                                at /rustc/202008a1b8de96d2e5b6bc02d379db03a877d34d/library/alloc/src/boxed.rs:1972:9
[INFO] [stdout]   63:     0x6350cc4562fb - <alloc::boxed::Box<F,A> as core::ops::function::FnOnce<Args>>::call_once::had9e47d7a3dcecb8
[INFO] [stdout]                                at /rustc/202008a1b8de96d2e5b6bc02d379db03a877d34d/library/alloc/src/boxed.rs:1972:9
[INFO] [stdout]   64:     0x6350cc4562fb - std::sys::pal::unix::thread::Thread::new::thread_start::h48cf765408f6f5f2
[INFO] [stdout]                                at /rustc/202008a1b8de96d2e5b6bc02d379db03a877d34d/library/std/src/sys/pal/unix/thread.rs:105:17
[INFO] [stdout]   65:     0x7f62b9622ac3 - <unknown>
[INFO] [stdout]   66:     0x7f62b96b3a04 - clone
[INFO] [stdout]   67:                0x0 - <unknown>
[INFO] [stdout] 
[INFO] [stdout] 
[INFO] [stdout] failures:
[INFO] [stdout]     general_test
[INFO] [stdout] 
[INFO] [stdout] test result: FAILED. 0 passed; 1 failed; 0 ignored; 0 measured; 0 filtered out; finished in 0.09s
[INFO] [stdout] 
[INFO] [stderr] error: test failed, to rerun pass `--test main`
[INFO] running `Command { std: "docker" "inspect" "82c08b8b94584030c363a0b87975293774a584692782109a89bc85632b9fedc5", kill_on_drop: false }`
[INFO] running `Command { std: "docker" "rm" "-f" "82c08b8b94584030c363a0b87975293774a584692782109a89bc85632b9fedc5", kill_on_drop: false }`
[INFO] [stdout] 82c08b8b94584030c363a0b87975293774a584692782109a89bc85632b9fedc5
