[INFO] cloning repository https://github.com/dodeca1337/ddevmem
[INFO] running `Command { std: "git" "-c" "credential.helper=" "-c" "credential.helper=/workspace/cargo-home/bin/git-credential-null" "clone" "--bare" "https://github.com/dodeca1337/ddevmem" "/workspace/cache/git-repos/https%3A%2F%2Fgithub.com%2Fdodeca1337%2Fddevmem", kill_on_drop: false }`
[INFO] [stderr] Cloning into bare repository '/workspace/cache/git-repos/https%3A%2F%2Fgithub.com%2Fdodeca1337%2Fddevmem'...
[INFO] running `Command { std: "git" "rev-parse" "HEAD", kill_on_drop: false }`
[INFO] [stdout] 57deb46c2ea95b7734e026c4ba6f5be0d3d23139
[INFO] testing dodeca1337/ddevmem against 1.83.0 for beta-1.84.0-4-retry
[INFO] running `Command { std: "git" "clone" "/workspace/cache/git-repos/https%3A%2F%2Fgithub.com%2Fdodeca1337%2Fddevmem" "/workspace/builds/worker-6-tc1/source", kill_on_drop: false }`
[INFO] [stderr] Cloning into '/workspace/builds/worker-6-tc1/source'...
[INFO] [stderr] done.
[INFO] validating manifest of git repo https://github.com/dodeca1337/ddevmem on toolchain 1.83.0
[INFO] running `Command { std: CARGO_HOME="/workspace/cargo-home" RUSTUP_HOME="/workspace/rustup-home" "/workspace/cargo-home/bin/cargo" "+1.83.0" "metadata" "--manifest-path" "Cargo.toml" "--no-deps", kill_on_drop: false }`
[INFO] started tweaking git repo https://github.com/dodeca1337/ddevmem
[INFO] finished tweaking git repo https://github.com/dodeca1337/ddevmem
[INFO] tweaked toml for git repo https://github.com/dodeca1337/ddevmem written to /workspace/builds/worker-6-tc1/source/Cargo.toml
[INFO] running `Command { std: CARGO_HOME="/workspace/cargo-home" RUSTUP_HOME="/workspace/rustup-home" "/workspace/cargo-home/bin/cargo" "+1.83.0" "generate-lockfile" "--manifest-path" "Cargo.toml", kill_on_drop: false }`
[INFO] [stderr]     Updating crates.io index
[INFO] [stderr]      Locking 12 packages to latest compatible versions
[INFO] running `Command { std: CARGO_HOME="/workspace/cargo-home" RUSTUP_HOME="/workspace/rustup-home" "/workspace/cargo-home/bin/cargo" "+1.83.0" "fetch" "--manifest-path" "Cargo.toml", kill_on_drop: false }`
[INFO] running `Command { std: "docker" "create" "-v" "/var/lib/crater-agent-workspace/builds/worker-6-tc1/target:/opt/rustwide/target:rw,Z" "-v" "/var/lib/crater-agent-workspace/builds/worker-6-tc1/source:/opt/rustwide/workdir:ro,Z" "-v" "/var/lib/crater-agent-workspace/cargo-home:/opt/rustwide/cargo-home:ro,Z" "-v" "/var/lib/crater-agent-workspace/rustup-home:/opt/rustwide/rustup-home:ro,Z" "-e" "SOURCE_DIR=/opt/rustwide/workdir" "-e" "CARGO_TARGET_DIR=/opt/rustwide/target" "-e" "CARGO_HOME=/opt/rustwide/cargo-home" "-e" "RUSTUP_HOME=/opt/rustwide/rustup-home" "-w" "/opt/rustwide/workdir" "-m" "1610612736" "--user" "0:0" "--network" "none" "ghcr.io/rust-lang/crates-build-env/linux@sha256:f3a9d4ad9d972b27faf3965f35b62e55ba32bbce8f20bc8fe909558a86702fde" "/opt/rustwide/cargo-home/bin/cargo" "+1.83.0" "metadata" "--no-deps" "--format-version=1", kill_on_drop: false }`
[INFO] [stdout] 431f6e0e550bb8a5723fed706b81a3290aca7c1d4f7376b1720f389d04d1d325
[INFO] running `Command { std: "docker" "start" "-a" "431f6e0e550bb8a5723fed706b81a3290aca7c1d4f7376b1720f389d04d1d325", kill_on_drop: false }`
[INFO] running `Command { std: "docker" "inspect" "431f6e0e550bb8a5723fed706b81a3290aca7c1d4f7376b1720f389d04d1d325", kill_on_drop: false }`
[INFO] running `Command { std: "docker" "rm" "-f" "431f6e0e550bb8a5723fed706b81a3290aca7c1d4f7376b1720f389d04d1d325", kill_on_drop: false }`
[INFO] [stdout] 431f6e0e550bb8a5723fed706b81a3290aca7c1d4f7376b1720f389d04d1d325
[INFO] running `Command { std: "docker" "create" "-v" "/var/lib/crater-agent-workspace/builds/worker-6-tc1/target:/opt/rustwide/target:rw,Z" "-v" "/var/lib/crater-agent-workspace/builds/worker-6-tc1/source:/opt/rustwide/workdir:ro,Z" "-v" "/var/lib/crater-agent-workspace/cargo-home:/opt/rustwide/cargo-home:ro,Z" "-v" "/var/lib/crater-agent-workspace/rustup-home:/opt/rustwide/rustup-home:ro,Z" "-e" "SOURCE_DIR=/opt/rustwide/workdir" "-e" "CARGO_TARGET_DIR=/opt/rustwide/target" "-e" "CARGO_INCREMENTAL=0" "-e" "RUST_BACKTRACE=full" "-e" "RUSTFLAGS=--cap-lints=warn" "-e" "RUSTDOCFLAGS=--cap-lints=warn" "-e" "CARGO_HOME=/opt/rustwide/cargo-home" "-e" "RUSTUP_HOME=/opt/rustwide/rustup-home" "-w" "/opt/rustwide/workdir" "-m" "1610612736" "--user" "0:0" "--network" "none" "ghcr.io/rust-lang/crates-build-env/linux@sha256:f3a9d4ad9d972b27faf3965f35b62e55ba32bbce8f20bc8fe909558a86702fde" "/opt/rustwide/cargo-home/bin/cargo" "+1.83.0" "build" "--frozen" "--message-format=json", kill_on_drop: false }`
[INFO] [stdout] 4009f1a4748db157a945026e33a0cd480f6de9bcfc67c8c95945c755d0a20b87
[INFO] running `Command { std: "docker" "start" "-a" "4009f1a4748db157a945026e33a0cd480f6de9bcfc67c8c95945c755d0a20b87", kill_on_drop: false }`
[INFO] [stderr]    Compiling proc-macro2 v1.0.92
[INFO] [stderr]    Compiling libc v0.2.168
[INFO] [stderr]    Compiling unicode-ident v1.0.14
[INFO] [stderr]    Compiling bytemuck v1.20.0
[INFO] [stderr]    Compiling quote v1.0.37
[INFO] [stderr]    Compiling syn v2.0.90
[INFO] [stderr]    Compiling memmap2 v0.9.5
[INFO] [stderr]    Compiling page_size v0.6.0
[INFO] [stderr]    Compiling concat-idents v1.1.5
[INFO] [stderr]    Compiling ddevmem v0.3.0 (/opt/rustwide/workdir)
[INFO] [stderr]     Finished `dev` profile [unoptimized + debuginfo] target(s) in 10.00s
[INFO] running `Command { std: "docker" "inspect" "4009f1a4748db157a945026e33a0cd480f6de9bcfc67c8c95945c755d0a20b87", kill_on_drop: false }`
[INFO] running `Command { std: "docker" "rm" "-f" "4009f1a4748db157a945026e33a0cd480f6de9bcfc67c8c95945c755d0a20b87", kill_on_drop: false }`
[INFO] [stdout] 4009f1a4748db157a945026e33a0cd480f6de9bcfc67c8c95945c755d0a20b87
[INFO] running `Command { std: "docker" "create" "-v" "/var/lib/crater-agent-workspace/builds/worker-6-tc1/target:/opt/rustwide/target:rw,Z" "-v" "/var/lib/crater-agent-workspace/builds/worker-6-tc1/source:/opt/rustwide/workdir:ro,Z" "-v" "/var/lib/crater-agent-workspace/cargo-home:/opt/rustwide/cargo-home:ro,Z" "-v" "/var/lib/crater-agent-workspace/rustup-home:/opt/rustwide/rustup-home:ro,Z" "-e" "SOURCE_DIR=/opt/rustwide/workdir" "-e" "CARGO_TARGET_DIR=/opt/rustwide/target" "-e" "CARGO_INCREMENTAL=0" "-e" "RUST_BACKTRACE=full" "-e" "RUSTFLAGS=--cap-lints=warn" "-e" "RUSTDOCFLAGS=--cap-lints=warn" "-e" "CARGO_HOME=/opt/rustwide/cargo-home" "-e" "RUSTUP_HOME=/opt/rustwide/rustup-home" "-w" "/opt/rustwide/workdir" "-m" "1610612736" "--user" "0:0" "--network" "none" "ghcr.io/rust-lang/crates-build-env/linux@sha256:f3a9d4ad9d972b27faf3965f35b62e55ba32bbce8f20bc8fe909558a86702fde" "/opt/rustwide/cargo-home/bin/cargo" "+1.83.0" "test" "--frozen" "--no-run" "--message-format=json", kill_on_drop: false }`
[INFO] [stdout] 90a3c4eacf3eb6d5360d0301a42d938a67c45f66c9b2b9558abea234b9a9e167
[INFO] running `Command { std: "docker" "start" "-a" "90a3c4eacf3eb6d5360d0301a42d938a67c45f66c9b2b9558abea234b9a9e167", kill_on_drop: false }`
[INFO] [stderr]    Compiling ddevmem v0.3.0 (/opt/rustwide/workdir)
[INFO] [stderr]     Finished `test` profile [unoptimized + debuginfo] target(s) in 0.48s
[INFO] running `Command { std: "docker" "inspect" "90a3c4eacf3eb6d5360d0301a42d938a67c45f66c9b2b9558abea234b9a9e167", kill_on_drop: false }`
[INFO] running `Command { std: "docker" "rm" "-f" "90a3c4eacf3eb6d5360d0301a42d938a67c45f66c9b2b9558abea234b9a9e167", kill_on_drop: false }`
[INFO] [stdout] 90a3c4eacf3eb6d5360d0301a42d938a67c45f66c9b2b9558abea234b9a9e167
[INFO] running `Command { std: "docker" "create" "-v" "/var/lib/crater-agent-workspace/builds/worker-6-tc1/target:/opt/rustwide/target:rw,Z" "-v" "/var/lib/crater-agent-workspace/builds/worker-6-tc1/source:/opt/rustwide/workdir:ro,Z" "-v" "/var/lib/crater-agent-workspace/cargo-home:/opt/rustwide/cargo-home:ro,Z" "-v" "/var/lib/crater-agent-workspace/rustup-home:/opt/rustwide/rustup-home:ro,Z" "-e" "SOURCE_DIR=/opt/rustwide/workdir" "-e" "CARGO_TARGET_DIR=/opt/rustwide/target" "-e" "CARGO_INCREMENTAL=0" "-e" "RUST_BACKTRACE=full" "-e" "RUSTFLAGS=--cap-lints=warn" "-e" "RUSTDOCFLAGS=--cap-lints=warn" "-e" "CARGO_HOME=/opt/rustwide/cargo-home" "-e" "RUSTUP_HOME=/opt/rustwide/rustup-home" "-w" "/opt/rustwide/workdir" "-m" "1610612736" "--user" "0:0" "--network" "none" "ghcr.io/rust-lang/crates-build-env/linux@sha256:f3a9d4ad9d972b27faf3965f35b62e55ba32bbce8f20bc8fe909558a86702fde" "/opt/rustwide/cargo-home/bin/cargo" "+1.83.0" "test" "--frozen", kill_on_drop: false }`
[INFO] [stdout] 6590c8fc5298307cf7bdac4c345da4ed38ca849dbb54a462d4c717c211a3bcf2
[INFO] running `Command { std: "docker" "start" "-a" "6590c8fc5298307cf7bdac4c345da4ed38ca849dbb54a462d4c717c211a3bcf2", kill_on_drop: false }`
[INFO] [stderr]     Finished `test` profile [unoptimized + debuginfo] target(s) in 0.02s
[INFO] [stderr]      Running unittests src/lib.rs (/opt/rustwide/target/debug/deps/ddevmem-5ba05d63c7ec6db9)
[INFO] [stdout] 
[INFO] [stdout] running 0 tests
[INFO] [stdout] 
[INFO] [stdout] test result: ok. 0 passed; 0 failed; 0 ignored; 0 measured; 0 filtered out; finished in 0.00s
[INFO] [stdout] 
[INFO] [stderr]    Doc-tests ddevmem
[INFO] [stdout] 
[INFO] [stdout] running 1 test
[INFO] [stdout] test src/lib.rs - register_map (line 21) ... FAILED
[INFO] [stdout] 
[INFO] [stdout] failures:
[INFO] [stdout] 
[INFO] [stdout] ---- src/lib.rs - register_map (line 21) stdout ----
[INFO] [stdout] error: cannot find macro `register_map` in this scope
[INFO] [stdout]  --> src/lib.rs:22:1
[INFO] [stdout]   |
[INFO] [stdout] 3 | register_map! {
[INFO] [stdout]   | ^^^^^^^^^^^^
[INFO] [stdout]   |
[INFO] [stdout] help: consider importing this macro
[INFO] [stdout]   |
[INFO] [stdout] 2 + use ddevmem::register_map;
[INFO] [stdout]   |
[INFO] [stdout] 
[INFO] [stdout] error[E0433]: failed to resolve: use of undeclared type `DevMem`
[INFO] [stdout]   --> src/lib.rs:30:23
[INFO] [stdout]    |
[INFO] [stdout] 11 | let devmem = unsafe { DevMem::new(0xD0DE_0000, None).unwrap() };
[INFO] [stdout]    |                       ^^^^^^ use of undeclared type `DevMem`
[INFO] [stdout]    |
[INFO] [stdout] help: consider importing this struct
[INFO] [stdout]    |
[INFO] [stdout] 2  + use ddevmem::DevMem;
[INFO] [stdout]    |
[INFO] [stdout] 
[INFO] [stdout] error[E0433]: failed to resolve: use of undeclared type `MyRegisterMap`
[INFO] [stdout]   --> src/lib.rs:31:28
[INFO] [stdout]    |
[INFO] [stdout] 12 | let mut reg_map = unsafe { MyRegisterMap::new(std::sync::Arc::new(devmem)).unwrap() };
[INFO] [stdout]    |                            ^^^^^^^^^^^^^ use of undeclared type `MyRegisterMap`
[INFO] [stdout] 
[INFO] [stdout] error: aborting due to 3 previous errors
[INFO] [stdout] 
[INFO] [stdout] For more information about this error, try `rustc --explain E0433`.
[INFO] [stdout] Couldn't compile the test.
[INFO] [stdout] 
[INFO] [stdout] failures:
[INFO] [stdout]     src/lib.rs - register_map (line 21)
[INFO] [stdout] 
[INFO] [stdout] test result: FAILED. 0 passed; 1 failed; 0 ignored; 0 measured; 0 filtered out; finished in 0.14s
[INFO] [stdout] 
[INFO] [stderr] error: doctest failed, to rerun pass `--doc`
[INFO] running `Command { std: "docker" "inspect" "6590c8fc5298307cf7bdac4c345da4ed38ca849dbb54a462d4c717c211a3bcf2", kill_on_drop: false }`
[INFO] running `Command { std: "docker" "rm" "-f" "6590c8fc5298307cf7bdac4c345da4ed38ca849dbb54a462d4c717c211a3bcf2", kill_on_drop: false }`
[INFO] [stdout] 6590c8fc5298307cf7bdac4c345da4ed38ca849dbb54a462d4c717c211a3bcf2
