[INFO] cloning repository https://github.com/dnaka91/cargo-bup
[INFO] running `Command { std: "git" "-c" "credential.helper=" "-c" "credential.helper=/workspace/cargo-home/bin/git-credential-null" "clone" "--bare" "https://github.com/dnaka91/cargo-bup" "/workspace/cache/git-repos/https%3A%2F%2Fgithub.com%2Fdnaka91%2Fcargo-bup", kill_on_drop: false }`
[INFO] [stderr] Cloning into bare repository '/workspace/cache/git-repos/https%3A%2F%2Fgithub.com%2Fdnaka91%2Fcargo-bup'...
[INFO] running `Command { std: "git" "rev-parse" "HEAD", kill_on_drop: false }`
[INFO] [stdout] 7ae58cbd855a516631b946f0c06761d77b170b40
[INFO] testing dnaka91/cargo-bup against 1.83.0 for beta-1.84.0-4-retry
[INFO] running `Command { std: "git" "clone" "/workspace/cache/git-repos/https%3A%2F%2Fgithub.com%2Fdnaka91%2Fcargo-bup" "/workspace/builds/worker-1-tc1/source", kill_on_drop: false }`
[INFO] [stderr] Cloning into '/workspace/builds/worker-1-tc1/source'...
[INFO] [stderr] done.
[INFO] validating manifest of git repo https://github.com/dnaka91/cargo-bup on toolchain 1.83.0
[INFO] running `Command { std: CARGO_HOME="/workspace/cargo-home" RUSTUP_HOME="/workspace/rustup-home" "/workspace/cargo-home/bin/cargo" "+1.83.0" "metadata" "--manifest-path" "Cargo.toml" "--no-deps", kill_on_drop: false }`
[INFO] started tweaking git repo https://github.com/dnaka91/cargo-bup
[INFO] finished tweaking git repo https://github.com/dnaka91/cargo-bup
[INFO] tweaked toml for git repo https://github.com/dnaka91/cargo-bup written to /workspace/builds/worker-1-tc1/source/Cargo.toml
[INFO] crate git repo https://github.com/dnaka91/cargo-bup already has a lockfile, it will not be regenerated
[INFO] running `Command { std: CARGO_HOME="/workspace/cargo-home" RUSTUP_HOME="/workspace/rustup-home" "/workspace/cargo-home/bin/cargo" "+1.83.0" "fetch" "--manifest-path" "Cargo.toml", kill_on_drop: false }`
[INFO] [stderr]     Updating crates.io index
[INFO] [stderr]  Downloading crates ...
[INFO] [stderr]   Downloaded gix-object v0.42.2
[INFO] [stderr]   Downloaded gix-index v0.32.1
[INFO] [stderr]   Downloaded gix-actor v0.31.2
[INFO] [stderr]   Downloaded gix-discover v0.31.0
[INFO] [stderr]   Downloaded gix-submodule v0.10.0
[INFO] [stderr]   Downloaded gix-diff v0.43.0
[INFO] [stderr]   Downloaded clap_complete v4.5.2
[INFO] [stderr]   Downloaded gix-odb v0.60.0
[INFO] [stderr]   Downloaded crates-index v2.8.0
[INFO] [stderr]   Downloaded gix-pack v0.50.0
[INFO] [stderr]   Downloaded gix-path v0.10.7
[INFO] [stderr]   Downloaded gix-worktree v0.33.1
[INFO] [stderr]   Downloaded gix-glob v0.16.2
[INFO] [stderr]   Downloaded imara-diff v0.1.5
[INFO] [stderr]   Downloaded gix v0.62.0
[INFO] [stderr]   Downloaded gix-date v0.8.6
[INFO] [stderr]   Downloaded libz-sys v1.1.16
[INFO] running `Command { std: "docker" "create" "-v" "/var/lib/crater-agent-workspace/builds/worker-1-tc1/target:/opt/rustwide/target:rw,Z" "-v" "/var/lib/crater-agent-workspace/builds/worker-1-tc1/source:/opt/rustwide/workdir:ro,Z" "-v" "/var/lib/crater-agent-workspace/cargo-home:/opt/rustwide/cargo-home:ro,Z" "-v" "/var/lib/crater-agent-workspace/rustup-home:/opt/rustwide/rustup-home:ro,Z" "-e" "SOURCE_DIR=/opt/rustwide/workdir" "-e" "CARGO_TARGET_DIR=/opt/rustwide/target" "-e" "CARGO_HOME=/opt/rustwide/cargo-home" "-e" "RUSTUP_HOME=/opt/rustwide/rustup-home" "-w" "/opt/rustwide/workdir" "-m" "1610612736" "--user" "0:0" "--network" "none" "ghcr.io/rust-lang/crates-build-env/linux@sha256:f3a9d4ad9d972b27faf3965f35b62e55ba32bbce8f20bc8fe909558a86702fde" "/opt/rustwide/cargo-home/bin/cargo" "+1.83.0" "metadata" "--no-deps" "--format-version=1", kill_on_drop: false }`
[INFO] [stdout] 1d034ea04d74a7264d65e2a41c9716b5583272857210dee228a422456bad1333
[INFO] running `Command { std: "docker" "start" "-a" "1d034ea04d74a7264d65e2a41c9716b5583272857210dee228a422456bad1333", kill_on_drop: false }`
[INFO] running `Command { std: "docker" "inspect" "1d034ea04d74a7264d65e2a41c9716b5583272857210dee228a422456bad1333", kill_on_drop: false }`
[INFO] running `Command { std: "docker" "rm" "-f" "1d034ea04d74a7264d65e2a41c9716b5583272857210dee228a422456bad1333", kill_on_drop: false }`
[INFO] [stdout] 1d034ea04d74a7264d65e2a41c9716b5583272857210dee228a422456bad1333
[INFO] running `Command { std: "docker" "create" "-v" "/var/lib/crater-agent-workspace/builds/worker-1-tc1/target:/opt/rustwide/target:rw,Z" "-v" "/var/lib/crater-agent-workspace/builds/worker-1-tc1/source:/opt/rustwide/workdir:ro,Z" "-v" "/var/lib/crater-agent-workspace/cargo-home:/opt/rustwide/cargo-home:ro,Z" "-v" "/var/lib/crater-agent-workspace/rustup-home:/opt/rustwide/rustup-home:ro,Z" "-e" "SOURCE_DIR=/opt/rustwide/workdir" "-e" "CARGO_TARGET_DIR=/opt/rustwide/target" "-e" "CARGO_INCREMENTAL=0" "-e" "RUST_BACKTRACE=full" "-e" "RUSTFLAGS=--cap-lints=warn" "-e" "RUSTDOCFLAGS=--cap-lints=warn" "-e" "CARGO_HOME=/opt/rustwide/cargo-home" "-e" "RUSTUP_HOME=/opt/rustwide/rustup-home" "-w" "/opt/rustwide/workdir" "-m" "1610612736" "--user" "0:0" "--network" "none" "ghcr.io/rust-lang/crates-build-env/linux@sha256:f3a9d4ad9d972b27faf3965f35b62e55ba32bbce8f20bc8fe909558a86702fde" "/opt/rustwide/cargo-home/bin/cargo" "+1.83.0" "build" "--frozen" "--message-format=json", kill_on_drop: false }`
[INFO] [stdout] e8605f3116887d67ff15c967691cdad2fa2351b9349ddaae4c5bb5a957234dbf
[INFO] running `Command { std: "docker" "start" "-a" "e8605f3116887d67ff15c967691cdad2fa2351b9349ddaae4c5bb5a957234dbf", kill_on_drop: false }`
[INFO] [stderr]    Compiling proc-macro2 v1.0.83
[INFO] [stderr]    Compiling unicode-ident v1.0.12
[INFO] [stderr]    Compiling libc v0.2.155
[INFO] [stderr]    Compiling thiserror v1.0.61
[INFO] [stderr]    Compiling memchr v2.7.2
[INFO] [stderr]    Compiling once_cell v1.19.0
[INFO] [stderr]    Compiling crossbeam-utils v0.8.20
[INFO] [stderr]    Compiling tinyvec_macros v0.1.1
[INFO] [stderr]    Compiling autocfg v1.3.0
[INFO] [stderr]    Compiling regex-automata v0.4.6
[INFO] [stderr]    Compiling tinyvec v1.6.0
[INFO] [stderr]    Compiling parking_lot_core v0.9.10
[INFO] [stderr]    Compiling lock_api v0.4.12
[INFO] [stderr]    Compiling gix-trace v0.1.9
[INFO] [stderr]    Compiling version_check v0.9.4
[INFO] [stderr]    Compiling smallvec v1.13.2
[INFO] [stderr]    Compiling quote v1.0.36
[INFO] [stderr]    Compiling syn v2.0.65
[INFO] [stderr]    Compiling bstr v1.9.1
[INFO] [stderr]    Compiling crossbeam-epoch v0.9.18
[INFO] [stderr]    Compiling scopeguard v1.2.0
[INFO] [stderr]    Compiling faster-hex v0.9.0
[INFO] [stderr]    Compiling rayon-core v1.12.1
[INFO] [stderr]    Compiling unicode-normalization v0.1.23
[INFO] [stderr]    Compiling crossbeam-deque v0.8.5
[INFO] [stderr]    Compiling fastrand v2.1.0
[INFO] [stderr]    Compiling parking_lot v0.12.2
[INFO] [stderr]    Compiling crossbeam-channel v0.5.13
[INFO] [stderr]    Compiling crossbeam-queue v0.3.11
[INFO] [stderr]    Compiling either v1.12.0
[INFO] [stderr]    Compiling miniz_oxide v0.7.3
[INFO] [stderr]    Compiling crc32fast v1.4.2
[INFO] [stderr]    Compiling gix-utils v0.1.12
[INFO] [stderr]    Compiling same-file v1.0.6
[INFO] [stderr]    Compiling rayon v1.10.0
[INFO] [stderr]    Compiling sha1_smol v1.0.0
[INFO] [stderr]    Compiling crossbeam v0.8.4
[INFO] [stderr]    Compiling walkdir v2.5.0
[INFO] [stderr]    Compiling prodash v28.0.0
[INFO] [stderr]    Compiling bytes v1.6.0
[INFO] [stderr]    Compiling flate2 v1.0.30
[INFO] [stderr]    Compiling bitflags v2.5.0
[INFO] [stderr]    Compiling ahash v0.8.11
[INFO] [stderr]    Compiling getrandom v0.2.15
[INFO] [stderr]    Compiling zerocopy v0.7.34
[INFO] [stderr]    Compiling allocator-api2 v0.2.18
[INFO] [stderr]    Compiling time-core v0.1.2
[INFO] [stderr]    Compiling itoa v1.0.11
[INFO] [stderr]    Compiling home v0.5.9
[INFO] [stderr]    Compiling powerfmt v0.2.0
[INFO] [stderr]    Compiling num-conv v0.1.0
[INFO] [stderr]    Compiling winnow v0.6.8
[INFO] [stderr]    Compiling num_threads v0.1.7
[INFO] [stderr]    Compiling deranged v0.3.11
[INFO] [stderr]    Compiling time-macros v0.2.18
[INFO] [stderr]    Compiling rustix v0.38.34
[INFO] [stderr]    Compiling linux-raw-sys v0.4.14
[INFO] [stderr]    Compiling hashbrown v0.14.5
[INFO] [stderr]    Compiling memmap2 v0.9.4
[INFO] [stderr]    Compiling cc v1.0.98
[INFO] [stderr]    Compiling pkg-config v0.3.30
[INFO] [stderr]    Compiling vcpkg v0.2.15
[INFO] [stderr]    Compiling jwalk v0.8.1
[INFO] [stderr]    Compiling dashmap v5.5.3
[INFO] [stderr]    Compiling unicode-bom v2.0.3
[INFO] [stderr]    Compiling time v0.3.36
[INFO] [stderr]    Compiling serde v1.0.202
[INFO] [stderr]    Compiling utf8parse v0.2.1
[INFO] [stderr]    Compiling static_assertions v1.1.0
[INFO] [stderr]    Compiling unicode-bidi v0.3.15
[INFO] [stderr]    Compiling percent-encoding v2.3.1
[INFO] [stderr]    Compiling shell-words v1.1.0
[INFO] [stderr]    Compiling kstring v2.0.0
[INFO] [stderr]    Compiling form_urlencoded v1.2.1
[INFO] [stderr]    Compiling gix-sec v0.10.6
[INFO] [stderr]    Compiling fnv v1.0.7
[INFO] [stderr]    Compiling curl v0.4.46
[INFO] [stderr]    Compiling vte_generate_state_changes v0.1.1
[INFO] [stderr]    Compiling filetime v0.2.23
[INFO] [stderr]    Compiling idna v0.5.0
[INFO] [stderr]    Compiling openssl-sys v0.9.102
[INFO] [stderr]    Compiling libz-sys v1.1.16
[INFO] [stderr]    Compiling curl-sys v0.4.72+curl-8.6.0
[INFO] [stderr]    Compiling socket2 v0.5.7
[INFO] [stderr]    Compiling tempfile v3.10.1
[INFO] [stderr]    Compiling url v2.5.0
[INFO] [stderr]    Compiling proc-macro-error-attr v1.0.4
[INFO] [stderr]    Compiling minimal-lexical v0.2.1
[INFO] [stderr]    Compiling openssl-probe v0.1.5
[INFO] [stderr]    Compiling arrayvec v0.5.2
[INFO] [stderr]    Compiling arrayvec v0.7.4
[INFO] [stderr]    Compiling syn v1.0.109
[INFO] [stderr]    Compiling thiserror-impl v1.0.61
[INFO] [stderr]    Compiling serde_derive v1.0.202
[INFO] [stderr]    Compiling uluru v3.1.0
[INFO] [stderr]    Compiling vte v0.10.1
[INFO] [stderr]    Compiling nom v7.1.3
[INFO] [stderr]    Compiling anstyle-parse v0.2.4
[INFO] [stderr]    Compiling proc-macro-error v1.0.4
[INFO] [stderr]    Compiling encoding_rs v0.8.34
[INFO] [stderr]    Compiling colorchoice v1.0.1
[INFO] [stderr]    Compiling anstyle v1.0.7
[INFO] [stderr]    Compiling hashbrown v0.12.3
[INFO] [stderr]    Compiling anstyle-query v1.0.3
[INFO] [stderr]    Compiling semver v1.0.23
[INFO] [stderr]    Compiling equivalent v1.0.1
[INFO] [stderr]    Compiling base64 v0.22.1
[INFO] [stderr]    Compiling clru v0.6.2
[INFO] [stderr]    Compiling is_terminal_polyfill v1.70.0
[INFO] [stderr]    Compiling anstream v0.6.14
[INFO] [stderr]    Compiling imara-diff v0.1.5
[INFO] [stderr]    Compiling indexmap v2.2.6
[INFO] [stderr]    Compiling gix-hash v0.14.2
[INFO] [stderr]    Compiling gix-path v0.10.7
[INFO] [stderr]    Compiling gix-features v0.38.2
[INFO] [stderr]    Compiling gix-date v0.8.6
[INFO] [stderr]    Compiling gix-validate v0.8.5
[INFO] [stderr]    Compiling gix-chunk v0.4.8
[INFO] [stderr]    Compiling gix-hashtable v0.5.2
[INFO] [stderr]    Compiling gix-quote v0.4.12
[INFO] [stderr]    Compiling gix-actor v0.31.2
[INFO] [stderr]    Compiling gix-config-value v0.14.6
[INFO] [stderr]    Compiling gix-command v0.3.7
[INFO] [stderr]    Compiling gix-fs v0.10.2
[INFO] [stderr]    Compiling gix-commitgraph v0.24.2
[INFO] [stderr]    Compiling gix-object v0.42.2
[INFO] [stderr]    Compiling gix-tempfile v13.1.1
[INFO] [stderr]    Compiling gix-glob v0.16.2
[INFO] [stderr]    Compiling gix-url v0.27.3
[INFO] [stderr]    Compiling gix-lock v13.1.1
[INFO] [stderr]    Compiling gix-attributes v0.22.2
[INFO] [stderr]    Compiling gix-prompt v0.8.5
[INFO] [stderr]    Compiling gix-bitmap v0.2.11
[INFO] [stderr]    Compiling gix-ignore v0.11.2
[INFO] [stderr]    Compiling gix-credentials v0.24.2
[INFO] [stderr]    Compiling gix-packetline-blocking v0.17.4
[INFO] [stderr]    Compiling gix-packetline v0.17.5
[INFO] [stderr]    Compiling ansitok v0.2.0
[INFO] [stderr]    Compiling gix-revwalk v0.13.1
[INFO] [stderr]    Compiling gix-ref v0.43.0
[INFO] [stderr]    Compiling gix-transport v0.42.1
[INFO] [stderr]    Compiling gix-filter v0.11.2
[INFO] [stderr]    Compiling gix-traverse v0.39.1
[INFO] [stderr]    Compiling gix-index v0.32.1
[INFO] [stderr]    Compiling gix-revision v0.27.1
[INFO] [stderr]    Compiling gix-pathspec v0.7.5
[INFO] [stderr]    Compiling gix-refspec v0.23.0
[INFO] [stderr]    Compiling gix-worktree v0.33.1
[INFO] [stderr]    Compiling gix-config v0.36.1
[INFO] [stderr]    Compiling gix-pack v0.50.0
[INFO] [stderr]    Compiling maybe-async v0.2.10
[INFO] [stderr]    Compiling arc-swap v1.7.1
[INFO] [stderr]    Compiling serde_json v1.0.117
[INFO] [stderr]    Compiling heck v0.5.0
[INFO] [stderr]    Compiling strsim v0.11.1
[INFO] [stderr]    Compiling clap_lex v0.7.0
[INFO] [stderr]    Compiling clap_builder v4.5.2
[INFO] [stderr]    Compiling gix-submodule v0.10.0
[INFO] [stderr]    Compiling clap_derive v4.5.4
[INFO] [stderr]    Compiling gix-protocol v0.45.1
[INFO] [stderr]    Compiling serde_spanned v0.6.6
[INFO] [stderr]    Compiling toml_datetime v0.6.6
[INFO] [stderr]    Compiling toml_edit v0.22.13
[INFO] [stderr]    Compiling gix-odb v0.60.0
[INFO] [stderr]    Compiling gix-diff v0.43.0
[INFO] [stderr]    Compiling gix-discover v0.31.0
[INFO] [stderr]    Compiling ansi-str v0.8.0
[INFO] [stderr]    Compiling gix-negotiate v0.13.1
[INFO] [stderr]    Compiling gix-macros v0.1.5
[INFO] [stderr]    Compiling ryu v1.0.18
[INFO] [stderr]    Compiling anyhow v1.0.86
[INFO] [stderr]    Compiling unicode-width v0.1.12
[INFO] [stderr]    Compiling bytecount v0.6.8
[INFO] [stderr]    Compiling heck v0.4.1
[INFO] [stderr]    Compiling papergrid v0.11.0
[INFO] [stderr]    Compiling clap v4.5.4
[INFO] [stderr]    Compiling tabled_derive v0.7.0
[INFO] [stderr]    Compiling hex v0.4.3
[INFO] [stderr]    Compiling gix v0.62.0
[INFO] [stderr]    Compiling toml v0.8.13
[INFO] [stderr]    Compiling smol_str v0.2.2
[INFO] [stderr]    Compiling rustc-hash v1.1.0
[INFO] [stderr]    Compiling tabled v0.15.0
[INFO] [stderr]    Compiling clap_complete v4.5.2
[INFO] [stderr]    Compiling rustc_version v0.4.0
[INFO] [stderr]    Compiling thread_local v1.1.8
[INFO] [stderr]    Compiling siphasher v1.0.1
[INFO] [stderr]    Compiling crates-index v2.8.0
[INFO] [stderr]    Compiling cargo-bup v0.1.0 (/opt/rustwide/workdir)
[INFO] [stdout] warning: fields `version_req`, `target`, and `rustc` are never read
[INFO] [stdout]    --> src/cargo.rs:242:9
[INFO] [stdout]     |
[INFO] [stdout] 241 | pub struct InstallInfo {
[INFO] [stdout]     |            ----------- fields in this struct
[INFO] [stdout] 242 |     pub version_req: Option<String>,
[INFO] [stdout]     |         ^^^^^^^^^^^
[INFO] [stdout] ...
[INFO] [stdout] 254 |     pub target: Option<String>,
[INFO] [stdout]     |         ^^^^^^
[INFO] [stdout] ...
[INFO] [stdout] 257 |     pub rustc: Option<VersionMeta>,
[INFO] [stdout]     |         ^^^^^
[INFO] [stdout]     |
[INFO] [stdout]     = note: `InstallInfo` has a derived impl for the trait `Debug`, but this is intentionally ignored during dead code analysis
[INFO] [stdout]     = note: `#[warn(dead_code)]` on by default
[INFO] [stdout] 
[INFO] [stdout] 
[INFO] [stderr]     Finished `dev` profile [unoptimized + debuginfo] target(s) in 2m 45s
[INFO] running `Command { std: "docker" "inspect" "e8605f3116887d67ff15c967691cdad2fa2351b9349ddaae4c5bb5a957234dbf", kill_on_drop: false }`
[INFO] running `Command { std: "docker" "rm" "-f" "e8605f3116887d67ff15c967691cdad2fa2351b9349ddaae4c5bb5a957234dbf", kill_on_drop: false }`
[INFO] [stdout] e8605f3116887d67ff15c967691cdad2fa2351b9349ddaae4c5bb5a957234dbf
[INFO] running `Command { std: "docker" "create" "-v" "/var/lib/crater-agent-workspace/builds/worker-1-tc1/target:/opt/rustwide/target:rw,Z" "-v" "/var/lib/crater-agent-workspace/builds/worker-1-tc1/source:/opt/rustwide/workdir:ro,Z" "-v" "/var/lib/crater-agent-workspace/cargo-home:/opt/rustwide/cargo-home:ro,Z" "-v" "/var/lib/crater-agent-workspace/rustup-home:/opt/rustwide/rustup-home:ro,Z" "-e" "SOURCE_DIR=/opt/rustwide/workdir" "-e" "CARGO_TARGET_DIR=/opt/rustwide/target" "-e" "CARGO_INCREMENTAL=0" "-e" "RUST_BACKTRACE=full" "-e" "RUSTFLAGS=--cap-lints=warn" "-e" "RUSTDOCFLAGS=--cap-lints=warn" "-e" "CARGO_HOME=/opt/rustwide/cargo-home" "-e" "RUSTUP_HOME=/opt/rustwide/rustup-home" "-w" "/opt/rustwide/workdir" "-m" "1610612736" "--user" "0:0" "--network" "none" "ghcr.io/rust-lang/crates-build-env/linux@sha256:f3a9d4ad9d972b27faf3965f35b62e55ba32bbce8f20bc8fe909558a86702fde" "/opt/rustwide/cargo-home/bin/cargo" "+1.83.0" "test" "--frozen" "--no-run" "--message-format=json", kill_on_drop: false }`
[INFO] [stdout] 538182534b9f543607084935d00a6085d7c998007efc0b882da4d705baa3e073
[INFO] running `Command { std: "docker" "start" "-a" "538182534b9f543607084935d00a6085d7c998007efc0b882da4d705baa3e073", kill_on_drop: false }`
[INFO] [stderr]    Compiling cargo-bup v0.1.0 (/opt/rustwide/workdir)
[INFO] [stdout] warning: fields `version_req`, `target`, and `rustc` are never read
[INFO] [stdout]    --> src/cargo.rs:242:9
[INFO] [stdout]     |
[INFO] [stdout] 241 | pub struct InstallInfo {
[INFO] [stdout]     |            ----------- fields in this struct
[INFO] [stdout] 242 |     pub version_req: Option<String>,
[INFO] [stdout]     |         ^^^^^^^^^^^
[INFO] [stdout] ...
[INFO] [stdout] 254 |     pub target: Option<String>,
[INFO] [stdout]     |         ^^^^^^
[INFO] [stdout] ...
[INFO] [stdout] 257 |     pub rustc: Option<VersionMeta>,
[INFO] [stdout]     |         ^^^^^
[INFO] [stdout]     |
[INFO] [stdout]     = note: `InstallInfo` has a derived impl for the trait `Debug`, but this is intentionally ignored during dead code analysis
[INFO] [stdout]     = note: `#[warn(dead_code)]` on by default
[INFO] [stdout] 
[INFO] [stdout] 
[INFO] [stderr]     Finished `test` profile [unoptimized + debuginfo] target(s) in 6.66s
[INFO] running `Command { std: "docker" "inspect" "538182534b9f543607084935d00a6085d7c998007efc0b882da4d705baa3e073", kill_on_drop: false }`
[INFO] running `Command { std: "docker" "rm" "-f" "538182534b9f543607084935d00a6085d7c998007efc0b882da4d705baa3e073", kill_on_drop: false }`
[INFO] [stdout] 538182534b9f543607084935d00a6085d7c998007efc0b882da4d705baa3e073
[INFO] running `Command { std: "docker" "create" "-v" "/var/lib/crater-agent-workspace/builds/worker-1-tc1/target:/opt/rustwide/target:rw,Z" "-v" "/var/lib/crater-agent-workspace/builds/worker-1-tc1/source:/opt/rustwide/workdir:ro,Z" "-v" "/var/lib/crater-agent-workspace/cargo-home:/opt/rustwide/cargo-home:ro,Z" "-v" "/var/lib/crater-agent-workspace/rustup-home:/opt/rustwide/rustup-home:ro,Z" "-e" "SOURCE_DIR=/opt/rustwide/workdir" "-e" "CARGO_TARGET_DIR=/opt/rustwide/target" "-e" "CARGO_INCREMENTAL=0" "-e" "RUST_BACKTRACE=full" "-e" "RUSTFLAGS=--cap-lints=warn" "-e" "RUSTDOCFLAGS=--cap-lints=warn" "-e" "CARGO_HOME=/opt/rustwide/cargo-home" "-e" "RUSTUP_HOME=/opt/rustwide/rustup-home" "-w" "/opt/rustwide/workdir" "-m" "1610612736" "--user" "0:0" "--network" "none" "ghcr.io/rust-lang/crates-build-env/linux@sha256:f3a9d4ad9d972b27faf3965f35b62e55ba32bbce8f20bc8fe909558a86702fde" "/opt/rustwide/cargo-home/bin/cargo" "+1.83.0" "test" "--frozen", kill_on_drop: false }`
[INFO] [stdout] c87d0ae2c14e2ca703ec15fb4fbd5ffc5a72b7a90fd75aa94f959c6d8c76283a
[INFO] running `Command { std: "docker" "start" "-a" "c87d0ae2c14e2ca703ec15fb4fbd5ffc5a72b7a90fd75aa94f959c6d8c76283a", kill_on_drop: false }`
[INFO] [stderr] warning: fields `version_req`, `target`, and `rustc` are never read
[INFO] [stderr]    --> src/cargo.rs:242:9
[INFO] [stderr]     |
[INFO] [stderr] 241 | pub struct InstallInfo {
[INFO] [stderr]     |            ----------- fields in this struct
[INFO] [stderr] 242 |     pub version_req: Option<String>,
[INFO] [stderr]     |         ^^^^^^^^^^^
[INFO] [stderr] ...
[INFO] [stderr] 254 |     pub target: Option<String>,
[INFO] [stderr]     |         ^^^^^^
[INFO] [stderr] ...
[INFO] [stderr] 257 |     pub rustc: Option<VersionMeta>,
[INFO] [stderr]     |         ^^^^^
[INFO] [stderr]     |
[INFO] [stderr]     = note: `InstallInfo` has a derived impl for the trait `Debug`, but this is intentionally ignored during dead code analysis
[INFO] [stderr]     = note: `#[warn(dead_code)]` on by default
[INFO] [stderr] 
[INFO] [stderr] warning: `cargo-bup` (bin "cargo-bup" test) generated 1 warning
[INFO] [stderr]     Finished `test` profile [unoptimized + debuginfo] target(s) in 0.22s
[INFO] [stderr]      Running unittests src/main.rs (/opt/rustwide/target/debug/deps/cargo_bup-46f6c21853d66484)
[INFO] [stdout] 
[INFO] [stdout] running 2 tests
[INFO] [stdout] test cli::tests::verify_cli ... ok
[INFO] [stdout] test table::tests::colorized_versions ... FAILED
[INFO] [stdout] 
[INFO] [stdout] failures:
[INFO] [stdout] 
[INFO] [stdout] ---- table::tests::colorized_versions stdout ----
[INFO] [stdout] thread 'table::tests::colorized_versions' panicked at src/table.rs:270:9:
[INFO] [stdout] assertion `left == right` failed
[INFO] [stdout]   left: "1.0.\u{1b}[34m1\u{1b}[39m"
[INFO] [stdout]  right: "1.0.\u{1b}[34m1\u{1b}[0m"
[INFO] [stdout] stack backtrace:
[INFO] [stdout]    0:     0x611f947c0fea - std::backtrace_rs::backtrace::libunwind::trace::h5a5b8284f2d0c266
[INFO] [stdout]                                at /rustc/90b35a6239c3d8bdabc530a6a0816f7ff89a0aaf/library/std/src/../../backtrace/src/backtrace/libunwind.rs:116:5
[INFO] [stdout]    1:     0x611f947c0fea - std::backtrace_rs::backtrace::trace_unsynchronized::h76d4f1c9b0b875e3
[INFO] [stdout]                                at /rustc/90b35a6239c3d8bdabc530a6a0816f7ff89a0aaf/library/std/src/../../backtrace/src/backtrace/mod.rs:66:5
[INFO] [stdout]    2:     0x611f947c0fea - std::sys::backtrace::_print_fmt::hc4546b8364a537c6
[INFO] [stdout]                                at /rustc/90b35a6239c3d8bdabc530a6a0816f7ff89a0aaf/library/std/src/sys/backtrace.rs:66:9
[INFO] [stdout]    3:     0x611f947c0fea - <std::sys::backtrace::BacktraceLock::print::DisplayBacktrace as core::fmt::Display>::fmt::h5b6bd5631a6d1f6b
[INFO] [stdout]                                at /rustc/90b35a6239c3d8bdabc530a6a0816f7ff89a0aaf/library/std/src/sys/backtrace.rs:39:26
[INFO] [stdout]    4:     0x611f947e6533 - core::fmt::rt::Argument::fmt::h270f6602a2b96f62
[INFO] [stdout]                                at /rustc/90b35a6239c3d8bdabc530a6a0816f7ff89a0aaf/library/core/src/fmt/rt.rs:177:76
[INFO] [stdout]    5:     0x611f947e6533 - core::fmt::write::h7550c97b06c86515
[INFO] [stdout]                                at /rustc/90b35a6239c3d8bdabc530a6a0816f7ff89a0aaf/library/core/src/fmt/mod.rs:1186:21
[INFO] [stdout]    6:     0x611f947be1b3 - std::io::Write::write_fmt::h509ff860e5956e5e
[INFO] [stdout]                                at /rustc/90b35a6239c3d8bdabc530a6a0816f7ff89a0aaf/library/std/src/io/mod.rs:1839:15
[INFO] [stdout]    7:     0x611f947c0e32 - std::sys::backtrace::BacktraceLock::print::h2395ccd2c84ba3aa
[INFO] [stdout]                                at /rustc/90b35a6239c3d8bdabc530a6a0816f7ff89a0aaf/library/std/src/sys/backtrace.rs:42:9
[INFO] [stdout]    8:     0x611f947c244a - std::panicking::default_hook::{{closure}}::he19d4c7230e07961
[INFO] [stdout]                                at /rustc/90b35a6239c3d8bdabc530a6a0816f7ff89a0aaf/library/std/src/panicking.rs:268:22
[INFO] [stdout]    9:     0x611f947c2254 - std::panicking::default_hook::hf614597d3c67bbdb
[INFO] [stdout]                                at /rustc/90b35a6239c3d8bdabc530a6a0816f7ff89a0aaf/library/std/src/panicking.rs:292:9
[INFO] [stdout]   10:     0x611f94717899 - <alloc::boxed::Box<F,A> as core::ops::function::Fn<Args>>::call::h39b51ce4599c23d1
[INFO] [stdout]                                at /rustc/90b35a6239c3d8bdabc530a6a0816f7ff89a0aaf/library/alloc/src/boxed.rs:2468:9
[INFO] [stdout]   11:     0x611f94717899 - test::test_main::{{closure}}::he977ae839a582784
[INFO] [stdout]                                at /rustc/90b35a6239c3d8bdabc530a6a0816f7ff89a0aaf/library/test/src/lib.rs:133:21
[INFO] [stdout]   12:     0x611f947c2ae8 - <alloc::boxed::Box<F,A> as core::ops::function::Fn<Args>>::call::h9455091b6b06f9fb
[INFO] [stdout]                                at /rustc/90b35a6239c3d8bdabc530a6a0816f7ff89a0aaf/library/alloc/src/boxed.rs:2468:9
[INFO] [stdout]   13:     0x611f947c2ae8 - std::panicking::rust_panic_with_hook::h8942133a8b252070
[INFO] [stdout]                                at /rustc/90b35a6239c3d8bdabc530a6a0816f7ff89a0aaf/library/std/src/panicking.rs:809:13
[INFO] [stdout]   14:     0x611f947c28aa - std::panicking::begin_panic_handler::{{closure}}::hb5f5963570096b29
[INFO] [stdout]                                at /rustc/90b35a6239c3d8bdabc530a6a0816f7ff89a0aaf/library/std/src/panicking.rs:674:13
[INFO] [stdout]   15:     0x611f947c14c9 - std::sys::backtrace::__rust_end_short_backtrace::h6208cedc1922feda
[INFO] [stdout]                                at /rustc/90b35a6239c3d8bdabc530a6a0816f7ff89a0aaf/library/std/src/sys/backtrace.rs:170:18
[INFO] [stdout]   16:     0x611f947c253c - rust_begin_unwind
[INFO] [stdout]                                at /rustc/90b35a6239c3d8bdabc530a6a0816f7ff89a0aaf/library/std/src/panicking.rs:665:5
[INFO] [stdout]   17:     0x611f946d4aa0 - core::panicking::panic_fmt::h0c3082644d1bf418
[INFO] [stdout]                                at /rustc/90b35a6239c3d8bdabc530a6a0816f7ff89a0aaf/library/core/src/panicking.rs:74:14
[INFO] [stdout]   18:     0x611f946d4e6b - core::panicking::assert_failed_inner::h2ddf1fcc067fa858
[INFO] [stdout]   19:     0x611f94792e63 - core::panicking::assert_failed::h8bb10c93c1f52e37
[INFO] [stdout]                                at /rustc/90b35a6239c3d8bdabc530a6a0816f7ff89a0aaf/library/core/src/panicking.rs:367:5
[INFO] [stdout]   20:     0x611f946dbc77 - cargo_bup::table::tests::colorized_versions::hc88f15eb35850913
[INFO] [stdout]                                at /opt/rustwide/workdir/src/table.rs:270:9
[INFO] [stdout]   21:     0x611f946dbaa7 - cargo_bup::table::tests::colorized_versions::{{closure}}::h2382240a6c918402
[INFO] [stdout]                                at /opt/rustwide/workdir/src/table.rs:267:28
[INFO] [stdout]   22:     0x611f946dd506 - core::ops::function::FnOnce::call_once::haca136401658a71b
[INFO] [stdout]                                at /rustc/90b35a6239c3d8bdabc530a6a0816f7ff89a0aaf/library/core/src/ops/function.rs:250:5
[INFO] [stdout]   23:     0x611f9471c25b - core::ops::function::FnOnce::call_once::h109cf8051a59b34e
[INFO] [stdout]                                at /rustc/90b35a6239c3d8bdabc530a6a0816f7ff89a0aaf/library/core/src/ops/function.rs:250:5
[INFO] [stdout]   24:     0x611f9471c25b - test::__rust_begin_short_backtrace::hf4fff89d377446ba
[INFO] [stdout]                                at /rustc/90b35a6239c3d8bdabc530a6a0816f7ff89a0aaf/library/test/src/lib.rs:621:18
[INFO] [stdout]   25:     0x611f9471ba97 - test::run_test_in_process::{{closure}}::h0e39181dd7ee5a43
[INFO] [stdout]                                at /rustc/90b35a6239c3d8bdabc530a6a0816f7ff89a0aaf/library/test/src/lib.rs:644:60
[INFO] [stdout]   26:     0x611f9471ba97 - <core::panic::unwind_safe::AssertUnwindSafe<F> as core::ops::function::FnOnce<()>>::call_once::hc5a66a30f0bdfd1f
[INFO] [stdout]                                at /rustc/90b35a6239c3d8bdabc530a6a0816f7ff89a0aaf/library/core/src/panic/unwind_safe.rs:272:9
[INFO] [stdout]   27:     0x611f9471ba97 - std::panicking::try::do_call::h873b7cf639554a5e
[INFO] [stdout]                                at /rustc/90b35a6239c3d8bdabc530a6a0816f7ff89a0aaf/library/std/src/panicking.rs:557:40
[INFO] [stdout]   28:     0x611f9471ba97 - std::panicking::try::hdb19862fad9c8bd1
[INFO] [stdout]                                at /rustc/90b35a6239c3d8bdabc530a6a0816f7ff89a0aaf/library/std/src/panicking.rs:520:19
[INFO] [stdout]   29:     0x611f9471ba97 - std::panic::catch_unwind::h281fe732d236d260
[INFO] [stdout]                                at /rustc/90b35a6239c3d8bdabc530a6a0816f7ff89a0aaf/library/std/src/panic.rs:358:14
[INFO] [stdout]   30:     0x611f9471ba97 - test::run_test_in_process::h949b6df8457ed338
[INFO] [stdout]                                at /rustc/90b35a6239c3d8bdabc530a6a0816f7ff89a0aaf/library/test/src/lib.rs:644:27
[INFO] [stdout]   31:     0x611f9471ba97 - test::run_test::{{closure}}::h52c556a6d4740e10
[INFO] [stdout]                                at /rustc/90b35a6239c3d8bdabc530a6a0816f7ff89a0aaf/library/test/src/lib.rs:565:43
[INFO] [stdout]   32:     0x611f946e0d74 - test::run_test::{{closure}}::h4237f6381c45ccb9
[INFO] [stdout]                                at /rustc/90b35a6239c3d8bdabc530a6a0816f7ff89a0aaf/library/test/src/lib.rs:595:41
[INFO] [stdout]   33:     0x611f946e0d74 - std::sys::backtrace::__rust_begin_short_backtrace::h505c97a579eca628
[INFO] [stdout]                                at /rustc/90b35a6239c3d8bdabc530a6a0816f7ff89a0aaf/library/std/src/sys/backtrace.rs:154:18
[INFO] [stdout]   34:     0x611f946e443e - std::thread::Builder::spawn_unchecked_::{{closure}}::{{closure}}::h9e86b2e2bc107ea3
[INFO] [stdout]                                at /rustc/90b35a6239c3d8bdabc530a6a0816f7ff89a0aaf/library/std/src/thread/mod.rs:538:17
[INFO] [stdout]   35:     0x611f946e443e - <core::panic::unwind_safe::AssertUnwindSafe<F> as core::ops::function::FnOnce<()>>::call_once::h8b06ddb275ff4a25
[INFO] [stdout]                                at /rustc/90b35a6239c3d8bdabc530a6a0816f7ff89a0aaf/library/core/src/panic/unwind_safe.rs:272:9
[INFO] [stdout]   36:     0x611f946e443e - std::panicking::try::do_call::hb26ecd7cd9a9355d
[INFO] [stdout]                                at /rustc/90b35a6239c3d8bdabc530a6a0816f7ff89a0aaf/library/std/src/panicking.rs:557:40
[INFO] [stdout]   37:     0x611f946e443e - std::panicking::try::h8ddeca9d705f9069
[INFO] [stdout]                                at /rustc/90b35a6239c3d8bdabc530a6a0816f7ff89a0aaf/library/std/src/panicking.rs:520:19
[INFO] [stdout]   38:     0x611f946e443e - std::panic::catch_unwind::h49e1c33078844c46
[INFO] [stdout]                                at /rustc/90b35a6239c3d8bdabc530a6a0816f7ff89a0aaf/library/std/src/panic.rs:358:14
[INFO] [stdout]   39:     0x611f946e443e - std::thread::Builder::spawn_unchecked_::{{closure}}::h6073db6ff56ad35d
[INFO] [stdout]                                at /rustc/90b35a6239c3d8bdabc530a6a0816f7ff89a0aaf/library/std/src/thread/mod.rs:537:30
[INFO] [stdout]   40:     0x611f946e443e - core::ops::function::FnOnce::call_once{{vtable.shim}}::h2c5a5f3779c774f1
[INFO] [stdout]                                at /rustc/90b35a6239c3d8bdabc530a6a0816f7ff89a0aaf/library/core/src/ops/function.rs:250:5
[INFO] [stdout]   41:     0x611f947c683b - <alloc::boxed::Box<F,A> as core::ops::function::FnOnce<Args>>::call_once::hf75717d9f28faebf
[INFO] [stdout]                                at /rustc/90b35a6239c3d8bdabc530a6a0816f7ff89a0aaf/library/alloc/src/boxed.rs:2454:9
[INFO] [stdout]   42:     0x611f947c683b - <alloc::boxed::Box<F,A> as core::ops::function::FnOnce<Args>>::call_once::h7bd883a5f3c5f3c1
[INFO] [stdout]                                at /rustc/90b35a6239c3d8bdabc530a6a0816f7ff89a0aaf/library/alloc/src/boxed.rs:2454:9
[INFO] [stdout]   43:     0x611f947c683b - std::sys::pal::unix::thread::Thread::new::thread_start::hcc78f3943333fa94
[INFO] [stdout]                                at /rustc/90b35a6239c3d8bdabc530a6a0816f7ff89a0aaf/library/std/src/sys/pal/unix/thread.rs:105:17
[INFO] [stdout]   44:     0x7f1835fc2ac3 - <unknown>
[INFO] [stdout]   45:     0x7f1836053a04 - clone
[INFO] [stdout]   46:                0x0 - <unknown>
[INFO] [stdout] 
[INFO] [stdout] 
[INFO] [stdout] failures:
[INFO] [stdout]     table::tests::colorized_versions
[INFO] [stdout] 
[INFO] [stdout] test result: FAILED. 1 passed; 1 failed; 0 ignored; 0 measured; 0 filtered out; finished in 0.28s
[INFO] [stdout] 
[INFO] [stderr] error: test failed, to rerun pass `--bin cargo-bup`
[INFO] running `Command { std: "docker" "inspect" "c87d0ae2c14e2ca703ec15fb4fbd5ffc5a72b7a90fd75aa94f959c6d8c76283a", kill_on_drop: false }`
[INFO] running `Command { std: "docker" "rm" "-f" "c87d0ae2c14e2ca703ec15fb4fbd5ffc5a72b7a90fd75aa94f959c6d8c76283a", kill_on_drop: false }`
[INFO] [stdout] c87d0ae2c14e2ca703ec15fb4fbd5ffc5a72b7a90fd75aa94f959c6d8c76283a
