[INFO] cloning repository https://github.com/dmschreiber/advent-of-code-2018
[INFO] running `Command { std: "git" "-c" "credential.helper=" "-c" "credential.helper=/workspace/cargo-home/bin/git-credential-null" "clone" "--bare" "https://github.com/dmschreiber/advent-of-code-2018" "/workspace/cache/git-repos/https%3A%2F%2Fgithub.com%2Fdmschreiber%2Fadvent-of-code-2018", kill_on_drop: false }`
[INFO] [stderr] Cloning into bare repository '/workspace/cache/git-repos/https%3A%2F%2Fgithub.com%2Fdmschreiber%2Fadvent-of-code-2018'...
[INFO] running `Command { std: "git" "rev-parse" "HEAD", kill_on_drop: false }`
[INFO] [stdout] 673173031121af8103c4cab7120cac905265a67d
[INFO] testing dmschreiber/advent-of-code-2018/673173031121af8103c4cab7120cac905265a67d against 1.83.0 for beta-1.84.0-4-retry
[INFO] running `Command { std: "git" "clone" "/workspace/cache/git-repos/https%3A%2F%2Fgithub.com%2Fdmschreiber%2Fadvent-of-code-2018" "/workspace/builds/worker-0-tc1/source", kill_on_drop: false }`
[INFO] [stderr] Cloning into '/workspace/builds/worker-0-tc1/source'...
[INFO] [stderr] done.
[INFO] validating manifest of git repo https://github.com/dmschreiber/advent-of-code-2018 on toolchain 1.83.0
[INFO] running `Command { std: CARGO_HOME="/workspace/cargo-home" RUSTUP_HOME="/workspace/rustup-home" "/workspace/cargo-home/bin/cargo" "+1.83.0" "metadata" "--manifest-path" "Cargo.toml" "--no-deps", kill_on_drop: false }`
[INFO] started tweaking git repo https://github.com/dmschreiber/advent-of-code-2018
[INFO] finished tweaking git repo https://github.com/dmschreiber/advent-of-code-2018
[INFO] tweaked toml for git repo https://github.com/dmschreiber/advent-of-code-2018 written to /workspace/builds/worker-0-tc1/source/Cargo.toml
[INFO] crate git repo https://github.com/dmschreiber/advent-of-code-2018 already has a lockfile, it will not be regenerated
[INFO] running `Command { std: CARGO_HOME="/workspace/cargo-home" RUSTUP_HOME="/workspace/rustup-home" "/workspace/cargo-home/bin/cargo" "+1.83.0" "fetch" "--manifest-path" "Cargo.toml", kill_on_drop: false }`
[INFO] [stderr]     Updating crates.io index
[INFO] [stderr]  Downloading crates ...
[INFO] [stderr]   Downloaded tokio-stream v0.1.1
[INFO] [stderr]   Downloaded tokio-macros v1.0.0
[INFO] [stderr]   Downloaded instant v0.1.9
[INFO] [stderr]   Downloaded strsim v0.9.3
[INFO] [stderr]   Downloaded async-trait v0.1.42
[INFO] [stderr]   Downloaded darling_core v0.10.2
[INFO] [stderr]   Downloaded signal-hook-registry v1.3.0
[INFO] [stderr]   Downloaded hashbrown v0.9.1
[INFO] [stderr]   Downloaded itertools v0.10.0
[INFO] [stderr]   Downloaded futures-util v0.3.9
[INFO] [stderr]   Downloaded pathfinding v2.1.1
[INFO] [stderr]   Downloaded mio v0.7.7
[INFO] [stderr]   Downloaded syn v1.0.58
[INFO] [stderr]   Downloaded futures v0.3.8
[INFO] [stderr]   Downloaded cached v0.22.0
[INFO] [stderr]   Downloaded indexmap v1.6.1
[INFO] [stderr]   Downloaded bytes v1.0.0
[INFO] [stderr]   Downloaded log v0.4.11
[INFO] [stderr]   Downloaded once_cell v1.5.2
[INFO] [stderr]   Downloaded parking_lot_core v0.8.2
[INFO] [stderr]   Downloaded parking_lot v0.11.1
[INFO] [stderr]   Downloaded event-listener v2.5.1
[INFO] [stderr]   Downloaded async-mutex v1.4.0
[INFO] [stderr]   Downloaded darling v0.10.2
[INFO] [stderr]   Downloaded futures-channel v0.3.10
[INFO] [stderr]   Downloaded futures-task v0.3.10
[INFO] [stderr]   Downloaded tokio v1.0.1
[INFO] [stderr]   Downloaded colored v2.0.0
[INFO] [stderr]   Downloaded fixedbitset v0.3.1
[INFO] [stderr]   Downloaded libc v0.2.82
[INFO] [stderr]   Downloaded thread_local v1.1.0
[INFO] [stderr]   Downloaded futures-io v0.3.9
[INFO] [stderr]   Downloaded futures-sink v0.3.10
[INFO] [stderr]   Downloaded futures-core v0.3.10
[INFO] [stderr]   Downloaded socket2 v0.3.19
[INFO] [stderr]   Downloaded miow v0.3.6
[INFO] [stderr]   Downloaded hermit-abi v0.1.17
[INFO] [stderr]   Downloaded lock_api v0.4.2
[INFO] [stderr]   Downloaded pin-project-lite v0.2.1
[INFO] [stderr]   Downloaded proc-macro2 v1.0.24
[INFO] [stderr]   Downloaded quote v1.0.8
[INFO] [stderr]   Downloaded unicode-xid v0.2.1
[INFO] [stderr]   Downloaded tokio-util v0.6.0
[INFO] [stderr]   Downloaded darling_macro v0.10.2
[INFO] [stderr]   Downloaded cached_proc_macro v0.6.0
[INFO] [stderr]   Downloaded cached_proc_macro_types v0.1.0
[INFO] [stderr]   Downloaded futures-executor v0.3.9
[INFO] [stderr]   Downloaded futures-macro v0.3.9
[INFO] [stderr]   Downloaded proc-macro-nested v0.1.7
[INFO] running `Command { std: "docker" "create" "-v" "/var/lib/crater-agent-workspace/builds/worker-0-tc1/target:/opt/rustwide/target:rw,Z" "-v" "/var/lib/crater-agent-workspace/builds/worker-0-tc1/source:/opt/rustwide/workdir:ro,Z" "-v" "/var/lib/crater-agent-workspace/cargo-home:/opt/rustwide/cargo-home:ro,Z" "-v" "/var/lib/crater-agent-workspace/rustup-home:/opt/rustwide/rustup-home:ro,Z" "-e" "SOURCE_DIR=/opt/rustwide/workdir" "-e" "CARGO_TARGET_DIR=/opt/rustwide/target" "-e" "CARGO_HOME=/opt/rustwide/cargo-home" "-e" "RUSTUP_HOME=/opt/rustwide/rustup-home" "-w" "/opt/rustwide/workdir" "-m" "1610612736" "--user" "0:0" "--network" "none" "ghcr.io/rust-lang/crates-build-env/linux@sha256:f3a9d4ad9d972b27faf3965f35b62e55ba32bbce8f20bc8fe909558a86702fde" "/opt/rustwide/cargo-home/bin/cargo" "+1.83.0" "metadata" "--no-deps" "--format-version=1", kill_on_drop: false }`
[INFO] [stdout] d6419be889f68c85dfb6e63efe85337e074b8e2c8c6c5d9598c11e3b7f429b95
[INFO] running `Command { std: "docker" "start" "-a" "d6419be889f68c85dfb6e63efe85337e074b8e2c8c6c5d9598c11e3b7f429b95", kill_on_drop: false }`
[INFO] running `Command { std: "docker" "inspect" "d6419be889f68c85dfb6e63efe85337e074b8e2c8c6c5d9598c11e3b7f429b95", kill_on_drop: false }`
[INFO] running `Command { std: "docker" "rm" "-f" "d6419be889f68c85dfb6e63efe85337e074b8e2c8c6c5d9598c11e3b7f429b95", kill_on_drop: false }`
[INFO] [stdout] d6419be889f68c85dfb6e63efe85337e074b8e2c8c6c5d9598c11e3b7f429b95
[INFO] running `Command { std: "docker" "create" "-v" "/var/lib/crater-agent-workspace/builds/worker-0-tc1/target:/opt/rustwide/target:rw,Z" "-v" "/var/lib/crater-agent-workspace/builds/worker-0-tc1/source:/opt/rustwide/workdir:ro,Z" "-v" "/var/lib/crater-agent-workspace/cargo-home:/opt/rustwide/cargo-home:ro,Z" "-v" "/var/lib/crater-agent-workspace/rustup-home:/opt/rustwide/rustup-home:ro,Z" "-e" "SOURCE_DIR=/opt/rustwide/workdir" "-e" "CARGO_TARGET_DIR=/opt/rustwide/target" "-e" "CARGO_INCREMENTAL=0" "-e" "RUST_BACKTRACE=full" "-e" "RUSTFLAGS=--cap-lints=warn" "-e" "RUSTDOCFLAGS=--cap-lints=warn" "-e" "CARGO_HOME=/opt/rustwide/cargo-home" "-e" "RUSTUP_HOME=/opt/rustwide/rustup-home" "-w" "/opt/rustwide/workdir" "-m" "1610612736" "--user" "0:0" "--network" "none" "ghcr.io/rust-lang/crates-build-env/linux@sha256:f3a9d4ad9d972b27faf3965f35b62e55ba32bbce8f20bc8fe909558a86702fde" "/opt/rustwide/cargo-home/bin/cargo" "+1.83.0" "build" "--frozen" "--message-format=json", kill_on_drop: false }`
[INFO] [stdout] ca97c2316e50ec0570a23d605798d883c5a309bcfc75a30930d4fdedf53b0f56
[INFO] running `Command { std: "docker" "start" "-a" "ca97c2316e50ec0570a23d605798d883c5a309bcfc75a30930d4fdedf53b0f56", kill_on_drop: false }`
[INFO] [stderr]    Compiling proc-macro2 v1.0.24
[INFO] [stderr]    Compiling unicode-xid v0.2.1
[INFO] [stderr]    Compiling syn v1.0.58
[INFO] [stderr]    Compiling autocfg v1.0.1
[INFO] [stderr]    Compiling libc v0.2.82
[INFO] [stderr]    Compiling memchr v2.3.4
[INFO] [stderr]    Compiling once_cell v1.5.2
[INFO] [stderr]    Compiling proc-macro-hack v0.5.19
[INFO] [stderr]    Compiling futures-core v0.3.10
[INFO] [stderr]    Compiling pin-project-lite v0.2.1
[INFO] [stderr]    Compiling log v0.4.11
[INFO] [stderr]    Compiling proc-macro-nested v0.1.7
[INFO] [stderr]    Compiling futures-sink v0.3.10
[INFO] [stderr]    Compiling fnv v1.0.7
[INFO] [stderr]    Compiling futures-io v0.3.9
[INFO] [stderr]    Compiling instant v0.1.9
[INFO] [stderr]    Compiling strsim v0.9.3
[INFO] [stderr]    Compiling slab v0.4.2
[INFO] [stderr]    Compiling cfg-if v0.1.10
[INFO] [stderr]    Compiling smallvec v1.6.1
[INFO] [stderr]    Compiling ident_case v1.0.1
[INFO] [stderr]    Compiling futures-channel v0.3.10
[INFO] [stderr]    Compiling futures-task v0.3.10
[INFO] [stderr]    Compiling lock_api v0.4.2
[INFO] [stderr]    Compiling event-listener v2.5.1
[INFO] [stderr]    Compiling bytes v1.0.0
[INFO] [stderr]    Compiling either v1.6.1
[INFO] [stderr]    Compiling async-mutex v1.4.0
[INFO] [stderr]    Compiling cached_proc_macro_types v0.1.0
[INFO] [stderr]    Compiling hashbrown v0.9.1
[INFO] [stderr]    Compiling tokio v1.0.1
[INFO] [stderr]    Compiling num-traits v0.2.14
[INFO] [stderr]    Compiling indexmap v1.6.1
[INFO] [stderr]    Compiling itertools v0.9.0
[INFO] [stderr]    Compiling thread_local v1.1.0
[INFO] [stderr]    Compiling fixedbitset v0.3.1
[INFO] [stderr]    Compiling regex-syntax v0.6.21
[INFO] [stderr]    Compiling itertools v0.10.0
[INFO] [stderr]    Compiling aho-corasick v0.7.15
[INFO] [stderr]    Compiling quote v1.0.8
[INFO] [stderr]    Compiling parking_lot_core v0.8.2
[INFO] [stderr]    Compiling signal-hook-registry v1.3.0
[INFO] [stderr]    Compiling num_cpus v1.13.0
[INFO] [stderr]    Compiling mio v0.7.7
[INFO] [stderr]    Compiling atty v0.2.14
[INFO] [stderr]    Compiling colored v2.0.0
[INFO] [stderr]    Compiling parking_lot v0.11.1
[INFO] [stderr]    Compiling pathfinding v2.1.1
[INFO] [stderr]    Compiling regex v1.4.2
[INFO] [stderr]    Compiling darling_core v0.10.2
[INFO] [stderr]    Compiling futures-macro v0.3.9
[INFO] [stderr]    Compiling tokio-macros v1.0.0
[INFO] [stderr]    Compiling async-trait v0.1.42
[INFO] [stderr]    Compiling darling_macro v0.10.2
[INFO] [stderr]    Compiling futures-util v0.3.9
[INFO] [stderr]    Compiling darling v0.10.2
[INFO] [stderr]    Compiling cached_proc_macro v0.6.0
[INFO] [stderr]    Compiling futures-executor v0.3.9
[INFO] [stderr]    Compiling futures v0.3.8
[INFO] [stderr]    Compiling cached v0.22.0
[INFO] [stderr]    Compiling tokio-stream v0.1.1
[INFO] [stderr]    Compiling tokio-util v0.6.0
[INFO] [stderr]    Compiling puzzle-base v0.1.0 (/opt/rustwide/workdir)
[INFO] [stdout] warning: variable does not need to be mutable
[INFO] [stdout]    --> src/puzzle24.rs:118:13
[INFO] [stdout]     |
[INFO] [stdout] 118 |         let mut target_group = groups.get_mut(target_pos).unwrap();
[INFO] [stdout]     |             ----^^^^^^^^^^^^
[INFO] [stdout]     |             |
[INFO] [stdout]     |             help: remove this `mut`
[INFO] [stdout]     |
[INFO] [stdout]     = note: `#[warn(unused_mut)]` on by default
[INFO] [stdout] 
[INFO] [stdout] 
[INFO] [stdout] warning: variable does not need to be mutable
[INFO] [stdout]    --> src/puzzle15.rs:169:7
[INFO] [stdout]     |
[INFO] [stdout] 169 |   let mut target = units.get_mut(target_position).unwrap();
[INFO] [stdout]     |       ----^^^^^^
[INFO] [stdout]     |       |
[INFO] [stdout]     |       help: remove this `mut`
[INFO] [stdout] 
[INFO] [stdout] 
[INFO] [stdout] warning: variable does not need to be mutable
[INFO] [stdout]    --> src/puzzle15.rs:190:7
[INFO] [stdout]     |
[INFO] [stdout] 190 |   let mut target = units.get_mut(target_position).unwrap();
[INFO] [stdout]     |       ----^^^^^^
[INFO] [stdout]     |       |
[INFO] [stdout]     |       help: remove this `mut`
[INFO] [stdout] 
[INFO] [stdout] 
[INFO] [stdout] warning: variable does not need to be mutable
[INFO] [stdout]   --> src/puzzle9.rs:86:7
[INFO] [stdout]    |
[INFO] [stdout] 86 |   let mut prev = map.get_mut(&prev_marble).unwrap();
[INFO] [stdout]    |       ----^^^^
[INFO] [stdout]    |       |
[INFO] [stdout]    |       help: remove this `mut`
[INFO] [stdout] 
[INFO] [stdout] 
[INFO] [stdout] warning: variable does not need to be mutable
[INFO] [stdout]   --> src/puzzle9.rs:88:7
[INFO] [stdout]    |
[INFO] [stdout] 88 |   let mut next = map.get_mut(&next_marble).unwrap();
[INFO] [stdout]    |       ----^^^^
[INFO] [stdout]    |       |
[INFO] [stdout]    |       help: remove this `mut`
[INFO] [stdout] 
[INFO] [stdout] 
[INFO] [stdout] warning: call to `.clone()` on a reference in this situation does nothing
[INFO] [stdout]   --> src/puzzle9.rs:82:40
[INFO] [stdout]    |
[INFO] [stdout] 82 |   let target = map.get(&which).unwrap().clone();
[INFO] [stdout]    |                                        ^^^^^^^^
[INFO] [stdout]    |
[INFO] [stdout]    = note: the type `Marble` does not implement `Clone`, so calling `clone` on `&Marble` copies the reference, which does not do anything and can be removed
[INFO] [stdout]    = note: `#[warn(noop_method_call)]` on by default
[INFO] [stdout] help: remove this redundant call
[INFO] [stdout]    |
[INFO] [stdout] 82 -   let target = map.get(&which).unwrap().clone();
[INFO] [stdout] 82 +   let target = map.get(&which).unwrap();
[INFO] [stdout]    |
[INFO] [stdout] help: if you meant to clone `Marble`, implement `Clone` for it
[INFO] [stdout]    |
[INFO] [stdout] 29 + #[derive(Clone)]
[INFO] [stdout] 30 | pub struct Marble {
[INFO] [stdout]    |
[INFO] [stdout] 
[INFO] [stdout] 
[INFO] [stderr]     Finished `dev` profile [unoptimized + debuginfo] target(s) in 33.98s
[INFO] running `Command { std: "docker" "inspect" "ca97c2316e50ec0570a23d605798d883c5a309bcfc75a30930d4fdedf53b0f56", kill_on_drop: false }`
[INFO] running `Command { std: "docker" "rm" "-f" "ca97c2316e50ec0570a23d605798d883c5a309bcfc75a30930d4fdedf53b0f56", kill_on_drop: false }`
[INFO] [stdout] ca97c2316e50ec0570a23d605798d883c5a309bcfc75a30930d4fdedf53b0f56
[INFO] running `Command { std: "docker" "create" "-v" "/var/lib/crater-agent-workspace/builds/worker-0-tc1/target:/opt/rustwide/target:rw,Z" "-v" "/var/lib/crater-agent-workspace/builds/worker-0-tc1/source:/opt/rustwide/workdir:ro,Z" "-v" "/var/lib/crater-agent-workspace/cargo-home:/opt/rustwide/cargo-home:ro,Z" "-v" "/var/lib/crater-agent-workspace/rustup-home:/opt/rustwide/rustup-home:ro,Z" "-e" "SOURCE_DIR=/opt/rustwide/workdir" "-e" "CARGO_TARGET_DIR=/opt/rustwide/target" "-e" "CARGO_INCREMENTAL=0" "-e" "RUST_BACKTRACE=full" "-e" "RUSTFLAGS=--cap-lints=warn" "-e" "RUSTDOCFLAGS=--cap-lints=warn" "-e" "CARGO_HOME=/opt/rustwide/cargo-home" "-e" "RUSTUP_HOME=/opt/rustwide/rustup-home" "-w" "/opt/rustwide/workdir" "-m" "1610612736" "--user" "0:0" "--network" "none" "ghcr.io/rust-lang/crates-build-env/linux@sha256:f3a9d4ad9d972b27faf3965f35b62e55ba32bbce8f20bc8fe909558a86702fde" "/opt/rustwide/cargo-home/bin/cargo" "+1.83.0" "test" "--frozen" "--no-run" "--message-format=json", kill_on_drop: false }`
[INFO] [stdout] d788ca8f7b3b74776f48522bcaa1bec1bcb70deb7dcc9ccf290180ee83d8f409
[INFO] running `Command { std: "docker" "start" "-a" "d788ca8f7b3b74776f48522bcaa1bec1bcb70deb7dcc9ccf290180ee83d8f409", kill_on_drop: false }`
[INFO] [stderr]    Compiling puzzle-base v0.1.0 (/opt/rustwide/workdir)
[INFO] [stdout] warning: variable does not need to be mutable
[INFO] [stdout]    --> src/puzzle24.rs:118:13
[INFO] [stdout]     |
[INFO] [stdout] 118 |         let mut target_group = groups.get_mut(target_pos).unwrap();
[INFO] [stdout]     |             ----^^^^^^^^^^^^
[INFO] [stdout]     |             |
[INFO] [stdout]     |             help: remove this `mut`
[INFO] [stdout]     |
[INFO] [stdout]     = note: `#[warn(unused_mut)]` on by default
[INFO] [stdout] 
[INFO] [stdout] 
[INFO] [stdout] warning: variable does not need to be mutable
[INFO] [stdout]    --> src/puzzle15.rs:169:7
[INFO] [stdout]     |
[INFO] [stdout] 169 |   let mut target = units.get_mut(target_position).unwrap();
[INFO] [stdout]     |       ----^^^^^^
[INFO] [stdout]     |       |
[INFO] [stdout]     |       help: remove this `mut`
[INFO] [stdout] 
[INFO] [stdout] 
[INFO] [stdout] warning: variable does not need to be mutable
[INFO] [stdout]    --> src/puzzle15.rs:190:7
[INFO] [stdout]     |
[INFO] [stdout] 190 |   let mut target = units.get_mut(target_position).unwrap();
[INFO] [stdout]     |       ----^^^^^^
[INFO] [stdout]     |       |
[INFO] [stdout]     |       help: remove this `mut`
[INFO] [stdout] 
[INFO] [stdout] 
[INFO] [stdout] warning: variable does not need to be mutable
[INFO] [stdout]   --> src/puzzle9.rs:86:7
[INFO] [stdout]    |
[INFO] [stdout] 86 |   let mut prev = map.get_mut(&prev_marble).unwrap();
[INFO] [stdout]    |       ----^^^^
[INFO] [stdout]    |       |
[INFO] [stdout]    |       help: remove this `mut`
[INFO] [stdout] 
[INFO] [stdout] 
[INFO] [stdout] warning: variable does not need to be mutable
[INFO] [stdout]   --> src/puzzle9.rs:88:7
[INFO] [stdout]    |
[INFO] [stdout] 88 |   let mut next = map.get_mut(&next_marble).unwrap();
[INFO] [stdout]    |       ----^^^^
[INFO] [stdout]    |       |
[INFO] [stdout]    |       help: remove this `mut`
[INFO] [stdout] 
[INFO] [stdout] 
[INFO] [stdout] warning: call to `.clone()` on a reference in this situation does nothing
[INFO] [stdout]   --> src/puzzle9.rs:82:40
[INFO] [stdout]    |
[INFO] [stdout] 82 |   let target = map.get(&which).unwrap().clone();
[INFO] [stdout]    |                                        ^^^^^^^^
[INFO] [stdout]    |
[INFO] [stdout]    = note: the type `Marble` does not implement `Clone`, so calling `clone` on `&Marble` copies the reference, which does not do anything and can be removed
[INFO] [stdout]    = note: `#[warn(noop_method_call)]` on by default
[INFO] [stdout] help: remove this redundant call
[INFO] [stdout]    |
[INFO] [stdout] 82 -   let target = map.get(&which).unwrap().clone();
[INFO] [stdout] 82 +   let target = map.get(&which).unwrap();
[INFO] [stdout]    |
[INFO] [stdout] help: if you meant to clone `Marble`, implement `Clone` for it
[INFO] [stdout]    |
[INFO] [stdout] 29 + #[derive(Clone)]
[INFO] [stdout] 30 | pub struct Marble {
[INFO] [stdout]    |
[INFO] [stdout] 
[INFO] [stdout] 
[INFO] [stderr]     Finished `test` profile [unoptimized + debuginfo] target(s) in 4.96s
[INFO] running `Command { std: "docker" "inspect" "d788ca8f7b3b74776f48522bcaa1bec1bcb70deb7dcc9ccf290180ee83d8f409", kill_on_drop: false }`
[INFO] running `Command { std: "docker" "rm" "-f" "d788ca8f7b3b74776f48522bcaa1bec1bcb70deb7dcc9ccf290180ee83d8f409", kill_on_drop: false }`
[INFO] [stdout] d788ca8f7b3b74776f48522bcaa1bec1bcb70deb7dcc9ccf290180ee83d8f409
[INFO] running `Command { std: "docker" "create" "-v" "/var/lib/crater-agent-workspace/builds/worker-0-tc1/target:/opt/rustwide/target:rw,Z" "-v" "/var/lib/crater-agent-workspace/builds/worker-0-tc1/source:/opt/rustwide/workdir:ro,Z" "-v" "/var/lib/crater-agent-workspace/cargo-home:/opt/rustwide/cargo-home:ro,Z" "-v" "/var/lib/crater-agent-workspace/rustup-home:/opt/rustwide/rustup-home:ro,Z" "-e" "SOURCE_DIR=/opt/rustwide/workdir" "-e" "CARGO_TARGET_DIR=/opt/rustwide/target" "-e" "CARGO_INCREMENTAL=0" "-e" "RUST_BACKTRACE=full" "-e" "RUSTFLAGS=--cap-lints=warn" "-e" "RUSTDOCFLAGS=--cap-lints=warn" "-e" "CARGO_HOME=/opt/rustwide/cargo-home" "-e" "RUSTUP_HOME=/opt/rustwide/rustup-home" "-w" "/opt/rustwide/workdir" "-m" "1610612736" "--user" "0:0" "--network" "none" "ghcr.io/rust-lang/crates-build-env/linux@sha256:f3a9d4ad9d972b27faf3965f35b62e55ba32bbce8f20bc8fe909558a86702fde" "/opt/rustwide/cargo-home/bin/cargo" "+1.83.0" "test" "--frozen", kill_on_drop: false }`
[INFO] [stdout] d130189478e8644285dec3722a21edf0b64f65b6b3fdc758dd073d868848274b
[INFO] running `Command { std: "docker" "start" "-a" "d130189478e8644285dec3722a21edf0b64f65b6b3fdc758dd073d868848274b", kill_on_drop: false }`
[INFO] [stderr] warning: variable does not need to be mutable
[INFO] [stderr]    --> src/puzzle24.rs:118:13
[INFO] [stderr]     |
[INFO] [stderr] 118 |         let mut target_group = groups.get_mut(target_pos).unwrap();
[INFO] [stderr]     |             ----^^^^^^^^^^^^
[INFO] [stderr]     |             |
[INFO] [stderr]     |             help: remove this `mut`
[INFO] [stderr]     |
[INFO] [stderr]     = note: `#[warn(unused_mut)]` on by default
[INFO] [stderr] 
[INFO] [stderr] warning: variable does not need to be mutable
[INFO] [stderr]    --> src/puzzle15.rs:169:7
[INFO] [stderr]     |
[INFO] [stderr] 169 |   let mut target = units.get_mut(target_position).unwrap();
[INFO] [stderr]     |       ----^^^^^^
[INFO] [stderr]     |       |
[INFO] [stderr]     |       help: remove this `mut`
[INFO] [stderr] 
[INFO] [stderr] warning: variable does not need to be mutable
[INFO] [stderr]    --> src/puzzle15.rs:190:7
[INFO] [stderr]     |
[INFO] [stderr] 190 |   let mut target = units.get_mut(target_position).unwrap();
[INFO] [stderr]     |       ----^^^^^^
[INFO] [stderr]     |       |
[INFO] [stderr]     |       help: remove this `mut`
[INFO] [stderr] 
[INFO] [stderr] warning: variable does not need to be mutable
[INFO] [stderr]   --> src/puzzle9.rs:86:7
[INFO] [stderr]    |
[INFO] [stderr] 86 |   let mut prev = map.get_mut(&prev_marble).unwrap();
[INFO] [stderr]    |       ----^^^^
[INFO] [stderr]    |       |
[INFO] [stderr]    |       help: remove this `mut`
[INFO] [stderr] 
[INFO] [stderr] warning: variable does not need to be mutable
[INFO] [stderr]   --> src/puzzle9.rs:88:7
[INFO] [stderr]    |
[INFO] [stderr] 88 |   let mut next = map.get_mut(&next_marble).unwrap();
[INFO] [stderr]    |       ----^^^^
[INFO] [stderr]    |       |
[INFO] [stderr]    |       help: remove this `mut`
[INFO] [stderr] 
[INFO] [stderr] warning: call to `.clone()` on a reference in this situation does nothing
[INFO] [stderr]   --> src/puzzle9.rs:82:40
[INFO] [stderr]    |
[INFO] [stderr] 82 |   let target = map.get(&which).unwrap().clone();
[INFO] [stderr]    |                                        ^^^^^^^^
[INFO] [stderr]    |
[INFO] [stderr]    = note: the type `Marble` does not implement `Clone`, so calling `clone` on `&Marble` copies the reference, which does not do anything and can be removed
[INFO] [stderr]    = note: `#[warn(noop_method_call)]` on by default
[INFO] [stderr] help: remove this redundant call
[INFO] [stderr]    |
[INFO] [stderr] 82 -   let target = map.get(&which).unwrap().clone();
[INFO] [stderr] 82 +   let target = map.get(&which).unwrap();
[INFO] [stderr]    |
[INFO] [stderr] help: if you meant to clone `Marble`, implement `Clone` for it
[INFO] [stderr]    |
[INFO] [stderr] 29 + #[derive(Clone)]
[INFO] [stderr] 30 | pub struct Marble {
[INFO] [stderr]    |
[INFO] [stderr] 
[INFO] [stderr] warning: `puzzle-base` (bin "puzzle-base" test) generated 6 warnings (run `cargo fix --bin "puzzle-base" --tests` to apply 6 suggestions)
[INFO] [stderr]     Finished `test` profile [unoptimized + debuginfo] target(s) in 0.09s
[INFO] [stderr]      Running unittests src/main.rs (/opt/rustwide/target/debug/deps/puzzle_base-fccafc172b3e35e9)
[INFO] [stdout] 
[INFO] [stdout] running 51 tests
[INFO] [stdout] test common::tests::common_tests ... ok
[INFO] [stdout] test puzzle14::tests::puzzle14_test ... ok
[INFO] [stdout] test puzzle13::tests::puzzle13_test ... ok
[INFO] [stdout] test puzzle10::tests::puzzle10_test ... ok
[INFO] [stdout] test puzzle16::tests::puzzle16_test ... ok
[INFO] [stdout] test puzzle17::tests::puzzle17_test ... ok
[INFO] [stdout] test puzzle19::tests::puzzle19_test ... ok
[INFO] [stdout] test puzzle1::tests::puzzle1_test ... ok
[INFO] [stdout] test puzzle1::tests::puzzle1_prod ... ok
[INFO] [stdout] test puzzle20::tests::puzzle20_test ... ok
[INFO] [stdout] test puzzle21::tests::puzzle21_prod ... FAILED
[INFO] [stdout] test puzzle21::tests::puzzle21_test ... ok
[INFO] [stdout] test puzzle18::tests::puzzle18_test ... ok
[INFO] [stdout] test puzzle22::tests::puzzle22_test ... ok
[INFO] [stdout] test puzzle15::tests::puzzle15_test ... ok
[INFO] [stdout] test puzzle23::tests::puzzle23_test ... ok
[INFO] [stdout] test puzzle16::tests::puzzle16_prod ... ok
[INFO] [stdout] test puzzle24::tests::puzzle24_test ... ok
[INFO] [stdout] test puzzle24::tests::puzzle24_prod ... FAILED
[INFO] [stdout] test puzzle25::tests::puzzle25_test ... ok
[INFO] [stdout] test puzzle13::tests::puzzle13_prod ... ok
[INFO] [stdout] test puzzle2::tests::puzzle2_test ... ok
[INFO] [stdout] test puzzle2::tests::puzzle2_prod ... ok
[INFO] [stdout] test puzzle3::tests::puzzle3_test ... ok
[INFO] [stdout] test puzzle4::tests::puzzle4_prod ... ok
[INFO] [stdout] test puzzle4::tests::puzzle4_test ... ok
[INFO] [stdout] test puzzle3::tests::puzzle3_prod ... ok
[INFO] [stdout] test puzzle5::tests::puzzle5_test ... ok
[INFO] [stdout] test puzzle19::tests::puzzle19_prod ... ok
[INFO] [stdout] test puzzle6::tests::puzzle6_test ... ok
[INFO] [stdout] test puzzle7::tests::puzzle7_prod ... ok
[INFO] [stdout] test puzzle7::tests::puzzle7_test ... ok
[INFO] [stdout] test puzzle8::tests::puzzle8_prod ... ok
[INFO] [stdout] test puzzle8::tests::puzzle8_test ... ok
[INFO] [stdout] test puzzle14::tests::puzzle14_prod ... ok
[INFO] [stdout] test puzzle12::tests::puzzle12_test ... ok
[INFO] [stdout] test puzzle6::tests::puzzle6_prod ... ok
[INFO] [stdout] test puzzle9::tests::puzzle9_test ... ok
[INFO] [stdout] test puzzle10::tests::puzzle10_prod has been running for over 60 seconds
[INFO] [stdout] test puzzle11::tests::puzzle11_prod has been running for over 60 seconds
[INFO] [stdout] test puzzle11::tests::puzzle11_test has been running for over 60 seconds
[INFO] [stdout] test puzzle12::tests::puzzle12_prod has been running for over 60 seconds
[INFO] [stdout] test puzzle15::tests::puzzle15_prod has been running for over 60 seconds
[INFO] [stdout] test puzzle17::tests::puzzle17_prod has been running for over 60 seconds
[INFO] [stdout] test puzzle18::tests::puzzle18_prod has been running for over 60 seconds
[INFO] [stdout] test puzzle20::tests::puzzle20_prod has been running for over 60 seconds
[INFO] [stdout] test puzzle22::tests::puzzle22_prod has been running for over 60 seconds
[INFO] [stdout] test puzzle23::tests::puzzle23_prod has been running for over 60 seconds
[INFO] [stdout] test puzzle25::tests::puzzle25_prod has been running for over 60 seconds
[INFO] [stdout] test puzzle5::tests::puzzle5_prod has been running for over 60 seconds
[INFO] [stdout] test puzzle23::tests::puzzle23_prod ... ok
[INFO] [stdout] test puzzle22::tests::puzzle22_prod ... ok
[INFO] [stdout] test puzzle9::tests::puzzle9_prod has been running for over 60 seconds
[INFO] [stdout] test puzzle12::tests::puzzle12_prod ... ok
[INFO] [stdout] test puzzle18::tests::puzzle18_prod ... ok
[INFO] [stdout] test puzzle11::tests::puzzle11_prod ... ok
[INFO] [stdout] test puzzle11::tests::puzzle11_test ... ok
[INFO] [stdout] test puzzle9::tests::puzzle9_prod ... ok
[INFO] [stdout] test puzzle25::tests::puzzle25_prod ... ok
[INFO] [stdout] test puzzle5::tests::puzzle5_prod ... ok
[INFO] [stdout] test puzzle15::tests::puzzle15_prod ... ok
[INFO] [stdout] test puzzle10::tests::puzzle10_prod ... ok
[INFO] [stdout] test puzzle17::tests::puzzle17_prod ... ok
[INFO] [stdout] test puzzle20::tests::puzzle20_prod ... ok
[INFO] [stdout] 
[INFO] [stdout] failures:
[INFO] [stdout] 
[INFO] [stdout] ---- puzzle21::tests::puzzle21_prod stdout ----
[INFO] [stdout] IP register 4
[INFO] [stdout] thread 'puzzle21::tests::puzzle21_prod' panicked at src/puzzle21.rs:90:12:
[INFO] [stdout] attempt to multiply with overflow
[INFO] [stdout] stack backtrace:
[INFO] [stdout]    0:     0x59cf22a5259a - std::backtrace_rs::backtrace::libunwind::trace::h5a5b8284f2d0c266
[INFO] [stdout]                                at /rustc/90b35a6239c3d8bdabc530a6a0816f7ff89a0aaf/library/std/src/../../backtrace/src/backtrace/libunwind.rs:116:5
[INFO] [stdout]    1:     0x59cf22a5259a - std::backtrace_rs::backtrace::trace_unsynchronized::h76d4f1c9b0b875e3
[INFO] [stdout]                                at /rustc/90b35a6239c3d8bdabc530a6a0816f7ff89a0aaf/library/std/src/../../backtrace/src/backtrace/mod.rs:66:5
[INFO] [stdout]    2:     0x59cf22a5259a - std::sys::backtrace::_print_fmt::hc4546b8364a537c6
[INFO] [stdout]                                at /rustc/90b35a6239c3d8bdabc530a6a0816f7ff89a0aaf/library/std/src/sys/backtrace.rs:66:9
[INFO] [stdout]    3:     0x59cf22a5259a - <std::sys::backtrace::BacktraceLock::print::DisplayBacktrace as core::fmt::Display>::fmt::h5b6bd5631a6d1f6b
[INFO] [stdout]                                at /rustc/90b35a6239c3d8bdabc530a6a0816f7ff89a0aaf/library/std/src/sys/backtrace.rs:39:26
[INFO] [stdout]    4:     0x59cf22a77be3 - core::fmt::rt::Argument::fmt::h270f6602a2b96f62
[INFO] [stdout]                                at /rustc/90b35a6239c3d8bdabc530a6a0816f7ff89a0aaf/library/core/src/fmt/rt.rs:177:76
[INFO] [stdout]    5:     0x59cf22a77be3 - core::fmt::write::h7550c97b06c86515
[INFO] [stdout]                                at /rustc/90b35a6239c3d8bdabc530a6a0816f7ff89a0aaf/library/core/src/fmt/mod.rs:1186:21
[INFO] [stdout]    6:     0x59cf22a4f763 - std::io::Write::write_fmt::h509ff860e5956e5e
[INFO] [stdout]                                at /rustc/90b35a6239c3d8bdabc530a6a0816f7ff89a0aaf/library/std/src/io/mod.rs:1839:15
[INFO] [stdout]    7:     0x59cf22a523e2 - std::sys::backtrace::BacktraceLock::print::h2395ccd2c84ba3aa
[INFO] [stdout]                                at /rustc/90b35a6239c3d8bdabc530a6a0816f7ff89a0aaf/library/std/src/sys/backtrace.rs:42:9
[INFO] [stdout]    8:     0x59cf22a539fa - std::panicking::default_hook::{{closure}}::he19d4c7230e07961
[INFO] [stdout]                                at /rustc/90b35a6239c3d8bdabc530a6a0816f7ff89a0aaf/library/std/src/panicking.rs:268:22
[INFO] [stdout]    9:     0x59cf22a53804 - std::panicking::default_hook::hf614597d3c67bbdb
[INFO] [stdout]                                at /rustc/90b35a6239c3d8bdabc530a6a0816f7ff89a0aaf/library/std/src/panicking.rs:292:9
[INFO] [stdout]   10:     0x59cf228b7a89 - <alloc::boxed::Box<F,A> as core::ops::function::Fn<Args>>::call::h39b51ce4599c23d1
[INFO] [stdout]                                at /rustc/90b35a6239c3d8bdabc530a6a0816f7ff89a0aaf/library/alloc/src/boxed.rs:2468:9
[INFO] [stdout]   11:     0x59cf228b7a89 - test::test_main::{{closure}}::he977ae839a582784
[INFO] [stdout]                                at /rustc/90b35a6239c3d8bdabc530a6a0816f7ff89a0aaf/library/test/src/lib.rs:133:21
[INFO] [stdout]   12:     0x59cf22a54098 - <alloc::boxed::Box<F,A> as core::ops::function::Fn<Args>>::call::h9455091b6b06f9fb
[INFO] [stdout]                                at /rustc/90b35a6239c3d8bdabc530a6a0816f7ff89a0aaf/library/alloc/src/boxed.rs:2468:9
[INFO] [stdout]   13:     0x59cf22a54098 - std::panicking::rust_panic_with_hook::h8942133a8b252070
[INFO] [stdout]                                at /rustc/90b35a6239c3d8bdabc530a6a0816f7ff89a0aaf/library/std/src/panicking.rs:809:13
[INFO] [stdout]   14:     0x59cf22a53e26 - std::panicking::begin_panic_handler::{{closure}}::hb5f5963570096b29
[INFO] [stdout]                                at /rustc/90b35a6239c3d8bdabc530a6a0816f7ff89a0aaf/library/std/src/panicking.rs:667:13
[INFO] [stdout]   15:     0x59cf22a52a79 - std::sys::backtrace::__rust_end_short_backtrace::h6208cedc1922feda
[INFO] [stdout]                                at /rustc/90b35a6239c3d8bdabc530a6a0816f7ff89a0aaf/library/std/src/sys/backtrace.rs:170:18
[INFO] [stdout]   16:     0x59cf22a53aec - rust_begin_unwind
[INFO] [stdout]                                at /rustc/90b35a6239c3d8bdabc530a6a0816f7ff89a0aaf/library/std/src/panicking.rs:665:5
[INFO] [stdout]   17:     0x59cf227760d0 - core::panicking::panic_fmt::h0c3082644d1bf418
[INFO] [stdout]                                at /rustc/90b35a6239c3d8bdabc530a6a0816f7ff89a0aaf/library/core/src/panicking.rs:74:14
[INFO] [stdout]   18:     0x59cf227768e7 - core::panicking::panic_const::panic_const_mul_overflow::he98882045b3f4d1d
[INFO] [stdout]                                at /rustc/90b35a6239c3d8bdabc530a6a0816f7ff89a0aaf/library/core/src/panicking.rs:181:21
[INFO] [stdout]   19:     0x59cf22814a2c - puzzle_base::puzzle21::solve::h79b51e452235333f
[INFO] [stdout]                                at /opt/rustwide/workdir/src/puzzle21.rs:90:12
[INFO] [stdout]   20:     0x59cf2287f2de - puzzle_base::puzzle21::tests::puzzle21_prod::h57245ee09b04f1a0
[INFO] [stdout]                                at /opt/rustwide/workdir/src/puzzle21.rs:13:5
[INFO] [stdout]   21:     0x59cf2287f217 - puzzle_base::puzzle21::tests::puzzle21_prod::{{closure}}::h0ed00ce8add1b6ed
[INFO] [stdout]                                at /opt/rustwide/workdir/src/puzzle21.rs:11:25
[INFO] [stdout]   22:     0x59cf22838da6 - core::ops::function::FnOnce::call_once::h2e0b82be2782f330
[INFO] [stdout]                                at /rustc/90b35a6239c3d8bdabc530a6a0816f7ff89a0aaf/library/core/src/ops/function.rs:250:5
[INFO] [stdout]   23:     0x59cf228bc44b - core::ops::function::FnOnce::call_once::h109cf8051a59b34e
[INFO] [stdout]                                at /rustc/90b35a6239c3d8bdabc530a6a0816f7ff89a0aaf/library/core/src/ops/function.rs:250:5
[INFO] [stdout]   24:     0x59cf228bc44b - test::__rust_begin_short_backtrace::hf4fff89d377446ba
[INFO] [stdout]                                at /rustc/90b35a6239c3d8bdabc530a6a0816f7ff89a0aaf/library/test/src/lib.rs:621:18
[INFO] [stdout]   25:     0x59cf228bbc87 - test::run_test_in_process::{{closure}}::h0e39181dd7ee5a43
[INFO] [stdout]                                at /rustc/90b35a6239c3d8bdabc530a6a0816f7ff89a0aaf/library/test/src/lib.rs:644:60
[INFO] [stdout]   26:     0x59cf228bbc87 - <core::panic::unwind_safe::AssertUnwindSafe<F> as core::ops::function::FnOnce<()>>::call_once::hc5a66a30f0bdfd1f
[INFO] [stdout]                                at /rustc/90b35a6239c3d8bdabc530a6a0816f7ff89a0aaf/library/core/src/panic/unwind_safe.rs:272:9
[INFO] [stdout]   27:     0x59cf228bbc87 - std::panicking::try::do_call::h873b7cf639554a5e
[INFO] [stdout]                                at /rustc/90b35a6239c3d8bdabc530a6a0816f7ff89a0aaf/library/std/src/panicking.rs:557:40
[INFO] [stdout]   28:     0x59cf228bbc87 - std::panicking::try::hdb19862fad9c8bd1
[INFO] [stdout]                                at /rustc/90b35a6239c3d8bdabc530a6a0816f7ff89a0aaf/library/std/src/panicking.rs:520:19
[INFO] [stdout]   29:     0x59cf228bbc87 - std::panic::catch_unwind::h281fe732d236d260
[INFO] [stdout]                                at /rustc/90b35a6239c3d8bdabc530a6a0816f7ff89a0aaf/library/std/src/panic.rs:358:14
[INFO] [stdout]   30:     0x59cf228bbc87 - test::run_test_in_process::h949b6df8457ed338
[INFO] [stdout]                                at /rustc/90b35a6239c3d8bdabc530a6a0816f7ff89a0aaf/library/test/src/lib.rs:644:27
[INFO] [stdout]   31:     0x59cf228bbc87 - test::run_test::{{closure}}::h52c556a6d4740e10
[INFO] [stdout]                                at /rustc/90b35a6239c3d8bdabc530a6a0816f7ff89a0aaf/library/test/src/lib.rs:565:43
[INFO] [stdout]   32:     0x59cf22880f64 - test::run_test::{{closure}}::h4237f6381c45ccb9
[INFO] [stdout]                                at /rustc/90b35a6239c3d8bdabc530a6a0816f7ff89a0aaf/library/test/src/lib.rs:595:41
[INFO] [stdout]   33:     0x59cf22880f64 - std::sys::backtrace::__rust_begin_short_backtrace::h505c97a579eca628
[INFO] [stdout]                                at /rustc/90b35a6239c3d8bdabc530a6a0816f7ff89a0aaf/library/std/src/sys/backtrace.rs:154:18
[INFO] [stdout]   34:     0x59cf2288462e - std::thread::Builder::spawn_unchecked_::{{closure}}::{{closure}}::h9e86b2e2bc107ea3
[INFO] [stdout]                                at /rustc/90b35a6239c3d8bdabc530a6a0816f7ff89a0aaf/library/std/src/thread/mod.rs:538:17
[INFO] [stdout]   35:     0x59cf2288462e - <core::panic::unwind_safe::AssertUnwindSafe<F> as core::ops::function::FnOnce<()>>::call_once::h8b06ddb275ff4a25
[INFO] [stdout]                                at /rustc/90b35a6239c3d8bdabc530a6a0816f7ff89a0aaf/library/core/src/panic/unwind_safe.rs:272:9
[INFO] [stdout]   36:     0x59cf2288462e - std::panicking::try::do_call::hb26ecd7cd9a9355d
[INFO] [stdout]                                at /rustc/90b35a6239c3d8bdabc530a6a0816f7ff89a0aaf/library/std/src/panicking.rs:557:40
[INFO] [stdout]   37:     0x59cf2288462e - std::panicking::try::h8ddeca9d705f9069
[INFO] [stdout]                                at /rustc/90b35a6239c3d8bdabc530a6a0816f7ff89a0aaf/library/std/src/panicking.rs:520:19
[INFO] [stdout]   38:     0x59cf2288462e - std::panic::catch_unwind::h49e1c33078844c46
[INFO] [stdout]                                at /rustc/90b35a6239c3d8bdabc530a6a0816f7ff89a0aaf/library/std/src/panic.rs:358:14
[INFO] [stdout]   39:     0x59cf2288462e - std::thread::Builder::spawn_unchecked_::{{closure}}::h6073db6ff56ad35d
[INFO] [stdout]                                at /rustc/90b35a6239c3d8bdabc530a6a0816f7ff89a0aaf/library/std/src/thread/mod.rs:537:30
[INFO] [stdout]   40:     0x59cf2288462e - core::ops::function::FnOnce::call_once{{vtable.shim}}::h2c5a5f3779c774f1
[INFO] [stdout]                                at /rustc/90b35a6239c3d8bdabc530a6a0816f7ff89a0aaf/library/core/src/ops/function.rs:250:5
[INFO] [stdout]   41:     0x59cf22a57deb - <alloc::boxed::Box<F,A> as core::ops::function::FnOnce<Args>>::call_once::hf75717d9f28faebf
[INFO] [stdout]                                at /rustc/90b35a6239c3d8bdabc530a6a0816f7ff89a0aaf/library/alloc/src/boxed.rs:2454:9
[INFO] [stdout]   42:     0x59cf22a57deb - <alloc::boxed::Box<F,A> as core::ops::function::FnOnce<Args>>::call_once::h7bd883a5f3c5f3c1
[INFO] [stdout]                                at /rustc/90b35a6239c3d8bdabc530a6a0816f7ff89a0aaf/library/alloc/src/boxed.rs:2454:9
[INFO] [stdout]   43:     0x59cf22a57deb - std::sys::pal::unix::thread::Thread::new::thread_start::hcc78f3943333fa94
[INFO] [stdout]                                at /rustc/90b35a6239c3d8bdabc530a6a0816f7ff89a0aaf/library/std/src/sys/pal/unix/thread.rs:105:17
[INFO] [stdout]   44:     0x70968de74ac3 - <unknown>
[INFO] [stdout]   45:     0x70968df05a04 - clone
[INFO] [stdout]   46:                0x0 - <unknown>
[INFO] [stdout] 
[INFO] [stdout] ---- puzzle24::tests::puzzle24_prod stdout ----
[INFO] [stdout] Day 24 part 1 Infection wins with 26937 units
[INFO] [stdout] thread 'puzzle24::tests::puzzle24_prod' panicked at src/puzzle24.rs:57:12:
[INFO] [stdout] attempt to multiply with overflow
[INFO] [stdout] stack backtrace:
[INFO] [stdout]    0:     0x59cf22a5259a - std::backtrace_rs::backtrace::libunwind::trace::h5a5b8284f2d0c266
[INFO] [stdout]                                at /rustc/90b35a6239c3d8bdabc530a6a0816f7ff89a0aaf/library/std/src/../../backtrace/src/backtrace/libunwind.rs:116:5
[INFO] [stdout]    1:     0x59cf22a5259a - std::backtrace_rs::backtrace::trace_unsynchronized::h76d4f1c9b0b875e3
[INFO] [stdout]                                at /rustc/90b35a6239c3d8bdabc530a6a0816f7ff89a0aaf/library/std/src/../../backtrace/src/backtrace/mod.rs:66:5
[INFO] [stdout]    2:     0x59cf22a5259a - std::sys::backtrace::_print_fmt::hc4546b8364a537c6
[INFO] [stdout]                                at /rustc/90b35a6239c3d8bdabc530a6a0816f7ff89a0aaf/library/std/src/sys/backtrace.rs:66:9
[INFO] [stdout]    3:     0x59cf22a5259a - <std::sys::backtrace::BacktraceLock::print::DisplayBacktrace as core::fmt::Display>::fmt::h5b6bd5631a6d1f6b
[INFO] [stdout]                                at /rustc/90b35a6239c3d8bdabc530a6a0816f7ff89a0aaf/library/std/src/sys/backtrace.rs:39:26
[INFO] [stdout]    4:     0x59cf22a77be3 - core::fmt::rt::Argument::fmt::h270f6602a2b96f62
[INFO] [stdout]                                at /rustc/90b35a6239c3d8bdabc530a6a0816f7ff89a0aaf/library/core/src/fmt/rt.rs:177:76
[INFO] [stdout]    5:     0x59cf22a77be3 - core::fmt::write::h7550c97b06c86515
[INFO] [stdout]                                at /rustc/90b35a6239c3d8bdabc530a6a0816f7ff89a0aaf/library/core/src/fmt/mod.rs:1186:21
[INFO] [stdout]    6:     0x59cf22a4f763 - std::io::Write::write_fmt::h509ff860e5956e5e
[INFO] [stdout]                                at /rustc/90b35a6239c3d8bdabc530a6a0816f7ff89a0aaf/library/std/src/io/mod.rs:1839:15
[INFO] [stdout]    7:     0x59cf22a523e2 - std::sys::backtrace::BacktraceLock::print::h2395ccd2c84ba3aa
[INFO] [stdout]                                at /rustc/90b35a6239c3d8bdabc530a6a0816f7ff89a0aaf/library/std/src/sys/backtrace.rs:42:9
[INFO] [stdout]    8:     0x59cf22a539fa - std::panicking::default_hook::{{closure}}::he19d4c7230e07961
[INFO] [stdout]                                at /rustc/90b35a6239c3d8bdabc530a6a0816f7ff89a0aaf/library/std/src/panicking.rs:268:22
[INFO] [stdout]    9:     0x59cf22a53804 - std::panicking::default_hook::hf614597d3c67bbdb
[INFO] [stdout]                                at /rustc/90b35a6239c3d8bdabc530a6a0816f7ff89a0aaf/library/std/src/panicking.rs:292:9
[INFO] [stdout]   10:     0x59cf228b7a89 - <alloc::boxed::Box<F,A> as core::ops::function::Fn<Args>>::call::h39b51ce4599c23d1
[INFO] [stdout]                                at /rustc/90b35a6239c3d8bdabc530a6a0816f7ff89a0aaf/library/alloc/src/boxed.rs:2468:9
[INFO] [stdout]   11:     0x59cf228b7a89 - test::test_main::{{closure}}::he977ae839a582784
[INFO] [stdout]                                at /rustc/90b35a6239c3d8bdabc530a6a0816f7ff89a0aaf/library/test/src/lib.rs:133:21
[INFO] [stdout]   12:     0x59cf22a54098 - <alloc::boxed::Box<F,A> as core::ops::function::Fn<Args>>::call::h9455091b6b06f9fb
[INFO] [stdout]                                at /rustc/90b35a6239c3d8bdabc530a6a0816f7ff89a0aaf/library/alloc/src/boxed.rs:2468:9
[INFO] [stdout]   13:     0x59cf22a54098 - std::panicking::rust_panic_with_hook::h8942133a8b252070
[INFO] [stdout]                                at /rustc/90b35a6239c3d8bdabc530a6a0816f7ff89a0aaf/library/std/src/panicking.rs:809:13
[INFO] [stdout]   14:     0x59cf22a53e26 - std::panicking::begin_panic_handler::{{closure}}::hb5f5963570096b29
[INFO] [stdout]                                at /rustc/90b35a6239c3d8bdabc530a6a0816f7ff89a0aaf/library/std/src/panicking.rs:667:13
[INFO] [stdout]   15:     0x59cf22a52a79 - std::sys::backtrace::__rust_end_short_backtrace::h6208cedc1922feda
[INFO] [stdout]                                at /rustc/90b35a6239c3d8bdabc530a6a0816f7ff89a0aaf/library/std/src/sys/backtrace.rs:170:18
[INFO] [stdout]   16:     0x59cf22a53aec - rust_begin_unwind
[INFO] [stdout]                                at /rustc/90b35a6239c3d8bdabc530a6a0816f7ff89a0aaf/library/std/src/panicking.rs:665:5
[INFO] [stdout]   17:     0x59cf227760d0 - core::panicking::panic_fmt::h0c3082644d1bf418
[INFO] [stdout]                                at /rustc/90b35a6239c3d8bdabc530a6a0816f7ff89a0aaf/library/core/src/panicking.rs:74:14
[INFO] [stdout]   18:     0x59cf227768e7 - core::panicking::panic_const::panic_const_mul_overflow::he98882045b3f4d1d
[INFO] [stdout]                                at /rustc/90b35a6239c3d8bdabc530a6a0816f7ff89a0aaf/library/core/src/panicking.rs:181:21
[INFO] [stdout]   19:     0x59cf22874b01 - puzzle_base::puzzle24::Group::effective_power::h528615b9634f63bc
[INFO] [stdout]                                at /opt/rustwide/workdir/src/puzzle24.rs:57:12
[INFO] [stdout]   20:     0x59cf22877345 - puzzle_base::puzzle24::simulate::{{closure}}::h45b7e1e2f0200d43
[INFO] [stdout]                                at /opt/rustwide/workdir/src/puzzle24.rs:161:37
[INFO] [stdout]   21:     0x59cf228427d5 - alloc::slice::<impl [T]>::sort_by_key::{{closure}}::h66ecb82593935007
[INFO] [stdout]                                at /rustc/90b35a6239c3d8bdabc530a6a0816f7ff89a0aaf/library/alloc/src/slice.rs:354:34
[INFO] [stdout]   22:     0x59cf227c7294 - core::slice::sort::shared::smallsort::insert_tail::h08b56eab8e8b96c3
[INFO] [stdout]                                at /rustc/90b35a6239c3d8bdabc530a6a0816f7ff89a0aaf/library/core/src/slice/sort/shared/smallsort.rs:547:13
[INFO] [stdout]   23:     0x59cf227d3028 - core::slice::sort::shared::smallsort::insertion_sort_shift_left::hfaf4fc2159d17443
[INFO] [stdout]                                at /rustc/90b35a6239c3d8bdabc530a6a0816f7ff89a0aaf/library/core/src/slice/sort/shared/smallsort.rs:602:13
[INFO] [stdout]   24:     0x59cf22842561 - core::slice::sort::stable::sort::h146d861f5ec57eef
[INFO] [stdout]                                at /rustc/90b35a6239c3d8bdabc530a6a0816f7ff89a0aaf/library/core/src/slice/sort/stable/mod.rs:75:17
[INFO] [stdout]   25:     0x59cf22842561 - alloc::slice::stable_sort::hf736a22865d1c9b4
[INFO] [stdout]                                at /rustc/90b35a6239c3d8bdabc530a6a0816f7ff89a0aaf/library/alloc/src/slice.rs:908:5
[INFO] [stdout]   26:     0x59cf22873b08 - alloc::slice::<impl [T]>::sort_by_key::h411ccadb46e1d771
[INFO] [stdout]                                at /rustc/90b35a6239c3d8bdabc530a6a0816f7ff89a0aaf/library/alloc/src/slice.rs:354:9
[INFO] [stdout]   27:     0x59cf22876c7f - puzzle_base::puzzle24::simulate::h631b4fac4df98908
[INFO] [stdout]                                at /opt/rustwide/workdir/src/puzzle24.rs:161:5
[INFO] [stdout]   28:     0x59cf22877ae5 - puzzle_base::puzzle24::solve::h8055fbd14cbf5d8e
[INFO] [stdout]                                at /opt/rustwide/workdir/src/puzzle24.rs:228:27
[INFO] [stdout]   29:     0x59cf2286dd20 - puzzle_base::puzzle24::tests::puzzle24_prod::hf0332959283f5d14
[INFO] [stdout]                                at /opt/rustwide/workdir/src/puzzle24.rs:22:20
[INFO] [stdout]   30:     0x59cf2286dce7 - puzzle_base::puzzle24::tests::puzzle24_prod::{{closure}}::h28da9febac21cadd
[INFO] [stdout]                                at /opt/rustwide/workdir/src/puzzle24.rs:21:25
[INFO] [stdout]   31:     0x59cf22838e46 - core::ops::function::FnOnce::call_once::h305f0b45a5da1f8c
[INFO] [stdout]                                at /rustc/90b35a6239c3d8bdabc530a6a0816f7ff89a0aaf/library/core/src/ops/function.rs:250:5
[INFO] [stdout]   32:     0x59cf228bc44b - core::ops::function::FnOnce::call_once::h109cf8051a59b34e
[INFO] [stdout]                                at /rustc/90b35a6239c3d8bdabc530a6a0816f7ff89a0aaf/library/core/src/ops/function.rs:250:5
[INFO] [stdout]   33:     0x59cf228bc44b - test::__rust_begin_short_backtrace::hf4fff89d377446ba
[INFO] [stdout]                                at /rustc/90b35a6239c3d8bdabc530a6a0816f7ff89a0aaf/library/test/src/lib.rs:621:18
[INFO] [stdout]   34:     0x59cf228bbc87 - test::run_test_in_process::{{closure}}::h0e39181dd7ee5a43
[INFO] [stdout]                                at /rustc/90b35a6239c3d8bdabc530a6a0816f7ff89a0aaf/library/test/src/lib.rs:644:60
[INFO] [stdout]   35:     0x59cf228bbc87 - <core::panic::unwind_safe::AssertUnwindSafe<F> as core::ops::function::FnOnce<()>>::call_once::hc5a66a30f0bdfd1f
[INFO] [stdout]                                at /rustc/90b35a6239c3d8bdabc530a6a0816f7ff89a0aaf/library/core/src/panic/unwind_safe.rs:272:9
[INFO] [stdout]   36:     0x59cf228bbc87 - std::panicking::try::do_call::h873b7cf639554a5e
[INFO] [stdout]                                at /rustc/90b35a6239c3d8bdabc530a6a0816f7ff89a0aaf/library/std/src/panicking.rs:557:40
[INFO] [stdout]   37:     0x59cf228bbc87 - std::panicking::try::hdb19862fad9c8bd1
[INFO] [stdout]                                at /rustc/90b35a6239c3d8bdabc530a6a0816f7ff89a0aaf/library/std/src/panicking.rs:520:19
[INFO] [stdout]   38:     0x59cf228bbc87 - std::panic::catch_unwind::h281fe732d236d260
[INFO] [stdout]                                at /rustc/90b35a6239c3d8bdabc530a6a0816f7ff89a0aaf/library/std/src/panic.rs:358:14
[INFO] [stdout]   39:     0x59cf228bbc87 - test::run_test_in_process::h949b6df8457ed338
[INFO] [stdout]                                at /rustc/90b35a6239c3d8bdabc530a6a0816f7ff89a0aaf/library/test/src/lib.rs:644:27
[INFO] [stdout]   40:     0x59cf228bbc87 - test::run_test::{{closure}}::h52c556a6d4740e10
[INFO] [stdout]                                at /rustc/90b35a6239c3d8bdabc530a6a0816f7ff89a0aaf/library/test/src/lib.rs:565:43
[INFO] [stdout]   41:     0x59cf22880f64 - test::run_test::{{closure}}::h4237f6381c45ccb9
[INFO] [stdout]                                at /rustc/90b35a6239c3d8bdabc530a6a0816f7ff89a0aaf/library/test/src/lib.rs:595:41
[INFO] [stdout]   42:     0x59cf22880f64 - std::sys::backtrace::__rust_begin_short_backtrace::h505c97a579eca628
[INFO] [stdout]                                at /rustc/90b35a6239c3d8bdabc530a6a0816f7ff89a0aaf/library/std/src/sys/backtrace.rs:154:18
[INFO] [stdout]   43:     0x59cf2288462e - std::thread::Builder::spawn_unchecked_::{{closure}}::{{closure}}::h9e86b2e2bc107ea3
[INFO] [stdout]                                at /rustc/90b35a6239c3d8bdabc530a6a0816f7ff89a0aaf/library/std/src/thread/mod.rs:538:17
[INFO] [stdout]   44:     0x59cf2288462e - <core::panic::unwind_safe::AssertUnwindSafe<F> as core::ops::function::FnOnce<()>>::call_once::h8b06ddb275ff4a25
[INFO] [stdout]                                at /rustc/90b35a6239c3d8bdabc530a6a0816f7ff89a0aaf/library/core/src/panic/unwind_safe.rs:272:9
[INFO] [stdout]   45:     0x59cf2288462e - std::panicking::try::do_call::hb26ecd7cd9a9355d
[INFO] [stdout]                                at /rustc/90b35a6239c3d8bdabc530a6a0816f7ff89a0aaf/library/std/src/panicking.rs:557:40
[INFO] [stdout]   46:     0x59cf2288462e - std::panicking::try::h8ddeca9d705f9069
[INFO] [stdout]                                at /rustc/90b35a6239c3d8bdabc530a6a0816f7ff89a0aaf/library/std/src/panicking.rs:520:19
[INFO] [stdout]   47:     0x59cf2288462e - std::panic::catch_unwind::h49e1c33078844c46
[INFO] [stdout]                                at /rustc/90b35a6239c3d8bdabc530a6a0816f7ff89a0aaf/library/std/src/panic.rs:358:14
[INFO] [stdout]   48:     0x59cf2288462e - std::thread::Builder::spawn_unchecked_::{{closure}}::h6073db6ff56ad35d
[INFO] [stdout]                                at /rustc/90b35a6239c3d8bdabc530a6a0816f7ff89a0aaf/library/std/src/thread/mod.rs:537:30
[INFO] [stdout]   49:     0x59cf2288462e - core::ops::function::FnOnce::call_once{{vtable.shim}}::h2c5a5f3779c774f1
[INFO] [stdout]                                at /rustc/90b35a6239c3d8bdabc530a6a0816f7ff89a0aaf/library/core/src/ops/function.rs:250:5
[INFO] [stdout]   50:     0x59cf22a57deb - <alloc::boxed::Box<F,A> as core::ops::function::FnOnce<Args>>::call_once::hf75717d9f28faebf
[INFO] [stdout]                                at /rustc/90b35a6239c3d8bdabc530a6a0816f7ff89a0aaf/library/alloc/src/boxed.rs:2454:9
[INFO] [stdout]   51:     0x59cf22a57deb - <alloc::boxed::Box<F,A> as core::ops::function::FnOnce<Args>>::call_once::h7bd883a5f3c5f3c1
[INFO] [stdout]                                at /rustc/90b35a6239c3d8bdabc530a6a0816f7ff89a0aaf/library/alloc/src/boxed.rs:2454:9
[INFO] [stdout]   52:     0x59cf22a57deb - std::sys::pal::unix::thread::Thread::new::thread_start::hcc78f3943333fa94
[INFO] [stdout]                                at /rustc/90b35a6239c3d8bdabc530a6a0816f7ff89a0aaf/library/std/src/sys/pal/unix/thread.rs:105:17
[INFO] [stdout]   53:     0x70968de74ac3 - <unknown>
[INFO] [stdout]   54:     0x70968df05a04 - clone
[INFO] [stdout]   55:                0x0 - <unknown>
[INFO] [stdout] 
[INFO] [stdout] 
[INFO] [stdout] failures:
[INFO] [stdout]     puzzle21::tests::puzzle21_prod
[INFO] [stdout]     puzzle24::tests::puzzle24_prod
[INFO] [stdout] 
[INFO] [stdout] test result: FAILED. 49 passed; 2 failed; 0 ignored; 0 measured; 0 filtered out; finished in 436.82s
[INFO] [stdout] 
[INFO] [stderr] error: test failed, to rerun pass `--bin puzzle-base`
[INFO] running `Command { std: "docker" "inspect" "d130189478e8644285dec3722a21edf0b64f65b6b3fdc758dd073d868848274b", kill_on_drop: false }`
[INFO] running `Command { std: "docker" "rm" "-f" "d130189478e8644285dec3722a21edf0b64f65b6b3fdc758dd073d868848274b", kill_on_drop: false }`
[INFO] [stdout] d130189478e8644285dec3722a21edf0b64f65b6b3fdc758dd073d868848274b
