[INFO] cloning repository https://github.com/dijkstracula/irving
[INFO] running `Command { std: "git" "-c" "credential.helper=" "-c" "credential.helper=/workspace/cargo-home/bin/git-credential-null" "clone" "--bare" "https://github.com/dijkstracula/irving" "/workspace/cache/git-repos/https%3A%2F%2Fgithub.com%2Fdijkstracula%2Firving", kill_on_drop: false }`
[INFO] [stderr] Cloning into bare repository '/workspace/cache/git-repos/https%3A%2F%2Fgithub.com%2Fdijkstracula%2Firving'...
[INFO] running `Command { std: "git" "rev-parse" "HEAD", kill_on_drop: false }`
[INFO] [stdout] e254c3417ec9b9545151107cc419d63411ce8999
[INFO] testing dijkstracula/irving against 1.83.0 for beta-1.84.0-4-retry
[INFO] running `Command { std: "git" "clone" "/workspace/cache/git-repos/https%3A%2F%2Fgithub.com%2Fdijkstracula%2Firving" "/workspace/builds/worker-1-tc1/source", kill_on_drop: false }`
[INFO] [stderr] Cloning into '/workspace/builds/worker-1-tc1/source'...
[INFO] [stderr] done.
[INFO] validating manifest of git repo https://github.com/dijkstracula/irving on toolchain 1.83.0
[INFO] running `Command { std: CARGO_HOME="/workspace/cargo-home" RUSTUP_HOME="/workspace/rustup-home" "/workspace/cargo-home/bin/cargo" "+1.83.0" "metadata" "--manifest-path" "Cargo.toml" "--no-deps", kill_on_drop: false }`
[INFO] started tweaking git repo https://github.com/dijkstracula/irving
[INFO] finished tweaking git repo https://github.com/dijkstracula/irving
[INFO] tweaked toml for git repo https://github.com/dijkstracula/irving written to /workspace/builds/worker-1-tc1/source/Cargo.toml
[INFO] crate git repo https://github.com/dijkstracula/irving already has a lockfile, it will not be regenerated
[INFO] running `Command { std: CARGO_HOME="/workspace/cargo-home" RUSTUP_HOME="/workspace/rustup-home" "/workspace/cargo-home/bin/cargo" "+1.83.0" "fetch" "--manifest-path" "Cargo.toml", kill_on_drop: false }`
[INFO] [stderr]     Updating crates.io index
[INFO] [stderr]  Downloading crates ...
[INFO] [stderr]   Downloaded pest_consume_macros v1.1.0
[INFO] [stderr]   Downloaded pest_consume v1.1.3
[INFO] [stderr]   Downloaded clap_builder v4.3.11
[INFO] [stderr]   Downloaded clap v4.3.11
[INFO] running `Command { std: "docker" "create" "-v" "/var/lib/crater-agent-workspace/builds/worker-1-tc1/target:/opt/rustwide/target:rw,Z" "-v" "/var/lib/crater-agent-workspace/builds/worker-1-tc1/source:/opt/rustwide/workdir:ro,Z" "-v" "/var/lib/crater-agent-workspace/cargo-home:/opt/rustwide/cargo-home:ro,Z" "-v" "/var/lib/crater-agent-workspace/rustup-home:/opt/rustwide/rustup-home:ro,Z" "-e" "SOURCE_DIR=/opt/rustwide/workdir" "-e" "CARGO_TARGET_DIR=/opt/rustwide/target" "-e" "CARGO_HOME=/opt/rustwide/cargo-home" "-e" "RUSTUP_HOME=/opt/rustwide/rustup-home" "-w" "/opt/rustwide/workdir" "-m" "1610612736" "--user" "0:0" "--network" "none" "ghcr.io/rust-lang/crates-build-env/linux@sha256:f3a9d4ad9d972b27faf3965f35b62e55ba32bbce8f20bc8fe909558a86702fde" "/opt/rustwide/cargo-home/bin/cargo" "+1.83.0" "metadata" "--no-deps" "--format-version=1", kill_on_drop: false }`
[INFO] [stdout] 40cca4526b76fdf11e9aabaf5431c8badd709abaebbbfe2e8e615e0c2858b980
[INFO] running `Command { std: "docker" "start" "-a" "40cca4526b76fdf11e9aabaf5431c8badd709abaebbbfe2e8e615e0c2858b980", kill_on_drop: false }`
[INFO] running `Command { std: "docker" "inspect" "40cca4526b76fdf11e9aabaf5431c8badd709abaebbbfe2e8e615e0c2858b980", kill_on_drop: false }`
[INFO] running `Command { std: "docker" "rm" "-f" "40cca4526b76fdf11e9aabaf5431c8badd709abaebbbfe2e8e615e0c2858b980", kill_on_drop: false }`
[INFO] [stdout] 40cca4526b76fdf11e9aabaf5431c8badd709abaebbbfe2e8e615e0c2858b980
[INFO] running `Command { std: "docker" "create" "-v" "/var/lib/crater-agent-workspace/builds/worker-1-tc1/target:/opt/rustwide/target:rw,Z" "-v" "/var/lib/crater-agent-workspace/builds/worker-1-tc1/source:/opt/rustwide/workdir:ro,Z" "-v" "/var/lib/crater-agent-workspace/cargo-home:/opt/rustwide/cargo-home:ro,Z" "-v" "/var/lib/crater-agent-workspace/rustup-home:/opt/rustwide/rustup-home:ro,Z" "-e" "SOURCE_DIR=/opt/rustwide/workdir" "-e" "CARGO_TARGET_DIR=/opt/rustwide/target" "-e" "CARGO_INCREMENTAL=0" "-e" "RUST_BACKTRACE=full" "-e" "RUSTFLAGS=--cap-lints=warn" "-e" "RUSTDOCFLAGS=--cap-lints=warn" "-e" "CARGO_HOME=/opt/rustwide/cargo-home" "-e" "RUSTUP_HOME=/opt/rustwide/rustup-home" "-w" "/opt/rustwide/workdir" "-m" "1610612736" "--user" "0:0" "--network" "none" "ghcr.io/rust-lang/crates-build-env/linux@sha256:f3a9d4ad9d972b27faf3965f35b62e55ba32bbce8f20bc8fe909558a86702fde" "/opt/rustwide/cargo-home/bin/cargo" "+1.83.0" "build" "--frozen" "--message-format=json", kill_on_drop: false }`
[INFO] [stdout] 6047ec9253bf6e248cd4d5d1150313e5a3fdec00b8dd9cc45b030ee904f5a90b
[INFO] running `Command { std: "docker" "start" "-a" "6047ec9253bf6e248cd4d5d1150313e5a3fdec00b8dd9cc45b030ee904f5a90b", kill_on_drop: false }`
[INFO] [stderr]    Compiling rustix v0.38.3
[INFO] [stderr]    Compiling bitflags v2.3.3
[INFO] [stderr]    Compiling memchr v2.5.0
[INFO] [stderr]    Compiling linux-raw-sys v0.4.3
[INFO] [stderr]    Compiling ucd-trie v0.1.5
[INFO] [stderr]    Compiling once_cell v1.17.1
[INFO] [stderr]    Compiling syn v1.0.109
[INFO] [stderr]    Compiling syn v2.0.15
[INFO] [stderr]    Compiling anstyle-parse v0.2.1
[INFO] [stderr]    Compiling anstyle v1.0.1
[INFO] [stderr]    Compiling regex-syntax v0.7.4
[INFO] [stderr]    Compiling anstyle-query v1.0.0
[INFO] [stderr]    Compiling clap_lex v0.5.0
[INFO] [stderr]    Compiling anyhow v1.0.75
[INFO] [stderr]    Compiling strsim v0.10.0
[INFO] [stderr]    Compiling heck v0.4.1
[INFO] [stderr]    Compiling aho-corasick v1.0.2
[INFO] [stderr]    Compiling either v1.9.0
[INFO] [stderr]    Compiling humantime v2.1.0
[INFO] [stderr]    Compiling termcolor v1.2.0
[INFO] [stderr]    Compiling log v0.4.19
[INFO] [stderr]    Compiling itertools v0.11.0
[INFO] [stderr]    Compiling annotate-snippets v0.9.2
[INFO] [stderr]    Compiling is-terminal v0.4.9
[INFO] [stderr]    Compiling anstream v0.3.2
[INFO] [stderr]    Compiling regex-automata v0.3.3
[INFO] [stderr]    Compiling clap_builder v4.3.11
[INFO] [stderr]    Compiling thiserror-impl v1.0.40
[INFO] [stderr]    Compiling clap_derive v4.3.2
[INFO] [stderr]    Compiling pest_consume_macros v1.1.0
[INFO] [stderr]    Compiling regex v1.9.1
[INFO] [stderr]    Compiling thiserror v1.0.40
[INFO] [stderr]    Compiling pest v2.6.0
[INFO] [stderr]    Compiling env_logger v0.10.0
[INFO] [stderr]    Compiling clap v4.3.11
[INFO] [stderr]    Compiling pest_meta v2.6.0
[INFO] [stderr]    Compiling pest_generator v2.6.0
[INFO] [stderr]    Compiling pest_derive v2.6.0
[INFO] [stderr]    Compiling pest_consume v1.1.3
[INFO] [stderr]    Compiling irving v0.1.0 (/opt/rustwide/workdir)
[INFO] [stderr]     Finished `dev` profile [unoptimized + debuginfo] target(s) in 57.59s
[INFO] running `Command { std: "docker" "inspect" "6047ec9253bf6e248cd4d5d1150313e5a3fdec00b8dd9cc45b030ee904f5a90b", kill_on_drop: false }`
[INFO] running `Command { std: "docker" "rm" "-f" "6047ec9253bf6e248cd4d5d1150313e5a3fdec00b8dd9cc45b030ee904f5a90b", kill_on_drop: false }`
[INFO] [stdout] 6047ec9253bf6e248cd4d5d1150313e5a3fdec00b8dd9cc45b030ee904f5a90b
[INFO] running `Command { std: "docker" "create" "-v" "/var/lib/crater-agent-workspace/builds/worker-1-tc1/target:/opt/rustwide/target:rw,Z" "-v" "/var/lib/crater-agent-workspace/builds/worker-1-tc1/source:/opt/rustwide/workdir:ro,Z" "-v" "/var/lib/crater-agent-workspace/cargo-home:/opt/rustwide/cargo-home:ro,Z" "-v" "/var/lib/crater-agent-workspace/rustup-home:/opt/rustwide/rustup-home:ro,Z" "-e" "SOURCE_DIR=/opt/rustwide/workdir" "-e" "CARGO_TARGET_DIR=/opt/rustwide/target" "-e" "CARGO_INCREMENTAL=0" "-e" "RUST_BACKTRACE=full" "-e" "RUSTFLAGS=--cap-lints=warn" "-e" "RUSTDOCFLAGS=--cap-lints=warn" "-e" "CARGO_HOME=/opt/rustwide/cargo-home" "-e" "RUSTUP_HOME=/opt/rustwide/rustup-home" "-w" "/opt/rustwide/workdir" "-m" "1610612736" "--user" "0:0" "--network" "none" "ghcr.io/rust-lang/crates-build-env/linux@sha256:f3a9d4ad9d972b27faf3965f35b62e55ba32bbce8f20bc8fe909558a86702fde" "/opt/rustwide/cargo-home/bin/cargo" "+1.83.0" "test" "--frozen" "--no-run" "--message-format=json", kill_on_drop: false }`
[INFO] [stdout] b90c1820d81aa8a506004b06ba8e2bd6c3c6e07845f2d246453427fe8094d90d
[INFO] running `Command { std: "docker" "start" "-a" "b90c1820d81aa8a506004b06ba8e2bd6c3c6e07845f2d246453427fe8094d90d", kill_on_drop: false }`
[INFO] [stderr]    Compiling ctor v0.2.4
[INFO] [stderr]    Compiling irving v0.1.0 (/opt/rustwide/workdir)
[INFO] [stderr]     Finished `test` profile [unoptimized + debuginfo] target(s) in 17.65s
[INFO] running `Command { std: "docker" "inspect" "b90c1820d81aa8a506004b06ba8e2bd6c3c6e07845f2d246453427fe8094d90d", kill_on_drop: false }`
[INFO] running `Command { std: "docker" "rm" "-f" "b90c1820d81aa8a506004b06ba8e2bd6c3c6e07845f2d246453427fe8094d90d", kill_on_drop: false }`
[INFO] [stdout] b90c1820d81aa8a506004b06ba8e2bd6c3c6e07845f2d246453427fe8094d90d
[INFO] running `Command { std: "docker" "create" "-v" "/var/lib/crater-agent-workspace/builds/worker-1-tc1/target:/opt/rustwide/target:rw,Z" "-v" "/var/lib/crater-agent-workspace/builds/worker-1-tc1/source:/opt/rustwide/workdir:ro,Z" "-v" "/var/lib/crater-agent-workspace/cargo-home:/opt/rustwide/cargo-home:ro,Z" "-v" "/var/lib/crater-agent-workspace/rustup-home:/opt/rustwide/rustup-home:ro,Z" "-e" "SOURCE_DIR=/opt/rustwide/workdir" "-e" "CARGO_TARGET_DIR=/opt/rustwide/target" "-e" "CARGO_INCREMENTAL=0" "-e" "RUST_BACKTRACE=full" "-e" "RUSTFLAGS=--cap-lints=warn" "-e" "RUSTDOCFLAGS=--cap-lints=warn" "-e" "CARGO_HOME=/opt/rustwide/cargo-home" "-e" "RUSTUP_HOME=/opt/rustwide/rustup-home" "-w" "/opt/rustwide/workdir" "-m" "1610612736" "--user" "0:0" "--network" "none" "ghcr.io/rust-lang/crates-build-env/linux@sha256:f3a9d4ad9d972b27faf3965f35b62e55ba32bbce8f20bc8fe909558a86702fde" "/opt/rustwide/cargo-home/bin/cargo" "+1.83.0" "test" "--frozen", kill_on_drop: false }`
[INFO] [stdout] 7ccc2649fe6ad0552a80ac88c3cc7d950d6e4fde51af009c60b184527ce8a43f
[INFO] running `Command { std: "docker" "start" "-a" "7ccc2649fe6ad0552a80ac88c3cc7d950d6e4fde51af009c60b184527ce8a43f", kill_on_drop: false }`
[INFO] [stderr]     Finished `test` profile [unoptimized + debuginfo] target(s) in 0.15s
[INFO] [stderr]      Running unittests src/lib.rs (/opt/rustwide/target/debug/deps/irving-3401ef57fdb7629c)
[INFO] [stdout] 
[INFO] [stdout] running 289 tests
[INFO] [stdout] test tests::extraction::ivy::tests::pprint_class ... ok
[INFO] [stdout] test tests::extraction::ivy::tests::pprint_fnapp ... ok
[INFO] [stdout] test tests::extraction::ivy::tests::pprint_formula_with_dots ... ok
[INFO] [stdout] test tests::extraction::ivy::tests::pprint_complex_expr ... ok
[INFO] [stdout] test tests::extraction::ivy::tests::pprint_formula ... ok
[INFO] [stdout] test tests::extraction::ivy::tests::pprint_subclass ... ok
[INFO] [stdout] test tests::extraction::ivy::tests::pprint_arith ... ok
[INFO] [stdout] test tests::extraction::java::tests::extract_action_and_decl ... ok
[INFO] [stdout] test tests::extraction::java::tests::extract_action_forward_ref ... ok
[INFO] [stdout] test tests::extraction::java::tests::extract_assign_range_lit ... ok
[INFO] [stdout] test tests::extraction::java::tests::extract_assign_nat_lit ... ok
[INFO] [stdout] test tests::extraction::java::tests::extract_arith ... ok
[INFO] [stdout] test tests::extraction::java::tests::extract_after_init ... ok
[INFO] [stdout] test tests::extraction::java::tests::extract_assign_nat_nonlit ... ok
[INFO] [stdout] test tests::extraction::java::tests::extract_bool ... ok
[INFO] [stdout] test tests::extraction::java::tests::extract_assign_range_binop ... ok
[INFO] [stdout] test tests::extraction::java::tests::extract_after_decl ... ok
[INFO] [stdout] test tests::extraction::java::tests::extract_assign_range_saturated_lit ... ok
[INFO] [stdout] test tests::extraction::java::tests::extract_call ... ok
[INFO] [stdout] test tests::extraction::java::tests::extract_module_parameterized ... ok
[INFO] [stdout] test tests::extraction::java::tests::extract_module_simple ... ok
[INFO] [stdout] test tests::extraction::java::tests::extract_nested_forall ... ok
[INFO] [stdout] test tests::extraction::java::tests::extract_process_trivial ... ok
[INFO] [stdout] test tests::extraction::java::tests::extract_call_compound_arg ... ok
[INFO] [stdout] test tests::extraction::java::tests::extract_field_access ... ok
[INFO] [stdout] test tests::extraction::java::tests::extract_forall ... ok
[INFO] [stdout] test tests::extraction::java::tests::extract_vardecl ... ok
[INFO] [stdout] test tests::extraction::vnt::tests::test_param_dedup ... ok
[INFO] [stdout] test tests::extraction::vnt::tests::test_relation_init ... ok
[INFO] [stdout] test tests::parser::declarations::tests::parse_alias_decl ... ok
[INFO] [stdout] test tests::parser::declarations::tests::parse_attribute ... ok
[INFO] [stdout] test tests::parser::declarations::tests::parse_axiom ... ok
[INFO] [stdout] test tests::parser::declarations::tests::parse_class_decl ... ok
[INFO] [stdout] test tests::parser::declarations::tests::parse_common_decl ... ok
[INFO] [stdout] test tests::parser::declarations::tests::parse_decl_sig ... ok
[INFO] [stdout] test tests::parser::declarations::tests::parse_function_decl_impl_explicit_ret ... ok
[INFO] [stdout] test tests::parser::declarations::tests::parse_ensure_with_fmla ... ok
[INFO] [stdout] test tests::parser::declarations::tests::parse_attribute_assign ... ok
[INFO] [stdout] test tests::parser::declarations::tests::parse_function_decl_impl ... ok
[INFO] [stdout] test tests::parser::declarations::tests::parse_function_decl_incomplete ... ok
[INFO] [stdout] test tests::parser::declarations::tests::parse_global_decl ... ok
[INFO] [stdout] test tests::parser::declarations::tests::parse_implementation_decl ... ok
[INFO] [stdout] test tests::parser::declarations::tests::parse_interpret_uninterp_decl ... ok
[INFO] [stdout] test tests::parser::declarations::tests::parse_instance_decl ... ok
[INFO] [stdout] test tests::parser::declarations::tests::parse_invariant_decl ... ok
[INFO] [stdout] test tests::parser::declarations::tests::parse_axiom_2 ... ok
[INFO] [stdout] test tests::parser::declarations::tests::parse_interpret_annotated_decl ... ok
[INFO] [stdout] test tests::parser::declarations::tests::parse_nullary_relation ... ok
[INFO] [stdout] test tests::parser::declarations::tests::parse_module_decl_1 ... ok
[INFO] [stdout] test tests::parser::declarations::tests::parse_module_decl_2 ... ok
[INFO] [stdout] test tests::parser::declarations::tests::parse_object_decl ... ok
[INFO] [stdout] test tests::parser::declarations::tests::parse_parametrized_decl_err ... ok
[INFO] [stdout] test tests::parser::declarations::tests::parse_process_decl ... ok
[INFO] [stdout] test tests::parser::declarations::tests::parse_specification_decl ... ok
[INFO] [stdout] test tests::parser::declarations::tests::parse_type_decl_this ... ok
[INFO] [stdout] test tests::parser::declarations::tests::parse_type_decl_with_super ... ok
[INFO] [stdout] test tests::parser::declarations::tests::parse_type_enum_range ... ok
[INFO] [stdout] test tests::parser::declarations::tests::parse_var_decl ... ok
[INFO] [stdout] test tests::parser::declarations::tests::parse_relation_decl ... ok
[INFO] [stdout] test tests::parser::declarations::tests::parse_subclass_decl ... ok
[INFO] [stdout] test tests::parser::declarations::tests::parse_type_decl ... ok
[INFO] [stdout] test tests::parser::declarations::tests::parse_type_decl_range ... ok
[INFO] [stdout] test tests::parser::declarations::tests::parse_var_decl_with_type ... ok
[INFO] [stdout] test tests::parser::declarations::tests::vardecl_declare_and_assign ... ok
[INFO] [stdout] test tests::parser::expressions::tests::parse_complex_expr ... ok
[INFO] [stdout] test tests::parser::expressions::tests::parse_conjunction_fmla ... ok
[INFO] [stdout] test tests::parser::expressions::tests::parse_dot_expr ... ok
[INFO] [stdout] test tests::parser::expressions::tests::parse_fnapp_and_index ... ok
[INFO] [stdout] test tests::parser::expressions::tests::parse_le ... ok
[INFO] [stdout] test tests::parser::declarations::tests::parse_function_decl_uninterp ... ok
[INFO] [stdout] test tests::parser::expressions::tests::parse_logicvar ... ok
[INFO] [stdout] test tests::parser::expressions::tests::parse_multi_fnapp ... ok
[INFO] [stdout] test tests::parser::expressions::tests::parse_negation_expr ... ok
[INFO] [stdout] test tests::parser::expressions::tests::parse_fnapp_in_conj ... ok
[INFO] [stdout] test tests::extraction::vnt::tests::test_noninf1 ... ok
[INFO] [stdout] test tests::parser::expressions::tests::parse_negative_number_expr ... ok
[INFO] [stdout] test tests::parser::expressions::tests::parse_symbol_with_underscore ... ok
[INFO] [stdout] test tests::parser::expressions::tests::parse_nested_fnapp ... ok
[INFO] [stdout] test tests::parser::expressions::tests::parse_number_expr ... ok
[INFO] [stdout] test tests::parser::expressions::tests::parse_pred ... ok
[INFO] [stdout] test tests::parser::formulas::tests::parse_bool ... ok
[INFO] [stdout] test tests::parser::formulas::tests::dot_on_quant ... ok
[INFO] [stdout] test tests::parser::formulas::tests::parse_existential_quant ... ok
[INFO] [stdout] test tests::parser::expressions::tests::parse_unary_fnapp_and_negation ... ok
[INFO] [stdout] test tests::parser::formulas::tests::parse_logical_implication ... ok
[INFO] [stdout] test tests::parser::formulas::tests::parse_logicvar_in_fnapp ... ok
[INFO] [stdout] test tests::parser::formulas::tests::parse_logicvar_in_subexpr ... ok
[INFO] [stdout] test tests::parser::formulas::tests::parse_negated_quant ... ok
[INFO] [stdout] test tests::parser::formulas::tests::parse_negation ... ok
[INFO] [stdout] test tests::parser::formulas::tests::parse_nested_implications ... ok
[INFO] [stdout] test tests::parser::expressions::tests::parse_progsym ... ok
[INFO] [stdout] test tests::parser::formulas::tests::parse_nested_implications_2 ... ok
[INFO] [stdout] test tests::parser::expressions::tests::parse_sub ... ok
[INFO] [stdout] test tests::parser::expressions::tests::parse_unary_fnapp ... ok
[INFO] [stdout] test tests::parser::formulas::tests::parse_parens_negation ... ok
[INFO] [stdout] test tests::parser::expressions::tests::parse_pred_2 ... ok
[INFO] [stdout] test tests::parser::formulas::tests::parse_pred_logicsym ... ok
[INFO] [stdout] test tests::parser::formulas::tests::parse_pred_progsym ... ok
[INFO] [stdout] test tests::parser::formulas::tests::parse_progvar_in_fnapp ... ok
[INFO] [stdout] test tests::parser::formulas::tests::parse_number ... ok
[INFO] [stdout] test tests::parser::formulas::tests::parse_term_with_annotation ... ok
[INFO] [stdout] test tests::parser::formulas::tests::parse_nested_quants2 ... ok
[INFO] [stdout] test tests::parser::formulas::tests::parse_nested_quants ... ok
[INFO] [stdout] test tests::parser::formulas::tests::parse_term ... ok
[INFO] [stdout] test tests::parser::formulas::tests::parse_universal_quant2 ... ok
[INFO] [stdout] test tests::parser::formulas::tests::parse_universal_quant ... ok
[INFO] [stdout] test tests::parser::formulas::tests::parse_universal_quant3 ... ok
[INFO] [stdout] test tests::parser::mixins::tests::parse_action_decl_no_ret_but_body ... ok
[INFO] [stdout] test tests::parser::formulas::tests::parse_conjunction ... ok
[INFO] [stdout] test tests::parser::mixins::tests::parse_action_decl_with_ret_no_body ... ok
[INFO] [stdout] test tests::parser::mixins::tests::parse_after_init ... ok
[INFO] [stdout] test tests::parser::mixins::tests::parse_after_mixin_with_declret ... ok
[INFO] [stdout] test tests::parser::mixins::tests::parse_export_action ... ok
[INFO] [stdout] test tests::parser::mixins::tests::parse_action_forward_ref ... ok
[INFO] [stdout] test tests::parser::mixins::tests::parse_action_decl_with_ret_and_body ... ok
[INFO] [stdout] test tests::parser::mixins::tests::parse_nested_action ... ok
[INFO] [stdout] test tests::parser::mixins::tests::parse_action_decl_no_ret_nor_body ... ok
[INFO] [stdout] test tests::parser::mixins::tests::parse_export_forward_ref ... ok
[INFO] [stdout] test tests::parser::statements::tests::parse_assert_action ... ok
[INFO] [stdout] test tests::parser::mixins::tests::parse_implement ... ok
[INFO] [stdout] test tests::parser::mixins::tests::parse_export_forward_ref_qualified ... ok
[INFO] [stdout] test tests::parser::statements::tests::parse_assign_to_field ... ok
[INFO] [stdout] test tests::parser::mixins::tests::parse_implement_with_declret ... ok
[INFO] [stdout] test tests::parser::statements::tests::parse_assign_to_field_of_this ... ok
[INFO] [stdout] test tests::parser::statements::tests::parse_assign ... ok
[INFO] [stdout] test tests::parser::statements::tests::parse_ensure_action ... ok
[INFO] [stdout] test tests::parser::statements::tests::parse_assume_action ... ok
[INFO] [stdout] test tests::parser::statements::tests::parse_assign_with_rhs_logicvar ... ok
[INFO] [stdout] test tests::parser::statements::tests::parse_assign_to_relation ... ok
[INFO] [stdout] test tests::parser::statements::tests::parse_assign_to_relation_2 ... ok
[INFO] [stdout] test tests::parser::statements::tests::parse_declare_annot ... ok
[INFO] [stdout] test tests::parser::statements::tests::parse_if_ladder ... ok
[INFO] [stdout] test tests::parser::statements::tests::parse_if_stmt ... ok
[INFO] [stdout] test tests::parser::statements::tests::parse_ensure_action_2 ... ok
[INFO] [stdout] test tests::parser::statements::tests::parse_if_stmt_with_else ... ok
[INFO] [stdout] test tests::parser::statements::tests::parse_not_an_assign ... ok
[INFO] [stdout] test tests::parser::statements::tests::parse_requires_action ... ok
[INFO] [stdout] test tests::parser::statements::tests::parse_requires_action_2 ... ok
[INFO] [stdout] test tests::parser::statements::tests::parse_while ... ok
[INFO] [stdout] test tests::parser::statements::tests::parse_multi_stmt_while ... ok
[INFO] [stdout] test tests::parser::statements::tests::parse_stmt_block ... ok
[INFO] [stdout] test tests::extraction::java::tests::extract_module_instantation ... FAILED
[INFO] [stdout] test tests::parser::toplevels::tests::logical_call_to_action ... ok
[INFO] [stdout] test tests::parser::toplevels::tests::parse_hashlang_major_minor ... ok
[INFO] [stdout] test tests::parser::toplevels::tests::parse_hashlang_major_only ... ok
[INFO] [stdout] test tests::parser::toplevels::tests::non_top_include ... ok
[INFO] [stdout] test tests::passes::constant_fold::tests::fold_constants ... ok
[INFO] [stdout] test tests::parser::toplevels::tests::parse_less_trivial_prog ... ok
[INFO] [stdout] test tests::parser::toplevels::tests::parse_trivial_prog ... ok
[INFO] [stdout] test tests::passes::constant_fold::tests::fold_left_assoc ... ok
[INFO] [stdout] test tests::passes::constant_fold::tests::fold_zero_add ... ok
[INFO] [stdout] test tests::passes::quantifier_bounds::tests::bounds_for_sort ... ok
[INFO] [stdout] test tests::passes::quantifier_bounds::tests::bounds_from_binop_literals ... ok
[INFO] [stdout] test tests::passes::quantifier_bounds::tests::bounds_from_binop_logicvar ... ok
[INFO] [stdout] test tests::passes::module_instantiation::tests::test_module_instantiation ... ok
[INFO] [stdout] test tests::passes::quantifier_bounds::tests::bounds_from_forall_nats_positive ... ok
[INFO] [stdout] test tests::passes::quantifier_bounds::tests::bounds_from_forall_nats_false_monotonic_gt ... ok
[INFO] [stdout] test tests::passes::quantifier_bounds::tests::bounds_from_forall_nats_monotonic_lt ... ok
[INFO] [stdout] test tests::passes::quantifier_bounds::tests::bounds_from_forall_nats_disjunction ... ok
[INFO] [stdout] test tests::passes::quantifier_bounds::tests::op_on_logicsym ... ok
[INFO] [stdout] test tests::passes::quantifier_bounds::tests::succ_binop_of_literals ... ok
[INFO] [stdout] test tests::passes::quantifier_bounds::tests::bounds_from_forall_nats_not_negative ... ok
[INFO] [stdout] test tests::parser::mixins::tests::parse_after_mixin ... ok
[INFO] [stdout] test tests::passes::quantifier_bounds::tests::bounds_from_forall_nats_conjunction ... ok
[INFO] [stdout] test tests::passes::quantifier_bounds::tests::succ_literal ... ok
[INFO] [stdout] test tests::programs::accord::typecheck_protocol ... FAILED
[INFO] [stdout] test tests::programs::accord::typecheck_abstract_protocol ... FAILED
[INFO] [stdout] test tests::passes::quantifier_bounds::tests::succ_compound ... ok
[INFO] [stdout] test tests::programs::accord::typecheck_messages ... FAILED
[INFO] [stdout] test tests::programs::accord::typecheck_sorts ... FAILED
[INFO] [stdout] test tests::programs::accord::typecheck_txn ... FAILED
[INFO] [stdout] test tests::programs::accord::typecheck_temporality ... FAILED
[INFO] [stdout] test tests::programs::parser::test_append ... ok
[INFO] [stdout] test tests::programs::parser::test_isolates ... ok
[INFO] [stdout] test tests::programs::parser::test_loops ... ok
[INFO] [stdout] test tests::programs::parser::test_modules ... ok
[INFO] [stdout] test tests::programs::parser::test_safety_and_invariants ... ok
[INFO] [stdout] test tests::programs::parser::test_state_and_actions ... ok
[INFO] [stdout] test tests::typechecker::actions::tests::action_assign ... ok
[INFO] [stdout] test tests::typechecker::actions::tests::action_assign_logical ... ok
[INFO] [stdout] test tests::typechecker::actions::tests::action_call_curry_this ... ok
[INFO] [stdout] test tests::typechecker::actions::tests::action_before_after ... ok
[INFO] [stdout] test tests::typechecker::actions::tests::action_call_nullary_action ... ok
[INFO] [stdout] test tests::typechecker::actions::tests::action_forward_ref ... ok
[INFO] [stdout] test tests::typechecker::actions::tests::action_nullary_application ... ok
[INFO] [stdout] test tests::typechecker::actions::tests::ident_action_decl ... ok
[INFO] [stdout] test tests::typechecker::actions::tests::action_read_relation ... ok
[INFO] [stdout] test tests::typechecker::actions::tests::action_call_unary ... ok
[INFO] [stdout] test tests::typechecker::actions::tests::action_read_relation_logical ... ok
[INFO] [stdout] test tests::typechecker::actions::tests::implicit_nullary_action_call ... ok
[INFO] [stdout] test tests::typechecker::actions::tests::inconsistent_mixin ... ok
[INFO] [stdout] test tests::typechecker::actions::tests::action_nullary_application_opaque_ret_sort ... ok
[INFO] [stdout] test tests::typechecker::actions::tests::local_vardecl_and_init ... ok
[INFO] [stdout] test tests::typechecker::actions::tests::local_vardecl ... ok
[INFO] [stdout] test tests::typechecker::actions::tests::noop_action_decl_with_local ... ok
[INFO] [stdout] test tests::typechecker::actions::tests::unknown_ident_in_action_impl ... ok
[INFO] [stdout] test tests::typechecker::declarations::tests::alias_bv ... ok
[INFO] [stdout] test tests::typechecker::declarations::tests::class ... ok
[INFO] [stdout] test tests::typechecker::declarations::tests::declblock ... ok
[INFO] [stdout] test tests::typechecker::declarations::tests::ensure ... ok
[INFO] [stdout] test tests::typechecker::declarations::tests::ensure_quantified ... ok
[INFO] [stdout] test tests::typechecker::declarations::tests::ensure_bad ... ok
[INFO] [stdout] test tests::typechecker::declarations::tests::function_interpreted_ret_mismatch ... ok
[INFO] [stdout] test tests::programs::parser::test_noninf1 ... ok
[INFO] [stdout] test tests::typechecker::declarations::tests::function_uninterpreted ... ok
[INFO] [stdout] test tests::typechecker::declarations::tests::instance_decl_no_args ... ok
[INFO] [stdout] test tests::typechecker::declarations::tests::relation_decl_annotated ... ok
[INFO] [stdout] test tests::typechecker::actions::tests::noop_action_decl ... ok
[INFO] [stdout] test tests::typechecker::declarations::tests::function_interpreted ... ok
[INFO] [stdout] test tests::typechecker::declarations::tests::relation_decl_unannotated ... ok
[INFO] [stdout] test tests::typechecker::declarations::tests::subclass ... ok
[INFO] [stdout] test tests::typechecker::declarations::tests::subclass_invalid_inheritance ... ok
[INFO] [stdout] test tests::typechecker::declarations::tests::require_bad ... ok
[INFO] [stdout] test tests::typechecker::declarations::tests::typedecl_enum ... ok
[INFO] [stdout] test tests::typechecker::declarations::tests::typedecl_this ... ok
[INFO] [stdout] test tests::typechecker::declarations::tests::typedecl_uninterp ... ok
[INFO] [stdout] test tests::typechecker::declarations::tests::typedecl_range ... ok
[INFO] [stdout] test tests::typechecker::declarations::tests::var_redefinition ... ok
[INFO] [stdout] test tests::typechecker::declarations::tests::vardecl_annotated ... ok
[INFO] [stdout] test tests::typechecker::declarations::tests::vardecl_inferred ... ok
[INFO] [stdout] test tests::typechecker::expressions::tests::test_call_invalid ... ok
[INFO] [stdout] test tests::typechecker::declarations::tests::require ... ok
[INFO] [stdout] test tests::typechecker::declarations::tests::typedecl_bv ... ok
[INFO] [stdout] test tests::typechecker::expressions::tests::test_call_parameterized_obj_invalid_parameter ... ok
[INFO] [stdout] test tests::typechecker::expressions::tests::test_call_resolved ... ok
[INFO] [stdout] test tests::typechecker::expressions::tests::test_call_unresolved ... ok
[INFO] [stdout] test tests::typechecker::expressions::tests::test_eq_binop ... ok
[INFO] [stdout] test tests::typechecker::expressions::tests::test_field_access ... ok
[INFO] [stdout] test tests::typechecker::expressions::tests::test_call_parameterized_obj ... ok
[INFO] [stdout] test tests::typechecker::expressions::tests::test_field_access_call ... ok
[INFO] [stdout] test tests::typechecker::expressions::tests::test_lt_binop ... ok
[INFO] [stdout] test tests::typechecker::expressions::tests::test_numeric_binop ... ok
[INFO] [stdout] test tests::typechecker::expressions::tests::test_unary_op ... ok
[INFO] [stdout] test tests::typechecker::expressions::tests::test_unbound_this ... ok
[INFO] [stdout] test tests::typechecker::expressions::tests::test_ident ... ok
[INFO] [stdout] test tests::typechecker::expressions::tests::test_invalid_numeric_binop ... ok
[INFO] [stdout] test tests::typechecker::formulas::tests::nested_quants ... ok
[INFO] [stdout] test tests::typechecker::formulas::tests::progterm_in_fmls ... ok
[INFO] [stdout] test tests::typechecker::formulas::tests::universal_quant_annotated ... ok
[INFO] [stdout] test tests::typechecker::mixins::tests::test_action_and_impl ... ok
[INFO] [stdout] test tests::typechecker::formulas::tests::universal_quant ... ok
[INFO] [stdout] test tests::typechecker::mixins::tests::test_action_and_impl_different_sorts ... ok
[INFO] [stdout] test tests::typechecker::mixins::tests::test_action_and_impl_identical_sigs ... ok
[INFO] [stdout] test tests::typechecker::mixins::tests::test_action_and_impl_rebound_sigs ... ok
[INFO] [stdout] test tests::typechecker::modules::tests::module_extraction ... ok
[INFO] [stdout] test tests::stdlib::tests::typecheck ... ok
[INFO] [stdout] test tests::typechecker::modules::tests::instantiation_with_impl_spec_blocks ... FAILED
[INFO] [stdout] test tests::typechecker::modules::tests::module_multiple_instantiations ... ok
[INFO] [stdout] test tests::typechecker::modules::tests::instantiation_with_invalid_overloaded_numerals ... ok
[INFO] [stdout] test tests::typechecker::modules::tests::test_after_init ... ok
[INFO] [stdout] test tests::typechecker::modules::tests::instantiation_with_overloaded_numerals ... ok
[INFO] [stdout] test tests::typechecker::modules::tests::multimod_instantiation ... ok
[INFO] [stdout] test tests::typechecker::modules::tests::test_empty_module ... ok
[INFO] [stdout] test tests::typechecker::modules::tests::test_mod_actions ... ok
[INFO] [stdout] test tests::typechecker::processes::tests::empty_process ... ok
[INFO] [stdout] test tests::typechecker::processes::tests::parameterized_obj_index ... ok
[INFO] [stdout] test tests::typechecker::modules::tests::test_mod_bind_and_alias_this ... ok
[INFO] [stdout] test tests::typechecker::processes::tests::proc_with_implicit_impl ... ok
[INFO] [stdout] test tests::typechecker::processes::tests::proc_with_local_var ... ok
[INFO] [stdout] test tests::typechecker::processes::tests::proc_with_params ... ok
[INFO] [stdout] test tests::typechecker::processes::tests::bad_parameterized_object_index ... ok
[INFO] [stdout] test tests::typechecker::processes::tests::process_with_ghost_state_assign_lhs ... ok
[INFO] [stdout] test tests::typechecker::processes::tests::relation_inference_bad_arity ... ok
[INFO] [stdout] test tests::typechecker::processes::tests::relation_bad_inference ... ok
[INFO] [stdout] test tests::typechecker::processes::tests::parameterized_object_index ... ok
[INFO] [stdout] test tests::typechecker::processes::tests::relation_inference ... ok
[INFO] [stdout] test tests::typechecker::resolver::tests::fresh_sortvars ... ok
[INFO] [stdout] test tests::typechecker::resolver::tests::generic_unification ... ok
[INFO] [stdout] test tests::typechecker::resolver::tests::sortvar_unification ... ok
[INFO] [stdout] test tests::typechecker::resolver::tests::test_nonrecord_lookup ... ok
[INFO] [stdout] test tests::typechecker::resolver::tests::test_record_lookup ... ok
[INFO] [stdout] test tests::typechecker::resolver::tests::test_path_lookup ... ok
[INFO] [stdout] test tests::typechecker::statements::tests::if_bad_cond ... ok
[INFO] [stdout] test tests::typechecker::statements::tests::if_valid ... ok
[INFO] [stdout] test tests::typechecker::statements::tests::logical_assign ... ok
[INFO] [stdout] test tests::typechecker::processes::tests::relation_logical_assign ... ok
[INFO] [stdout] test tests::typechecker::subst::tests::uninterpreted_type_resolution ... ok
[INFO] [stdout] test tests::typechecker::resolver::tests::fresh_sortvar_consistent_mapping ... ok
[INFO] [stdout] test tests::typechecker::processes::tests::relation_inference_bad_assign ... ok
[INFO] [stdout] test tests::typechecker::statements::tests::while_valid ... ok
[INFO] [stdout] test tests::programs::parser::test_append2 ... ok
[INFO] [stdout] test typechecker::programs::typechecker::typecheck_102_counter ... ok
[INFO] [stdout] test tests::typechecker::processes::tests::append1_host ... ok
[INFO] [stdout] test typechecker::programs::parser::typecheck_001_state_and_actions ... ok
[INFO] [stdout] test typechecker::programs::extraction::extract_202_pingpong ... ok
[INFO] [stdout] test typechecker::programs::typechecker::typecheck_202_pingpong ... ok
[INFO] [stdout] test typechecker::programs::typechecker::typecheck_101_append2 ... ok
[INFO] [stdout] test typechecker::programs::typechecker::typecheck_200_trivial_chainrep ... ok
[INFO] [stdout] test typechecker::programs::extraction::extract_200_trivial_chainrep ... ok
[INFO] [stdout] 
[INFO] [stdout] failures:
[INFO] [stdout] 
[INFO] [stdout] ---- tests::extraction::java::tests::extract_module_instantation stdout ----
[INFO] [stdout] [2024-12-14T12:42:33Z TRACE visitor] Decl Source:0 ("module pair(t) = { ...)
[INFO] [stdout] [2024-12-14T12:42:33Z TRACE binding] Inserting pair:SortVar(0) into context (depth 1)
[INFO] [stdout] [2024-12-14T12:42:33Z TRACE binding] Inserting this:This into context (depth 2)
[INFO] [stdout] [2024-12-14T12:42:33Z TRACE binding] Inserting init:Action([], List([]), Unit, Instance) into context (depth 2)
[INFO] [stdout] [2024-12-14T12:42:33Z TRACE binding] Inserting t:Generic(1, "t") into context (depth 2)
[INFO] [stdout] [2024-12-14T12:42:33Z TRACE visitor] Decl Source:1 ("x: t...)
[INFO] [stdout] [2024-12-14T12:42:33Z TRACE binding] Inserting x:Generic(1, "t") into context (depth 2)
[INFO] [stdout] [2024-12-14T12:42:33Z DEBUG sort-inference] unify(Generic(1, "t"),Generic(1, "t"))
[INFO] [stdout] [2024-12-14T12:42:33Z TRACE visitor] Decl Source:2 ("y: t...)
[INFO] [stdout] [2024-12-14T12:42:33Z TRACE binding] Inserting y:Generic(1, "t") into context (depth 2)
[INFO] [stdout] [2024-12-14T12:42:33Z DEBUG sort-inference] unify(Generic(1, "t"),Generic(1, "t"))
[INFO] [stdout] [2024-12-14T12:42:33Z DEBUG sort-inference] unify(SortVar(0),Module(Module { name: "pair", args: [Binding { name: "t", decl: Generic(1, "t"), span: Source:0 ("pair(t)") }], fields: {"init": Action([], List([]), Unit, Instance), "x": Generic(1, "t"), "y": Generic(1, "t")} }))
[INFO] [stdout] [2024-12-14T12:42:33Z TRACE visitor] Decl Source:0 ("instance nat_pair : pair(nat)")
[INFO] [stdout] [2024-12-14T12:42:33Z TRACE binding] Inserting nat_pair:SortVar(2) into context (depth 1)
[INFO] [stdout] [2024-12-14T12:42:33Z DEBUG sort-inference] unify(Generic(3, "t"),Number)
[INFO] [stdout] [2024-12-14T12:42:33Z DEBUG sort-inference] unify(SortVar(2),Module(Module { name: "pair", args: [], fields: {"init": Action([], List([]), Unit, Instance), "x": Number, "y": Number} }))
[INFO] [stdout] NBT: [Binding { name: "t", decl: Resolved(Number), span: Source:0 ("pair(t)") }]
[INFO] [stdout] [2024-12-14T12:42:33Z TRACE visitor] Decl Source:0 ("instance nat_pair : pair(nat)")
[INFO] [stdout] thread 'tests::extraction::java::tests::extract_module_instantation' panicked at src/extraction/pprint.rs:29:13:
[INFO] [stdout] attempt to subtract with overflow
[INFO] [stdout] stack backtrace:
[INFO] [stdout]    0:     0x59822d9fb8da - std::backtrace_rs::backtrace::libunwind::trace::h5a5b8284f2d0c266
[INFO] [stdout]                                at /rustc/90b35a6239c3d8bdabc530a6a0816f7ff89a0aaf/library/std/src/../../backtrace/src/backtrace/libunwind.rs:116:5
[INFO] [stdout]    1:     0x59822d9fb8da - std::backtrace_rs::backtrace::trace_unsynchronized::h76d4f1c9b0b875e3
[INFO] [stdout]                                at /rustc/90b35a6239c3d8bdabc530a6a0816f7ff89a0aaf/library/std/src/../../backtrace/src/backtrace/mod.rs:66:5
[INFO] [stdout]    2:     0x59822d9fb8da - std::sys::backtrace::_print_fmt::hc4546b8364a537c6
[INFO] [stdout]                                at /rustc/90b35a6239c3d8bdabc530a6a0816f7ff89a0aaf/library/std/src/sys/backtrace.rs:66:9
[INFO] [stdout]    3:     0x59822d9fb8da - <std::sys::backtrace::BacktraceLock::print::DisplayBacktrace as core::fmt::Display>::fmt::h5b6bd5631a6d1f6b
[INFO] [stdout]                                at /rustc/90b35a6239c3d8bdabc530a6a0816f7ff89a0aaf/library/std/src/sys/backtrace.rs:39:26
[INFO] [stdout]    4:     0x59822da213b3 - core::fmt::rt::Argument::fmt::h270f6602a2b96f62
[INFO] [stdout]                                at /rustc/90b35a6239c3d8bdabc530a6a0816f7ff89a0aaf/library/core/src/fmt/rt.rs:177:76
[INFO] [stdout]    5:     0x59822da213b3 - core::fmt::write::h7550c97b06c86515
[INFO] [stdout]                                at /rustc/90b35a6239c3d8bdabc530a6a0816f7ff89a0aaf/library/core/src/fmt/mod.rs:1186:21
[INFO] [stdout]    6:     0x59822d9f8273 - std::io::Write::write_fmt::h509ff860e5956e5e
[INFO] [stdout]                                at /rustc/90b35a6239c3d8bdabc530a6a0816f7ff89a0aaf/library/std/src/io/mod.rs:1839:15
[INFO] [stdout]    7:     0x59822d9fb722 - std::sys::backtrace::BacktraceLock::print::h2395ccd2c84ba3aa
[INFO] [stdout]                                at /rustc/90b35a6239c3d8bdabc530a6a0816f7ff89a0aaf/library/std/src/sys/backtrace.rs:42:9
[INFO] [stdout]    8:     0x59822d9fcd3a - std::panicking::default_hook::{{closure}}::he19d4c7230e07961
[INFO] [stdout]                                at /rustc/90b35a6239c3d8bdabc530a6a0816f7ff89a0aaf/library/std/src/panicking.rs:268:22
[INFO] [stdout]    9:     0x59822d9fcb44 - std::panicking::default_hook::hf614597d3c67bbdb
[INFO] [stdout]                                at /rustc/90b35a6239c3d8bdabc530a6a0816f7ff89a0aaf/library/std/src/panicking.rs:292:9
[INFO] [stdout]   10:     0x59822d9af029 - <alloc::boxed::Box<F,A> as core::ops::function::Fn<Args>>::call::h39b51ce4599c23d1
[INFO] [stdout]                                at /rustc/90b35a6239c3d8bdabc530a6a0816f7ff89a0aaf/library/alloc/src/boxed.rs:2468:9
[INFO] [stdout]   11:     0x59822d9af029 - test::test_main::{{closure}}::he977ae839a582784
[INFO] [stdout]                                at /rustc/90b35a6239c3d8bdabc530a6a0816f7ff89a0aaf/library/test/src/lib.rs:133:21
[INFO] [stdout]   12:     0x59822d9fd3d8 - <alloc::boxed::Box<F,A> as core::ops::function::Fn<Args>>::call::h9455091b6b06f9fb
[INFO] [stdout]                                at /rustc/90b35a6239c3d8bdabc530a6a0816f7ff89a0aaf/library/alloc/src/boxed.rs:2468:9
[INFO] [stdout]   13:     0x59822d9fd3d8 - std::panicking::rust_panic_with_hook::h8942133a8b252070
[INFO] [stdout]                                at /rustc/90b35a6239c3d8bdabc530a6a0816f7ff89a0aaf/library/std/src/panicking.rs:809:13
[INFO] [stdout]   14:     0x59822d9fd166 - std::panicking::begin_panic_handler::{{closure}}::hb5f5963570096b29
[INFO] [stdout]                                at /rustc/90b35a6239c3d8bdabc530a6a0816f7ff89a0aaf/library/std/src/panicking.rs:667:13
[INFO] [stdout]   15:     0x59822d9fbdb9 - std::sys::backtrace::__rust_end_short_backtrace::h6208cedc1922feda
[INFO] [stdout]                                at /rustc/90b35a6239c3d8bdabc530a6a0816f7ff89a0aaf/library/std/src/sys/backtrace.rs:170:18
[INFO] [stdout]   16:     0x59822d9fce2c - rust_begin_unwind
[INFO] [stdout]                                at /rustc/90b35a6239c3d8bdabc530a6a0816f7ff89a0aaf/library/std/src/panicking.rs:665:5
[INFO] [stdout]   17:     0x59822d3df130 - core::panicking::panic_fmt::h0c3082644d1bf418
[INFO] [stdout]                                at /rustc/90b35a6239c3d8bdabc530a6a0816f7ff89a0aaf/library/core/src/panicking.rs:74:14
[INFO] [stdout]   18:     0x59822d3df967 - core::panicking::panic_const::panic_const_sub_overflow::h068bbf8ea6b4f121
[INFO] [stdout]                                at /rustc/90b35a6239c3d8bdabc530a6a0816f7ff89a0aaf/library/core/src/panicking.rs:181:21
[INFO] [stdout]   19:     0x59822d57f296 - <irving::extraction::pprint::PrettyPrinter<W> as core::fmt::Write>::write_str::h78523bebb2aa8630
[INFO] [stdout]                                at /opt/rustwide/workdir/src/extraction/pprint.rs:29:13
[INFO] [stdout]   20:     0x59822d61f0c9 - <irving::extraction::java::extraction::Extractor<W> as irving::visitor::ast::Visitor<(),core::fmt::Error>>::begin_instance_decl::hd554aa45b7007ea0
[INFO] [stdout]                                at /opt/rustwide/workdir/src/extraction/java/extraction.rs:378:9
[INFO] [stdout]   21:     0x59822d7148b9 - <irving::ast::declarations::Decl as irving::visitor::ast::Visitable<T,E>>::visit::h4ae3e7a21f1a4745
[INFO] [stdout]                                at /opt/rustwide/workdir/src/visitor/ast.rs:1157:18
[INFO] [stdout]   22:     0x59822d601928 - irving::tests::extraction::java::tests::extract_module_instantation::h0a097070aac84e09
[INFO] [stdout]                                at /opt/rustwide/workdir/src/tests/extraction/java.rs:304:9
[INFO] [stdout]   23:     0x59822d601777 - irving::tests::extraction::java::tests::extract_module_instantation::{{closure}}::h00122028c5fb74f3
[INFO] [stdout]                                at /opt/rustwide/workdir/src/tests/extraction/java.rs:291:37
[INFO] [stdout]   24:     0x59822d6588c6 - core::ops::function::FnOnce::call_once::hfda9714143746cff
[INFO] [stdout]                                at /rustc/90b35a6239c3d8bdabc530a6a0816f7ff89a0aaf/library/core/src/ops/function.rs:250:5
[INFO] [stdout]   25:     0x59822d9b39eb - core::ops::function::FnOnce::call_once::h109cf8051a59b34e
[INFO] [stdout]                                at /rustc/90b35a6239c3d8bdabc530a6a0816f7ff89a0aaf/library/core/src/ops/function.rs:250:5
[INFO] [stdout]   26:     0x59822d9b39eb - test::__rust_begin_short_backtrace::hf4fff89d377446ba
[INFO] [stdout]                                at /rustc/90b35a6239c3d8bdabc530a6a0816f7ff89a0aaf/library/test/src/lib.rs:621:18
[INFO] [stdout]   27:     0x59822d9b3227 - test::run_test_in_process::{{closure}}::h0e39181dd7ee5a43
[INFO] [stdout]                                at /rustc/90b35a6239c3d8bdabc530a6a0816f7ff89a0aaf/library/test/src/lib.rs:644:60
[INFO] [stdout]   28:     0x59822d9b3227 - <core::panic::unwind_safe::AssertUnwindSafe<F> as core::ops::function::FnOnce<()>>::call_once::hc5a66a30f0bdfd1f
[INFO] [stdout]                                at /rustc/90b35a6239c3d8bdabc530a6a0816f7ff89a0aaf/library/core/src/panic/unwind_safe.rs:272:9
[INFO] [stdout]   29:     0x59822d9b3227 - std::panicking::try::do_call::h873b7cf639554a5e
[INFO] [stdout]                                at /rustc/90b35a6239c3d8bdabc530a6a0816f7ff89a0aaf/library/std/src/panicking.rs:557:40
[INFO] [stdout]   30:     0x59822d9b3227 - std::panicking::try::hdb19862fad9c8bd1
[INFO] [stdout]                                at /rustc/90b35a6239c3d8bdabc530a6a0816f7ff89a0aaf/library/std/src/panicking.rs:520:19
[INFO] [stdout]   31:     0x59822d9b3227 - std::panic::catch_unwind::h281fe732d236d260
[INFO] [stdout]                                at /rustc/90b35a6239c3d8bdabc530a6a0816f7ff89a0aaf/library/std/src/panic.rs:358:14
[INFO] [stdout]   32:     0x59822d9b3227 - test::run_test_in_process::h949b6df8457ed338
[INFO] [stdout]                                at /rustc/90b35a6239c3d8bdabc530a6a0816f7ff89a0aaf/library/test/src/lib.rs:644:27
[INFO] [stdout]   33:     0x59822d9b3227 - test::run_test::{{closure}}::h52c556a6d4740e10
[INFO] [stdout]                                at /rustc/90b35a6239c3d8bdabc530a6a0816f7ff89a0aaf/library/test/src/lib.rs:565:43
[INFO] [stdout]   34:     0x59822d978504 - test::run_test::{{closure}}::h4237f6381c45ccb9
[INFO] [stdout]                                at /rustc/90b35a6239c3d8bdabc530a6a0816f7ff89a0aaf/library/test/src/lib.rs:595:41
[INFO] [stdout]   35:     0x59822d978504 - std::sys::backtrace::__rust_begin_short_backtrace::h505c97a579eca628
[INFO] [stdout]                                at /rustc/90b35a6239c3d8bdabc530a6a0816f7ff89a0aaf/library/std/src/sys/backtrace.rs:154:18
[INFO] [stdout]   36:     0x59822d97bbce - std::thread::Builder::spawn_unchecked_::{{closure}}::{{closure}}::h9e86b2e2bc107ea3
[INFO] [stdout]                                at /rustc/90b35a6239c3d8bdabc530a6a0816f7ff89a0aaf/library/std/src/thread/mod.rs:538:17
[INFO] [stdout]   37:     0x59822d97bbce - <core::panic::unwind_safe::AssertUnwindSafe<F> as core::ops::function::FnOnce<()>>::call_once::h8b06ddb275ff4a25
[INFO] [stdout]                                at /rustc/90b35a6239c3d8bdabc530a6a0816f7ff89a0aaf/library/core/src/panic/unwind_safe.rs:272:9
[INFO] [stdout]   38:     0x59822d97bbce - std::panicking::try::do_call::hb26ecd7cd9a9355d
[INFO] [stdout]                                at /rustc/90b35a6239c3d8bdabc530a6a0816f7ff89a0aaf/library/std/src/panicking.rs:557:40
[INFO] [stdout]   39:     0x59822d97bbce - std::panicking::try::h8ddeca9d705f9069
[INFO] [stdout]                                at /rustc/90b35a6239c3d8bdabc530a6a0816f7ff89a0aaf/library/std/src/panicking.rs:520:19
[INFO] [stdout]   40:     0x59822d97bbce - std::panic::catch_unwind::h49e1c33078844c46
[INFO] [stdout]                                at /rustc/90b35a6239c3d8bdabc530a6a0816f7ff89a0aaf/library/std/src/panic.rs:358:14
[INFO] [stdout]   41:     0x59822d97bbce - std::thread::Builder::spawn_unchecked_::{{closure}}::h6073db6ff56ad35d
[INFO] [stdout]                                at /rustc/90b35a6239c3d8bdabc530a6a0816f7ff89a0aaf/library/std/src/thread/mod.rs:537:30
[INFO] [stdout]   42:     0x59822d97bbce - core::ops::function::FnOnce::call_once{{vtable.shim}}::h2c5a5f3779c774f1
[INFO] [stdout]                                at /rustc/90b35a6239c3d8bdabc530a6a0816f7ff89a0aaf/library/core/src/ops/function.rs:250:5
[INFO] [stdout]   43:     0x59822da011ab - <alloc::boxed::Box<F,A> as core::ops::function::FnOnce<Args>>::call_once::hf75717d9f28faebf
[INFO] [stdout]                                at /rustc/90b35a6239c3d8bdabc530a6a0816f7ff89a0aaf/library/alloc/src/boxed.rs:2454:9
[INFO] [stdout]   44:     0x59822da011ab - <alloc::boxed::Box<F,A> as core::ops::function::FnOnce<Args>>::call_once::h7bd883a5f3c5f3c1
[INFO] [stdout]                                at /rustc/90b35a6239c3d8bdabc530a6a0816f7ff89a0aaf/library/alloc/src/boxed.rs:2454:9
[INFO] [stdout]   45:     0x59822da011ab - std::sys::pal::unix::thread::Thread::new::thread_start::hcc78f3943333fa94
[INFO] [stdout]                                at /rustc/90b35a6239c3d8bdabc530a6a0816f7ff89a0aaf/library/std/src/sys/pal/unix/thread.rs:105:17
[INFO] [stdout]   46:     0x7dba802f9ac3 - <unknown>
[INFO] [stdout]   47:     0x7dba8038aa04 - clone
[INFO] [stdout]   48:                0x0 - <unknown>
[INFO] [stdout] 
[INFO] [stdout] ---- tests::programs::accord::typecheck_protocol stdout ----
[INFO] [stdout] thread 'tests::programs::accord::typecheck_protocol' panicked at src/tests/mod.rs:108:51:
[INFO] [stdout] called `Result::unwrap()` on an `Err` value: Os { code: 2, kind: NotFound, message: "No such file or directory" }
[INFO] [stdout] stack backtrace:
[INFO] [stdout]    0:     0x59822d9fb8da - std::backtrace_rs::backtrace::libunwind::trace::h5a5b8284f2d0c266
[INFO] [stdout]                                at /rustc/90b35a6239c3d8bdabc530a6a0816f7ff89a0aaf/library/std/src/../../backtrace/src/backtrace/libunwind.rs:116:5
[INFO] [stdout]    1:     0x59822d9fb8da - std::backtrace_rs::backtrace::trace_unsynchronized::h76d4f1c9b0b875e3
[INFO] [stdout]                                at /rustc/90b35a6239c3d8bdabc530a6a0816f7ff89a0aaf/library/std/src/../../backtrace/src/backtrace/mod.rs:66:5
[INFO] [stdout]    2:     0x59822d9fb8da - std::sys::backtrace::_print_fmt::hc4546b8364a537c6
[INFO] [stdout]                                at /rustc/90b35a6239c3d8bdabc530a6a0816f7ff89a0aaf/library/std/src/sys/backtrace.rs:66:9
[INFO] [stdout]    3:     0x59822d9fb8da - <std::sys::backtrace::BacktraceLock::print::DisplayBacktrace as core::fmt::Display>::fmt::h5b6bd5631a6d1f6b
[INFO] [stdout]                                at /rustc/90b35a6239c3d8bdabc530a6a0816f7ff89a0aaf/library/std/src/sys/backtrace.rs:39:26
[INFO] [stdout]    4:     0x59822da213b3 - core::fmt::rt::Argument::fmt::h270f6602a2b96f62
[INFO] [stdout]                                at /rustc/90b35a6239c3d8bdabc530a6a0816f7ff89a0aaf/library/core/src/fmt/rt.rs:177:76
[INFO] [stdout]    5:     0x59822da213b3 - core::fmt::write::h7550c97b06c86515
[INFO] [stdout]                                at /rustc/90b35a6239c3d8bdabc530a6a0816f7ff89a0aaf/library/core/src/fmt/mod.rs:1186:21
[INFO] [stdout]    6:     0x59822d9f8273 - std::io::Write::write_fmt::h509ff860e5956e5e
[INFO] [stdout]                                at /rustc/90b35a6239c3d8bdabc530a6a0816f7ff89a0aaf/library/std/src/io/mod.rs:1839:15
[INFO] [stdout]    7:     0x59822d9fb722 - std::sys::backtrace::BacktraceLock::print::h2395ccd2c84ba3aa
[INFO] [stdout]                                at /rustc/90b35a6239c3d8bdabc530a6a0816f7ff89a0aaf/library/std/src/sys/backtrace.rs:42:9
[INFO] [stdout]    8:     0x59822d9fcd3a - std::panicking::default_hook::{{closure}}::he19d4c7230e07961
[INFO] [stdout]                                at /rustc/90b35a6239c3d8bdabc530a6a0816f7ff89a0aaf/library/std/src/panicking.rs:268:22
[INFO] [stdout]    9:     0x59822d9fcb44 - std::panicking::default_hook::hf614597d3c67bbdb
[INFO] [stdout]                                at /rustc/90b35a6239c3d8bdabc530a6a0816f7ff89a0aaf/library/std/src/panicking.rs:292:9
[INFO] [stdout]   10:     0x59822d9af029 - <alloc::boxed::Box<F,A> as core::ops::function::Fn<Args>>::call::h39b51ce4599c23d1
[INFO] [stdout]                                at /rustc/90b35a6239c3d8bdabc530a6a0816f7ff89a0aaf/library/alloc/src/boxed.rs:2468:9
[INFO] [stdout]   11:     0x59822d9af029 - test::test_main::{{closure}}::he977ae839a582784
[INFO] [stdout]                                at /rustc/90b35a6239c3d8bdabc530a6a0816f7ff89a0aaf/library/test/src/lib.rs:133:21
[INFO] [stdout]   12:     0x59822d9fd3d8 - <alloc::boxed::Box<F,A> as core::ops::function::Fn<Args>>::call::h9455091b6b06f9fb
[INFO] [stdout]                                at /rustc/90b35a6239c3d8bdabc530a6a0816f7ff89a0aaf/library/alloc/src/boxed.rs:2468:9
[INFO] [stdout]   13:     0x59822d9fd3d8 - std::panicking::rust_panic_with_hook::h8942133a8b252070
[INFO] [stdout]                                at /rustc/90b35a6239c3d8bdabc530a6a0816f7ff89a0aaf/library/std/src/panicking.rs:809:13
[INFO] [stdout]   14:     0x59822d9fd19a - std::panicking::begin_panic_handler::{{closure}}::hb5f5963570096b29
[INFO] [stdout]                                at /rustc/90b35a6239c3d8bdabc530a6a0816f7ff89a0aaf/library/std/src/panicking.rs:674:13
[INFO] [stdout]   15:     0x59822d9fbdb9 - std::sys::backtrace::__rust_end_short_backtrace::h6208cedc1922feda
[INFO] [stdout]                                at /rustc/90b35a6239c3d8bdabc530a6a0816f7ff89a0aaf/library/std/src/sys/backtrace.rs:170:18
[INFO] [stdout]   16:     0x59822d9fce2c - rust_begin_unwind
[INFO] [stdout]                                at /rustc/90b35a6239c3d8bdabc530a6a0816f7ff89a0aaf/library/std/src/panicking.rs:665:5
[INFO] [stdout]   17:     0x59822d3df130 - core::panicking::panic_fmt::h0c3082644d1bf418
[INFO] [stdout]                                at /rustc/90b35a6239c3d8bdabc530a6a0816f7ff89a0aaf/library/core/src/panicking.rs:74:14
[INFO] [stdout]   18:     0x59822d3df616 - core::result::unwrap_failed::hd20b4aa073bda1e2
[INFO] [stdout]                                at /rustc/90b35a6239c3d8bdabc530a6a0816f7ff89a0aaf/library/core/src/result.rs:1700:5
[INFO] [stdout]   19:     0x59822d589591 - core::result::Result<T,E>::unwrap::hed5da2404245f884
[INFO] [stdout]                                at /rustc/90b35a6239c3d8bdabc530a6a0816f7ff89a0aaf/library/core/src/result.rs:1104:23
[INFO] [stdout]   20:     0x59822d589591 - irving::tests::helpers::typeinference_from_filename::h18f4b83d795025bd
[INFO] [stdout]                                at /opt/rustwide/workdir/src/tests/mod.rs:108:20
[INFO] [stdout]   21:     0x59822d5d3e7a - irving::tests::programs::accord::typecheck_protocol::h5f1b4d5f88637e7e
[INFO] [stdout]                                at /opt/rustwide/workdir/src/tests/programs.rs:78:20
[INFO] [stdout]   22:     0x59822d5d3e47 - irving::tests::programs::accord::typecheck_protocol::{{closure}}::h452232ffbae00def
[INFO] [stdout]                                at /opt/rustwide/workdir/src/tests/programs.rs:77:28
[INFO] [stdout]   23:     0x59822d6543f6 - core::ops::function::FnOnce::call_once::h4f53667449b59bbc
[INFO] [stdout]                                at /rustc/90b35a6239c3d8bdabc530a6a0816f7ff89a0aaf/library/core/src/ops/function.rs:250:5
[INFO] [stdout]   24:     0x59822d9b39eb - core::ops::function::FnOnce::call_once::h109cf8051a59b34e
[INFO] [stdout]                                at /rustc/90b35a6239c3d8bdabc530a6a0816f7ff89a0aaf/library/core/src/ops/function.rs:250:5
[INFO] [stdout]   25:     0x59822d9b39eb - test::__rust_begin_short_backtrace::hf4fff89d377446ba
[INFO] [stdout]                                at /rustc/90b35a6239c3d8bdabc530a6a0816f7ff89a0aaf/library/test/src/lib.rs:621:18
[INFO] [stdout]   26:     0x59822d9b3227 - test::run_test_in_process::{{closure}}::h0e39181dd7ee5a43
[INFO] [stdout]                                at /rustc/90b35a6239c3d8bdabc530a6a0816f7ff89a0aaf/library/test/src/lib.rs:644:60
[INFO] [stdout]   27:     0x59822d9b3227 - <core::panic::unwind_safe::AssertUnwindSafe<F> as core::ops::function::FnOnce<()>>::call_once::hc5a66a30f0bdfd1f
[INFO] [stdout]                                at /rustc/90b35a6239c3d8bdabc530a6a0816f7ff89a0aaf/library/core/src/panic/unwind_safe.rs:272:9
[INFO] [stdout]   28:     0x59822d9b3227 - std::panicking::try::do_call::h873b7cf639554a5e
[INFO] [stdout]                                at /rustc/90b35a6239c3d8bdabc530a6a0816f7ff89a0aaf/library/std/src/panicking.rs:557:40
[INFO] [stdout]   29:     0x59822d9b3227 - std::panicking::try::hdb19862fad9c8bd1
[INFO] [stdout]                                at /rustc/90b35a6239c3d8bdabc530a6a0816f7ff89a0aaf/library/std/src/panicking.rs:520:19
[INFO] [stdout]   30:     0x59822d9b3227 - std::panic::catch_unwind::h281fe732d236d260
[INFO] [stdout]                                at /rustc/90b35a6239c3d8bdabc530a6a0816f7ff89a0aaf/library/std/src/panic.rs:358:14
[INFO] [stdout]   31:     0x59822d9b3227 - test::run_test_in_process::h949b6df8457ed338
[INFO] [stdout]                                at /rustc/90b35a6239c3d8bdabc530a6a0816f7ff89a0aaf/library/test/src/lib.rs:644:27
[INFO] [stdout]   32:     0x59822d9b3227 - test::run_test::{{closure}}::h52c556a6d4740e10
[INFO] [stdout]                                at /rustc/90b35a6239c3d8bdabc530a6a0816f7ff89a0aaf/library/test/src/lib.rs:565:43
[INFO] [stdout]   33:     0x59822d978504 - test::run_test::{{closure}}::h4237f6381c45ccb9
[INFO] [stdout]                                at /rustc/90b35a6239c3d8bdabc530a6a0816f7ff89a0aaf/library/test/src/lib.rs:595:41
[INFO] [stdout]   34:     0x59822d978504 - std::sys::backtrace::__rust_begin_short_backtrace::h505c97a579eca628
[INFO] [stdout]                                at /rustc/90b35a6239c3d8bdabc530a6a0816f7ff89a0aaf/library/std/src/sys/backtrace.rs:154:18
[INFO] [stdout]   35:     0x59822d97bbce - std::thread::Builder::spawn_unchecked_::{{closure}}::{{closure}}::h9e86b2e2bc107ea3
[INFO] [stdout]                                at /rustc/90b35a6239c3d8bdabc530a6a0816f7ff89a0aaf/library/std/src/thread/mod.rs:538:17
[INFO] [stdout]   36:     0x59822d97bbce - <core::panic::unwind_safe::AssertUnwindSafe<F> as core::ops::function::FnOnce<()>>::call_once::h8b06ddb275ff4a25
[INFO] [stdout]                                at /rustc/90b35a6239c3d8bdabc530a6a0816f7ff89a0aaf/library/core/src/panic/unwind_safe.rs:272:9
[INFO] [stdout]   37:     0x59822d97bbce - std::panicking::try::do_call::hb26ecd7cd9a9355d
[INFO] [stdout]                                at /rustc/90b35a6239c3d8bdabc530a6a0816f7ff89a0aaf/library/std/src/panicking.rs:557:40
[INFO] [stdout]   38:     0x59822d97bbce - std::panicking::try::h8ddeca9d705f9069
[INFO] [stdout]                                at /rustc/90b35a6239c3d8bdabc530a6a0816f7ff89a0aaf/library/std/src/panicking.rs:520:19
[INFO] [stdout]   39:     0x59822d97bbce - std::panic::catch_unwind::h49e1c33078844c46
[INFO] [stdout]                                at /rustc/90b35a6239c3d8bdabc530a6a0816f7ff89a0aaf/library/std/src/panic.rs:358:14
[INFO] [stdout]   40:     0x59822d97bbce - std::thread::Builder::spawn_unchecked_::{{closure}}::h6073db6ff56ad35d
[INFO] [stdout]                                at /rustc/90b35a6239c3d8bdabc530a6a0816f7ff89a0aaf/library/std/src/thread/mod.rs:537:30
[INFO] [stdout]   41:     0x59822d97bbce - core::ops::function::FnOnce::call_once{{vtable.shim}}::h2c5a5f3779c774f1
[INFO] [stdout]                                at /rustc/90b35a6239c3d8bdabc530a6a0816f7ff89a0aaf/library/core/src/ops/function.rs:250:5
[INFO] [stdout]   42:     0x59822da011ab - <alloc::boxed::Box<F,A> as core::ops::function::FnOnce<Args>>::call_once::hf75717d9f28faebf
[INFO] [stdout]                                at /rustc/90b35a6239c3d8bdabc530a6a0816f7ff89a0aaf/library/alloc/src/boxed.rs:2454:9
[INFO] [stdout]   43:     0x59822da011ab - <alloc::boxed::Box<F,A> as core::ops::function::FnOnce<Args>>::call_once::h7bd883a5f3c5f3c1
[INFO] [stdout]                                at /rustc/90b35a6239c3d8bdabc530a6a0816f7ff89a0aaf/library/alloc/src/boxed.rs:2454:9
[INFO] [stdout]   44:     0x59822da011ab - std::sys::pal::unix::thread::Thread::new::thread_start::hcc78f3943333fa94
[INFO] [stdout]                                at /rustc/90b35a6239c3d8bdabc530a6a0816f7ff89a0aaf/library/std/src/sys/pal/unix/thread.rs:105:17
[INFO] [stdout]   45:     0x7dba802f9ac3 - <unknown>
[INFO] [stdout]   46:     0x7dba8038aa04 - clone
[INFO] [stdout]   47:                0x0 - <unknown>
[INFO] [stdout] 
[INFO] [stdout] ---- tests::programs::accord::typecheck_abstract_protocol stdout ----
[INFO] [stdout] thread 'tests::programs::accord::typecheck_abstract_protocol' panicked at src/tests/mod.rs:108:51:
[INFO] [stdout] called `Result::unwrap()` on an `Err` value: Os { code: 2, kind: NotFound, message: "No such file or directory" }
[INFO] [stdout] stack backtrace:
[INFO] [stdout]    0:     0x59822d9fb8da - std::backtrace_rs::backtrace::libunwind::trace::h5a5b8284f2d0c266
[INFO] [stdout]                                at /rustc/90b35a6239c3d8bdabc530a6a0816f7ff89a0aaf/library/std/src/../../backtrace/src/backtrace/libunwind.rs:116:5
[INFO] [stdout]    1:     0x59822d9fb8da - std::backtrace_rs::backtrace::trace_unsynchronized::h76d4f1c9b0b875e3
[INFO] [stdout]                                at /rustc/90b35a6239c3d8bdabc530a6a0816f7ff89a0aaf/library/std/src/../../backtrace/src/backtrace/mod.rs:66:5
[INFO] [stdout]    2:     0x59822d9fb8da - std::sys::backtrace::_print_fmt::hc4546b8364a537c6
[INFO] [stdout]                                at /rustc/90b35a6239c3d8bdabc530a6a0816f7ff89a0aaf/library/std/src/sys/backtrace.rs:66:9
[INFO] [stdout]    3:     0x59822d9fb8da - <std::sys::backtrace::BacktraceLock::print::DisplayBacktrace as core::fmt::Display>::fmt::h5b6bd5631a6d1f6b
[INFO] [stdout]                                at /rustc/90b35a6239c3d8bdabc530a6a0816f7ff89a0aaf/library/std/src/sys/backtrace.rs:39:26
[INFO] [stdout]    4:     0x59822da213b3 - core::fmt::rt::Argument::fmt::h270f6602a2b96f62
[INFO] [stdout]                                at /rustc/90b35a6239c3d8bdabc530a6a0816f7ff89a0aaf/library/core/src/fmt/rt.rs:177:76
[INFO] [stdout]    5:     0x59822da213b3 - core::fmt::write::h7550c97b06c86515
[INFO] [stdout]                                at /rustc/90b35a6239c3d8bdabc530a6a0816f7ff89a0aaf/library/core/src/fmt/mod.rs:1186:21
[INFO] [stdout]    6:     0x59822d9f8273 - std::io::Write::write_fmt::h509ff860e5956e5e
[INFO] [stdout]                                at /rustc/90b35a6239c3d8bdabc530a6a0816f7ff89a0aaf/library/std/src/io/mod.rs:1839:15
[INFO] [stdout]    7:     0x59822d9fb722 - std::sys::backtrace::BacktraceLock::print::h2395ccd2c84ba3aa
[INFO] [stdout]                                at /rustc/90b35a6239c3d8bdabc530a6a0816f7ff89a0aaf/library/std/src/sys/backtrace.rs:42:9
[INFO] [stdout]    8:     0x59822d9fcd3a - std::panicking::default_hook::{{closure}}::he19d4c7230e07961
[INFO] [stdout]                                at /rustc/90b35a6239c3d8bdabc530a6a0816f7ff89a0aaf/library/std/src/panicking.rs:268:22
[INFO] [stdout]    9:     0x59822d9fcb44 - std::panicking::default_hook::hf614597d3c67bbdb
[INFO] [stdout]                                at /rustc/90b35a6239c3d8bdabc530a6a0816f7ff89a0aaf/library/std/src/panicking.rs:292:9
[INFO] [stdout]   10:     0x59822d9af029 - <alloc::boxed::Box<F,A> as core::ops::function::Fn<Args>>::call::h39b51ce4599c23d1
[INFO] [stdout]                                at /rustc/90b35a6239c3d8bdabc530a6a0816f7ff89a0aaf/library/alloc/src/boxed.rs:2468:9
[INFO] [stdout]   11:     0x59822d9af029 - test::test_main::{{closure}}::he977ae839a582784
[INFO] [stdout]                                at /rustc/90b35a6239c3d8bdabc530a6a0816f7ff89a0aaf/library/test/src/lib.rs:133:21
[INFO] [stdout]   12:     0x59822d9fd3d8 - <alloc::boxed::Box<F,A> as core::ops::function::Fn<Args>>::call::h9455091b6b06f9fb
[INFO] [stdout]                                at /rustc/90b35a6239c3d8bdabc530a6a0816f7ff89a0aaf/library/alloc/src/boxed.rs:2468:9
[INFO] [stdout]   13:     0x59822d9fd3d8 - std::panicking::rust_panic_with_hook::h8942133a8b252070
[INFO] [stdout]                                at /rustc/90b35a6239c3d8bdabc530a6a0816f7ff89a0aaf/library/std/src/panicking.rs:809:13
[INFO] [stdout]   14:     0x59822d9fd19a - std::panicking::begin_panic_handler::{{closure}}::hb5f5963570096b29
[INFO] [stdout]                                at /rustc/90b35a6239c3d8bdabc530a6a0816f7ff89a0aaf/library/std/src/panicking.rs:674:13
[INFO] [stdout]   15:     0x59822d9fbdb9 - std::sys::backtrace::__rust_end_short_backtrace::h6208cedc1922feda
[INFO] [stdout]                                at /rustc/90b35a6239c3d8bdabc530a6a0816f7ff89a0aaf/library/std/src/sys/backtrace.rs:170:18
[INFO] [stdout]   16:     0x59822d9fce2c - rust_begin_unwind
[INFO] [stdout]                                at /rustc/90b35a6239c3d8bdabc530a6a0816f7ff89a0aaf/library/std/src/panicking.rs:665:5
[INFO] [stdout]   17:     0x59822d3df130 - core::panicking::panic_fmt::h0c3082644d1bf418
[INFO] [stdout]                                at /rustc/90b35a6239c3d8bdabc530a6a0816f7ff89a0aaf/library/core/src/panicking.rs:74:14
[INFO] [stdout]   18:     0x59822d3df616 - core::result::unwrap_failed::hd20b4aa073bda1e2
[INFO] [stdout]                                at /rustc/90b35a6239c3d8bdabc530a6a0816f7ff89a0aaf/library/core/src/result.rs:1700:5
[INFO] [stdout]   19:     0x59822d589591 - core::result::Result<T,E>::unwrap::hed5da2404245f884
[INFO] [stdout]                                at /rustc/90b35a6239c3d8bdabc530a6a0816f7ff89a0aaf/library/core/src/result.rs:1104:23
[INFO] [stdout]   20:     0x59822d589591 - irving::tests::helpers::typeinference_from_filename::h18f4b83d795025bd
[INFO] [stdout]                                at /opt/rustwide/workdir/src/tests/mod.rs:108:20
[INFO] [stdout]   21:     0x59822d5d3c9a - irving::tests::programs::accord::typecheck_abstract_protocol::h0afa90b2cce25faf
[INFO] [stdout]                                at /opt/rustwide/workdir/src/tests/programs.rs:53:13
[INFO] [stdout]   22:     0x59822d5d3c67 - irving::tests::programs::accord::typecheck_abstract_protocol::{{closure}}::h1686b6c8d7ef5732
[INFO] [stdout]                                at /opt/rustwide/workdir/src/tests/programs.rs:51:37
[INFO] [stdout]   23:     0x59822d655c96 - core::ops::function::FnOnce::call_once::ha34198f1ecdda33c
[INFO] [stdout]                                at /rustc/90b35a6239c3d8bdabc530a6a0816f7ff89a0aaf/library/core/src/ops/function.rs:250:5
[INFO] [stdout]   24:     0x59822d9b39eb - core::ops::function::FnOnce::call_once::h109cf8051a59b34e
[INFO] [stdout]                                at /rustc/90b35a6239c3d8bdabc530a6a0816f7ff89a0aaf/library/core/src/ops/function.rs:250:5
[INFO] [stdout]   25:     0x59822d9b39eb - test::__rust_begin_short_backtrace::hf4fff89d377446ba
[INFO] [stdout]                                at /rustc/90b35a6239c3d8bdabc530a6a0816f7ff89a0aaf/library/test/src/lib.rs:621:18
[INFO] [stdout]   26:     0x59822d9b3227 - test::run_test_in_process::{{closure}}::h0e39181dd7ee5a43
[INFO] [stdout]                                at /rustc/90b35a6239c3d8bdabc530a6a0816f7ff89a0aaf/library/test/src/lib.rs:644:60
[INFO] [stdout]   27:     0x59822d9b3227 - <core::panic::unwind_safe::AssertUnwindSafe<F> as core::ops::function::FnOnce<()>>::call_once::hc5a66a30f0bdfd1f
[INFO] [stdout]                                at /rustc/90b35a6239c3d8bdabc530a6a0816f7ff89a0aaf/library/core/src/panic/unwind_safe.rs:272:9
[INFO] [stdout]   28:     0x59822d9b3227 - std::panicking::try::do_call::h873b7cf639554a5e
[INFO] [stdout]                                at /rustc/90b35a6239c3d8bdabc530a6a0816f7ff89a0aaf/library/std/src/panicking.rs:557:40
[INFO] [stdout]   29:     0x59822d9b3227 - std::panicking::try::hdb19862fad9c8bd1
[INFO] [stdout]                                at /rustc/90b35a6239c3d8bdabc530a6a0816f7ff89a0aaf/library/std/src/panicking.rs:520:19
[INFO] [stdout]   30:     0x59822d9b3227 - std::panic::catch_unwind::h281fe732d236d260
[INFO] [stdout]                                at /rustc/90b35a6239c3d8bdabc530a6a0816f7ff89a0aaf/library/std/src/panic.rs:358:14
[INFO] [stdout]   31:     0x59822d9b3227 - test::run_test_in_process::h949b6df8457ed338
[INFO] [stdout]                                at /rustc/90b35a6239c3d8bdabc530a6a0816f7ff89a0aaf/library/test/src/lib.rs:644:27
[INFO] [stdout]   32:     0x59822d9b3227 - test::run_test::{{closure}}::h52c556a6d4740e10
[INFO] [stdout]                                at /rustc/90b35a6239c3d8bdabc530a6a0816f7ff89a0aaf/library/test/src/lib.rs:565:43
[INFO] [stdout]   33:     0x59822d978504 - test::run_test::{{closure}}::h4237f6381c45ccb9
[INFO] [stdout]                                at /rustc/90b35a6239c3d8bdabc530a6a0816f7ff89a0aaf/library/test/src/lib.rs:595:41
[INFO] [stdout]   34:     0x59822d978504 - std::sys::backtrace::__rust_begin_short_backtrace::h505c97a579eca628
[INFO] [stdout]                                at /rustc/90b35a6239c3d8bdabc530a6a0816f7ff89a0aaf/library/std/src/sys/backtrace.rs:154:18
[INFO] [stdout]   35:     0x59822d97bbce - std::thread::Builder::spawn_unchecked_::{{closure}}::{{closure}}::h9e86b2e2bc107ea3
[INFO] [stdout]                                at /rustc/90b35a6239c3d8bdabc530a6a0816f7ff89a0aaf/library/std/src/thread/mod.rs:538:17
[INFO] [stdout]   36:     0x59822d97bbce - <core::panic::unwind_safe::AssertUnwindSafe<F> as core::ops::function::FnOnce<()>>::call_once::h8b06ddb275ff4a25
[INFO] [stdout]                                at /rustc/90b35a6239c3d8bdabc530a6a0816f7ff89a0aaf/library/core/src/panic/unwind_safe.rs:272:9
[INFO] [stdout]   37:     0x59822d97bbce - std::panicking::try::do_call::hb26ecd7cd9a9355d
[INFO] [stdout]                                at /rustc/90b35a6239c3d8bdabc530a6a0816f7ff89a0aaf/library/std/src/panicking.rs:557:40
[INFO] [stdout]   38:     0x59822d97bbce - std::panicking::try::h8ddeca9d705f9069
[INFO] [stdout]                                at /rustc/90b35a6239c3d8bdabc530a6a0816f7ff89a0aaf/library/std/src/panicking.rs:520:19
[INFO] [stdout]   39:     0x59822d97bbce - std::panic::catch_unwind::h49e1c33078844c46
[INFO] [stdout]                                at /rustc/90b35a6239c3d8bdabc530a6a0816f7ff89a0aaf/library/std/src/panic.rs:358:14
[INFO] [stdout]   40:     0x59822d97bbce - std::thread::Builder::spawn_unchecked_::{{closure}}::h6073db6ff56ad35d
[INFO] [stdout]                                at /rustc/90b35a6239c3d8bdabc530a6a0816f7ff89a0aaf/library/std/src/thread/mod.rs:537:30
[INFO] [stdout]   41:     0x59822d97bbce - core::ops::function::FnOnce::call_once{{vtable.shim}}::h2c5a5f3779c774f1
[INFO] [stdout]                                at /rustc/90b35a6239c3d8bdabc530a6a0816f7ff89a0aaf/library/core/src/ops/function.rs:250:5
[INFO] [stdout]   42:     0x59822da011ab - <alloc::boxed::Box<F,A> as core::ops::function::FnOnce<Args>>::call_once::hf75717d9f28faebf
[INFO] [stdout]                                at /rustc/90b35a6239c3d8bdabc530a6a0816f7ff89a0aaf/library/alloc/src/boxed.rs:2454:9
[INFO] [stdout]   43:     0x59822da011ab - <alloc::boxed::Box<F,A> as core::ops::function::FnOnce<Args>>::call_once::h7bd883a5f3c5f3c1
[INFO] [stdout]                                at /rustc/90b35a6239c3d8bdabc530a6a0816f7ff89a0aaf/library/alloc/src/boxed.rs:2454:9
[INFO] [stdout]   44:     0x59822da011ab - std::sys::pal::unix::thread::Thread::new::thread_start::hcc78f3943333fa94
[INFO] [stdout]                                at /rustc/90b35a6239c3d8bdabc530a6a0816f7ff89a0aaf/library/std/src/sys/pal/unix/thread.rs:105:17
[INFO] [stdout]   45:     0x7dba802f9ac3 - <unknown>
[INFO] [stdout]   46:     0x7dba8038aa04 - clone
[INFO] [stdout]   47:                0x0 - <unknown>
[INFO] [stdout] 
[INFO] [stdout] ---- tests::programs::accord::typecheck_messages stdout ----
[INFO] [stdout] thread 'tests::programs::accord::typecheck_messages' panicked at src/tests/mod.rs:108:51:
[INFO] [stdout] called `Result::unwrap()` on an `Err` value: Os { code: 2, kind: NotFound, message: "No such file or directory" }
[INFO] [stdout] stack backtrace:
[INFO] [stdout]    0:     0x59822d9fb8da - std::backtrace_rs::backtrace::libunwind::trace::h5a5b8284f2d0c266
[INFO] [stdout]                                at /rustc/90b35a6239c3d8bdabc530a6a0816f7ff89a0aaf/library/std/src/../../backtrace/src/backtrace/libunwind.rs:116:5
[INFO] [stdout]    1:     0x59822d9fb8da - std::backtrace_rs::backtrace::trace_unsynchronized::h76d4f1c9b0b875e3
[INFO] [stdout]                                at /rustc/90b35a6239c3d8bdabc530a6a0816f7ff89a0aaf/library/std/src/../../backtrace/src/backtrace/mod.rs:66:5
[INFO] [stdout]    2:     0x59822d9fb8da - std::sys::backtrace::_print_fmt::hc4546b8364a537c6
[INFO] [stdout]                                at /rustc/90b35a6239c3d8bdabc530a6a0816f7ff89a0aaf/library/std/src/sys/backtrace.rs:66:9
[INFO] [stdout]    3:     0x59822d9fb8da - <std::sys::backtrace::BacktraceLock::print::DisplayBacktrace as core::fmt::Display>::fmt::h5b6bd5631a6d1f6b
[INFO] [stdout]                                at /rustc/90b35a6239c3d8bdabc530a6a0816f7ff89a0aaf/library/std/src/sys/backtrace.rs:39:26
[INFO] [stdout]    4:     0x59822da213b3 - core::fmt::rt::Argument::fmt::h270f6602a2b96f62
[INFO] [stdout]                                at /rustc/90b35a6239c3d8bdabc530a6a0816f7ff89a0aaf/library/core/src/fmt/rt.rs:177:76
[INFO] [stdout]    5:     0x59822da213b3 - core::fmt::write::h7550c97b06c86515
[INFO] [stdout]                                at /rustc/90b35a6239c3d8bdabc530a6a0816f7ff89a0aaf/library/core/src/fmt/mod.rs:1186:21
[INFO] [stdout]    6:     0x59822d9f8273 - std::io::Write::write_fmt::h509ff860e5956e5e
[INFO] [stdout]                                at /rustc/90b35a6239c3d8bdabc530a6a0816f7ff89a0aaf/library/std/src/io/mod.rs:1839:15
[INFO] [stdout]    7:     0x59822d9fb722 - std::sys::backtrace::BacktraceLock::print::h2395ccd2c84ba3aa
[INFO] [stdout]                                at /rustc/90b35a6239c3d8bdabc530a6a0816f7ff89a0aaf/library/std/src/sys/backtrace.rs:42:9
[INFO] [stdout]    8:     0x59822d9fcd3a - std::panicking::default_hook::{{closure}}::he19d4c7230e07961
[INFO] [stdout]                                at /rustc/90b35a6239c3d8bdabc530a6a0816f7ff89a0aaf/library/std/src/panicking.rs:268:22
[INFO] [stdout]    9:     0x59822d9fcb44 - std::panicking::default_hook::hf614597d3c67bbdb
[INFO] [stdout]                                at /rustc/90b35a6239c3d8bdabc530a6a0816f7ff89a0aaf/library/std/src/panicking.rs:292:9
[INFO] [stdout]   10:     0x59822d9af029 - <alloc::boxed::Box<F,A> as core::ops::function::Fn<Args>>::call::h39b51ce4599c23d1
[INFO] [stdout]                                at /rustc/90b35a6239c3d8bdabc530a6a0816f7ff89a0aaf/library/alloc/src/boxed.rs:2468:9
[INFO] [stdout]   11:     0x59822d9af029 - test::test_main::{{closure}}::he977ae839a582784
[INFO] [stdout]                                at /rustc/90b35a6239c3d8bdabc530a6a0816f7ff89a0aaf/library/test/src/lib.rs:133:21
[INFO] [stdout]   12:     0x59822d9fd3d8 - <alloc::boxed::Box<F,A> as core::ops::function::Fn<Args>>::call::h9455091b6b06f9fb
[INFO] [stdout]                                at /rustc/90b35a6239c3d8bdabc530a6a0816f7ff89a0aaf/library/alloc/src/boxed.rs:2468:9
[INFO] [stdout]   13:     0x59822d9fd3d8 - std::panicking::rust_panic_with_hook::h8942133a8b252070
[INFO] [stdout]                                at /rustc/90b35a6239c3d8bdabc530a6a0816f7ff89a0aaf/library/std/src/panicking.rs:809:13
[INFO] [stdout]   14:     0x59822d9fd19a - std::panicking::begin_panic_handler::{{closure}}::hb5f5963570096b29
[INFO] [stdout]                                at /rustc/90b35a6239c3d8bdabc530a6a0816f7ff89a0aaf/library/std/src/panicking.rs:674:13
[INFO] [stdout]   15:     0x59822d9fbdb9 - std::sys::backtrace::__rust_end_short_backtrace::h6208cedc1922feda
[INFO] [stdout]                                at /rustc/90b35a6239c3d8bdabc530a6a0816f7ff89a0aaf/library/std/src/sys/backtrace.rs:170:18
[INFO] [stdout]   16:     0x59822d9fce2c - rust_begin_unwind
[INFO] [stdout]                                at /rustc/90b35a6239c3d8bdabc530a6a0816f7ff89a0aaf/library/std/src/panicking.rs:665:5
[INFO] [stdout]   17:     0x59822d3df130 - core::panicking::panic_fmt::h0c3082644d1bf418
[INFO] [stdout]                                at /rustc/90b35a6239c3d8bdabc530a6a0816f7ff89a0aaf/library/core/src/panicking.rs:74:14
[INFO] [stdout]   18:     0x59822d3df616 - core::result::unwrap_failed::hd20b4aa073bda1e2
[INFO] [stdout]                                at /rustc/90b35a6239c3d8bdabc530a6a0816f7ff89a0aaf/library/core/src/result.rs:1700:5
[INFO] [stdout]   19:     0x59822d589591 - core::result::Result<T,E>::unwrap::hed5da2404245f884
[INFO] [stdout]                                at /rustc/90b35a6239c3d8bdabc530a6a0816f7ff89a0aaf/library/core/src/result.rs:1104:23
[INFO] [stdout]   20:     0x59822d589591 - irving::tests::helpers::typeinference_from_filename::h18f4b83d795025bd
[INFO] [stdout]                                at /opt/rustwide/workdir/src/tests/mod.rs:108:20
[INFO] [stdout]   21:     0x59822d5d3cfa - irving::tests::programs::accord::typecheck_messages::h539326520d327462
[INFO] [stdout]                                at /opt/rustwide/workdir/src/tests/programs.rs:58:20
[INFO] [stdout]   22:     0x59822d5d3cc7 - irving::tests::programs::accord::typecheck_messages::{{closure}}::ha456b524eae66f8e
[INFO] [stdout]                                at /opt/rustwide/workdir/src/tests/programs.rs:57:28
[INFO] [stdout]   23:     0x59822d6587a6 - core::ops::function::FnOnce::call_once::hfa8d71082a7bc295
[INFO] [stdout]                                at /rustc/90b35a6239c3d8bdabc530a6a0816f7ff89a0aaf/library/core/src/ops/function.rs:250:5
[INFO] [stdout]   24:     0x59822d9b39eb - core::ops::function::FnOnce::call_once::h109cf8051a59b34e
[INFO] [stdout]                                at /rustc/90b35a6239c3d8bdabc530a6a0816f7ff89a0aaf/library/core/src/ops/function.rs:250:5
[INFO] [stdout]   25:     0x59822d9b39eb - test::__rust_begin_short_backtrace::hf4fff89d377446ba
[INFO] [stdout]                                at /rustc/90b35a6239c3d8bdabc530a6a0816f7ff89a0aaf/library/test/src/lib.rs:621:18
[INFO] [stdout]   26:     0x59822d9b3227 - test::run_test_in_process::{{closure}}::h0e39181dd7ee5a43
[INFO] [stdout]                                at /rustc/90b35a6239c3d8bdabc530a6a0816f7ff89a0aaf/library/test/src/lib.rs:644:60
[INFO] [stdout]   27:     0x59822d9b3227 - <core::panic::unwind_safe::AssertUnwindSafe<F> as core::ops::function::FnOnce<()>>::call_once::hc5a66a30f0bdfd1f
[INFO] [stdout]                                at /rustc/90b35a6239c3d8bdabc530a6a0816f7ff89a0aaf/library/core/src/panic/unwind_safe.rs:272:9
[INFO] [stdout]   28:     0x59822d9b3227 - std::panicking::try::do_call::h873b7cf639554a5e
[INFO] [stdout]                                at /rustc/90b35a6239c3d8bdabc530a6a0816f7ff89a0aaf/library/std/src/panicking.rs:557:40
[INFO] [stdout]   29:     0x59822d9b3227 - std::panicking::try::hdb19862fad9c8bd1
[INFO] [stdout]                                at /rustc/90b35a6239c3d8bdabc530a6a0816f7ff89a0aaf/library/std/src/panicking.rs:520:19
[INFO] [stdout]   30:     0x59822d9b3227 - std::panic::catch_unwind::h281fe732d236d260
[INFO] [stdout]                                at /rustc/90b35a6239c3d8bdabc530a6a0816f7ff89a0aaf/library/std/src/panic.rs:358:14
[INFO] [stdout]   31:     0x59822d9b3227 - test::run_test_in_process::h949b6df8457ed338
[INFO] [stdout]                                at /rustc/90b35a6239c3d8bdabc530a6a0816f7ff89a0aaf/library/test/src/lib.rs:644:27
[INFO] [stdout]   32:     0x59822d9b3227 - test::run_test::{{closure}}::h52c556a6d4740e10
[INFO] [stdout]                                at /rustc/90b35a6239c3d8bdabc530a6a0816f7ff89a0aaf/library/test/src/lib.rs:565:43
[INFO] [stdout]   33:     0x59822d978504 - test::run_test::{{closure}}::h4237f6381c45ccb9
[INFO] [stdout]                                at /rustc/90b35a6239c3d8bdabc530a6a0816f7ff89a0aaf/library/test/src/lib.rs:595:41
[INFO] [stdout]   34:     0x59822d978504 - std::sys::backtrace::__rust_begin_short_backtrace::h505c97a579eca628
[INFO] [stdout]                                at /rustc/90b35a6239c3d8bdabc530a6a0816f7ff89a0aaf/library/std/src/sys/backtrace.rs:154:18
[INFO] [stdout]   35:     0x59822d97bbce - std::thread::Builder::spawn_unchecked_::{{closure}}::{{closure}}::h9e86b2e2bc107ea3
[INFO] [stdout]                                at /rustc/90b35a6239c3d8bdabc530a6a0816f7ff89a0aaf/library/std/src/thread/mod.rs:538:17
[INFO] [stdout]   36:     0x59822d97bbce - <core::panic::unwind_safe::AssertUnwindSafe<F> as core::ops::function::FnOnce<()>>::call_once::h8b06ddb275ff4a25
[INFO] [stdout]                                at /rustc/90b35a6239c3d8bdabc530a6a0816f7ff89a0aaf/library/core/src/panic/unwind_safe.rs:272:9
[INFO] [stdout]   37:     0x59822d97bbce - std::panicking::try::do_call::hb26ecd7cd9a9355d
[INFO] [stdout]                                at /rustc/90b35a6239c3d8bdabc530a6a0816f7ff89a0aaf/library/std/src/panicking.rs:557:40
[INFO] [stdout]   38:     0x59822d97bbce - std::panicking::try::h8ddeca9d705f9069
[INFO] [stdout]                                at /rustc/90b35a6239c3d8bdabc530a6a0816f7ff89a0aaf/library/std/src/panicking.rs:520:19
[INFO] [stdout]   39:     0x59822d97bbce - std::panic::catch_unwind::h49e1c33078844c46
[INFO] [stdout]                                at /rustc/90b35a6239c3d8bdabc530a6a0816f7ff89a0aaf/library/std/src/panic.rs:358:14
[INFO] [stdout]   40:     0x59822d97bbce - std::thread::Builder::spawn_unchecked_::{{closure}}::h6073db6ff56ad35d
[INFO] [stdout]                                at /rustc/90b35a6239c3d8bdabc530a6a0816f7ff89a0aaf/library/std/src/thread/mod.rs:537:30
[INFO] [stdout]   41:     0x59822d97bbce - core::ops::function::FnOnce::call_once{{vtable.shim}}::h2c5a5f3779c774f1
[INFO] [stdout]                                at /rustc/90b35a6239c3d8bdabc530a6a0816f7ff89a0aaf/library/core/src/ops/function.rs:250:5
[INFO] [stdout]   42:     0x59822da011ab - <alloc::boxed::Box<F,A> as core::ops::function::FnOnce<Args>>::call_once::hf75717d9f28faebf
[INFO] [stdout]                                at /rustc/90b35a6239c3d8bdabc530a6a0816f7ff89a0aaf/library/alloc/src/boxed.rs:2454:9
[INFO] [stdout]   43:     0x59822da011ab - <alloc::boxed::Box<F,A> as core::ops::function::FnOnce<Args>>::call_once::h7bd883a5f3c5f3c1
[INFO] [stdout]                                at /rustc/90b35a6239c3d8bdabc530a6a0816f7ff89a0aaf/library/alloc/src/boxed.rs:2454:9
[INFO] [stdout]   44:     0x59822da011ab - std::sys::pal::unix::thread::Thread::new::thread_start::hcc78f3943333fa94
[INFO] [stdout]                                at /rustc/90b35a6239c3d8bdabc530a6a0816f7ff89a0aaf/library/std/src/sys/pal/unix/thread.rs:105:17
[INFO] [stdout]   45:     0x7dba802f9ac3 - <unknown>
[INFO] [stdout]   46:     0x7dba8038aa04 - clone
[INFO] [stdout]   47:                0x0 - <unknown>
[INFO] [stdout] 
[INFO] [stdout] ---- tests::programs::accord::typecheck_sorts stdout ----
[INFO] [stdout] thread 'tests::programs::accord::typecheck_sorts' panicked at src/tests/mod.rs:108:51:
[INFO] [stdout] called `Result::unwrap()` on an `Err` value: Os { code: 2, kind: NotFound, message: "No such file or directory" }
[INFO] [stdout] stack backtrace:
[INFO] [stdout]    0:     0x59822d9fb8da - std::backtrace_rs::backtrace::libunwind::trace::h5a5b8284f2d0c266
[INFO] [stdout]                                at /rustc/90b35a6239c3d8bdabc530a6a0816f7ff89a0aaf/library/std/src/../../backtrace/src/backtrace/libunwind.rs:116:5
[INFO] [stdout]    1:     0x59822d9fb8da - std::backtrace_rs::backtrace::trace_unsynchronized::h76d4f1c9b0b875e3
[INFO] [stdout]                                at /rustc/90b35a6239c3d8bdabc530a6a0816f7ff89a0aaf/library/std/src/../../backtrace/src/backtrace/mod.rs:66:5
[INFO] [stdout]    2:     0x59822d9fb8da - std::sys::backtrace::_print_fmt::hc4546b8364a537c6
[INFO] [stdout]                                at /rustc/90b35a6239c3d8bdabc530a6a0816f7ff89a0aaf/library/std/src/sys/backtrace.rs:66:9
[INFO] [stdout]    3:     0x59822d9fb8da - <std::sys::backtrace::BacktraceLock::print::DisplayBacktrace as core::fmt::Display>::fmt::h5b6bd5631a6d1f6b
[INFO] [stdout]                                at /rustc/90b35a6239c3d8bdabc530a6a0816f7ff89a0aaf/library/std/src/sys/backtrace.rs:39:26
[INFO] [stdout]    4:     0x59822da213b3 - core::fmt::rt::Argument::fmt::h270f6602a2b96f62
[INFO] [stdout]                                at /rustc/90b35a6239c3d8bdabc530a6a0816f7ff89a0aaf/library/core/src/fmt/rt.rs:177:76
[INFO] [stdout]    5:     0x59822da213b3 - core::fmt::write::h7550c97b06c86515
[INFO] [stdout]                                at /rustc/90b35a6239c3d8bdabc530a6a0816f7ff89a0aaf/library/core/src/fmt/mod.rs:1186:21
[INFO] [stdout]    6:     0x59822d9f8273 - std::io::Write::write_fmt::h509ff860e5956e5e
[INFO] [stdout]                                at /rustc/90b35a6239c3d8bdabc530a6a0816f7ff89a0aaf/library/std/src/io/mod.rs:1839:15
[INFO] [stdout]    7:     0x59822d9fb722 - std::sys::backtrace::BacktraceLock::print::h2395ccd2c84ba3aa
[INFO] [stdout]                                at /rustc/90b35a6239c3d8bdabc530a6a0816f7ff89a0aaf/library/std/src/sys/backtrace.rs:42:9
[INFO] [stdout]    8:     0x59822d9fcd3a - std::panicking::default_hook::{{closure}}::he19d4c7230e07961
[INFO] [stdout]                                at /rustc/90b35a6239c3d8bdabc530a6a0816f7ff89a0aaf/library/std/src/panicking.rs:268:22
[INFO] [stdout]    9:     0x59822d9fcb44 - std::panicking::default_hook::hf614597d3c67bbdb
[INFO] [stdout]                                at /rustc/90b35a6239c3d8bdabc530a6a0816f7ff89a0aaf/library/std/src/panicking.rs:292:9
[INFO] [stdout]   10:     0x59822d9af029 - <alloc::boxed::Box<F,A> as core::ops::function::Fn<Args>>::call::h39b51ce4599c23d1
[INFO] [stdout]                                at /rustc/90b35a6239c3d8bdabc530a6a0816f7ff89a0aaf/library/alloc/src/boxed.rs:2468:9
[INFO] [stdout]   11:     0x59822d9af029 - test::test_main::{{closure}}::he977ae839a582784
[INFO] [stdout]                                at /rustc/90b35a6239c3d8bdabc530a6a0816f7ff89a0aaf/library/test/src/lib.rs:133:21
[INFO] [stdout]   12:     0x59822d9fd3d8 - <alloc::boxed::Box<F,A> as core::ops::function::Fn<Args>>::call::h9455091b6b06f9fb
[INFO] [stdout]                                at /rustc/90b35a6239c3d8bdabc530a6a0816f7ff89a0aaf/library/alloc/src/boxed.rs:2468:9
[INFO] [stdout]   13:     0x59822d9fd3d8 - std::panicking::rust_panic_with_hook::h8942133a8b252070
[INFO] [stdout]                                at /rustc/90b35a6239c3d8bdabc530a6a0816f7ff89a0aaf/library/std/src/panicking.rs:809:13
[INFO] [stdout]   14:     0x59822d9fd19a - std::panicking::begin_panic_handler::{{closure}}::hb5f5963570096b29
[INFO] [stdout]                                at /rustc/90b35a6239c3d8bdabc530a6a0816f7ff89a0aaf/library/std/src/panicking.rs:674:13
[INFO] [stdout]   15:     0x59822d9fbdb9 - std::sys::backtrace::__rust_end_short_backtrace::h6208cedc1922feda
[INFO] [stdout]                                at /rustc/90b35a6239c3d8bdabc530a6a0816f7ff89a0aaf/library/std/src/sys/backtrace.rs:170:18
[INFO] [stdout]   16:     0x59822d9fce2c - rust_begin_unwind
[INFO] [stdout]                                at /rustc/90b35a6239c3d8bdabc530a6a0816f7ff89a0aaf/library/std/src/panicking.rs:665:5
[INFO] [stdout]   17:     0x59822d3df130 - core::panicking::panic_fmt::h0c3082644d1bf418
[INFO] [stdout]                                at /rustc/90b35a6239c3d8bdabc530a6a0816f7ff89a0aaf/library/core/src/panicking.rs:74:14
[INFO] [stdout]   18:     0x59822d3df616 - core::result::unwrap_failed::hd20b4aa073bda1e2
[INFO] [stdout]                                at /rustc/90b35a6239c3d8bdabc530a6a0816f7ff89a0aaf/library/core/src/result.rs:1700:5
[INFO] [stdout]   19:     0x59822d589591 - core::result::Result<T,E>::unwrap::hed5da2404245f884
[INFO] [stdout]                                at /rustc/90b35a6239c3d8bdabc530a6a0816f7ff89a0aaf/library/core/src/result.rs:1104:23
[INFO] [stdout]   20:     0x59822d589591 - irving::tests::helpers::typeinference_from_filename::h18f4b83d795025bd
[INFO] [stdout]                                at /opt/rustwide/workdir/src/tests/mod.rs:108:20
[INFO] [stdout]   21:     0x59822d5d3d5a - irving::tests::programs::accord::typecheck_sorts::h0f9ef455aa4c6edf
[INFO] [stdout]                                at /opt/rustwide/workdir/src/tests/programs.rs:63:20
[INFO] [stdout]   22:     0x59822d5d3d27 - irving::tests::programs::accord::typecheck_sorts::{{closure}}::h1e29aec4162167be
[INFO] [stdout]                                at /opt/rustwide/workdir/src/tests/programs.rs:62:25
[INFO] [stdout]   23:     0x59822d654376 - core::ops::function::FnOnce::call_once::h4cf6251f6b8d26f5
[INFO] [stdout]                                at /rustc/90b35a6239c3d8bdabc530a6a0816f7ff89a0aaf/library/core/src/ops/function.rs:250:5
[INFO] [stdout]   24:     0x59822d9b39eb - core::ops::function::FnOnce::call_once::h109cf8051a59b34e
[INFO] [stdout]                                at /rustc/90b35a6239c3d8bdabc530a6a0816f7ff89a0aaf/library/core/src/ops/function.rs:250:5
[INFO] [stdout]   25:     0x59822d9b39eb - test::__rust_begin_short_backtrace::hf4fff89d377446ba
[INFO] [stdout]                                at /rustc/90b35a6239c3d8bdabc530a6a0816f7ff89a0aaf/library/test/src/lib.rs:621:18
[INFO] [stdout]   26:     0x59822d9b3227 - test::run_test_in_process::{{closure}}::h0e39181dd7ee5a43
[INFO] [stdout]                                at /rustc/90b35a6239c3d8bdabc530a6a0816f7ff89a0aaf/library/test/src/lib.rs:644:60
[INFO] [stdout]   27:     0x59822d9b3227 - <core::panic::unwind_safe::AssertUnwindSafe<F> as core::ops::function::FnOnce<()>>::call_once::hc5a66a30f0bdfd1f
[INFO] [stdout]                                at /rustc/90b35a6239c3d8bdabc530a6a0816f7ff89a0aaf/library/core/src/panic/unwind_safe.rs:272:9
[INFO] [stdout]   28:     0x59822d9b3227 - std::panicking::try::do_call::h873b7cf639554a5e
[INFO] [stdout]                                at /rustc/90b35a6239c3d8bdabc530a6a0816f7ff89a0aaf/library/std/src/panicking.rs:557:40
[INFO] [stdout]   29:     0x59822d9b3227 - std::panicking::try::hdb19862fad9c8bd1
[INFO] [stdout]                                at /rustc/90b35a6239c3d8bdabc530a6a0816f7ff89a0aaf/library/std/src/panicking.rs:520:19
[INFO] [stdout]   30:     0x59822d9b3227 - std::panic::catch_unwind::h281fe732d236d260
[INFO] [stdout]                                at /rustc/90b35a6239c3d8bdabc530a6a0816f7ff89a0aaf/library/std/src/panic.rs:358:14
[INFO] [stdout]   31:     0x59822d9b3227 - test::run_test_in_process::h949b6df8457ed338
[INFO] [stdout]                                at /rustc/90b35a6239c3d8bdabc530a6a0816f7ff89a0aaf/library/test/src/lib.rs:644:27
[INFO] [stdout]   32:     0x59822d9b3227 - test::run_test::{{closure}}::h52c556a6d4740e10
[INFO] [stdout]                                at /rustc/90b35a6239c3d8bdabc530a6a0816f7ff89a0aaf/library/test/src/lib.rs:565:43
[INFO] [stdout]   33:     0x59822d978504 - test::run_test::{{closure}}::h4237f6381c45ccb9
[INFO] [stdout]                                at /rustc/90b35a6239c3d8bdabc530a6a0816f7ff89a0aaf/library/test/src/lib.rs:595:41
[INFO] [stdout]   34:     0x59822d978504 - std::sys::backtrace::__rust_begin_short_backtrace::h505c97a579eca628
[INFO] [stdout]                                at /rustc/90b35a6239c3d8bdabc530a6a0816f7ff89a0aaf/library/std/src/sys/backtrace.rs:154:18
[INFO] [stdout]   35:     0x59822d97bbce - std::thread::Builder::spawn_unchecked_::{{closure}}::{{closure}}::h9e86b2e2bc107ea3
[INFO] [stdout]                                at /rustc/90b35a6239c3d8bdabc530a6a0816f7ff89a0aaf/library/std/src/thread/mod.rs:538:17
[INFO] [stdout]   36:     0x59822d97bbce - <core::panic::unwind_safe::AssertUnwindSafe<F> as core::ops::function::FnOnce<()>>::call_once::h8b06ddb275ff4a25
[INFO] [stdout]                                at /rustc/90b35a6239c3d8bdabc530a6a0816f7ff89a0aaf/library/core/src/panic/unwind_safe.rs:272:9
[INFO] [stdout]   37:     0x59822d97bbce - std::panicking::try::do_call::hb26ecd7cd9a9355d
[INFO] [stdout]                                at /rustc/90b35a6239c3d8bdabc530a6a0816f7ff89a0aaf/library/std/src/panicking.rs:557:40
[INFO] [stdout]   38:     0x59822d97bbce - std::panicking::try::h8ddeca9d705f9069
[INFO] [stdout]                                at /rustc/90b35a6239c3d8bdabc530a6a0816f7ff89a0aaf/library/std/src/panicking.rs:520:19
[INFO] [stdout]   39:     0x59822d97bbce - std::panic::catch_unwind::h49e1c33078844c46
[INFO] [stdout]                                at /rustc/90b35a6239c3d8bdabc530a6a0816f7ff89a0aaf/library/std/src/panic.rs:358:14
[INFO] [stdout]   40:     0x59822d97bbce - std::thread::Builder::spawn_unchecked_::{{closure}}::h6073db6ff56ad35d
[INFO] [stdout]                                at /rustc/90b35a6239c3d8bdabc530a6a0816f7ff89a0aaf/library/std/src/thread/mod.rs:537:30
[INFO] [stdout]   41:     0x59822d97bbce - core::ops::function::FnOnce::call_once{{vtable.shim}}::h2c5a5f3779c774f1
[INFO] [stdout]                                at /rustc/90b35a6239c3d8bdabc530a6a0816f7ff89a0aaf/library/core/src/ops/function.rs:250:5
[INFO] [stdout]   42:     0x59822da011ab - <alloc::boxed::Box<F,A> as core::ops::function::FnOnce<Args>>::call_once::hf75717d9f28faebf
[INFO] [stdout]                                at /rustc/90b35a6239c3d8bdabc530a6a0816f7ff89a0aaf/library/alloc/src/boxed.rs:2454:9
[INFO] [stdout]   43:     0x59822da011ab - <alloc::boxed::Box<F,A> as core::ops::function::FnOnce<Args>>::call_once::h7bd883a5f3c5f3c1
[INFO] [stdout]                                at /rustc/90b35a6239c3d8bdabc530a6a0816f7ff89a0aaf/library/alloc/src/boxed.rs:2454:9
[INFO] [stdout]   44:     0x59822da011ab - std::sys::pal::unix::thread::Thread::new::thread_start::hcc78f3943333fa94
[INFO] [stdout]                                at /rustc/90b35a6239c3d8bdabc530a6a0816f7ff89a0aaf/library/std/src/sys/pal/unix/thread.rs:105:17
[INFO] [stdout]   45:     0x7dba802f9ac3 - <unknown>
[INFO] [stdout]   46:     0x7dba8038aa04 - clone
[INFO] [stdout]   47:                0x0 - <unknown>
[INFO] [stdout] 
[INFO] [stdout] ---- tests::programs::accord::typecheck_txn stdout ----
[INFO] [stdout] thread 'tests::programs::accord::typecheck_txn' panicked at src/tests/mod.rs:108:51:
[INFO] [stdout] called `Result::unwrap()` on an `Err` value: Os { code: 2, kind: NotFound, message: "No such file or directory" }
[INFO] [stdout] stack backtrace:
[INFO] [stdout]    0:     0x59822d9fb8da - std::backtrace_rs::backtrace::libunwind::trace::h5a5b8284f2d0c266
[INFO] [stdout]                                at /rustc/90b35a6239c3d8bdabc530a6a0816f7ff89a0aaf/library/std/src/../../backtrace/src/backtrace/libunwind.rs:116:5
[INFO] [stdout]    1:     0x59822d9fb8da - std::backtrace_rs::backtrace::trace_unsynchronized::h76d4f1c9b0b875e3
[INFO] [stdout]                                at /rustc/90b35a6239c3d8bdabc530a6a0816f7ff89a0aaf/library/std/src/../../backtrace/src/backtrace/mod.rs:66:5
[INFO] [stdout]    2:     0x59822d9fb8da - std::sys::backtrace::_print_fmt::hc4546b8364a537c6
[INFO] [stdout]                                at /rustc/90b35a6239c3d8bdabc530a6a0816f7ff89a0aaf/library/std/src/sys/backtrace.rs:66:9
[INFO] [stdout]    3:     0x59822d9fb8da - <std::sys::backtrace::BacktraceLock::print::DisplayBacktrace as core::fmt::Display>::fmt::h5b6bd5631a6d1f6b
[INFO] [stdout]                                at /rustc/90b35a6239c3d8bdabc530a6a0816f7ff89a0aaf/library/std/src/sys/backtrace.rs:39:26
[INFO] [stdout]    4:     0x59822da213b3 - core::fmt::rt::Argument::fmt::h270f6602a2b96f62
[INFO] [stdout]                                at /rustc/90b35a6239c3d8bdabc530a6a0816f7ff89a0aaf/library/core/src/fmt/rt.rs:177:76
[INFO] [stdout]    5:     0x59822da213b3 - core::fmt::write::h7550c97b06c86515
[INFO] [stdout]                                at /rustc/90b35a6239c3d8bdabc530a6a0816f7ff89a0aaf/library/core/src/fmt/mod.rs:1186:21
[INFO] [stdout]    6:     0x59822d9f8273 - std::io::Write::write_fmt::h509ff860e5956e5e
[INFO] [stdout]                                at /rustc/90b35a6239c3d8bdabc530a6a0816f7ff89a0aaf/library/std/src/io/mod.rs:1839:15
[INFO] [stdout]    7:     0x59822d9fb722 - std::sys::backtrace::BacktraceLock::print::h2395ccd2c84ba3aa
[INFO] [stdout]                                at /rustc/90b35a6239c3d8bdabc530a6a0816f7ff89a0aaf/library/std/src/sys/backtrace.rs:42:9
[INFO] [stdout]    8:     0x59822d9fcd3a - std::panicking::default_hook::{{closure}}::he19d4c7230e07961
[INFO] [stdout]                                at /rustc/90b35a6239c3d8bdabc530a6a0816f7ff89a0aaf/library/std/src/panicking.rs:268:22
[INFO] [stdout]    9:     0x59822d9fcb44 - std::panicking::default_hook::hf614597d3c67bbdb
[INFO] [stdout]                                at /rustc/90b35a6239c3d8bdabc530a6a0816f7ff89a0aaf/library/std/src/panicking.rs:292:9
[INFO] [stdout]   10:     0x59822d9af029 - <alloc::boxed::Box<F,A> as core::ops::function::Fn<Args>>::call::h39b51ce4599c23d1
[INFO] [stdout]                                at /rustc/90b35a6239c3d8bdabc530a6a0816f7ff89a0aaf/library/alloc/src/boxed.rs:2468:9
[INFO] [stdout]   11:     0x59822d9af029 - test::test_main::{{closure}}::he977ae839a582784
[INFO] [stdout]                                at /rustc/90b35a6239c3d8bdabc530a6a0816f7ff89a0aaf/library/test/src/lib.rs:133:21
[INFO] [stdout]   12:     0x59822d9fd3d8 - <alloc::boxed::Box<F,A> as core::ops::function::Fn<Args>>::call::h9455091b6b06f9fb
[INFO] [stdout]                                at /rustc/90b35a6239c3d8bdabc530a6a0816f7ff89a0aaf/library/alloc/src/boxed.rs:2468:9
[INFO] [stdout]   13:     0x59822d9fd3d8 - std::panicking::rust_panic_with_hook::h8942133a8b252070
[INFO] [stdout]                                at /rustc/90b35a6239c3d8bdabc530a6a0816f7ff89a0aaf/library/std/src/panicking.rs:809:13
[INFO] [stdout]   14:     0x59822d9fd19a - std::panicking::begin_panic_handler::{{closure}}::hb5f5963570096b29
[INFO] [stdout]                                at /rustc/90b35a6239c3d8bdabc530a6a0816f7ff89a0aaf/library/std/src/panicking.rs:674:13
[INFO] [stdout]   15:     0x59822d9fbdb9 - std::sys::backtrace::__rust_end_short_backtrace::h6208cedc1922feda
[INFO] [stdout]                                at /rustc/90b35a6239c3d8bdabc530a6a0816f7ff89a0aaf/library/std/src/sys/backtrace.rs:170:18
[INFO] [stdout]   16:     0x59822d9fce2c - rust_begin_unwind
[INFO] [stdout]                                at /rustc/90b35a6239c3d8bdabc530a6a0816f7ff89a0aaf/library/std/src/panicking.rs:665:5
[INFO] [stdout]   17:     0x59822d3df130 - core::panicking::panic_fmt::h0c3082644d1bf418
[INFO] [stdout]                                at /rustc/90b35a6239c3d8bdabc530a6a0816f7ff89a0aaf/library/core/src/panicking.rs:74:14
[INFO] [stdout]   18:     0x59822d3df616 - core::result::unwrap_failed::hd20b4aa073bda1e2
[INFO] [stdout]                                at /rustc/90b35a6239c3d8bdabc530a6a0816f7ff89a0aaf/library/core/src/result.rs:1700:5
[INFO] [stdout]   19:     0x59822d589591 - core::result::Result<T,E>::unwrap::hed5da2404245f884
[INFO] [stdout]                                at /rustc/90b35a6239c3d8bdabc530a6a0816f7ff89a0aaf/library/core/src/result.rs:1104:23
[INFO] [stdout]   20:     0x59822d589591 - irving::tests::helpers::typeinference_from_filename::h18f4b83d795025bd
[INFO] [stdout]                                at /opt/rustwide/workdir/src/tests/mod.rs:108:20
[INFO] [stdout]   21:     0x59822d5d3e1a - irving::tests::programs::accord::typecheck_txn::ha67e13279f3deb10
[INFO] [stdout]                                at /opt/rustwide/workdir/src/tests/programs.rs:73:20
[INFO] [stdout]   22:     0x59822d5d3de7 - irving::tests::programs::accord::typecheck_txn::{{closure}}::h2c5c9089ad93e31b
[INFO] [stdout]                                at /opt/rustwide/workdir/src/tests/programs.rs:72:23
[INFO] [stdout]   23:     0x59822d653a26 - core::ops::function::FnOnce::call_once::h2f5e08f6a470878c
[INFO] [stdout]                                at /rustc/90b35a6239c3d8bdabc530a6a0816f7ff89a0aaf/library/core/src/ops/function.rs:250:5
[INFO] [stdout]   24:     0x59822d9b39eb - core::ops::function::FnOnce::call_once::h109cf8051a59b34e
[INFO] [stdout]                                at /rustc/90b35a6239c3d8bdabc530a6a0816f7ff89a0aaf/library/core/src/ops/function.rs:250:5
[INFO] [stdout]   25:     0x59822d9b39eb - test::__rust_begin_short_backtrace::hf4fff89d377446ba
[INFO] [stdout]                                at /rustc/90b35a6239c3d8bdabc530a6a0816f7ff89a0aaf/library/test/src/lib.rs:621:18
[INFO] [stdout]   26:     0x59822d9b3227 - test::run_test_in_process::{{closure}}::h0e39181dd7ee5a43
[INFO] [stdout]                                at /rustc/90b35a6239c3d8bdabc530a6a0816f7ff89a0aaf/library/test/src/lib.rs:644:60
[INFO] [stdout]   27:     0x59822d9b3227 - <core::panic::unwind_safe::AssertUnwindSafe<F> as core::ops::function::FnOnce<()>>::call_once::hc5a66a30f0bdfd1f
[INFO] [stdout]                                at /rustc/90b35a6239c3d8bdabc530a6a0816f7ff89a0aaf/library/core/src/panic/unwind_safe.rs:272:9
[INFO] [stdout]   28:     0x59822d9b3227 - std::panicking::try::do_call::h873b7cf639554a5e
[INFO] [stdout]                                at /rustc/90b35a6239c3d8bdabc530a6a0816f7ff89a0aaf/library/std/src/panicking.rs:557:40
[INFO] [stdout]   29:     0x59822d9b3227 - std::panicking::try::hdb19862fad9c8bd1
[INFO] [stdout]                                at /rustc/90b35a6239c3d8bdabc530a6a0816f7ff89a0aaf/library/std/src/panicking.rs:520:19
[INFO] [stdout]   30:     0x59822d9b3227 - std::panic::catch_unwind::h281fe732d236d260
[INFO] [stdout]                                at /rustc/90b35a6239c3d8bdabc530a6a0816f7ff89a0aaf/library/std/src/panic.rs:358:14
[INFO] [stdout]   31:     0x59822d9b3227 - test::run_test_in_process::h949b6df8457ed338
[INFO] [stdout]                                at /rustc/90b35a6239c3d8bdabc530a6a0816f7ff89a0aaf/library/test/src/lib.rs:644:27
[INFO] [stdout]   32:     0x59822d9b3227 - test::run_test::{{closure}}::h52c556a6d4740e10
[INFO] [stdout]                                at /rustc/90b35a6239c3d8bdabc530a6a0816f7ff89a0aaf/library/test/src/lib.rs:565:43
[INFO] [stdout]   33:     0x59822d978504 - test::run_test::{{closure}}::h4237f6381c45ccb9
[INFO] [stdout]                                at /rustc/90b35a6239c3d8bdabc530a6a0816f7ff89a0aaf/library/test/src/lib.rs:595:41
[INFO] [stdout]   34:     0x59822d978504 - std::sys::backtrace::__rust_begin_short_backtrace::h505c97a579eca628
[INFO] [stdout]                                at /rustc/90b35a6239c3d8bdabc530a6a0816f7ff89a0aaf/library/std/src/sys/backtrace.rs:154:18
[INFO] [stdout]   35:     0x59822d97bbce - std::thread::Builder::spawn_unchecked_::{{closure}}::{{closure}}::h9e86b2e2bc107ea3
[INFO] [stdout]                                at /rustc/90b35a6239c3d8bdabc530a6a0816f7ff89a0aaf/library/std/src/thread/mod.rs:538:17
[INFO] [stdout]   36:     0x59822d97bbce - <core::panic::unwind_safe::AssertUnwindSafe<F> as core::ops::function::FnOnce<()>>::call_once::h8b06ddb275ff4a25
[INFO] [stdout]                                at /rustc/90b35a6239c3d8bdabc530a6a0816f7ff89a0aaf/library/core/src/panic/unwind_safe.rs:272:9
[INFO] [stdout]   37:     0x59822d97bbce - std::panicking::try::do_call::hb26ecd7cd9a9355d
[INFO] [stdout]                                at /rustc/90b35a6239c3d8bdabc530a6a0816f7ff89a0aaf/library/std/src/panicking.rs:557:40
[INFO] [stdout]   38:     0x59822d97bbce - std::panicking::try::h8ddeca9d705f9069
[INFO] [stdout]                                at /rustc/90b35a6239c3d8bdabc530a6a0816f7ff89a0aaf/library/std/src/panicking.rs:520:19
[INFO] [stdout]   39:     0x59822d97bbce - std::panic::catch_unwind::h49e1c33078844c46
[INFO] [stdout]                                at /rustc/90b35a6239c3d8bdabc530a6a0816f7ff89a0aaf/library/std/src/panic.rs:358:14
[INFO] [stdout]   40:     0x59822d97bbce - std::thread::Builder::spawn_unchecked_::{{closure}}::h6073db6ff56ad35d
[INFO] [stdout]                                at /rustc/90b35a6239c3d8bdabc530a6a0816f7ff89a0aaf/library/std/src/thread/mod.rs:537:30
[INFO] [stdout]   41:     0x59822d97bbce - core::ops::function::FnOnce::call_once{{vtable.shim}}::h2c5a5f3779c774f1
[INFO] [stdout]                                at /rustc/90b35a6239c3d8bdabc530a6a0816f7ff89a0aaf/library/core/src/ops/function.rs:250:5
[INFO] [stdout]   42:     0x59822da011ab - <alloc::boxed::Box<F,A> as core::ops::function::FnOnce<Args>>::call_once::hf75717d9f28faebf
[INFO] [stdout]                                at /rustc/90b35a6239c3d8bdabc530a6a0816f7ff89a0aaf/library/alloc/src/boxed.rs:2454:9
[INFO] [stdout]   43:     0x59822da011ab - <alloc::boxed::Box<F,A> as core::ops::function::FnOnce<Args>>::call_once::h7bd883a5f3c5f3c1
[INFO] [stdout]                                at /rustc/90b35a6239c3d8bdabc530a6a0816f7ff89a0aaf/library/alloc/src/boxed.rs:2454:9
[INFO] [stdout]   44:     0x59822da011ab - std::sys::pal::unix::thread::Thread::new::thread_start::hcc78f3943333fa94
[INFO] [stdout]                                at /rustc/90b35a6239c3d8bdabc530a6a0816f7ff89a0aaf/library/std/src/sys/pal/unix/thread.rs:105:17
[INFO] [stdout]   45:     0x7dba802f9ac3 - <unknown>
[INFO] [stdout]   46:     0x7dba8038aa04 - clone
[INFO] [stdout]   47:                0x0 - <unknown>
[INFO] [stdout] 
[INFO] [stdout] ---- tests::programs::accord::typecheck_temporality stdout ----
[INFO] [stdout] thread 'tests::programs::accord::typecheck_temporality' panicked at src/tests/mod.rs:108:51:
[INFO] [stdout] called `Result::unwrap()` on an `Err` value: Os { code: 2, kind: NotFound, message: "No such file or directory" }
[INFO] [stdout] stack backtrace:
[INFO] [stdout]    0:     0x59822d9fb8da - std::backtrace_rs::backtrace::libunwind::trace::h5a5b8284f2d0c266
[INFO] [stdout]                                at /rustc/90b35a6239c3d8bdabc530a6a0816f7ff89a0aaf/library/std/src/../../backtrace/src/backtrace/libunwind.rs:116:5
[INFO] [stdout]    1:     0x59822d9fb8da - std::backtrace_rs::backtrace::trace_unsynchronized::h76d4f1c9b0b875e3
[INFO] [stdout]                                at /rustc/90b35a6239c3d8bdabc530a6a0816f7ff89a0aaf/library/std/src/../../backtrace/src/backtrace/mod.rs:66:5
[INFO] [stdout]    2:     0x59822d9fb8da - std::sys::backtrace::_print_fmt::hc4546b8364a537c6
[INFO] [stdout]                                at /rustc/90b35a6239c3d8bdabc530a6a0816f7ff89a0aaf/library/std/src/sys/backtrace.rs:66:9
[INFO] [stdout]    3:     0x59822d9fb8da - <std::sys::backtrace::BacktraceLock::print::DisplayBacktrace as core::fmt::Display>::fmt::h5b6bd5631a6d1f6b
[INFO] [stdout]                                at /rustc/90b35a6239c3d8bdabc530a6a0816f7ff89a0aaf/library/std/src/sys/backtrace.rs:39:26
[INFO] [stdout]    4:     0x59822da213b3 - core::fmt::rt::Argument::fmt::h270f6602a2b96f62
[INFO] [stdout]                                at /rustc/90b35a6239c3d8bdabc530a6a0816f7ff89a0aaf/library/core/src/fmt/rt.rs:177:76
[INFO] [stdout]    5:     0x59822da213b3 - core::fmt::write::h7550c97b06c86515
[INFO] [stdout]                                at /rustc/90b35a6239c3d8bdabc530a6a0816f7ff89a0aaf/library/core/src/fmt/mod.rs:1186:21
[INFO] [stdout]    6:     0x59822d9f8273 - std::io::Write::write_fmt::h509ff860e5956e5e
[INFO] [stdout]                                at /rustc/90b35a6239c3d8bdabc530a6a0816f7ff89a0aaf/library/std/src/io/mod.rs:1839:15
[INFO] [stdout]    7:     0x59822d9fb722 - std::sys::backtrace::BacktraceLock::print::h2395ccd2c84ba3aa
[INFO] [stdout]                                at /rustc/90b35a6239c3d8bdabc530a6a0816f7ff89a0aaf/library/std/src/sys/backtrace.rs:42:9
[INFO] [stdout]    8:     0x59822d9fcd3a - std::panicking::default_hook::{{closure}}::he19d4c7230e07961
[INFO] [stdout]                                at /rustc/90b35a6239c3d8bdabc530a6a0816f7ff89a0aaf/library/std/src/panicking.rs:268:22
[INFO] [stdout]    9:     0x59822d9fcb44 - std::panicking::default_hook::hf614597d3c67bbdb
[INFO] [stdout]                                at /rustc/90b35a6239c3d8bdabc530a6a0816f7ff89a0aaf/library/std/src/panicking.rs:292:9
[INFO] [stdout]   10:     0x59822d9af029 - <alloc::boxed::Box<F,A> as core::ops::function::Fn<Args>>::call::h39b51ce4599c23d1
[INFO] [stdout]                                at /rustc/90b35a6239c3d8bdabc530a6a0816f7ff89a0aaf/library/alloc/src/boxed.rs:2468:9
[INFO] [stdout]   11:     0x59822d9af029 - test::test_main::{{closure}}::he977ae839a582784
[INFO] [stdout]                                at /rustc/90b35a6239c3d8bdabc530a6a0816f7ff89a0aaf/library/test/src/lib.rs:133:21
[INFO] [stdout]   12:     0x59822d9fd3d8 - <alloc::boxed::Box<F,A> as core::ops::function::Fn<Args>>::call::h9455091b6b06f9fb
[INFO] [stdout]                                at /rustc/90b35a6239c3d8bdabc530a6a0816f7ff89a0aaf/library/alloc/src/boxed.rs:2468:9
[INFO] [stdout]   13:     0x59822d9fd3d8 - std::panicking::rust_panic_with_hook::h8942133a8b252070
[INFO] [stdout]                                at /rustc/90b35a6239c3d8bdabc530a6a0816f7ff89a0aaf/library/std/src/panicking.rs:809:13
[INFO] [stdout]   14:     0x59822d9fd19a - std::panicking::begin_panic_handler::{{closure}}::hb5f5963570096b29
[INFO] [stdout]                                at /rustc/90b35a6239c3d8bdabc530a6a0816f7ff89a0aaf/library/std/src/panicking.rs:674:13
[INFO] [stdout]   15:     0x59822d9fbdb9 - std::sys::backtrace::__rust_end_short_backtrace::h6208cedc1922feda
[INFO] [stdout]                                at /rustc/90b35a6239c3d8bdabc530a6a0816f7ff89a0aaf/library/std/src/sys/backtrace.rs:170:18
[INFO] [stdout]   16:     0x59822d9fce2c - rust_begin_unwind
[INFO] [stdout]                                at /rustc/90b35a6239c3d8bdabc530a6a0816f7ff89a0aaf/library/std/src/panicking.rs:665:5
[INFO] [stdout]   17:     0x59822d3df130 - core::panicking::panic_fmt::h0c3082644d1bf418
[INFO] [stdout]                                at /rustc/90b35a6239c3d8bdabc530a6a0816f7ff89a0aaf/library/core/src/panicking.rs:74:14
[INFO] [stdout]   18:     0x59822d3df616 - core::result::unwrap_failed::hd20b4aa073bda1e2
[INFO] [stdout]                                at /rustc/90b35a6239c3d8bdabc530a6a0816f7ff89a0aaf/library/core/src/result.rs:1700:5
[INFO] [stdout]   19:     0x59822d589591 - core::result::Result<T,E>::unwrap::hed5da2404245f884
[INFO] [stdout]                                at /rustc/90b35a6239c3d8bdabc530a6a0816f7ff89a0aaf/library/core/src/result.rs:1104:23
[INFO] [stdout]   20:     0x59822d589591 - irving::tests::helpers::typeinference_from_filename::h18f4b83d795025bd
[INFO] [stdout]                                at /opt/rustwide/workdir/src/tests/mod.rs:108:20
[INFO] [stdout]   21:     0x59822d5d3dba - irving::tests::programs::accord::typecheck_temporality::h3320633ef8e6a900
[INFO] [stdout]                                at /opt/rustwide/workdir/src/tests/programs.rs:68:20
[INFO] [stdout]   22:     0x59822d5d3d87 - irving::tests::programs::accord::typecheck_temporality::{{closure}}::h986685524fa14c9e
[INFO] [stdout]                                at /opt/rustwide/workdir/src/tests/programs.rs:67:31
[INFO] [stdout]   23:     0x59822d655f16 - core::ops::function::FnOnce::call_once::ha89f84af48054686
[INFO] [stdout]                                at /rustc/90b35a6239c3d8bdabc530a6a0816f7ff89a0aaf/library/core/src/ops/function.rs:250:5
[INFO] [stdout]   24:     0x59822d9b39eb - core::ops::function::FnOnce::call_once::h109cf8051a59b34e
[INFO] [stdout]                                at /rustc/90b35a6239c3d8bdabc530a6a0816f7ff89a0aaf/library/core/src/ops/function.rs:250:5
[INFO] [stdout]   25:     0x59822d9b39eb - test::__rust_begin_short_backtrace::hf4fff89d377446ba
[INFO] [stdout]                                at /rustc/90b35a6239c3d8bdabc530a6a0816f7ff89a0aaf/library/test/src/lib.rs:621:18
[INFO] [stdout]   26:     0x59822d9b3227 - test::run_test_in_process::{{closure}}::h0e39181dd7ee5a43
[INFO] [stdout]                                at /rustc/90b35a6239c3d8bdabc530a6a0816f7ff89a0aaf/library/test/src/lib.rs:644:60
[INFO] [stdout]   27:     0x59822d9b3227 - <core::panic::unwind_safe::AssertUnwindSafe<F> as core::ops::function::FnOnce<()>>::call_once::hc5a66a30f0bdfd1f
[INFO] [stdout]                                at /rustc/90b35a6239c3d8bdabc530a6a0816f7ff89a0aaf/library/core/src/panic/unwind_safe.rs:272:9
[INFO] [stdout]   28:     0x59822d9b3227 - std::panicking::try::do_call::h873b7cf639554a5e
[INFO] [stdout]                                at /rustc/90b35a6239c3d8bdabc530a6a0816f7ff89a0aaf/library/std/src/panicking.rs:557:40
[INFO] [stdout]   29:     0x59822d9b3227 - std::panicking::try::hdb19862fad9c8bd1
[INFO] [stdout]                                at /rustc/90b35a6239c3d8bdabc530a6a0816f7ff89a0aaf/library/std/src/panicking.rs:520:19
[INFO] [stdout]   30:     0x59822d9b3227 - std::panic::catch_unwind::h281fe732d236d260
[INFO] [stdout]                                at /rustc/90b35a6239c3d8bdabc530a6a0816f7ff89a0aaf/library/std/src/panic.rs:358:14
[INFO] [stdout]   31:     0x59822d9b3227 - test::run_test_in_process::h949b6df8457ed338
[INFO] [stdout]                                at /rustc/90b35a6239c3d8bdabc530a6a0816f7ff89a0aaf/library/test/src/lib.rs:644:27
[INFO] [stdout]   32:     0x59822d9b3227 - test::run_test::{{closure}}::h52c556a6d4740e10
[INFO] [stdout]                                at /rustc/90b35a6239c3d8bdabc530a6a0816f7ff89a0aaf/library/test/src/lib.rs:565:43
[INFO] [stdout]   33:     0x59822d978504 - test::run_test::{{closure}}::h4237f6381c45ccb9
[INFO] [stdout]                                at /rustc/90b35a6239c3d8bdabc530a6a0816f7ff89a0aaf/library/test/src/lib.rs:595:41
[INFO] [stdout]   34:     0x59822d978504 - std::sys::backtrace::__rust_begin_short_backtrace::h505c97a579eca628
[INFO] [stdout]                                at /rustc/90b35a6239c3d8bdabc530a6a0816f7ff89a0aaf/library/std/src/sys/backtrace.rs:154:18
[INFO] [stdout]   35:     0x59822d97bbce - std::thread::Builder::spawn_unchecked_::{{closure}}::{{closure}}::h9e86b2e2bc107ea3
[INFO] [stdout]                                at /rustc/90b35a6239c3d8bdabc530a6a0816f7ff89a0aaf/library/std/src/thread/mod.rs:538:17
[INFO] [stdout]   36:     0x59822d97bbce - <core::panic::unwind_safe::AssertUnwindSafe<F> as core::ops::function::FnOnce<()>>::call_once::h8b06ddb275ff4a25
[INFO] [stdout]                                at /rustc/90b35a6239c3d8bdabc530a6a0816f7ff89a0aaf/library/core/src/panic/unwind_safe.rs:272:9
[INFO] [stdout]   37:     0x59822d97bbce - std::panicking::try::do_call::hb26ecd7cd9a9355d
[INFO] [stdout]                                at /rustc/90b35a6239c3d8bdabc530a6a0816f7ff89a0aaf/library/std/src/panicking.rs:557:40
[INFO] [stdout]   38:     0x59822d97bbce - std::panicking::try::h8ddeca9d705f9069
[INFO] [stdout]                                at /rustc/90b35a6239c3d8bdabc530a6a0816f7ff89a0aaf/library/std/src/panicking.rs:520:19
[INFO] [stdout]   39:     0x59822d97bbce - std::panic::catch_unwind::h49e1c33078844c46
[INFO] [stdout]                                at /rustc/90b35a6239c3d8bdabc530a6a0816f7ff89a0aaf/library/std/src/panic.rs:358:14
[INFO] [stdout]   40:     0x59822d97bbce - std::thread::Builder::spawn_unchecked_::{{closure}}::h6073db6ff56ad35d
[INFO] [stdout]                                at /rustc/90b35a6239c3d8bdabc530a6a0816f7ff89a0aaf/library/std/src/thread/mod.rs:537:30
[INFO] [stdout]   41:     0x59822d97bbce - core::ops::function::FnOnce::call_once{{vtable.shim}}::h2c5a5f3779c774f1
[INFO] [stdout]                                at /rustc/90b35a6239c3d8bdabc530a6a0816f7ff89a0aaf/library/core/src/ops/function.rs:250:5
[INFO] [stdout]   42:     0x59822da011ab - <alloc::boxed::Box<F,A> as core::ops::function::FnOnce<Args>>::call_once::hf75717d9f28faebf
[INFO] [stdout]                                at /rustc/90b35a6239c3d8bdabc530a6a0816f7ff89a0aaf/library/alloc/src/boxed.rs:2454:9
[INFO] [stdout]   43:     0x59822da011ab - <alloc::boxed::Box<F,A> as core::ops::function::FnOnce<Args>>::call_once::h7bd883a5f3c5f3c1
[INFO] [stdout]                                at /rustc/90b35a6239c3d8bdabc530a6a0816f7ff89a0aaf/library/alloc/src/boxed.rs:2454:9
[INFO] [stdout]   44:     0x59822da011ab - std::sys::pal::unix::thread::Thread::new::thread_start::hcc78f3943333fa94
[INFO] [stdout]                                at /rustc/90b35a6239c3d8bdabc530a6a0816f7ff89a0aaf/library/std/src/sys/pal/unix/thread.rs:105:17
[INFO] [stdout]   45:     0x7dba802f9ac3 - <unknown>
[INFO] [stdout]   46:     0x7dba8038aa04 - clone
[INFO] [stdout]   47:                0x0 - <unknown>
[INFO] [stdout] 
[INFO] [stdout] ---- tests::typechecker::modules::tests::instantiation_with_impl_spec_blocks stdout ----
[INFO] [stdout] [2024-12-14T12:42:33Z TRACE binding] Inserting top:SortVar(0) into context (depth 1)
[INFO] [stdout] [2024-12-14T12:42:33Z TRACE binding] Inserting init:Action([], List([]), Unit, Instance) into context (depth 2)
[INFO] [stdout] [2024-12-14T12:42:33Z TRACE visitor] Decl Source:2 ("module counter = {...)
[INFO] [stdout] [2024-12-14T12:42:33Z TRACE binding] Inserting counter:SortVar(1) into context (depth 2)
[INFO] [stdout] [2024-12-14T12:42:33Z TRACE binding] Inserting this:This into context (depth 3)
[INFO] [stdout] [2024-12-14T12:42:33Z TRACE binding] Inserting init:Action([], List([]), Unit, Instance) into context (depth 3)
[INFO] [stdout] [2024-12-14T12:42:33Z TRACE visitor] Decl Source:3 ("implementation {...)
[INFO] [stdout] [2024-12-14T12:42:33Z TRACE binding] Inserting impl:SortVar(2) into context (depth 3)
[INFO] [stdout] [2024-12-14T12:42:33Z TRACE binding] Inserting init:Action([], List([]), Unit, Instance) into context (depth 3)
[INFO] [stdout] [2024-12-14T12:42:33Z TRACE visitor] Decl Source:4 ("val : nat...)
[INFO] [stdout] [2024-12-14T12:42:33Z TRACE binding] Inserting val:Number into context (depth 3)
[INFO] [stdout] [2024-12-14T12:42:33Z DEBUG sort-inference] unify(Number,Number)
[INFO] [stdout] [2024-12-14T12:42:33Z TRACE visitor] Decl Source:5 ("after init { val := 0 }")
[INFO] [stdout] [2024-12-14T12:42:33Z TRACE visitor] Vec<Stmt> (len 1)
[INFO] [stdout] [2024-12-14T12:42:33Z TRACE visitor] Action Source:5 ("val := 0 ")
[INFO] [stdout] [2024-12-14T12:42:33Z TRACE visitor] Expr ProgramSymbol { sym: Binding { name: "val", decl: ToBeInferred, span: Source:5 ("val") } }
[INFO] [stdout] [2024-12-14T12:42:33Z TRACE visitor] Expr Number { span: Source:5 ("0"), val: 0 }
[INFO] [stdout] [2024-12-14T12:42:33Z DEBUG sort-inference] unify(Number,Number)
[INFO] [stdout] [2024-12-14T12:42:33Z DEBUG sort-inference] unify(Action([], List([]), Unit, Instance),SortVar(3))
[INFO] [stdout] [2024-12-14T12:42:33Z DEBUG sort-inference] unify(SortVar(2),Object(Object { args: [], fields: {"init": Action([], List([]), Unit, Instance), "val": Number} }))
[INFO] [stdout] [2024-12-14T12:42:33Z DEBUG sort-inference] unify(SortVar(1),Module(Module { name: "counter", args: [], fields: {"impl": Object(Object { args: [], fields: {"init": Action([], List([]), Unit, Instance), "val": Number} }), "init": Action([], List([]), Unit, Instance)} }))
[INFO] [stdout] [2024-12-14T12:42:33Z TRACE visitor] Decl Source:9 ("instance c : counter...)
[INFO] [stdout] [2024-12-14T12:42:33Z TRACE binding] Inserting c:SortVar(4) into context (depth 2)
[INFO] [stdout] [2024-12-14T12:42:33Z DEBUG sort-inference] unify(SortVar(4),Module(Module { name: "c", args: [], fields: {"impl": Object(Object { args: [], fields: {"init": Action([], List([]), Unit, Instance), "val": Number} }), "init": Action([], List([]), Unit, Instance)} }))
[INFO] [stdout] [2024-12-14T12:42:33Z TRACE visitor] Decl Source:10 ("v : nat...)
[INFO] [stdout] [2024-12-14T12:42:33Z TRACE binding] Inserting v:Number into context (depth 2)
[INFO] [stdout] [2024-12-14T12:42:33Z DEBUG sort-inference] unify(Number,Number)
[INFO] [stdout] [2024-12-14T12:42:33Z TRACE visitor] Decl IgnoredForTesting
[INFO] [stdout] [2024-12-14T12:42:33Z TRACE visitor] Vec<Stmt> (len 1)
[INFO] [stdout] [2024-12-14T12:42:33Z TRACE visitor] Action Source:11 ("v := c.val # Even though it's wrapped in an implementation block, val should be at counter's scope....)
[INFO] [stdout] [2024-12-14T12:42:33Z TRACE visitor] Expr ProgramSymbol { sym: Binding { name: "v", decl: ToBeInferred, span: Source:11 ("v") } }
[INFO] [stdout] [2024-12-14T12:42:33Z TRACE visitor] Expr FieldAccess { span: Source:11 (".val"), expr: FieldAccess { record: ProgramSymbol { sym: Binding { name: "c", decl: ToBeInferred, span: Source:11 ("c") } }, field: Binding { name: "val", decl: ToBeInferred, span: Source:11 ("val") } } }
[INFO] [stdout] [2024-12-14T12:42:33Z TRACE visitor] Expr ProgramSymbol { sym: Binding { name: "c", decl: ToBeInferred, span: Source:11 ("c") } }
[INFO] [stdout] NBT: Module(Module { name: "c", args: [], fields: {"impl": Object(Object { args: [], fields: {"init": Action([], List([]), Unit, Instance), "val": Number} }), "init": Action([], List([]), Unit, Instance)} })
[INFO] [stdout] thread 'tests::typechecker::modules::tests::instantiation_with_impl_spec_blocks' panicked at src/tests/typechecker/modules.rs:191:40:
[INFO] [stdout] called `Result::unwrap()` on an `Err` value: Spanned { span: Source:11 (".val"), inner: MissingRecordField("val") }
[INFO] [stdout] stack backtrace:
[INFO] [stdout]    0:     0x59822d9fb8da - std::backtrace_rs::backtrace::libunwind::trace::h5a5b8284f2d0c266
[INFO] [stdout]                                at /rustc/90b35a6239c3d8bdabc530a6a0816f7ff89a0aaf/library/std/src/../../backtrace/src/backtrace/libunwind.rs:116:5
[INFO] [stdout]    1:     0x59822d9fb8da - std::backtrace_rs::backtrace::trace_unsynchronized::h76d4f1c9b0b875e3
[INFO] [stdout]                                at /rustc/90b35a6239c3d8bdabc530a6a0816f7ff89a0aaf/library/std/src/../../backtrace/src/backtrace/mod.rs:66:5
[INFO] [stdout]    2:     0x59822d9fb8da - std::sys::backtrace::_print_fmt::hc4546b8364a537c6
[INFO] [stdout]                                at /rustc/90b35a6239c3d8bdabc530a6a0816f7ff89a0aaf/library/std/src/sys/backtrace.rs:66:9
[INFO] [stdout]    3:     0x59822d9fb8da - <std::sys::backtrace::BacktraceLock::print::DisplayBacktrace as core::fmt::Display>::fmt::h5b6bd5631a6d1f6b
[INFO] [stdout]                                at /rustc/90b35a6239c3d8bdabc530a6a0816f7ff89a0aaf/library/std/src/sys/backtrace.rs:39:26
[INFO] [stdout]    4:     0x59822da213b3 - core::fmt::rt::Argument::fmt::h270f6602a2b96f62
[INFO] [stdout]                                at /rustc/90b35a6239c3d8bdabc530a6a0816f7ff89a0aaf/library/core/src/fmt/rt.rs:177:76
[INFO] [stdout]    5:     0x59822da213b3 - core::fmt::write::h7550c97b06c86515
[INFO] [stdout]                                at /rustc/90b35a6239c3d8bdabc530a6a0816f7ff89a0aaf/library/core/src/fmt/mod.rs:1186:21
[INFO] [stdout]    6:     0x59822d9f8273 - std::io::Write::write_fmt::h509ff860e5956e5e
[INFO] [stdout]                                at /rustc/90b35a6239c3d8bdabc530a6a0816f7ff89a0aaf/library/std/src/io/mod.rs:1839:15
[INFO] [stdout]    7:     0x59822d9fb722 - std::sys::backtrace::BacktraceLock::print::h2395ccd2c84ba3aa
[INFO] [stdout]                                at /rustc/90b35a6239c3d8bdabc530a6a0816f7ff89a0aaf/library/std/src/sys/backtrace.rs:42:9
[INFO] [stdout]    8:     0x59822d9fcd3a - std::panicking::default_hook::{{closure}}::he19d4c7230e07961
[INFO] [stdout]                                at /rustc/90b35a6239c3d8bdabc530a6a0816f7ff89a0aaf/library/std/src/panicking.rs:268:22
[INFO] [stdout]    9:     0x59822d9fcb44 - std::panicking::default_hook::hf614597d3c67bbdb
[INFO] [stdout]                                at /rustc/90b35a6239c3d8bdabc530a6a0816f7ff89a0aaf/library/std/src/panicking.rs:292:9
[INFO] [stdout]   10:     0x59822d9af029 - <alloc::boxed::Box<F,A> as core::ops::function::Fn<Args>>::call::h39b51ce4599c23d1
[INFO] [stdout]                                at /rustc/90b35a6239c3d8bdabc530a6a0816f7ff89a0aaf/library/alloc/src/boxed.rs:2468:9
[INFO] [stdout]   11:     0x59822d9af029 - test::test_main::{{closure}}::he977ae839a582784
[INFO] [stdout]                                at /rustc/90b35a6239c3d8bdabc530a6a0816f7ff89a0aaf/library/test/src/lib.rs:133:21
[INFO] [stdout]   12:     0x59822d9fd3d8 - <alloc::boxed::Box<F,A> as core::ops::function::Fn<Args>>::call::h9455091b6b06f9fb
[INFO] [stdout]                                at /rustc/90b35a6239c3d8bdabc530a6a0816f7ff89a0aaf/library/alloc/src/boxed.rs:2468:9
[INFO] [stdout]   13:     0x59822d9fd3d8 - std::panicking::rust_panic_with_hook::h8942133a8b252070
[INFO] [stdout]                                at /rustc/90b35a6239c3d8bdabc530a6a0816f7ff89a0aaf/library/std/src/panicking.rs:809:13
[INFO] [stdout]   14:     0x59822d9fd19a - std::panicking::begin_panic_handler::{{closure}}::hb5f5963570096b29
[INFO] [stdout]                                at /rustc/90b35a6239c3d8bdabc530a6a0816f7ff89a0aaf/library/std/src/panicking.rs:674:13
[INFO] [stdout]   15:     0x59822d9fbdb9 - std::sys::backtrace::__rust_end_short_backtrace::h6208cedc1922feda
[INFO] [stdout]                                at /rustc/90b35a6239c3d8bdabc530a6a0816f7ff89a0aaf/library/std/src/sys/backtrace.rs:170:18
[INFO] [stdout]   16:     0x59822d9fce2c - rust_begin_unwind
[INFO] [stdout]                                at /rustc/90b35a6239c3d8bdabc530a6a0816f7ff89a0aaf/library/std/src/panicking.rs:665:5
[INFO] [stdout]   17:     0x59822d3df130 - core::panicking::panic_fmt::h0c3082644d1bf418
[INFO] [stdout]                                at /rustc/90b35a6239c3d8bdabc530a6a0816f7ff89a0aaf/library/core/src/panicking.rs:74:14
[INFO] [stdout]   18:     0x59822d3df616 - core::result::unwrap_failed::hd20b4aa073bda1e2
[INFO] [stdout]                                at /rustc/90b35a6239c3d8bdabc530a6a0816f7ff89a0aaf/library/core/src/result.rs:1700:5
[INFO] [stdout]   19:     0x59822d645204 - core::result::Result<T,E>::unwrap::h9577c3e2e5051d8b
[INFO] [stdout]                                at /rustc/90b35a6239c3d8bdabc530a6a0816f7ff89a0aaf/library/core/src/result.rs:1104:23
[INFO] [stdout]   20:     0x59822d645204 - irving::tests::typechecker::modules::tests::instantiation_with_impl_spec_blocks::h6e86347ed53be825
[INFO] [stdout]                                at /opt/rustwide/workdir/src/tests/typechecker/modules.rs:191:20
[INFO] [stdout]   21:     0x59822d6450a7 - irving::tests::typechecker::modules::tests::instantiation_with_impl_spec_blocks::{{closure}}::hc054d453693ceaa0
[INFO] [stdout]                                at /opt/rustwide/workdir/src/tests/typechecker/modules.rs:173:45
[INFO] [stdout]   22:     0x59822d6561d6 - core::ops::function::FnOnce::call_once::had9501306248aef3
[INFO] [stdout]                                at /rustc/90b35a6239c3d8bdabc530a6a0816f7ff89a0aaf/library/core/src/ops/function.rs:250:5
[INFO] [stdout]   23:     0x59822d9b39eb - core::ops::function::FnOnce::call_once::h109cf8051a59b34e
[INFO] [stdout]                                at /rustc/90b35a6239c3d8bdabc530a6a0816f7ff89a0aaf/library/core/src/ops/function.rs:250:5
[INFO] [stdout]   24:     0x59822d9b39eb - test::__rust_begin_short_backtrace::hf4fff89d377446ba
[INFO] [stdout]                                at /rustc/90b35a6239c3d8bdabc530a6a0816f7ff89a0aaf/library/test/src/lib.rs:621:18
[INFO] [stdout]   25:     0x59822d9b3227 - test::run_test_in_process::{{closure}}::h0e39181dd7ee5a43
[INFO] [stdout]                                at /rustc/90b35a6239c3d8bdabc530a6a0816f7ff89a0aaf/library/test/src/lib.rs:644:60
[INFO] [stdout]   26:     0x59822d9b3227 - <core::panic::unwind_safe::AssertUnwindSafe<F> as core::ops::function::FnOnce<()>>::call_once::hc5a66a30f0bdfd1f
[INFO] [stdout]                                at /rustc/90b35a6239c3d8bdabc530a6a0816f7ff89a0aaf/library/core/src/panic/unwind_safe.rs:272:9
[INFO] [stdout]   27:     0x59822d9b3227 - std::panicking::try::do_call::h873b7cf639554a5e
[INFO] [stdout]                                at /rustc/90b35a6239c3d8bdabc530a6a0816f7ff89a0aaf/library/std/src/panicking.rs:557:40
[INFO] [stdout]   28:     0x59822d9b3227 - std::panicking::try::hdb19862fad9c8bd1
[INFO] [stdout]                                at /rustc/90b35a6239c3d8bdabc530a6a0816f7ff89a0aaf/library/std/src/panicking.rs:520:19
[INFO] [stdout]   29:     0x59822d9b3227 - std::panic::catch_unwind::h281fe732d236d260
[INFO] [stdout]                                at /rustc/90b35a6239c3d8bdabc530a6a0816f7ff89a0aaf/library/std/src/panic.rs:358:14
[INFO] [stdout]   30:     0x59822d9b3227 - test::run_test_in_process::h949b6df8457ed338
[INFO] [stdout]                                at /rustc/90b35a6239c3d8bdabc530a6a0816f7ff89a0aaf/library/test/src/lib.rs:644:27
[INFO] [stdout]   31:     0x59822d9b3227 - test::run_test::{{closure}}::h52c556a6d4740e10
[INFO] [stdout]                                at /rustc/90b35a6239c3d8bdabc530a6a0816f7ff89a0aaf/library/test/src/lib.rs:565:43
[INFO] [stdout]   32:     0x59822d978504 - test::run_test::{{closure}}::h4237f6381c45ccb9
[INFO] [stdout]                                at /rustc/90b35a6239c3d8bdabc530a6a0816f7ff89a0aaf/library/test/src/lib.rs:595:41
[INFO] [stdout]   33:     0x59822d978504 - std::sys::backtrace::__rust_begin_short_backtrace::h505c97a579eca628
[INFO] [stdout]                                at /rustc/90b35a6239c3d8bdabc530a6a0816f7ff89a0aaf/library/std/src/sys/backtrace.rs:154:18
[INFO] [stdout]   34:     0x59822d97bbce - std::thread::Builder::spawn_unchecked_::{{closure}}::{{closure}}::h9e86b2e2bc107ea3
[INFO] [stdout]                                at /rustc/90b35a6239c3d8bdabc530a6a0816f7ff89a0aaf/library/std/src/thread/mod.rs:538:17
[INFO] [stdout]   35:     0x59822d97bbce - <core::panic::unwind_safe::AssertUnwindSafe<F> as core::ops::function::FnOnce<()>>::call_once::h8b06ddb275ff4a25
[INFO] [stdout]                                at /rustc/90b35a6239c3d8bdabc530a6a0816f7ff89a0aaf/library/core/src/panic/unwind_safe.rs:272:9
[INFO] [stdout]   36:     0x59822d97bbce - std::panicking::try::do_call::hb26ecd7cd9a9355d
[INFO] [stdout]                                at /rustc/90b35a6239c3d8bdabc530a6a0816f7ff89a0aaf/library/std/src/panicking.rs:557:40
[INFO] [stdout]   37:     0x59822d97bbce - std::panicking::try::h8ddeca9d705f9069
[INFO] [stdout]                                at /rustc/90b35a6239c3d8bdabc530a6a0816f7ff89a0aaf/library/std/src/panicking.rs:520:19
[INFO] [stdout]   38:     0x59822d97bbce - std::panic::catch_unwind::h49e1c33078844c46
[INFO] [stdout]                                at /rustc/90b35a6239c3d8bdabc530a6a0816f7ff89a0aaf/library/std/src/panic.rs:358:14
[INFO] [stdout]   39:     0x59822d97bbce - std::thread::Builder::spawn_unchecked_::{{closure}}::h6073db6ff56ad35d
[INFO] [stdout]                                at /rustc/90b35a6239c3d8bdabc530a6a0816f7ff89a0aaf/library/std/src/thread/mod.rs:537:30
[INFO] [stdout]   40:     0x59822d97bbce - core::ops::function::FnOnce::call_once{{vtable.shim}}::h2c5a5f3779c774f1
[INFO] [stdout]                                at /rustc/90b35a6239c3d8bdabc530a6a0816f7ff89a0aaf/library/core/src/ops/function.rs:250:5
[INFO] [stdout]   41:     0x59822da011ab - <alloc::boxed::Box<F,A> as core::ops::function::FnOnce<Args>>::call_once::hf75717d9f28faebf
[INFO] [stdout]                                at /rustc/90b35a6239c3d8bdabc530a6a0816f7ff89a0aaf/library/alloc/src/boxed.rs:2454:9
[INFO] [stdout]   42:     0x59822da011ab - <alloc::boxed::Box<F,A> as core::ops::function::FnOnce<Args>>::call_once::h7bd883a5f3c5f3c1
[INFO] [stdout]                                at /rustc/90b35a6239c3d8bdabc530a6a0816f7ff89a0aaf/library/alloc/src/boxed.rs:2454:9
[INFO] [stdout]   43:     0x59822da011ab - std::sys::pal::unix::thread::Thread::new::thread_start::hcc78f3943333fa94
[INFO] [stdout]                                at /rustc/90b35a6239c3d8bdabc530a6a0816f7ff89a0aaf/library/std/src/sys/pal/unix/thread.rs:105:17
[INFO] [stdout]   44:     0x7dba802f9ac3 - <unknown>
[INFO] [stdout]   45:     0x7dba8038aa04 - clone
[INFO] [stdout]   46:                0x0 - <unknown>
[INFO] [stdout] 
[INFO] [stdout] 
[INFO] [stdout] failures:
[INFO] [stdout]     tests::extraction::java::tests::extract_module_instantation
[INFO] [stdout]     tests::programs::accord::typecheck_abstract_protocol
[INFO] [stdout]     tests::programs::accord::typecheck_messages
[INFO] [stdout]     tests::programs::accord::typecheck_protocol
[INFO] [stdout]     tests::programs::accord::typecheck_sorts
[INFO] [stdout]     tests::programs::accord::typecheck_temporality
[INFO] [stdout]     tests::programs::accord::typecheck_txn
[INFO] [stdout]     tests::typechecker::modules::tests::instantiation_with_impl_spec_blocks
[INFO] [stdout] 
[INFO] [stdout] test result: FAILED. 281 passed; 8 failed; 0 ignored; 0 measured; 0 filtered out; finished in 0.62s
[INFO] [stdout] 
[INFO] [stderr] error: test failed, to rerun pass `--lib`
[INFO] running `Command { std: "docker" "inspect" "7ccc2649fe6ad0552a80ac88c3cc7d950d6e4fde51af009c60b184527ce8a43f", kill_on_drop: false }`
[INFO] running `Command { std: "docker" "rm" "-f" "7ccc2649fe6ad0552a80ac88c3cc7d950d6e4fde51af009c60b184527ce8a43f", kill_on_drop: false }`
[INFO] [stdout] 7ccc2649fe6ad0552a80ac88c3cc7d950d6e4fde51af009c60b184527ce8a43f
