[INFO] cloning repository https://github.com/dharanad/kvs
[INFO] running `Command { std: "git" "-c" "credential.helper=" "-c" "credential.helper=/workspace/cargo-home/bin/git-credential-null" "clone" "--bare" "https://github.com/dharanad/kvs" "/workspace/cache/git-repos/https%3A%2F%2Fgithub.com%2Fdharanad%2Fkvs", kill_on_drop: false }`
[INFO] [stderr] Cloning into bare repository '/workspace/cache/git-repos/https%3A%2F%2Fgithub.com%2Fdharanad%2Fkvs'...
[INFO] running `Command { std: "git" "rev-parse" "HEAD", kill_on_drop: false }`
[INFO] [stdout] 98a39945cc22bca718a5a432d3982c54b7c3ec94
[INFO] testing dharanad/kvs against 1.83.0 for beta-1.84.0-4-retry
[INFO] running `Command { std: "git" "clone" "/workspace/cache/git-repos/https%3A%2F%2Fgithub.com%2Fdharanad%2Fkvs" "/workspace/builds/worker-5-tc1/source", kill_on_drop: false }`
[INFO] [stderr] Cloning into '/workspace/builds/worker-5-tc1/source'...
[INFO] [stderr] done.
[INFO] validating manifest of git repo https://github.com/dharanad/kvs on toolchain 1.83.0
[INFO] running `Command { std: CARGO_HOME="/workspace/cargo-home" RUSTUP_HOME="/workspace/rustup-home" "/workspace/cargo-home/bin/cargo" "+1.83.0" "metadata" "--manifest-path" "Cargo.toml" "--no-deps", kill_on_drop: false }`
[INFO] started tweaking git repo https://github.com/dharanad/kvs
[INFO] finished tweaking git repo https://github.com/dharanad/kvs
[INFO] tweaked toml for git repo https://github.com/dharanad/kvs written to /workspace/builds/worker-5-tc1/source/Cargo.toml
[INFO] crate git repo https://github.com/dharanad/kvs already has a lockfile, it will not be regenerated
[INFO] running `Command { std: CARGO_HOME="/workspace/cargo-home" RUSTUP_HOME="/workspace/rustup-home" "/workspace/cargo-home/bin/cargo" "+1.83.0" "fetch" "--manifest-path" "Cargo.toml", kill_on_drop: false }`
[INFO] running `Command { std: "docker" "create" "-v" "/var/lib/crater-agent-workspace/builds/worker-5-tc1/target:/opt/rustwide/target:rw,Z" "-v" "/var/lib/crater-agent-workspace/builds/worker-5-tc1/source:/opt/rustwide/workdir:ro,Z" "-v" "/var/lib/crater-agent-workspace/cargo-home:/opt/rustwide/cargo-home:ro,Z" "-v" "/var/lib/crater-agent-workspace/rustup-home:/opt/rustwide/rustup-home:ro,Z" "-e" "SOURCE_DIR=/opt/rustwide/workdir" "-e" "CARGO_TARGET_DIR=/opt/rustwide/target" "-e" "CARGO_HOME=/opt/rustwide/cargo-home" "-e" "RUSTUP_HOME=/opt/rustwide/rustup-home" "-w" "/opt/rustwide/workdir" "-m" "1610612736" "--user" "0:0" "--network" "none" "ghcr.io/rust-lang/crates-build-env/linux@sha256:f3a9d4ad9d972b27faf3965f35b62e55ba32bbce8f20bc8fe909558a86702fde" "/opt/rustwide/cargo-home/bin/cargo" "+1.83.0" "metadata" "--no-deps" "--format-version=1", kill_on_drop: false }`
[INFO] [stdout] 53bdd203b122e7d9723ce670255c3b194bde45a981e7d811fecee171690d5325
[INFO] running `Command { std: "docker" "start" "-a" "53bdd203b122e7d9723ce670255c3b194bde45a981e7d811fecee171690d5325", kill_on_drop: false }`
[INFO] running `Command { std: "docker" "inspect" "53bdd203b122e7d9723ce670255c3b194bde45a981e7d811fecee171690d5325", kill_on_drop: false }`
[INFO] running `Command { std: "docker" "rm" "-f" "53bdd203b122e7d9723ce670255c3b194bde45a981e7d811fecee171690d5325", kill_on_drop: false }`
[INFO] [stdout] 53bdd203b122e7d9723ce670255c3b194bde45a981e7d811fecee171690d5325
[INFO] running `Command { std: "docker" "create" "-v" "/var/lib/crater-agent-workspace/builds/worker-5-tc1/target:/opt/rustwide/target:rw,Z" "-v" "/var/lib/crater-agent-workspace/builds/worker-5-tc1/source:/opt/rustwide/workdir:ro,Z" "-v" "/var/lib/crater-agent-workspace/cargo-home:/opt/rustwide/cargo-home:ro,Z" "-v" "/var/lib/crater-agent-workspace/rustup-home:/opt/rustwide/rustup-home:ro,Z" "-e" "SOURCE_DIR=/opt/rustwide/workdir" "-e" "CARGO_TARGET_DIR=/opt/rustwide/target" "-e" "CARGO_INCREMENTAL=0" "-e" "RUST_BACKTRACE=full" "-e" "RUSTFLAGS=--cap-lints=warn" "-e" "RUSTDOCFLAGS=--cap-lints=warn" "-e" "CARGO_HOME=/opt/rustwide/cargo-home" "-e" "RUSTUP_HOME=/opt/rustwide/rustup-home" "-w" "/opt/rustwide/workdir" "-m" "1610612736" "--user" "0:0" "--network" "none" "ghcr.io/rust-lang/crates-build-env/linux@sha256:f3a9d4ad9d972b27faf3965f35b62e55ba32bbce8f20bc8fe909558a86702fde" "/opt/rustwide/cargo-home/bin/cargo" "+1.83.0" "build" "--frozen" "--message-format=json", kill_on_drop: false }`
[INFO] [stdout] 51be252c85ecb09d8ace46cb26f153ec996c8d6a7db7809054720693d1240beb
[INFO] running `Command { std: "docker" "start" "-a" "51be252c85ecb09d8ace46cb26f153ec996c8d6a7db7809054720693d1240beb", kill_on_drop: false }`
[INFO] [stderr]    Compiling proc-macro2 v1.0.76
[INFO] [stderr]    Compiling unicode-ident v1.0.12
[INFO] [stderr]    Compiling libc v0.2.152
[INFO] [stderr]    Compiling cfg-if v1.0.0
[INFO] [stderr]    Compiling serde v1.0.195
[INFO] [stderr]    Compiling utf8parse v0.2.1
[INFO] [stderr]    Compiling colorchoice v1.0.0
[INFO] [stderr]    Compiling anstyle-query v1.0.2
[INFO] [stderr]    Compiling anstyle v1.0.4
[INFO] [stderr]    Compiling ppv-lite86 v0.2.17
[INFO] [stderr]    Compiling virtue v0.0.13
[INFO] [stderr]    Compiling anyhow v1.0.79
[INFO] [stderr]    Compiling strsim v0.10.0
[INFO] [stderr]    Compiling clap_lex v0.6.0
[INFO] [stderr]    Compiling heck v0.4.1
[INFO] [stderr]    Compiling base64 v0.21.7
[INFO] [stderr]    Compiling log v0.4.20
[INFO] [stderr]    Compiling anstyle-parse v0.2.3
[INFO] [stderr]    Compiling anstream v0.6.7
[INFO] [stderr]    Compiling clap_builder v4.4.17
[INFO] [stderr]    Compiling bincode_derive v2.0.0-rc.3
[INFO] [stderr]    Compiling quote v1.0.35
[INFO] [stderr]    Compiling syn v2.0.48
[INFO] [stderr]    Compiling getrandom v0.2.12
[INFO] [stderr]    Compiling bincode v2.0.0-rc.3
[INFO] [stderr]    Compiling rand_core v0.6.4
[INFO] [stderr]    Compiling rand_chacha v0.3.1
[INFO] [stderr]    Compiling rand v0.8.5
[INFO] [stderr]    Compiling bitflags v2.4.2
[INFO] [stderr]    Compiling clap_derive v4.4.7
[INFO] [stderr]    Compiling serde_derive v1.0.195
[INFO] [stderr]    Compiling clap v4.4.17
[INFO] [stderr]    Compiling ron v0.8.1
[INFO] [stderr]    Compiling kvs v0.1.0 (/opt/rustwide/workdir)
[INFO] [stdout] warning: unused import: `anyhow::__private::kind::TraitKind`
[INFO] [stdout]  --> src/datafile.rs:8:5
[INFO] [stdout]   |
[INFO] [stdout] 8 | use anyhow::__private::kind::TraitKind;
[INFO] [stdout]   |     ^^^^^^^^^^^^^^^^^^^^^^^^^^^^^^^^^^
[INFO] [stdout]   |
[INFO] [stdout]   = note: `#[warn(unused_imports)]` on by default
[INFO] [stdout] 
[INFO] [stdout] 
[INFO] [stdout] warning: unused import: `Read`
[INFO] [stdout]  --> src/datafile.rs:4:37
[INFO] [stdout]   |
[INFO] [stdout] 4 | use std::io::{BufReader, BufWriter, Read, Seek, SeekFrom, Write};
[INFO] [stdout]   |                                     ^^^^
[INFO] [stdout] 
[INFO] [stdout] 
[INFO] [stdout] warning: fields `path` and `old_datafiles` are never read
[INFO] [stdout]   --> src/kv.rs:14:5
[INFO] [stdout]    |
[INFO] [stdout] 13 | pub struct KvStore {
[INFO] [stdout]    |            ------- fields in this struct
[INFO] [stdout] 14 |     path: PathBuf,
[INFO] [stdout]    |     ^^^^
[INFO] [stdout] ...
[INFO] [stdout] 17 |     old_datafiles: Vec<DataFile>,
[INFO] [stdout]    |     ^^^^^^^^^^^^^
[INFO] [stdout]    |
[INFO] [stdout]    = note: `#[warn(dead_code)]` on by default
[INFO] [stdout] 
[INFO] [stdout] 
[INFO] [stdout] warning: field `key_offset` is never read
[INFO] [stdout]    --> src/datafile.rs:125:9
[INFO] [stdout]     |
[INFO] [stdout] 122 | pub struct LogReadResult {
[INFO] [stdout]     |            ------------- field in this struct
[INFO] [stdout] ...
[INFO] [stdout] 125 |     pub key_offset: u64,
[INFO] [stdout]     |         ^^^^^^^^^^
[INFO] [stdout]     |
[INFO] [stdout]     = note: `LogReadResult` has a derived impl for the trait `Debug`, but this is intentionally ignored during dead code analysis
[INFO] [stdout] 
[INFO] [stdout] 
[INFO] [stdout] warning: field `file_id` is never read
[INFO] [stdout]  --> src/index.rs:5:9
[INFO] [stdout]   |
[INFO] [stdout] 4 | pub struct Entry {
[INFO] [stdout]   |            ----- field in this struct
[INFO] [stdout] 5 |     pub file_id: String,
[INFO] [stdout]   |         ^^^^^^^
[INFO] [stdout]   |
[INFO] [stdout]   = note: `Entry` has derived impls for the traits `Clone` and `Debug`, but these are intentionally ignored during dead code analysis
[INFO] [stdout] 
[INFO] [stdout] 
[INFO] [stderr]     Finished `dev` profile [unoptimized + debuginfo] target(s) in 15.65s
[INFO] running `Command { std: "docker" "inspect" "51be252c85ecb09d8ace46cb26f153ec996c8d6a7db7809054720693d1240beb", kill_on_drop: false }`
[INFO] running `Command { std: "docker" "rm" "-f" "51be252c85ecb09d8ace46cb26f153ec996c8d6a7db7809054720693d1240beb", kill_on_drop: false }`
[INFO] [stdout] 51be252c85ecb09d8ace46cb26f153ec996c8d6a7db7809054720693d1240beb
[INFO] running `Command { std: "docker" "create" "-v" "/var/lib/crater-agent-workspace/builds/worker-5-tc1/target:/opt/rustwide/target:rw,Z" "-v" "/var/lib/crater-agent-workspace/builds/worker-5-tc1/source:/opt/rustwide/workdir:ro,Z" "-v" "/var/lib/crater-agent-workspace/cargo-home:/opt/rustwide/cargo-home:ro,Z" "-v" "/var/lib/crater-agent-workspace/rustup-home:/opt/rustwide/rustup-home:ro,Z" "-e" "SOURCE_DIR=/opt/rustwide/workdir" "-e" "CARGO_TARGET_DIR=/opt/rustwide/target" "-e" "CARGO_INCREMENTAL=0" "-e" "RUST_BACKTRACE=full" "-e" "RUSTFLAGS=--cap-lints=warn" "-e" "RUSTDOCFLAGS=--cap-lints=warn" "-e" "CARGO_HOME=/opt/rustwide/cargo-home" "-e" "RUSTUP_HOME=/opt/rustwide/rustup-home" "-w" "/opt/rustwide/workdir" "-m" "1610612736" "--user" "0:0" "--network" "none" "ghcr.io/rust-lang/crates-build-env/linux@sha256:f3a9d4ad9d972b27faf3965f35b62e55ba32bbce8f20bc8fe909558a86702fde" "/opt/rustwide/cargo-home/bin/cargo" "+1.83.0" "test" "--frozen" "--no-run" "--message-format=json", kill_on_drop: false }`
[INFO] [stdout] 414831563c0227d647ab9869543fb99abd711c5b98d5ba4a0d3c9f439a7bb195
[INFO] running `Command { std: "docker" "start" "-a" "414831563c0227d647ab9869543fb99abd711c5b98d5ba4a0d3c9f439a7bb195", kill_on_drop: false }`
[INFO] [stderr]    Compiling serde v1.0.195
[INFO] [stderr]    Compiling autocfg v1.1.0
[INFO] [stderr]    Compiling memchr v2.7.1
[INFO] [stderr]    Compiling regex-syntax v0.8.2
[INFO] [stderr]    Compiling serde_json v1.0.111
[INFO] [stderr]    Compiling rustix v0.38.30
[INFO] [stderr]    Compiling escargot v0.4.0
[INFO] [stderr]    Compiling itoa v1.0.10
[INFO] [stderr]    Compiling ryu v1.0.16
[INFO] [stderr]    Compiling predicates-core v1.0.6
[INFO] [stderr]    Compiling normalize-line-endings v0.3.0
[INFO] [stderr]    Compiling linux-raw-sys v0.4.13
[INFO] [stderr]    Compiling difference v2.0.0
[INFO] [stderr]    Compiling lazy_static v1.4.0
[INFO] [stderr]    Compiling termtree v0.4.1
[INFO] [stderr]    Compiling fastrand v2.0.1
[INFO] [stderr]    Compiling same-file v1.0.6
[INFO] [stderr]    Compiling walkdir v2.4.0
[INFO] [stderr]    Compiling predicates-tree v1.0.9
[INFO] [stderr]    Compiling num-traits v0.2.17
[INFO] [stderr]    Compiling aho-corasick v1.1.2
[INFO] [stderr]    Compiling float-cmp v0.8.0
[INFO] [stderr]    Compiling regex-automata v0.4.3
[INFO] [stderr]    Compiling bitflags v2.4.2
[INFO] [stderr]    Compiling ron v0.8.1
[INFO] [stderr]    Compiling kvs v0.1.0 (/opt/rustwide/workdir)
[INFO] [stdout] warning: unused import: `anyhow::__private::kind::TraitKind`
[INFO] [stdout]  --> src/datafile.rs:8:5
[INFO] [stdout]   |
[INFO] [stdout] 8 | use anyhow::__private::kind::TraitKind;
[INFO] [stdout]   |     ^^^^^^^^^^^^^^^^^^^^^^^^^^^^^^^^^^
[INFO] [stdout]   |
[INFO] [stdout]   = note: `#[warn(unused_imports)]` on by default
[INFO] [stdout] 
[INFO] [stdout] 
[INFO] [stdout] warning: unused import: `Read`
[INFO] [stdout]  --> src/datafile.rs:4:37
[INFO] [stdout]   |
[INFO] [stdout] 4 | use std::io::{BufReader, BufWriter, Read, Seek, SeekFrom, Write};
[INFO] [stdout]   |                                     ^^^^
[INFO] [stdout] 
[INFO] [stdout] 
[INFO] [stdout] warning: fields `path` and `old_datafiles` are never read
[INFO] [stdout]   --> src/kv.rs:14:5
[INFO] [stdout]    |
[INFO] [stdout] 13 | pub struct KvStore {
[INFO] [stdout]    |            ------- fields in this struct
[INFO] [stdout] 14 |     path: PathBuf,
[INFO] [stdout]    |     ^^^^
[INFO] [stdout] ...
[INFO] [stdout] 17 |     old_datafiles: Vec<DataFile>,
[INFO] [stdout]    |     ^^^^^^^^^^^^^
[INFO] [stdout]    |
[INFO] [stdout]    = note: `#[warn(dead_code)]` on by default
[INFO] [stdout] 
[INFO] [stdout] 
[INFO] [stdout] warning: field `key_offset` is never read
[INFO] [stdout]    --> src/datafile.rs:125:9
[INFO] [stdout]     |
[INFO] [stdout] 122 | pub struct LogReadResult {
[INFO] [stdout]     |            ------------- field in this struct
[INFO] [stdout] ...
[INFO] [stdout] 125 |     pub key_offset: u64,
[INFO] [stdout]     |         ^^^^^^^^^^
[INFO] [stdout]     |
[INFO] [stdout]     = note: `LogReadResult` has a derived impl for the trait `Debug`, but this is intentionally ignored during dead code analysis
[INFO] [stdout] 
[INFO] [stdout] 
[INFO] [stdout] warning: field `file_id` is never read
[INFO] [stdout]  --> src/index.rs:5:9
[INFO] [stdout]   |
[INFO] [stdout] 4 | pub struct Entry {
[INFO] [stdout]   |            ----- field in this struct
[INFO] [stdout] 5 |     pub file_id: String,
[INFO] [stdout]   |         ^^^^^^^
[INFO] [stdout]   |
[INFO] [stdout]   = note: `Entry` has derived impls for the traits `Clone` and `Debug`, but these are intentionally ignored during dead code analysis
[INFO] [stdout] 
[INFO] [stdout] 
[INFO] [stderr]    Compiling tempfile v3.9.0
[INFO] [stderr]    Compiling regex v1.10.2
[INFO] [stderr]    Compiling predicates v1.0.8
[INFO] [stderr]    Compiling assert_cmd v0.11.1
[INFO] [stdout] warning: variable does not need to be mutable
[INFO] [stdout]    --> tests/tests.rs:194:9
[INFO] [stdout]     |
[INFO] [stdout] 194 |     let mut store = KvStore::open(temp_dir.path())?;
[INFO] [stdout]     |         ----^^^^^
[INFO] [stdout]     |         |
[INFO] [stdout]     |         help: remove this `mut`
[INFO] [stdout]     |
[INFO] [stdout]     = note: `#[warn(unused_mut)]` on by default
[INFO] [stdout] 
[INFO] [stdout] 
[INFO] [stdout] warning: variable does not need to be mutable
[INFO] [stdout]    --> tests/tests.rs:233:9
[INFO] [stdout]     |
[INFO] [stdout] 233 |     let mut store = KvStore::open(temp_dir.path())?;
[INFO] [stdout]     |         ----^^^^^
[INFO] [stdout]     |         |
[INFO] [stdout]     |         help: remove this `mut`
[INFO] [stdout] 
[INFO] [stdout] 
[INFO] [stdout] warning: variable does not need to be mutable
[INFO] [stdout]    --> tests/tests.rs:292:13
[INFO] [stdout]     |
[INFO] [stdout] 292 |         let mut store = KvStore::open(temp_dir.path())?;
[INFO] [stdout]     |             ----^^^^^
[INFO] [stdout]     |             |
[INFO] [stdout]     |             help: remove this `mut`
[INFO] [stdout] 
[INFO] [stdout] 
[INFO] [stdout] warning: unused import: `anyhow::__private::kind::TraitKind`
[INFO] [stdout]  --> src/datafile.rs:8:5
[INFO] [stdout]   |
[INFO] [stdout] 8 | use anyhow::__private::kind::TraitKind;
[INFO] [stdout]   |     ^^^^^^^^^^^^^^^^^^^^^^^^^^^^^^^^^^
[INFO] [stdout]   |
[INFO] [stdout]   = note: `#[warn(unused_imports)]` on by default
[INFO] [stdout] 
[INFO] [stdout] 
[INFO] [stdout] warning: unused import: `Read`
[INFO] [stdout]  --> src/datafile.rs:4:37
[INFO] [stdout]   |
[INFO] [stdout] 4 | use std::io::{BufReader, BufWriter, Read, Seek, SeekFrom, Write};
[INFO] [stdout]   |                                     ^^^^
[INFO] [stdout] 
[INFO] [stdout] 
[INFO] [stdout] warning: fields `path` and `old_datafiles` are never read
[INFO] [stdout]   --> src/kv.rs:14:5
[INFO] [stdout]    |
[INFO] [stdout] 13 | pub struct KvStore {
[INFO] [stdout]    |            ------- fields in this struct
[INFO] [stdout] 14 |     path: PathBuf,
[INFO] [stdout]    |     ^^^^
[INFO] [stdout] ...
[INFO] [stdout] 17 |     old_datafiles: Vec<DataFile>,
[INFO] [stdout]    |     ^^^^^^^^^^^^^
[INFO] [stdout]    |
[INFO] [stdout]    = note: `#[warn(dead_code)]` on by default
[INFO] [stdout] 
[INFO] [stdout] 
[INFO] [stdout] warning: field `key_offset` is never read
[INFO] [stdout]    --> src/datafile.rs:125:9
[INFO] [stdout]     |
[INFO] [stdout] 122 | pub struct LogReadResult {
[INFO] [stdout]     |            ------------- field in this struct
[INFO] [stdout] ...
[INFO] [stdout] 125 |     pub key_offset: u64,
[INFO] [stdout]     |         ^^^^^^^^^^
[INFO] [stdout]     |
[INFO] [stdout]     = note: `LogReadResult` has a derived impl for the trait `Debug`, but this is intentionally ignored during dead code analysis
[INFO] [stdout] 
[INFO] [stdout] 
[INFO] [stdout] warning: field `file_id` is never read
[INFO] [stdout]  --> src/index.rs:5:9
[INFO] [stdout]   |
[INFO] [stdout] 4 | pub struct Entry {
[INFO] [stdout]   |            ----- field in this struct
[INFO] [stdout] 5 |     pub file_id: String,
[INFO] [stdout]   |         ^^^^^^^
[INFO] [stdout]   |
[INFO] [stdout]   = note: `Entry` has derived impls for the traits `Clone` and `Debug`, but these are intentionally ignored during dead code analysis
[INFO] [stdout] 
[INFO] [stdout] 
[INFO] [stderr]     Finished `test` profile [unoptimized + debuginfo] target(s) in 17.30s
[INFO] running `Command { std: "docker" "inspect" "414831563c0227d647ab9869543fb99abd711c5b98d5ba4a0d3c9f439a7bb195", kill_on_drop: false }`
[INFO] running `Command { std: "docker" "rm" "-f" "414831563c0227d647ab9869543fb99abd711c5b98d5ba4a0d3c9f439a7bb195", kill_on_drop: false }`
[INFO] [stdout] 414831563c0227d647ab9869543fb99abd711c5b98d5ba4a0d3c9f439a7bb195
[INFO] running `Command { std: "docker" "create" "-v" "/var/lib/crater-agent-workspace/builds/worker-5-tc1/target:/opt/rustwide/target:rw,Z" "-v" "/var/lib/crater-agent-workspace/builds/worker-5-tc1/source:/opt/rustwide/workdir:ro,Z" "-v" "/var/lib/crater-agent-workspace/cargo-home:/opt/rustwide/cargo-home:ro,Z" "-v" "/var/lib/crater-agent-workspace/rustup-home:/opt/rustwide/rustup-home:ro,Z" "-e" "SOURCE_DIR=/opt/rustwide/workdir" "-e" "CARGO_TARGET_DIR=/opt/rustwide/target" "-e" "CARGO_INCREMENTAL=0" "-e" "RUST_BACKTRACE=full" "-e" "RUSTFLAGS=--cap-lints=warn" "-e" "RUSTDOCFLAGS=--cap-lints=warn" "-e" "CARGO_HOME=/opt/rustwide/cargo-home" "-e" "RUSTUP_HOME=/opt/rustwide/rustup-home" "-w" "/opt/rustwide/workdir" "-m" "1610612736" "--user" "0:0" "--network" "none" "ghcr.io/rust-lang/crates-build-env/linux@sha256:f3a9d4ad9d972b27faf3965f35b62e55ba32bbce8f20bc8fe909558a86702fde" "/opt/rustwide/cargo-home/bin/cargo" "+1.83.0" "test" "--frozen", kill_on_drop: false }`
[INFO] [stdout] 613339e21b83b69b0143edac947f67162d6ebb28f2bd66e21e82132805d3736d
[INFO] running `Command { std: "docker" "start" "-a" "613339e21b83b69b0143edac947f67162d6ebb28f2bd66e21e82132805d3736d", kill_on_drop: false }`
[INFO] [stderr] warning: unused import: `anyhow::__private::kind::TraitKind`
[INFO] [stderr]  --> src/datafile.rs:8:5
[INFO] [stderr]   |
[INFO] [stderr] 8 | use anyhow::__private::kind::TraitKind;
[INFO] [stderr]   |     ^^^^^^^^^^^^^^^^^^^^^^^^^^^^^^^^^^
[INFO] [stderr]   |
[INFO] [stderr]   = note: `#[warn(unused_imports)]` on by default
[INFO] [stderr] 
[INFO] [stderr] warning: unused import: `Read`
[INFO] [stderr]  --> src/datafile.rs:4:37
[INFO] [stderr]   |
[INFO] [stderr] 4 | use std::io::{BufReader, BufWriter, Read, Seek, SeekFrom, Write};
[INFO] [stderr]   |                                     ^^^^
[INFO] [stderr] 
[INFO] [stderr] warning: fields `path` and `old_datafiles` are never read
[INFO] [stderr]   --> src/kv.rs:14:5
[INFO] [stderr]    |
[INFO] [stderr] 13 | pub struct KvStore {
[INFO] [stderr]    |            ------- fields in this struct
[INFO] [stderr] 14 |     path: PathBuf,
[INFO] [stderr]    |     ^^^^
[INFO] [stderr] ...
[INFO] [stderr] 17 |     old_datafiles: Vec<DataFile>,
[INFO] [stderr]    |     ^^^^^^^^^^^^^
[INFO] [stderr]    |
[INFO] [stderr]    = note: `#[warn(dead_code)]` on by default
[INFO] [stderr] 
[INFO] [stderr] warning: field `key_offset` is never read
[INFO] [stderr]    --> src/datafile.rs:125:9
[INFO] [stderr]     |
[INFO] [stderr] 122 | pub struct LogReadResult {
[INFO] [stderr]     |            ------------- field in this struct
[INFO] [stderr] ...
[INFO] [stderr] 125 |     pub key_offset: u64,
[INFO] [stderr]     |         ^^^^^^^^^^
[INFO] [stderr]     |
[INFO] [stderr]     = note: `LogReadResult` has a derived impl for the trait `Debug`, but this is intentionally ignored during dead code analysis
[INFO] [stderr] 
[INFO] [stderr] warning: field `file_id` is never read
[INFO] [stderr]  --> src/index.rs:5:9
[INFO] [stderr]   |
[INFO] [stderr] 4 | pub struct Entry {
[INFO] [stderr]   |            ----- field in this struct
[INFO] [stderr] 5 |     pub file_id: String,
[INFO] [stderr]   |         ^^^^^^^
[INFO] [stderr]   |
[INFO] [stderr]   = note: `Entry` has derived impls for the traits `Clone` and `Debug`, but these are intentionally ignored during dead code analysis
[INFO] [stderr] 
[INFO] [stderr] warning: `kvs` (lib) generated 5 warnings
[INFO] [stderr] warning: variable does not need to be mutable
[INFO] [stderr]    --> tests/tests.rs:194:9
[INFO] [stderr]     |
[INFO] [stderr] 194 |     let mut store = KvStore::open(temp_dir.path())?;
[INFO] [stderr]     |         ----^^^^^
[INFO] [stderr]     |         |
[INFO] [stderr]     |         help: remove this `mut`
[INFO] [stderr]     |
[INFO] [stderr]     = note: `#[warn(unused_mut)]` on by default
[INFO] [stderr] 
[INFO] [stderr] warning: variable does not need to be mutable
[INFO] [stderr]    --> tests/tests.rs:233:9
[INFO] [stderr]     |
[INFO] [stderr] 233 |     let mut store = KvStore::open(temp_dir.path())?;
[INFO] [stderr]     |         ----^^^^^
[INFO] [stderr]     |         |
[INFO] [stderr]     |         help: remove this `mut`
[INFO] [stderr] 
[INFO] [stderr] warning: variable does not need to be mutable
[INFO] [stderr]    --> tests/tests.rs:292:13
[INFO] [stderr]     |
[INFO] [stderr] 292 |         let mut store = KvStore::open(temp_dir.path())?;
[INFO] [stderr]     |             ----^^^^^
[INFO] [stderr]     |             |
[INFO] [stderr]     |             help: remove this `mut`
[INFO] [stderr] 
[INFO] [stderr] warning: `kvs` (test "tests") generated 3 warnings (run `cargo fix --test "tests"` to apply 3 suggestions)
[INFO] [stderr] warning: `kvs` (lib test) generated 5 warnings (5 duplicates)
[INFO] [stderr]     Finished `test` profile [unoptimized + debuginfo] target(s) in 0.08s
[INFO] [stderr]      Running unittests src/lib.rs (/opt/rustwide/target/debug/deps/kvs-3cbcbfc327a14b22)
[INFO] [stdout] 
[INFO] [stdout] running 6 tests
[INFO] [stdout] test datafile::tests::test_data_file_new ... ok
[INFO] [stdout] test datafile::tests::test_data_write ... ok
[INFO] [stdout] test datafile::tests::test_data_read ... ok
[INFO] [stdout] test datafile::tests::test_datafile_iterator ... ok
[INFO] [stdout] test datafile::tests::test_bulk_write ... ok
[INFO] [stdout] test datafile::tests::test_bulk_read ... ok
[INFO] [stdout] 
[INFO] [stdout] test result: ok. 6 passed; 0 failed; 0 ignored; 0 measured; 0 filtered out; finished in 0.19s
[INFO] [stdout] 
[INFO] [stderr]      Running unittests src/bin/kvs.rs (/opt/rustwide/target/debug/deps/kvs-965f8c401f4c7030)
[INFO] [stdout] 
[INFO] [stdout] running 0 tests
[INFO] [stdout] 
[INFO] [stdout] test result: ok. 0 passed; 0 failed; 0 ignored; 0 measured; 0 filtered out; finished in 0.00s
[INFO] [stdout] 
[INFO] [stderr]      Running tests/tests.rs (/opt/rustwide/target/debug/deps/tests-9adbc5a62135b775)
[INFO] [stdout] 
[INFO] [stdout] running 17 tests
[INFO] [stdout] test cli_get_non_existent_key ... ok
[INFO] [stdout] test get_stored_value ... ok
[INFO] [stdout] test remove_non_existent_key ... ok
[INFO] [stdout] test get_non_existent_value ... ok
[INFO] [stdout] test remove_key ... ok
[INFO] [stdout] test cli_get_stored ... ok
[INFO] [stdout] test cli_rm_stored ... ok
[INFO] [stdout] test cli_set ... ok
[INFO] [stdout] test overwrite_value ... ok
[INFO] [stdout] test cli_rm_non_existent_key ... ok
[INFO] [stdout] test cli_no_args ... ok
[INFO] [stdout] test cli_invalid_subcommand ... ok
[INFO] [stdout] test cli_invalid_get ... ok
[INFO] [stdout] test cli_invalid_rm ... ok
[INFO] [stdout] test cli_invalid_set ... ok
[INFO] [stdout] test cli_version ... FAILED
[INFO] [stdout] test compaction ... ok
[INFO] [stdout] 
[INFO] [stdout] failures:
[INFO] [stdout] 
[INFO] [stdout] ---- cli_version stdout ----
[INFO] [stdout] thread 'cli_version' panicked at /opt/rustwide/cargo-home/registry/src/index.crates.io-6f17d22bba15001f/assert_cmd-0.11.1/src/assert.rs:353:17:
[INFO] [stdout] Unexpected stdout, failed var.contains("0.1.0")
[INFO] [stdout] └── var as str: 
[INFO] [stdout] 
[INFO] [stdout] command=`"/opt/rustwide/target/debug/kvs" "-V"`
[INFO] [stdout] code=101
[INFO] [stdout] stdout=``````
[INFO] [stdout] stderr=```thread 'main' panicked at src/kv.rs:25:50:
[INFO] [stdout] called `Result::unwrap()` on an `Err` value: Read-only file system (os error 30)
[INFO] [stdout] 
[INFO] [stdout] Stack backtrace:
[INFO] [stdout]    0: anyhow::error::<impl core::convert::From<E> for anyhow::Error>::from
[INFO] [stdout]              at /opt/rustwide/cargo-home/registry/src/index.crates.io-6f17d22bba15001f/anyhow-1.0.79/src/backtrace.rs:27:14
[INFO] [stdout]    1: <core::result::Result<T,F> as core::ops::try_trait::FromResidual<core::result::Result<core::convert::Infallible,E>>>::from_residual
[INFO] [stdout]              at /rustc/90b35a6239c3d8bdabc530a6a0816f7ff89a0aaf/library/core/src/result.rs:2010:27
[INFO] [stdout]    2: kvs::datafile::DataFile::open
[INFO] [stdout]              at ./src/datafile.rs:34:21
[INFO] [stdout]    3: kvs::kv::KvStore::open
[INFO] [stdout]              at ./src/kv.rs:25:18
[INFO] [stdout]    4: kvs::main
[INFO] [stdout]              at ./src/bin/kvs.rs:8:19
[INFO] [stdout]    5: core::ops::function::FnOnce::call_once
[INFO] [stdout]              at /rustc/90b35a6239c3d8bdabc530a6a0816f7ff89a0aaf/library/core/src/ops/function.rs:250:5
[INFO] [stdout]    6: std::sys::backtrace::__rust_begin_short_backtrace
[INFO] [stdout]              at /rustc/90b35a6239c3d8bdabc530a6a0816f7ff89a0aaf/library/std/src/sys/backtrace.rs:154:18
[INFO] [stdout]    7: std::rt::lang_start::{{closure}}
[INFO] [stdout]              at /rustc/90b35a6239c3d8bdabc530a6a0816f7ff89a0aaf/library/std/src/rt.rs:195:18
[INFO] [stdout]    8: core::ops::function::impls::<impl core::ops::function::FnOnce<A> for &F>::call_once
[INFO] [stdout]              at /rustc/90b35a6239c3d8bdabc530a6a0816f7ff89a0aaf/library/core/src/ops/function.rs:284:13
[INFO] [stdout]    9: std::panicking::try::do_call
[INFO] [stdout]              at /rustc/90b35a6239c3d8bdabc530a6a0816f7ff89a0aaf/library/std/src/panicking.rs:557:40
[INFO] [stdout]   10: std::panicking::try
[INFO] [stdout]              at /rustc/90b35a6239c3d8bdabc530a6a0816f7ff89a0aaf/library/std/src/panicking.rs:520:19
[INFO] [stdout]   11: std::panic::catch_unwind
[INFO] [stdout]              at /rustc/90b35a6239c3d8bdabc530a6a0816f7ff89a0aaf/library/std/src/panic.rs:358:14
[INFO] [stdout]   12: std::rt::lang_start_internal::{{closure}}
[INFO] [stdout]              at /rustc/90b35a6239c3d8bdabc530a6a0816f7ff89a0aaf/library/std/src/rt.rs:174:48
[INFO] [stdout]   13: std::panicking::try::do_call
[INFO] [stdout]              at /rustc/90b35a6239c3d8bdabc530a6a0816f7ff89a0aaf/library/std/src/panicking.rs:557:40
[INFO] [stdout]   14: std::panicking::try
[INFO] [stdout]              at /rustc/90b35a6239c3d8bdabc530a6a0816f7ff89a0aaf/library/std/src/panicking.rs:520:19
[INFO] [stdout]   15: std::panic::catch_unwind
[INFO] [stdout]              at /rustc/90b35a6239c3d8bdabc530a6a0816f7ff89a0aaf/library/std/src/panic.rs:358:14
[INFO] [stdout]   16: std::rt::lang_start_internal
[INFO] [stdout]              at /rustc/90b35a6239c3d8bdabc530a6a0816f7ff89a0aaf/library/std/src/rt.rs:174:20
[INFO] [stdout]   17: std::rt::lang_start
[INFO] [stdout]              at /rustc/90b35a6239c3d8bdabc530a6a0816f7ff89a0aaf/library/std/src/rt.rs:194:17
[INFO] [stdout]   18: main
[INFO] [stdout]   19: <unknown>
[INFO] [stdout]   20: __libc_start_main
[INFO] [stdout]   21: _start
[INFO] [stdout] stack backtrace:
[INFO] [stdout]    0:     0x586f65c4ad6a - std::backtrace_rs::backtrace::libunwind::trace::h5a5b8284f2d0c266
[INFO] [stdout]                                at /rustc/90b35a6239c3d8bdabc530a6a0816f7ff89a0aaf/library/std/src/../../backtrace/src/backtrace/libunwind.rs:116:5
[INFO] [stdout]    1:     0x586f65c4ad6a - std::backtrace_rs::backtrace::trace_unsynchronized::h76d4f1c9b0b875e3
[INFO] [stdout]                                at /rustc/90b35a6239c3d8bdabc530a6a0816f7ff89a0aaf/library/std/src/../../backtrace/src/backtrace/mod.rs:66:5
[INFO] [stdout]    2:     0x586f65c4ad6a - std::sys::backtrace::_print_fmt::hc4546b8364a537c6
[INFO] [stdout]                                at /rustc/90b35a6239c3d8bdabc530a6a0816f7ff89a0aaf/library/std/src/sys/backtrace.rs:66:9
[INFO] [stdout]    3:     0x586f65c4ad6a - <std::sys::backtrace::BacktraceLock::print::DisplayBacktrace as core::fmt::Display>::fmt::h5b6bd5631a6d1f6b
[INFO] [stdout]                                at /rustc/90b35a6239c3d8bdabc530a6a0816f7ff89a0aaf/library/std/src/sys/backtrace.rs:39:26
[INFO] [stdout]    4:     0x586f65c67243 - core::fmt::rt::Argument::fmt::h270f6602a2b96f62
[INFO] [stdout]                                at /rustc/90b35a6239c3d8bdabc530a6a0816f7ff89a0aaf/library/core/src/fmt/rt.rs:177:76
[INFO] [stdout]    5:     0x586f65c67243 - core::fmt::write::h7550c97b06c86515
[INFO] [stdout]                                at /rustc/90b35a6239c3d8bdabc530a6a0816f7ff89a0aaf/library/core/src/fmt/mod.rs:1186:21
[INFO] [stdout]    6:     0x586f65c48353 - std::io::Write::write_fmt::h7b09c64fe0be9c84
[INFO] [stdout]                                at /rustc/90b35a6239c3d8bdabc530a6a0816f7ff89a0aaf/library/std/src/io/mod.rs:1839:15
[INFO] [stdout]    7:     0x586f65c4abb2 - std::sys::backtrace::BacktraceLock::print::h2395ccd2c84ba3aa
[INFO] [stdout]                                at /rustc/90b35a6239c3d8bdabc530a6a0816f7ff89a0aaf/library/std/src/sys/backtrace.rs:42:9
[INFO] [stdout]    8:     0x586f65c4bb5c - std::panicking::default_hook::{{closure}}::he19d4c7230e07961
[INFO] [stdout]                                at /rustc/90b35a6239c3d8bdabc530a6a0816f7ff89a0aaf/library/std/src/panicking.rs:268:22
[INFO] [stdout]    9:     0x586f65c4b9a2 - std::panicking::default_hook::hf614597d3c67bbdb
[INFO] [stdout]                                at /rustc/90b35a6239c3d8bdabc530a6a0816f7ff89a0aaf/library/std/src/panicking.rs:295:9
[INFO] [stdout]   10:     0x586f65c4c137 - std::panicking::rust_panic_with_hook::h8942133a8b252070
[INFO] [stdout]                                at /rustc/90b35a6239c3d8bdabc530a6a0816f7ff89a0aaf/library/std/src/panicking.rs:801:13
[INFO] [stdout]   11:     0x586f65c4bfca - std::panicking::begin_panic_handler::{{closure}}::hb5f5963570096b29
[INFO] [stdout]                                at /rustc/90b35a6239c3d8bdabc530a6a0816f7ff89a0aaf/library/std/src/panicking.rs:674:13
[INFO] [stdout]   12:     0x586f65c4b249 - std::sys::backtrace::__rust_end_short_backtrace::h6208cedc1922feda
[INFO] [stderr] error: test failed, to rerun pass `--test tests`
[INFO] [stdout]                                at /rustc/90b35a6239c3d8bdabc530a6a0816f7ff89a0aaf/library/std/src/sys/backtrace.rs:170:18
[INFO] [stdout]   13:     0x586f65c4bc5c - rust_begin_unwind
[INFO] [stdout]                                at /rustc/90b35a6239c3d8bdabc530a6a0816f7ff89a0aaf/library/std/src/panicking.rs:665:5
[INFO] [stdout]   14:     0x586f65ae9540 - core::panicking::panic_fmt::h0c3082644d1bf418
[INFO] [stdout]                                at /rustc/90b35a6239c3d8bdabc530a6a0816f7ff89a0aaf/library/core/src/panicking.rs:74:14
[INFO] [stdout]   15:     0x586f65ae9956 - core::result::unwrap_failed::hd20b4aa073bda1e2
[INFO] [stdout]                                at /rustc/90b35a6239c3d8bdabc530a6a0816f7ff89a0aaf/library/core/src/result.rs:1700:5
[INFO] [stdout]   16:     0x586f65af307f - core::result::Result<T,E>::unwrap::h5ab62708d43dc48e
[INFO] [stdout]                                at /rustc/90b35a6239c3d8bdabc530a6a0816f7ff89a0aaf/library/core/src/result.rs:1104:23
[INFO] [stdout]   17:     0x586f65af307f - kvs::kv::KvStore::open::he300de7ee6b68335
[INFO] [stdout]                                at /opt/rustwide/workdir/src/kv.rs:25:18
[INFO] [stdout]   18:     0x586f65aeb954 - kvs::main::h690e03d7ae6c3062
[INFO] [stdout]                                at /opt/rustwide/workdir/src/bin/kvs.rs:8:19
[INFO] [stdout]   19:     0x586f65aeae1b - core::ops::function::FnOnce::call_once::hf152a8165c284ffc
[INFO] [stdout]                                at /rustc/90b35a6239c3d8bdabc530a6a0816f7ff89a0aaf/library/core/src/ops/function.rs:250:5
[INFO] [stdout]   20:     0x586f65aead6d - std::sys::backtrace::__rust_begin_short_backtrace::h24def05f8ecfa015
[INFO] [stdout]                                at /rustc/90b35a6239c3d8bdabc530a6a0816f7ff89a0aaf/library/std/src/sys/backtrace.rs:154:18
[INFO] [stdout]   21:     0x586f65aeacc1 - std::rt::lang_start::{{closure}}::h8bcd4c23685882c9
[INFO] [stdout]                                at /rustc/90b35a6239c3d8bdabc530a6a0816f7ff89a0aaf/library/std/src/rt.rs:195:18
[INFO] [stdout]   22:     0x586f65c4375e - core::ops::function::impls::<impl core::ops::function::FnOnce<A> for &F>::call_once::hfdb85f4ee94732d3
[INFO] [stdout]                                at /rustc/90b35a6239c3d8bdabc530a6a0816f7ff89a0aaf/library/core/src/ops/function.rs:284:13
[INFO] [stdout]   23:     0x586f65c4375e - std::panicking::try::do_call::h6e577310f330cbef
[INFO] [stdout]                                at /rustc/90b35a6239c3d8bdabc530a6a0816f7ff89a0aaf/library/std/src/panicking.rs:557:40
[INFO] [stdout]   24:     0x586f65c4375e - std::panicking::try::ha588d438267d2645
[INFO] [stdout]                                at /rustc/90b35a6239c3d8bdabc530a6a0816f7ff89a0aaf/library/std/src/panicking.rs:520:19
[INFO] [stdout]   25:     0x586f65c4375e - std::panic::catch_unwind::h429fda1e025f26d9
[INFO] [stdout]                                at /rustc/90b35a6239c3d8bdabc530a6a0816f7ff89a0aaf/library/std/src/panic.rs:358:14
[INFO] [stdout]   26:     0x586f65c4375e - std::rt::lang_start_internal::{{closure}}::h7b731265e841c4bf
[INFO] [stdout]                                at /rustc/90b35a6239c3d8bdabc530a6a0816f7ff89a0aaf/library/std/src/rt.rs:174:48
[INFO] [stdout]   27:     0x586f65c4375e - std::panicking::try::do_call::hc0f6a675b7ae5a36
[INFO] [stdout]                                at /rustc/90b35a6239c3d8bdabc530a6a0816f7ff89a0aaf/library/std/src/panicking.rs:557:40
[INFO] [stdout]   28:     0x586f65c4375e - std::panicking::try::h4c93b7ff0671f1ff
[INFO] [stdout]                                at /rustc/90b35a6239c3d8bdabc530a6a0816f7ff89a0aaf/library/std/src/panicking.rs:520:19
[INFO] [stdout]   29:     0x586f65c4375e - std::panic::catch_unwind::hcc1e154961d16ce6
[INFO] [stdout]                                at /rustc/90b35a6239c3d8bdabc530a6a0816f7ff89a0aaf/library/std/src/panic.rs:358:14
[INFO] [stdout]   30:     0x586f65c4375e - std::rt::lang_start_internal::h1c66660c99c8424c
[INFO] [stdout]                                at /rustc/90b35a6239c3d8bdabc530a6a0816f7ff89a0aaf/library/std/src/rt.rs:174:20
[INFO] [stdout]   31:     0x586f65aeac9a - std::rt::lang_start::h96720fa5c1e8c78f
[INFO] [stdout]                                at /rustc/90b35a6239c3d8bdabc530a6a0816f7ff89a0aaf/library/std/src/rt.rs:194:17
[INFO] [stdout]   32:     0x586f65aec11e - main
[INFO] [stdout]   33:     0x7eb92c8fad90 - <unknown>
[INFO] [stdout]   34:     0x7eb92c8fae40 - __libc_start_main
[INFO] [stdout]   35:     0x586f65ae9dd5 - _start
[INFO] [stdout]   36:                0x0 - <unknown>
[INFO] [stdout] ```
[INFO] [stdout] 
[INFO] [stdout] stack backtrace:
[INFO] [stdout]    0:     0x5cb4e2eb2a3a - std::backtrace_rs::backtrace::libunwind::trace::h5a5b8284f2d0c266
[INFO] [stdout]                                at /rustc/90b35a6239c3d8bdabc530a6a0816f7ff89a0aaf/library/std/src/../../backtrace/src/backtrace/libunwind.rs:116:5
[INFO] [stdout]    1:     0x5cb4e2eb2a3a - std::backtrace_rs::backtrace::trace_unsynchronized::h76d4f1c9b0b875e3
[INFO] [stdout]                                at /rustc/90b35a6239c3d8bdabc530a6a0816f7ff89a0aaf/library/std/src/../../backtrace/src/backtrace/mod.rs:66:5
[INFO] [stdout]    2:     0x5cb4e2eb2a3a - std::sys::backtrace::_print_fmt::hc4546b8364a537c6
[INFO] [stdout]                                at /rustc/90b35a6239c3d8bdabc530a6a0816f7ff89a0aaf/library/std/src/sys/backtrace.rs:66:9
[INFO] [stdout]    3:     0x5cb4e2eb2a3a - <std::sys::backtrace::BacktraceLock::print::DisplayBacktrace as core::fmt::Display>::fmt::h5b6bd5631a6d1f6b
[INFO] [stdout]                                at /rustc/90b35a6239c3d8bdabc530a6a0816f7ff89a0aaf/library/std/src/sys/backtrace.rs:39:26
[INFO] [stdout]    4:     0x5cb4e2ed9cb3 - core::fmt::rt::Argument::fmt::h270f6602a2b96f62
[INFO] [stdout]                                at /rustc/90b35a6239c3d8bdabc530a6a0816f7ff89a0aaf/library/core/src/fmt/rt.rs:177:76
[INFO] [stdout]    5:     0x5cb4e2ed9cb3 - core::fmt::write::h7550c97b06c86515
[INFO] [stdout]                                at /rustc/90b35a6239c3d8bdabc530a6a0816f7ff89a0aaf/library/core/src/fmt/mod.rs:1186:21
[INFO] [stdout]    6:     0x5cb4e2eaf563 - std::io::Write::write_fmt::h509ff860e5956e5e
[INFO] [stdout]                                at /rustc/90b35a6239c3d8bdabc530a6a0816f7ff89a0aaf/library/std/src/io/mod.rs:1839:15
[INFO] [stdout]    7:     0x5cb4e2eb2882 - std::sys::backtrace::BacktraceLock::print::h2395ccd2c84ba3aa
[INFO] [stdout]                                at /rustc/90b35a6239c3d8bdabc530a6a0816f7ff89a0aaf/library/std/src/sys/backtrace.rs:42:9
[INFO] [stdout]    8:     0x5cb4e2eb3f1a - std::panicking::default_hook::{{closure}}::he19d4c7230e07961
[INFO] [stdout]                                at /rustc/90b35a6239c3d8bdabc530a6a0816f7ff89a0aaf/library/std/src/panicking.rs:268:22
[INFO] [stdout]    9:     0x5cb4e2eb3d24 - std::panicking::default_hook::hf614597d3c67bbdb
[INFO] [stdout]                                at /rustc/90b35a6239c3d8bdabc530a6a0816f7ff89a0aaf/library/std/src/panicking.rs:292:9
[INFO] [stdout]   10:     0x5cb4e2e19719 - <alloc::boxed::Box<F,A> as core::ops::function::Fn<Args>>::call::h39b51ce4599c23d1
[INFO] [stdout]                                at /rustc/90b35a6239c3d8bdabc530a6a0816f7ff89a0aaf/library/alloc/src/boxed.rs:2468:9
[INFO] [stdout]   11:     0x5cb4e2e19719 - test::test_main::{{closure}}::he977ae839a582784
[INFO] [stdout]                                at /rustc/90b35a6239c3d8bdabc530a6a0816f7ff89a0aaf/library/test/src/lib.rs:133:21
[INFO] [stdout]   12:     0x5cb4e2eb45b8 - <alloc::boxed::Box<F,A> as core::ops::function::Fn<Args>>::call::h9455091b6b06f9fb
[INFO] [stdout]                                at /rustc/90b35a6239c3d8bdabc530a6a0816f7ff89a0aaf/library/alloc/src/boxed.rs:2468:9
[INFO] [stdout]   13:     0x5cb4e2eb45b8 - std::panicking::rust_panic_with_hook::h8942133a8b252070
[INFO] [stdout]                                at /rustc/90b35a6239c3d8bdabc530a6a0816f7ff89a0aaf/library/std/src/panicking.rs:809:13
[INFO] [stdout]   14:     0x5cb4e2eb437a - std::panicking::begin_panic_handler::{{closure}}::hb5f5963570096b29
[INFO] [stdout]                                at /rustc/90b35a6239c3d8bdabc530a6a0816f7ff89a0aaf/library/std/src/panicking.rs:674:13
[INFO] [stdout]   15:     0x5cb4e2eb2f19 - std::sys::backtrace::__rust_end_short_backtrace::h6208cedc1922feda
[INFO] [stdout]                                at /rustc/90b35a6239c3d8bdabc530a6a0816f7ff89a0aaf/library/std/src/sys/backtrace.rs:170:18
[INFO] [stdout]   16:     0x5cb4e2eb400c - rust_begin_unwind
[INFO] [stdout]                                at /rustc/90b35a6239c3d8bdabc530a6a0816f7ff89a0aaf/library/std/src/panicking.rs:665:5
[INFO] [stdout]   17:     0x5cb4e2dd3be0 - core::panicking::panic_fmt::h0c3082644d1bf418
[INFO] [stdout]                                at /rustc/90b35a6239c3d8bdabc530a6a0816f7ff89a0aaf/library/core/src/panicking.rs:74:14
[INFO] [stdout]   18:     0x5cb4e2e6ba1a - assert_cmd::assert::Assert::stdout_impl::h2b738b7dab60384a
[INFO] [stdout]                                at /opt/rustwide/cargo-home/registry/src/index.crates.io-6f17d22bba15001f/assert_cmd-0.11.1/src/assert.rs:353:17
[INFO] [stdout]   19:     0x5cb4e2dd4d9b - assert_cmd::assert::Assert::stdout::h674585a6f7fc3145
[INFO] [stdout]                                at /opt/rustwide/cargo-home/registry/src/index.crates.io-6f17d22bba15001f/assert_cmd-0.11.1/src/assert.rs:346:9
[INFO] [stdout]   20:     0x5cb4e2ddaa9a - tests::cli_version::h15d63a618d243264
[INFO] [stdout]                                at /opt/rustwide/workdir/tests/tests.rs:18:5
[INFO] [stdout]   21:     0x5cb4e2dda8c7 - tests::cli_version::{{closure}}::h0ee763abc569d26a
[INFO] [stdout]                                at /opt/rustwide/workdir/tests/tests.rs:17:17
[INFO] [stdout]   22:     0x5cb4e2dd73a6 - core::ops::function::FnOnce::call_once::h366b061d9800c582
[INFO] [stdout]                                at /rustc/90b35a6239c3d8bdabc530a6a0816f7ff89a0aaf/library/core/src/ops/function.rs:250:5
[INFO] [stdout]   23:     0x5cb4e2e1e0db - core::ops::function::FnOnce::call_once::h109cf8051a59b34e
[INFO] [stdout]                                at /rustc/90b35a6239c3d8bdabc530a6a0816f7ff89a0aaf/library/core/src/ops/function.rs:250:5
[INFO] [stdout]   24:     0x5cb4e2e1e0db - test::__rust_begin_short_backtrace::hf4fff89d377446ba
[INFO] [stdout]                                at /rustc/90b35a6239c3d8bdabc530a6a0816f7ff89a0aaf/library/test/src/lib.rs:621:18
[INFO] [stdout]   25:     0x5cb4e2e1d917 - test::run_test_in_process::{{closure}}::h0e39181dd7ee5a43
[INFO] [stdout]                                at /rustc/90b35a6239c3d8bdabc530a6a0816f7ff89a0aaf/library/test/src/lib.rs:644:60
[INFO] [stdout]   26:     0x5cb4e2e1d917 - <core::panic::unwind_safe::AssertUnwindSafe<F> as core::ops::function::FnOnce<()>>::call_once::hc5a66a30f0bdfd1f
[INFO] [stdout]                                at /rustc/90b35a6239c3d8bdabc530a6a0816f7ff89a0aaf/library/core/src/panic/unwind_safe.rs:272:9
[INFO] [stdout]   27:     0x5cb4e2e1d917 - std::panicking::try::do_call::h873b7cf639554a5e
[INFO] [stdout]                                at /rustc/90b35a6239c3d8bdabc530a6a0816f7ff89a0aaf/library/std/src/panicking.rs:557:40
[INFO] [stdout]   28:     0x5cb4e2e1d917 - std::panicking::try::hdb19862fad9c8bd1
[INFO] [stdout]                                at /rustc/90b35a6239c3d8bdabc530a6a0816f7ff89a0aaf/library/std/src/panicking.rs:520:19
[INFO] [stdout]   29:     0x5cb4e2e1d917 - std::panic::catch_unwind::h281fe732d236d260
[INFO] [stdout]                                at /rustc/90b35a6239c3d8bdabc530a6a0816f7ff89a0aaf/library/std/src/panic.rs:358:14
[INFO] [stdout]   30:     0x5cb4e2e1d917 - test::run_test_in_process::h949b6df8457ed338
[INFO] [stdout]                                at /rustc/90b35a6239c3d8bdabc530a6a0816f7ff89a0aaf/library/test/src/lib.rs:644:27
[INFO] [stdout]   31:     0x5cb4e2e1d917 - test::run_test::{{closure}}::h52c556a6d4740e10
[INFO] [stdout]                                at /rustc/90b35a6239c3d8bdabc530a6a0816f7ff89a0aaf/library/test/src/lib.rs:565:43
[INFO] [stdout]   32:     0x5cb4e2de2bf4 - test::run_test::{{closure}}::h4237f6381c45ccb9
[INFO] [stdout]                                at /rustc/90b35a6239c3d8bdabc530a6a0816f7ff89a0aaf/library/test/src/lib.rs:595:41
[INFO] [stdout]   33:     0x5cb4e2de2bf4 - std::sys::backtrace::__rust_begin_short_backtrace::h505c97a579eca628
[INFO] [stdout]                                at /rustc/90b35a6239c3d8bdabc530a6a0816f7ff89a0aaf/library/std/src/sys/backtrace.rs:154:18
[INFO] [stdout]   34:     0x5cb4e2de62be - std::thread::Builder::spawn_unchecked_::{{closure}}::{{closure}}::h9e86b2e2bc107ea3
[INFO] [stdout]                                at /rustc/90b35a6239c3d8bdabc530a6a0816f7ff89a0aaf/library/std/src/thread/mod.rs:538:17
[INFO] [stdout]   35:     0x5cb4e2de62be - <core::panic::unwind_safe::AssertUnwindSafe<F> as core::ops::function::FnOnce<()>>::call_once::h8b06ddb275ff4a25
[INFO] [stdout]                                at /rustc/90b35a6239c3d8bdabc530a6a0816f7ff89a0aaf/library/core/src/panic/unwind_safe.rs:272:9
[INFO] [stdout]   36:     0x5cb4e2de62be - std::panicking::try::do_call::hb26ecd7cd9a9355d
[INFO] [stdout]                                at /rustc/90b35a6239c3d8bdabc530a6a0816f7ff89a0aaf/library/std/src/panicking.rs:557:40
[INFO] [stdout]   37:     0x5cb4e2de62be - std::panicking::try::h8ddeca9d705f9069
[INFO] [stdout]                                at /rustc/90b35a6239c3d8bdabc530a6a0816f7ff89a0aaf/library/std/src/panicking.rs:520:19
[INFO] [stdout]   38:     0x5cb4e2de62be - std::panic::catch_unwind::h49e1c33078844c46
[INFO] [stdout]                                at /rustc/90b35a6239c3d8bdabc530a6a0816f7ff89a0aaf/library/std/src/panic.rs:358:14
[INFO] [stdout]   39:     0x5cb4e2de62be - std::thread::Builder::spawn_unchecked_::{{closure}}::h6073db6ff56ad35d
[INFO] [stdout]                                at /rustc/90b35a6239c3d8bdabc530a6a0816f7ff89a0aaf/library/std/src/thread/mod.rs:537:30
[INFO] [stdout]   40:     0x5cb4e2de62be - core::ops::function::FnOnce::call_once{{vtable.shim}}::h2c5a5f3779c774f1
[INFO] [stdout]                                at /rustc/90b35a6239c3d8bdabc530a6a0816f7ff89a0aaf/library/core/src/ops/function.rs:250:5
[INFO] [stdout]   41:     0x5cb4e2eb9b8b - <alloc::boxed::Box<F,A> as core::ops::function::FnOnce<Args>>::call_once::hf75717d9f28faebf
[INFO] [stdout]                                at /rustc/90b35a6239c3d8bdabc530a6a0816f7ff89a0aaf/library/alloc/src/boxed.rs:2454:9
[INFO] [stdout]   42:     0x5cb4e2eb9b8b - <alloc::boxed::Box<F,A> as core::ops::function::FnOnce<Args>>::call_once::h7bd883a5f3c5f3c1
[INFO] [stdout]                                at /rustc/90b35a6239c3d8bdabc530a6a0816f7ff89a0aaf/library/alloc/src/boxed.rs:2454:9
[INFO] [stdout]   43:     0x5cb4e2eb9b8b - std::sys::pal::unix::thread::Thread::new::thread_start::hcc78f3943333fa94
[INFO] [stdout]                                at /rustc/90b35a6239c3d8bdabc530a6a0816f7ff89a0aaf/library/std/src/sys/pal/unix/thread.rs:105:17
[INFO] [stdout]   44:     0x7a0587fd0ac3 - <unknown>
[INFO] [stdout]   45:     0x7a0588061a04 - clone
[INFO] [stdout]   46:                0x0 - <unknown>
[INFO] [stdout] 
[INFO] [stdout] 
[INFO] [stdout] failures:
[INFO] [stdout]     cli_version
[INFO] [stdout] 
[INFO] [stdout] test result: FAILED. 16 passed; 1 failed; 0 ignored; 0 measured; 0 filtered out; finished in 16.34s
[INFO] [stdout] 
[INFO] running `Command { std: "docker" "inspect" "613339e21b83b69b0143edac947f67162d6ebb28f2bd66e21e82132805d3736d", kill_on_drop: false }`
[INFO] running `Command { std: "docker" "rm" "-f" "613339e21b83b69b0143edac947f67162d6ebb28f2bd66e21e82132805d3736d", kill_on_drop: false }`
[INFO] [stdout] 613339e21b83b69b0143edac947f67162d6ebb28f2bd66e21e82132805d3736d
