[INFO] cloning repository https://github.com/dgoetsch/rust-rest-api
[INFO] running `Command { std: "git" "-c" "credential.helper=" "-c" "credential.helper=/workspace/cargo-home/bin/git-credential-null" "clone" "--bare" "https://github.com/dgoetsch/rust-rest-api" "/workspace/cache/git-repos/https%3A%2F%2Fgithub.com%2Fdgoetsch%2Frust-rest-api", kill_on_drop: false }`
[INFO] [stderr] Cloning into bare repository '/workspace/cache/git-repos/https%3A%2F%2Fgithub.com%2Fdgoetsch%2Frust-rest-api'...
[INFO] running `Command { std: "git" "rev-parse" "HEAD", kill_on_drop: false }`
[INFO] [stdout] 73b3244556ecf693e9c9794be5769bc1b07a1f36
[INFO] testing dgoetsch/rust-rest-api against 1.83.0 for beta-1.84.0-4-retry
[INFO] running `Command { std: "git" "clone" "/workspace/cache/git-repos/https%3A%2F%2Fgithub.com%2Fdgoetsch%2Frust-rest-api" "/workspace/builds/worker-7-tc1/source", kill_on_drop: false }`
[INFO] [stderr] Cloning into '/workspace/builds/worker-7-tc1/source'...
[INFO] [stderr] done.
[INFO] validating manifest of git repo https://github.com/dgoetsch/rust-rest-api on toolchain 1.83.0
[INFO] running `Command { std: CARGO_HOME="/workspace/cargo-home" RUSTUP_HOME="/workspace/rustup-home" "/workspace/cargo-home/bin/cargo" "+1.83.0" "metadata" "--manifest-path" "Cargo.toml" "--no-deps", kill_on_drop: false }`
[INFO] started tweaking git repo https://github.com/dgoetsch/rust-rest-api
[INFO] finished tweaking git repo https://github.com/dgoetsch/rust-rest-api
[INFO] tweaked toml for git repo https://github.com/dgoetsch/rust-rest-api written to /workspace/builds/worker-7-tc1/source/Cargo.toml
[INFO] crate git repo https://github.com/dgoetsch/rust-rest-api already has a lockfile, it will not be regenerated
[INFO] running `Command { std: CARGO_HOME="/workspace/cargo-home" RUSTUP_HOME="/workspace/rustup-home" "/workspace/cargo-home/bin/cargo" "+1.83.0" "fetch" "--manifest-path" "Cargo.toml", kill_on_drop: false }`
[INFO] [stderr] warning: no edition set: defaulting to the 2015 edition while the latest is 2021
[INFO] [stderr]     Updating crates.io index
[INFO] [stderr]  Downloading crates ...
[INFO] [stderr]   Downloaded tokio-threadpool v0.1.8
[INFO] [stderr]   Downloaded tokio-uds v0.2.3
[INFO] [stderr]   Downloaded simple_logger v1.0.1
[INFO] [stderr]   Downloaded bodyparser v0.8.0
[INFO] [stderr]   Downloaded tokio-reactor v0.1.6
[INFO] [stderr]   Downloaded derive-error v0.0.3
[INFO] [stderr]   Downloaded slog-stream v1.2.1
[INFO] [stderr]   Downloaded tar v0.4.17
[INFO] [stderr]   Downloaded tokio-current-thread v0.1.3
[INFO] [stderr]   Downloaded tokio v0.1.11
[INFO] [stderr]   Downloaded maplit v0.1.6
[INFO] [stderr]   Downloaded slog-envlogger v0.5.0
[INFO] [stderr]   Downloaded slog-term v1.5.0
[INFO] [stderr]   Downloaded slog v1.7.1
[INFO] [stderr]   Downloaded slog-extra v0.1.2
[INFO] [stderr]   Downloaded filetime v0.2.1
[INFO] [stderr]   Downloaded case v0.1.0
[INFO] [stderr]   Downloaded tokio-timer v0.2.7
[INFO] [stderr]   Downloaded persistent v0.4.0
[INFO] [stderr]   Downloaded slog-stdlog v1.1.0
[INFO] [stderr]   Downloaded itertools v0.6.5
[INFO] [stderr]   Downloaded cargo-download v0.1.1
[INFO] running `Command { std: "docker" "create" "-v" "/var/lib/crater-agent-workspace/builds/worker-7-tc1/target:/opt/rustwide/target:rw,Z" "-v" "/var/lib/crater-agent-workspace/builds/worker-7-tc1/source:/opt/rustwide/workdir:ro,Z" "-v" "/var/lib/crater-agent-workspace/cargo-home:/opt/rustwide/cargo-home:ro,Z" "-v" "/var/lib/crater-agent-workspace/rustup-home:/opt/rustwide/rustup-home:ro,Z" "-e" "SOURCE_DIR=/opt/rustwide/workdir" "-e" "CARGO_TARGET_DIR=/opt/rustwide/target" "-e" "CARGO_HOME=/opt/rustwide/cargo-home" "-e" "RUSTUP_HOME=/opt/rustwide/rustup-home" "-w" "/opt/rustwide/workdir" "-m" "1610612736" "--user" "0:0" "--network" "none" "ghcr.io/rust-lang/crates-build-env/linux@sha256:f3a9d4ad9d972b27faf3965f35b62e55ba32bbce8f20bc8fe909558a86702fde" "/opt/rustwide/cargo-home/bin/cargo" "+1.83.0" "metadata" "--no-deps" "--format-version=1", kill_on_drop: false }`
[INFO] [stdout] b2986368ac2ed72c76a618c1367c93f5a1e33bf0505afe40e486edc653088cda
[INFO] running `Command { std: "docker" "start" "-a" "b2986368ac2ed72c76a618c1367c93f5a1e33bf0505afe40e486edc653088cda", kill_on_drop: false }`
[INFO] running `Command { std: "docker" "inspect" "b2986368ac2ed72c76a618c1367c93f5a1e33bf0505afe40e486edc653088cda", kill_on_drop: false }`
[INFO] running `Command { std: "docker" "rm" "-f" "b2986368ac2ed72c76a618c1367c93f5a1e33bf0505afe40e486edc653088cda", kill_on_drop: false }`
[INFO] [stdout] b2986368ac2ed72c76a618c1367c93f5a1e33bf0505afe40e486edc653088cda
[INFO] running `Command { std: "docker" "create" "-v" "/var/lib/crater-agent-workspace/builds/worker-7-tc1/target:/opt/rustwide/target:rw,Z" "-v" "/var/lib/crater-agent-workspace/builds/worker-7-tc1/source:/opt/rustwide/workdir:ro,Z" "-v" "/var/lib/crater-agent-workspace/cargo-home:/opt/rustwide/cargo-home:ro,Z" "-v" "/var/lib/crater-agent-workspace/rustup-home:/opt/rustwide/rustup-home:ro,Z" "-e" "SOURCE_DIR=/opt/rustwide/workdir" "-e" "CARGO_TARGET_DIR=/opt/rustwide/target" "-e" "CARGO_INCREMENTAL=0" "-e" "RUST_BACKTRACE=full" "-e" "RUSTFLAGS=--cap-lints=warn" "-e" "RUSTDOCFLAGS=--cap-lints=warn" "-e" "CARGO_HOME=/opt/rustwide/cargo-home" "-e" "RUSTUP_HOME=/opt/rustwide/rustup-home" "-w" "/opt/rustwide/workdir" "-m" "1610612736" "--user" "0:0" "--network" "none" "ghcr.io/rust-lang/crates-build-env/linux@sha256:f3a9d4ad9d972b27faf3965f35b62e55ba32bbce8f20bc8fe909558a86702fde" "/opt/rustwide/cargo-home/bin/cargo" "+1.83.0" "build" "--frozen" "--message-format=json", kill_on_drop: false }`
[INFO] [stdout] b8cbbb13bd12bb69188e580037ca3d547baaf828474fe65ce3de07974dff8c43
[INFO] running `Command { std: "docker" "start" "-a" "b8cbbb13bd12bb69188e580037ca3d547baaf828474fe65ce3de07974dff8c43", kill_on_drop: false }`
[INFO] [stderr] warning: no edition set: defaulting to the 2015 edition while the latest is 2021
[INFO] [stderr] warning: rust-monad v0.1.0 (/opt/rustwide/workdir) ignoring invalid dependency `cargo-download` which is missing a lib target
[INFO] [stderr]    Compiling libc v0.2.43
[INFO] [stderr]    Compiling version_check v0.1.5
[INFO] [stderr]    Compiling cfg-if v0.1.6
[INFO] [stderr]    Compiling rand_core v0.3.0
[INFO] [stderr]    Compiling byteorder v1.2.7
[INFO] [stderr]    Compiling futures v0.1.25
[INFO] [stderr]    Compiling semver-parser v0.7.0
[INFO] [stderr]    Compiling scopeguard v0.3.3
[INFO] [stderr]    Compiling log v0.4.6
[INFO] [stderr]    Compiling crossbeam-utils v0.5.0
[INFO] [stderr]    Compiling rand_core v0.2.2
[INFO] [stderr]    Compiling semver v0.9.0
[INFO] [stderr]    Compiling siphasher v0.2.3
[INFO] [stderr]    Compiling slab v0.4.1
[INFO] [stderr]    Compiling void v1.0.2
[INFO] [stderr]    Compiling unicase v1.4.2
[INFO] [stderr]    Compiling lazy_static v1.1.0
[INFO] [stderr]    Compiling unreachable v1.0.0
[INFO] [stderr]    Compiling stable_deref_trait v1.1.1
[INFO] [stderr]    Compiling owning_ref v0.3.3
[INFO] [stderr]    Compiling smallvec v0.6.5
[INFO] [stderr]    Compiling matches v0.1.8
[INFO] [stderr]    Compiling rustc_version v0.2.3
[INFO] [stderr]    Compiling rand v0.5.5
[INFO] [stderr]    Compiling iovec v0.1.2
[INFO] [stderr]    Compiling num_cpus v1.8.0
[INFO] [stderr]    Compiling bytes v0.4.10
[INFO] [stderr]    Compiling net2 v0.2.33
[INFO] [stderr]    Compiling parking_lot_core v0.3.1
[INFO] [stderr]    Compiling phf_shared v0.7.23
[INFO] [stderr]    Compiling time v0.1.40
[INFO] [stderr]    Compiling lazycell v1.2.0
[INFO] [stderr]    Compiling traitobject v0.1.0
[INFO] [stderr]    Compiling httparse v1.3.3
[INFO] [stderr]    Compiling tokio-executor v0.1.5
[INFO] [stderr]    Compiling mio v0.6.16
[INFO] [stderr]    Compiling tokio-io v0.1.10
[INFO] [stderr]    Compiling lock_api v0.1.4
[INFO] [stderr]    Compiling unicode-bidi v0.3.4
[INFO] [stderr]    Compiling log v0.3.9
[INFO] [stderr]    Compiling nodrop v0.1.12
[INFO] [stderr]    Compiling unicode-normalization v0.1.7
[INFO] [stderr]    Compiling mime v0.2.6
[INFO] [stderr]    Compiling arrayvec v0.4.7
[INFO] [stderr]    Compiling phf_generator v0.7.23
[INFO] [stderr]    Compiling unsafe-any v0.4.2
[INFO] [stderr]    Compiling safemem v0.3.0
[INFO] [stderr]    Compiling phf_codegen v0.7.23
[INFO] [stderr]    Compiling percent-encoding v1.0.1
[INFO] [stderr]    Compiling memoffset v0.2.1
[INFO] [stderr]    Compiling crossbeam-epoch v0.5.2
[INFO] [stderr]    Compiling typemap v0.3.3
[INFO] [stderr]    Compiling base64 v0.9.3
[INFO] [stderr]    Compiling phf v0.7.23
[INFO] [stderr]    Compiling parking_lot v0.6.4
[INFO] [stderr]    Compiling itoa v0.4.3
[INFO] [stderr]    Compiling mime_guess v1.8.6
[INFO] [stderr]    Compiling tokio-reactor v0.1.6
[INFO] [stderr]    Compiling num-traits v0.2.6
[INFO] [stderr]    Compiling language-tags v0.2.2
[INFO] [stderr]    Compiling typeable v0.1.2
[INFO] [stderr]    Compiling proc-macro2 v0.4.20
[INFO] [stderr]    Compiling crossbeam-deque v0.6.1
[INFO] [stderr]    Compiling plugin v0.2.6
[INFO] [stderr]    Compiling ryu v0.2.6
[INFO] [stderr]    Compiling modifier v0.1.0
[INFO] [stderr]    Compiling serde v1.0.80
[INFO] [stderr]    Compiling num-integer v0.1.39
[INFO] [stderr]    Compiling unicode-xid v0.1.0
[INFO] [stderr]    Compiling tokio-threadpool v0.1.8
[INFO] [stderr]    Compiling mio-uds v0.6.7
[INFO] [stderr]    Compiling idna v0.1.5
[INFO] [stderr]    Compiling tokio-codec v0.1.1
[INFO] [stderr]    Compiling fnv v1.0.6
[INFO] [stderr]    Compiling tokio-uds v0.2.3
[INFO] [stderr]    Compiling tokio-udp v0.1.2
[INFO] [stderr]    Compiling http v0.1.13
[INFO] [stderr]    Compiling quote v0.6.9
[INFO] [stderr]    Compiling tokio-fs v0.1.4
[INFO] [stderr]    Compiling url v1.7.1
[INFO] [stderr]    Compiling tokio-tcp v0.1.2
[INFO] [stderr]    Compiling tokio-timer v0.2.7
[INFO] [stderr]    Compiling hyper v0.10.15
[INFO] [stderr]    Compiling tokio-current-thread v0.1.3
[INFO] [stderr]    Compiling string v0.1.1
[INFO] [stderr]    Compiling try-lock v0.2.2
[INFO] [stderr]    Compiling indexmap v1.0.2
[INFO] [stderr]    Compiling want v0.0.6
[INFO] [stderr]    Compiling tokio v0.1.11
[INFO] [stderr]    Compiling chrono v0.4.6
[INFO] [stderr]    Compiling syn v0.15.17
[INFO] [stderr]    Compiling futures-cpupool v0.1.8
[INFO] [stderr]    Compiling route-recognizer v0.1.12
[INFO] [stderr]    Compiling h2 v0.1.13
[INFO] [stderr]    Compiling simple_logger v1.0.1
[INFO] [stderr]    Compiling serde_json v1.0.32
[INFO] [stderr]    Compiling iron v0.6.0
[INFO] [stderr]    Compiling persistent v0.4.0
[INFO] [stderr]    Compiling router v0.6.0
[INFO] [stderr]    Compiling serde_derive v1.0.80
[INFO] [stderr]    Compiling bodyparser v0.8.0
[INFO] [stderr]    Compiling hyper v0.12.14
[INFO] [stderr]    Compiling rust-monad v0.1.0 (/opt/rustwide/workdir)
[INFO] [stdout] warning: unused import: `std::fs::File`
[INFO] [stdout]   --> src/api/mod.rs:11:5
[INFO] [stdout]    |
[INFO] [stdout] 11 | use std::fs::File;
[INFO] [stdout]    |     ^^^^^^^^^^^^^
[INFO] [stdout]    |
[INFO] [stdout]    = note: `#[warn(unused_imports)]` on by default
[INFO] [stdout] 
[INFO] [stdout] 
[INFO] [stdout] warning: unused import: `self::serde_json::Serializer`
[INFO] [stdout]   --> src/server/http/iron/mod.rs:10:5
[INFO] [stdout]    |
[INFO] [stdout] 10 | use self::serde_json::Serializer;
[INFO] [stdout]    |     ^^^^^^^^^^^^^^^^^^^^^^^^^^^^
[INFO] [stdout] 
[INFO] [stdout] 
[INFO] [stdout] warning: unused import: `self::serde_json::Value`
[INFO] [stdout]   --> src/server/http/iron/mod.rs:11:5
[INFO] [stdout]    |
[INFO] [stdout] 11 | use self::serde_json::Value;
[INFO] [stdout]    |     ^^^^^^^^^^^^^^^^^^^^^^^
[INFO] [stdout] 
[INFO] [stdout] 
[INFO] [stdout] warning: unused imports: `SerializeStruct` and `Serialize`
[INFO] [stdout]   --> src/server/http/iron/mod.rs:12:24
[INFO] [stdout]    |
[INFO] [stdout] 12 | use self::serde::ser::{Serialize, SerializeStruct};
[INFO] [stdout]    |                        ^^^^^^^^^  ^^^^^^^^^^^^^^^
[INFO] [stdout] 
[INFO] [stdout] 
[INFO] [stdout] warning: unused imports: `BeforeMiddleware` and `typemap`
[INFO] [stdout]   --> src/server/http/iron/mod.rs:16:18
[INFO] [stdout]    |
[INFO] [stdout] 16 | use self::iron::{typemap, AfterMiddleware, BeforeMiddleware};
[INFO] [stdout]    |                  ^^^^^^^                   ^^^^^^^^^^^^^^^^
[INFO] [stdout] 
[INFO] [stdout] 
[INFO] [stdout] warning: unused import: `self::persistent::Read`
[INFO] [stdout]   --> src/server/http/iron/mod.rs:17:5
[INFO] [stdout]    |
[INFO] [stdout] 17 | use self::persistent::Read;
[INFO] [stdout]    |     ^^^^^^^^^^^^^^^^^^^^^^
[INFO] [stdout] 
[INFO] [stdout] 
[INFO] [stdout] warning: unnecessary parentheses around function argument
[INFO] [stdout]   --> src/server/http/iron/mod.rs:91:34
[INFO] [stdout]    |
[INFO] [stdout] 91 |         .map(|()| Response::with((status::Ok)))
[INFO] [stdout]    |                                  ^          ^
[INFO] [stdout]    |
[INFO] [stdout]    = note: `#[warn(unused_parens)]` on by default
[INFO] [stdout] help: remove these parentheses
[INFO] [stdout]    |
[INFO] [stdout] 91 -         .map(|()| Response::with((status::Ok)))
[INFO] [stdout] 91 +         .map(|()| Response::with(status::Ok))
[INFO] [stdout]    |
[INFO] [stdout] 
[INFO] [stdout] 
[INFO] [stdout] warning: unused `#[macro_use]` import
[INFO] [stdout]  --> src/main.rs:6:1
[INFO] [stdout]   |
[INFO] [stdout] 6 | #[macro_use]
[INFO] [stdout]   | ^^^^^^^^^^^^
[INFO] [stdout] 
[INFO] [stdout] 
[INFO] [stdout] warning: trait objects without an explicit `dyn` are deprecated
[INFO] [stdout]   --> src/server/http/hyper/mod.rs:19:19
[INFO] [stdout]    |
[INFO] [stdout] 19 | type BoxFut = Box<Future<Item=Response<Body>, Error=hyper::Error> + Send>;
[INFO] [stdout]    |                   ^^^^^^^^^^^^^^^^^^^^^^^^^^^^^^^^^^^^^^^^^^^^^^^^^^^^^^
[INFO] [stdout]    |
[INFO] [stdout]    = warning: this is accepted in the current edition (Rust 2015) but is a hard error in Rust 2021!
[INFO] [stdout]    = note: for more information, see <https://doc.rust-lang.org/nightly/edition-guide/rust-2021/warnings-promoted-to-error.html>
[INFO] [stdout]    = note: `#[warn(bare_trait_objects)]` on by default
[INFO] [stdout] help: if this is a dyn-compatible trait, use `dyn`
[INFO] [stdout]    |
[INFO] [stdout] 19 | type BoxFut = Box<dyn Future<Item=Response<Body>, Error=hyper::Error> + Send>;
[INFO] [stdout]    |                   +++
[INFO] [stdout] 
[INFO] [stdout] 
[INFO] [stdout] warning: unused variable: `value`
[INFO] [stdout]    --> src/api/mod.rs:238:41
[INFO] [stdout]     |
[INFO] [stdout] 238 |                         .filter(|(name, value)| name.as_str() != CLASS_FILE_NAME)
[INFO] [stdout]     |                                         ^^^^^ help: if this is intentional, prefix it with an underscore: `_value`
[INFO] [stdout]     |
[INFO] [stdout]     = note: `#[warn(unused_variables)]` on by default
[INFO] [stdout] 
[INFO] [stdout] 
[INFO] [stdout] warning: unused variable: `value`
[INFO] [stdout]    --> src/api/mod.rs:267:41
[INFO] [stdout]     |
[INFO] [stdout] 267 |                         .filter(|(name, value)| name.as_str() != CLASS_FILE_NAME)
[INFO] [stdout]     |                                         ^^^^^ help: if this is intentional, prefix it with an underscore: `_value`
[INFO] [stdout] 
[INFO] [stdout] 
[INFO] [stdout] warning: unused variable: `err`
[INFO] [stdout]   --> src/server/http/hyper/mod.rs:73:38
[INFO] [stdout]    |
[INFO] [stdout] 73 |                     .unwrap_or_else(|err| response(StatusCode::BAD_REQUEST, Body::from("Error"))));
[INFO] [stdout]    |                                      ^^^ help: if this is intentional, prefix it with an underscore: `_err`
[INFO] [stdout] 
[INFO] [stdout] 
[INFO] [stdout] warning: unused variable: `err`
[INFO] [stdout]   --> src/server/http/hyper/mod.rs:88:34
[INFO] [stdout]    |
[INFO] [stdout] 88 |                 .unwrap_or_else(|err| response(StatusCode::INTERNAL_SERVER_ERROR, Body::from("Error")));
[INFO] [stdout]    |                                  ^^^ help: if this is intentional, prefix it with an underscore: `_err`
[INFO] [stdout] 
[INFO] [stdout] 
[INFO] [stdout] warning: unused variable: `req`
[INFO] [stdout]   --> src/server/http/iron/mod.rs:30:21
[INFO] [stdout]    |
[INFO] [stdout] 30 |     fn after(&self, req: &mut Request, res: Response) -> IronResult<Response> {
[INFO] [stdout]    |                     ^^^ help: if this is intentional, prefix it with an underscore: `_req`
[INFO] [stdout] 
[INFO] [stdout] 
[INFO] [stdout] warning: unused variable: `host`
[INFO] [stdout]   --> src/server/http/iron/mod.rs:37:10
[INFO] [stdout]    |
[INFO] [stdout] 37 |     let (host, port, path, params) = parse_url(req);
[INFO] [stdout]    |          ^^^^ help: if this is intentional, prefix it with an underscore: `_host`
[INFO] [stdout] 
[INFO] [stdout] 
[INFO] [stdout] warning: unused variable: `port`
[INFO] [stdout]   --> src/server/http/iron/mod.rs:37:16
[INFO] [stdout]    |
[INFO] [stdout] 37 |     let (host, port, path, params) = parse_url(req);
[INFO] [stdout]    |                ^^^^ help: if this is intentional, prefix it with an underscore: `_port`
[INFO] [stdout] 
[INFO] [stdout] 
[INFO] [stdout] warning: unused variable: `params`
[INFO] [stdout]   --> src/server/http/iron/mod.rs:37:28
[INFO] [stdout]    |
[INFO] [stdout] 37 |     let (host, port, path, params) = parse_url(req);
[INFO] [stdout]    |                            ^^^^^^ help: if this is intentional, prefix it with an underscore: `_params`
[INFO] [stdout] 
[INFO] [stdout] 
[INFO] [stdout] warning: unused variable: `host`
[INFO] [stdout]   --> src/server/http/iron/mod.rs:81:10
[INFO] [stdout]    |
[INFO] [stdout] 81 |     let (host, port, path, params) = parse_url(req);
[INFO] [stdout]    |          ^^^^ help: if this is intentional, prefix it with an underscore: `_host`
[INFO] [stdout] 
[INFO] [stdout] 
[INFO] [stdout] warning: unused variable: `port`
[INFO] [stdout]   --> src/server/http/iron/mod.rs:81:16
[INFO] [stdout]    |
[INFO] [stdout] 81 |     let (host, port, path, params) = parse_url(req);
[INFO] [stdout]    |                ^^^^ help: if this is intentional, prefix it with an underscore: `_port`
[INFO] [stdout] 
[INFO] [stdout] 
[INFO] [stdout] warning: unused variable: `params`
[INFO] [stdout]   --> src/server/http/iron/mod.rs:81:28
[INFO] [stdout]    |
[INFO] [stdout] 81 |     let (host, port, path, params) = parse_url(req);
[INFO] [stdout]    |                            ^^^^^^ help: if this is intentional, prefix it with an underscore: `_params`
[INFO] [stdout] 
[INFO] [stdout] 
[INFO] [stdout] warning: unused variable: `content_type`
[INFO] [stdout]   --> src/server/http/iron/mod.rs:86:9
[INFO] [stdout]    |
[INFO] [stdout] 86 |     let content_type = "application/json".parse::<Mime>().unwrap();
[INFO] [stdout]    |         ^^^^^^^^^^^^ help: if this is intentional, prefix it with an underscore: `_content_type`
[INFO] [stdout] 
[INFO] [stdout] 
[INFO] [stdout] warning: variable does not need to be mutable
[INFO] [stdout]   --> src/server/http/iron/mod.rs:99:9
[INFO] [stdout]    |
[INFO] [stdout] 99 |     let mut get_resource_chain = Chain::new(move |req: &mut Request| get_resource(getApp.clone(), req));
[INFO] [stdout]    |         ----^^^^^^^^^^^^^^^^^^
[INFO] [stdout]    |         |
[INFO] [stdout]    |         help: remove this `mut`
[INFO] [stdout]    |
[INFO] [stdout]    = note: `#[warn(unused_mut)]` on by default
[INFO] [stdout] 
[INFO] [stdout] 
[INFO] [stdout] warning: variable does not need to be mutable
[INFO] [stdout]    --> src/server/http/iron/mod.rs:101:9
[INFO] [stdout]     |
[INFO] [stdout] 101 |     let mut put_resource_chain = Chain::new(move |req: &mut Request| put_resource(putApp.clone(), req));
[INFO] [stdout]     |         ----^^^^^^^^^^^^^^^^^^
[INFO] [stdout]     |         |
[INFO] [stdout]     |         help: remove this `mut`
[INFO] [stdout] 
[INFO] [stdout] 
[INFO] [stdout] warning: constant `MAX_BODY_LENGTH` is never used
[INFO] [stdout]   --> src/main.rs:11:7
[INFO] [stdout]    |
[INFO] [stdout] 11 | const MAX_BODY_LENGTH: usize = 1024 * 1024 * 10;
[INFO] [stdout]    |       ^^^^^^^^^^^^^^^
[INFO] [stdout]    |
[INFO] [stdout]    = note: `#[warn(dead_code)]` on by default
[INFO] [stdout] 
[INFO] [stdout] 
[INFO] [stdout] warning: field `0` is never read
[INFO] [stdout]   --> src/api/mod.rs:26:15
[INFO] [stdout]    |
[INFO] [stdout] 26 |     Aggregate(Vec<APIErr>),
[INFO] [stdout]    |     --------- ^^^^^^^^^^^
[INFO] [stdout]    |     |
[INFO] [stdout]    |     field in this variant
[INFO] [stdout]    |
[INFO] [stdout]    = note: `APIErr` has a derived impl for the trait `Debug`, but this is intentionally ignored during dead code analysis
[INFO] [stdout] help: consider changing the field to be of unit type to suppress this warning while preserving the field numbering, or remove the field
[INFO] [stdout]    |
[INFO] [stdout] 26 |     Aggregate(()),
[INFO] [stdout]    |               ~~
[INFO] [stdout] 
[INFO] [stdout] 
[INFO] [stdout] warning: field `0` is never read
[INFO] [stdout]   --> src/api/mod.rs:27:8
[INFO] [stdout]    |
[INFO] [stdout] 27 |     IO(std::io::Error),
[INFO] [stdout]    |     -- ^^^^^^^^^^^^^^
[INFO] [stdout]    |     |
[INFO] [stdout]    |     field in this variant
[INFO] [stdout]    |
[INFO] [stdout]    = note: `APIErr` has a derived impl for the trait `Debug`, but this is intentionally ignored during dead code analysis
[INFO] [stdout] help: consider changing the field to be of unit type to suppress this warning while preserving the field numbering, or remove the field
[INFO] [stdout]    |
[INFO] [stdout] 27 |     IO(()),
[INFO] [stdout]    |        ~~
[INFO] [stdout] 
[INFO] [stdout] 
[INFO] [stdout] warning: variants `Deserialize` and `EmptyRequest` are never constructed
[INFO] [stdout]   --> src/api/mod.rs:28:5
[INFO] [stdout]    |
[INFO] [stdout] 25 | pub enum APIErr {
[INFO] [stdout]    |          ------ variants in this enum
[INFO] [stdout] ...
[INFO] [stdout] 28 |     Deserialize(bodyparser::BodyError),
[INFO] [stdout]    |     ^^^^^^^^^^^
[INFO] [stdout] 29 |     EmptyRequest,
[INFO] [stdout]    |     ^^^^^^^^^^^^
[INFO] [stdout]    |
[INFO] [stdout]    = note: `APIErr` has a derived impl for the trait `Debug`, but this is intentionally ignored during dead code analysis
[INFO] [stdout] 
[INFO] [stdout] 
[INFO] [stdout] warning: variants `Null`, `Text`, `Number`, and `Bool` are never constructed
[INFO] [stdout]    --> src/api/mod.rs:141:5
[INFO] [stdout]     |
[INFO] [stdout] 140 | pub enum Class {
[INFO] [stdout]     |          ----- variants in this enum
[INFO] [stdout] 141 |     Null,
[INFO] [stdout]     |     ^^^^
[INFO] [stdout] 142 |     Text,
[INFO] [stdout]     |     ^^^^
[INFO] [stdout] 143 |     Number,
[INFO] [stdout]     |     ^^^^^^
[INFO] [stdout] 144 |     Bool,
[INFO] [stdout]     |     ^^^^
[INFO] [stdout]     |
[INFO] [stdout]     = note: `Class` has a derived impl for the trait `Debug`, but this is intentionally ignored during dead code analysis
[INFO] [stdout] 
[INFO] [stdout] 
[INFO] [stdout] warning: constant `PHRASE` is never used
[INFO] [stdout]   --> src/server/http/hyper/mod.rs:17:7
[INFO] [stdout]    |
[INFO] [stdout] 17 | const PHRASE: &str = "Hello, World!";
[INFO] [stdout]    |       ^^^^^^
[INFO] [stdout] 
[INFO] [stdout] 
[INFO] [stdout] warning: field `0` is never read
[INFO] [stdout]   --> src/server/http/hyper/mod.rs:51:9
[INFO] [stdout]    |
[INFO] [stdout] 51 |     Api(super::super::super::api::APIErr),
[INFO] [stdout]    |     --- ^^^^^^^^^^^^^^^^^^^^^^^^^^^^^^^^
[INFO] [stdout]    |     |
[INFO] [stdout]    |     field in this variant
[INFO] [stdout]    |
[INFO] [stdout]    = note: `ServerError` has a derived impl for the trait `Debug`, but this is intentionally ignored during dead code analysis
[INFO] [stdout] help: consider changing the field to be of unit type to suppress this warning while preserving the field numbering, or remove the field
[INFO] [stdout]    |
[INFO] [stdout] 51 |     Api(()),
[INFO] [stdout]    |         ~~
[INFO] [stdout] 
[INFO] [stdout] 
[INFO] [stdout] warning: field `0` is never read
[INFO] [stdout]   --> src/server/http/hyper/mod.rs:52:15
[INFO] [stdout]    |
[INFO] [stdout] 52 |     ParseJson(Error)
[INFO] [stdout]    |     --------- ^^^^^
[INFO] [stdout]    |     |
[INFO] [stdout]    |     field in this variant
[INFO] [stdout]    |
[INFO] [stdout]    = note: `ServerError` has a derived impl for the trait `Debug`, but this is intentionally ignored during dead code analysis
[INFO] [stdout] help: consider changing the field to be of unit type to suppress this warning while preserving the field numbering, or remove the field
[INFO] [stdout]    |
[INFO] [stdout] 52 |     ParseJson(())
[INFO] [stdout]    |               ~~
[INFO] [stdout] 
[INFO] [stdout] 
[INFO] [stdout] warning: struct `ResponseTime` is never constructed
[INFO] [stdout]   --> src/server/http/iron/mod.rs:27:8
[INFO] [stdout]    |
[INFO] [stdout] 27 | struct ResponseTime;
[INFO] [stdout]    |        ^^^^^^^^^^^^
[INFO] [stdout] 
[INFO] [stdout] 
[INFO] [stdout] warning: function `get_resource` is never used
[INFO] [stdout]   --> src/server/http/iron/mod.rs:36:4
[INFO] [stdout]    |
[INFO] [stdout] 36 | fn get_resource(app: RestApp, req: &mut Request) -> IronResult<Response> {
[INFO] [stdout]    |    ^^^^^^^^^^^^
[INFO] [stdout] 
[INFO] [stdout] 
[INFO] [stdout] warning: function `to_key_value` is never used
[INFO] [stdout]   --> src/server/http/iron/mod.rs:47:4
[INFO] [stdout]    |
[INFO] [stdout] 47 | fn to_key_value(string: String) -> Option<(String, String)> {
[INFO] [stdout]    |    ^^^^^^^^^^^^
[INFO] [stdout] 
[INFO] [stdout] 
[INFO] [stdout] warning: function `parse_url` is never used
[INFO] [stdout]   --> src/server/http/iron/mod.rs:60:4
[INFO] [stdout]    |
[INFO] [stdout] 60 | fn parse_url(req: &mut Request) -> (String, u16, Vec<String>, HashMap<String, String>) {
[INFO] [stdout]    |    ^^^^^^^^^
[INFO] [stdout] 
[INFO] [stdout] 
[INFO] [stdout] warning: function `put_resource` is never used
[INFO] [stdout]   --> src/server/http/iron/mod.rs:80:4
[INFO] [stdout]    |
[INFO] [stdout] 80 | fn put_resource(app: RestApp, req: &mut Request) ->  IronResult<Response> {   
[INFO] [stdout]    |    ^^^^^^^^^^^^
[INFO] [stdout] 
[INFO] [stdout] 
[INFO] [stdout] warning: function `server` is never used
[INFO] [stdout]   --> src/server/http/iron/mod.rs:95:4
[INFO] [stdout]    |
[INFO] [stdout] 95 | fn server() {
[INFO] [stdout]    |    ^^^^^^
[INFO] [stdout] 
[INFO] [stdout] 
[INFO] [stdout] warning: unused `Result` that must be used
[INFO] [stdout]    --> src/api/mod.rs:174:17
[INFO] [stdout]     |
[INFO] [stdout] 174 |                 b.read_line(&mut class);
[INFO] [stdout]     |                 ^^^^^^^^^^^^^^^^^^^^^^^
[INFO] [stdout]     |
[INFO] [stdout]     = note: this `Result` may be an `Err` variant, which should be handled
[INFO] [stdout]     = note: `#[warn(unused_must_use)]` on by default
[INFO] [stdout] help: use `let _ = ...` to ignore the resulting value
[INFO] [stdout]     |
[INFO] [stdout] 174 |                 let _ = b.read_line(&mut class);
[INFO] [stdout]     |                 +++++++
[INFO] [stdout] 
[INFO] [stdout] 
[INFO] [stdout] warning: unused `Result` that must be used
[INFO] [stdout]    --> src/api/mod.rs:175:17
[INFO] [stdout]     |
[INFO] [stdout] 175 |                 b.read_line(&mut value);
[INFO] [stdout]     |                 ^^^^^^^^^^^^^^^^^^^^^^^
[INFO] [stdout]     |
[INFO] [stdout]     = note: this `Result` may be an `Err` variant, which should be handled
[INFO] [stdout] help: use `let _ = ...` to ignore the resulting value
[INFO] [stdout]     |
[INFO] [stdout] 175 |                 let _ = b.read_line(&mut value);
[INFO] [stdout]     |                 +++++++
[INFO] [stdout] 
[INFO] [stdout] 
[INFO] [stdout] warning: unused `Result` that must be used
[INFO] [stdout]    --> src/api/mod.rs:203:17
[INFO] [stdout]     |
[INFO] [stdout] 203 |                 b.read_line(&mut line);
[INFO] [stdout]     |                 ^^^^^^^^^^^^^^^^^^^^^^
[INFO] [stdout]     |
[INFO] [stdout]     = note: this `Result` may be an `Err` variant, which should be handled
[INFO] [stdout] help: use `let _ = ...` to ignore the resulting value
[INFO] [stdout]     |
[INFO] [stdout] 203 |                 let _ = b.read_line(&mut line);
[INFO] [stdout]     |                 +++++++
[INFO] [stdout] 
[INFO] [stdout] 
[INFO] [stdout] warning: unused `Result` that must be used
[INFO] [stdout]    --> src/api/mod.rs:205:17
[INFO] [stdout]     |
[INFO] [stdout] 205 |                 b.read_line(&mut line);
[INFO] [stdout]     |                 ^^^^^^^^^^^^^^^^^^^^^^
[INFO] [stdout]     |
[INFO] [stdout]     = note: this `Result` may be an `Err` variant, which should be handled
[INFO] [stdout] help: use `let _ = ...` to ignore the resulting value
[INFO] [stdout]     |
[INFO] [stdout] 205 |                 let _ = b.read_line(&mut line);
[INFO] [stdout]     |                 +++++++
[INFO] [stdout] 
[INFO] [stdout] 
[INFO] [stdout] warning: call to `.clone()` on a reference in this situation does nothing
[INFO] [stdout]   --> src/server/http/hyper/mod.rs:22:15
[INFO] [stdout]    |
[INFO] [stdout] 22 |       uri.path()
[INFO] [stdout]    |  _______________^
[INFO] [stdout] 23 | |         .clone()
[INFO] [stdout]    | |________________^ help: remove this redundant call
[INFO] [stdout]    |
[INFO] [stdout]    = note: the type `str` does not implement `Clone`, so calling `clone` on `&str` copies the reference, which does not do anything and can be removed
[INFO] [stdout]    = note: `#[warn(noop_method_call)]` on by default
[INFO] [stdout] 
[INFO] [stdout] 
[INFO] [stdout] warning: variable `getApp` should have a snake case name
[INFO] [stdout]   --> src/server/http/iron/mod.rs:98:9
[INFO] [stdout]    |
[INFO] [stdout] 98 |     let getApp = app.clone();
[INFO] [stdout]    |         ^^^^^^ help: convert the identifier to snake case: `get_app`
[INFO] [stdout]    |
[INFO] [stdout]    = note: `#[warn(non_snake_case)]` on by default
[INFO] [stdout] 
[INFO] [stdout] 
[INFO] [stdout] warning: variable `putApp` should have a snake case name
[INFO] [stdout]    --> src/server/http/iron/mod.rs:100:9
[INFO] [stdout]     |
[INFO] [stdout] 100 |     let putApp = app.clone();
[INFO] [stdout]     |         ^^^^^^ help: convert the identifier to snake case: `put_app`
[INFO] [stdout] 
[INFO] [stdout] 
[INFO] [stderr]     Finished `dev` profile [unoptimized + debuginfo] target(s) in 45.45s
[INFO] [stderr] warning: the following packages contain code that will be rejected by a future version of Rust: route-recognizer v0.1.12, traitobject v0.1.0, typemap v0.3.3
[INFO] [stderr] note: to see what the problems were, use the option `--future-incompat-report`, or run `cargo report future-incompatibilities --id 1`
[INFO] running `Command { std: "docker" "inspect" "b8cbbb13bd12bb69188e580037ca3d547baaf828474fe65ce3de07974dff8c43", kill_on_drop: false }`
[INFO] running `Command { std: "docker" "rm" "-f" "b8cbbb13bd12bb69188e580037ca3d547baaf828474fe65ce3de07974dff8c43", kill_on_drop: false }`
[INFO] [stdout] b8cbbb13bd12bb69188e580037ca3d547baaf828474fe65ce3de07974dff8c43
[INFO] running `Command { std: "docker" "create" "-v" "/var/lib/crater-agent-workspace/builds/worker-7-tc1/target:/opt/rustwide/target:rw,Z" "-v" "/var/lib/crater-agent-workspace/builds/worker-7-tc1/source:/opt/rustwide/workdir:ro,Z" "-v" "/var/lib/crater-agent-workspace/cargo-home:/opt/rustwide/cargo-home:ro,Z" "-v" "/var/lib/crater-agent-workspace/rustup-home:/opt/rustwide/rustup-home:ro,Z" "-e" "SOURCE_DIR=/opt/rustwide/workdir" "-e" "CARGO_TARGET_DIR=/opt/rustwide/target" "-e" "CARGO_INCREMENTAL=0" "-e" "RUST_BACKTRACE=full" "-e" "RUSTFLAGS=--cap-lints=warn" "-e" "RUSTDOCFLAGS=--cap-lints=warn" "-e" "CARGO_HOME=/opt/rustwide/cargo-home" "-e" "RUSTUP_HOME=/opt/rustwide/rustup-home" "-w" "/opt/rustwide/workdir" "-m" "1610612736" "--user" "0:0" "--network" "none" "ghcr.io/rust-lang/crates-build-env/linux@sha256:f3a9d4ad9d972b27faf3965f35b62e55ba32bbce8f20bc8fe909558a86702fde" "/opt/rustwide/cargo-home/bin/cargo" "+1.83.0" "test" "--frozen" "--no-run" "--message-format=json", kill_on_drop: false }`
[INFO] [stdout] 9472cc843f7d7616304117edc1b279688ee7acfd08da5ad77913799bded10bcc
[INFO] running `Command { std: "docker" "start" "-a" "9472cc843f7d7616304117edc1b279688ee7acfd08da5ad77913799bded10bcc", kill_on_drop: false }`
[INFO] [stderr] warning: no edition set: defaulting to the 2015 edition while the latest is 2021
[INFO] [stderr] warning: rust-monad v0.1.0 (/opt/rustwide/workdir) ignoring invalid dependency `cargo-download` which is missing a lib target
[INFO] [stderr]    Compiling rust-monad v0.1.0 (/opt/rustwide/workdir)
[INFO] [stdout] warning: unused import: `std::fs::File`
[INFO] [stdout]   --> src/api/mod.rs:11:5
[INFO] [stdout]    |
[INFO] [stdout] 11 | use std::fs::File;
[INFO] [stdout]    |     ^^^^^^^^^^^^^
[INFO] [stdout]    |
[INFO] [stdout]    = note: `#[warn(unused_imports)]` on by default
[INFO] [stdout] 
[INFO] [stdout] 
[INFO] [stdout] warning: unused import: `self::serde_json::Serializer`
[INFO] [stdout]   --> src/server/http/iron/mod.rs:10:5
[INFO] [stdout]    |
[INFO] [stdout] 10 | use self::serde_json::Serializer;
[INFO] [stdout]    |     ^^^^^^^^^^^^^^^^^^^^^^^^^^^^
[INFO] [stdout] 
[INFO] [stdout] 
[INFO] [stdout] warning: unused import: `self::serde_json::Value`
[INFO] [stdout]   --> src/server/http/iron/mod.rs:11:5
[INFO] [stdout]    |
[INFO] [stdout] 11 | use self::serde_json::Value;
[INFO] [stdout]    |     ^^^^^^^^^^^^^^^^^^^^^^^
[INFO] [stdout] 
[INFO] [stdout] 
[INFO] [stdout] warning: unused imports: `SerializeStruct` and `Serialize`
[INFO] [stdout]   --> src/server/http/iron/mod.rs:12:24
[INFO] [stdout]    |
[INFO] [stdout] 12 | use self::serde::ser::{Serialize, SerializeStruct};
[INFO] [stdout]    |                        ^^^^^^^^^  ^^^^^^^^^^^^^^^
[INFO] [stdout] 
[INFO] [stdout] 
[INFO] [stdout] warning: unused imports: `BeforeMiddleware` and `typemap`
[INFO] [stdout]   --> src/server/http/iron/mod.rs:16:18
[INFO] [stdout]    |
[INFO] [stdout] 16 | use self::iron::{typemap, AfterMiddleware, BeforeMiddleware};
[INFO] [stdout]    |                  ^^^^^^^                   ^^^^^^^^^^^^^^^^
[INFO] [stdout] 
[INFO] [stdout] 
[INFO] [stdout] warning: unused import: `self::persistent::Read`
[INFO] [stdout]   --> src/server/http/iron/mod.rs:17:5
[INFO] [stdout]    |
[INFO] [stdout] 17 | use self::persistent::Read;
[INFO] [stdout]    |     ^^^^^^^^^^^^^^^^^^^^^^
[INFO] [stdout] 
[INFO] [stdout] 
[INFO] [stdout] warning: unnecessary parentheses around function argument
[INFO] [stdout]   --> src/server/http/iron/mod.rs:91:34
[INFO] [stdout]    |
[INFO] [stdout] 91 |         .map(|()| Response::with((status::Ok)))
[INFO] [stdout]    |                                  ^          ^
[INFO] [stdout]    |
[INFO] [stdout]    = note: `#[warn(unused_parens)]` on by default
[INFO] [stdout] help: remove these parentheses
[INFO] [stdout]    |
[INFO] [stdout] 91 -         .map(|()| Response::with((status::Ok)))
[INFO] [stdout] 91 +         .map(|()| Response::with(status::Ok))
[INFO] [stdout]    |
[INFO] [stdout] 
[INFO] [stdout] 
[INFO] [stdout] warning: unused `#[macro_use]` import
[INFO] [stdout]  --> src/main.rs:6:1
[INFO] [stdout]   |
[INFO] [stdout] 6 | #[macro_use]
[INFO] [stdout]   | ^^^^^^^^^^^^
[INFO] [stdout] 
[INFO] [stdout] 
[INFO] [stdout] warning: `#[macro_use]` only has an effect on `extern crate` and modules
[INFO] [stdout]  --> src/test/api/mod.rs:5:1
[INFO] [stdout]   |
[INFO] [stdout] 5 | #[macro_use]
[INFO] [stdout]   | ^^^^^^^^^^^^
[INFO] [stdout]   |
[INFO] [stdout]   = note: `#[warn(unused_attributes)]` on by default
[INFO] [stdout] 
[INFO] [stdout] 
[INFO] [stdout] warning: trait objects without an explicit `dyn` are deprecated
[INFO] [stdout]   --> src/server/http/hyper/mod.rs:19:19
[INFO] [stdout]    |
[INFO] [stdout] 19 | type BoxFut = Box<Future<Item=Response<Body>, Error=hyper::Error> + Send>;
[INFO] [stdout]    |                   ^^^^^^^^^^^^^^^^^^^^^^^^^^^^^^^^^^^^^^^^^^^^^^^^^^^^^^
[INFO] [stdout]    |
[INFO] [stdout]    = warning: this is accepted in the current edition (Rust 2015) but is a hard error in Rust 2021!
[INFO] [stdout]    = note: for more information, see <https://doc.rust-lang.org/nightly/edition-guide/rust-2021/warnings-promoted-to-error.html>
[INFO] [stdout]    = note: `#[warn(bare_trait_objects)]` on by default
[INFO] [stdout] help: if this is a dyn-compatible trait, use `dyn`
[INFO] [stdout]    |
[INFO] [stdout] 19 | type BoxFut = Box<dyn Future<Item=Response<Body>, Error=hyper::Error> + Send>;
[INFO] [stdout]    |                   +++
[INFO] [stdout] 
[INFO] [stdout] 
[INFO] [stdout] warning: use of deprecated method `test::api::rand::Rng::gen_ascii_chars`: use sample_iter(&Alphanumeric) instead
[INFO] [stdout]   --> src/test/api/mod.rs:16:10
[INFO] [stdout]    |
[INFO] [stdout] 16 |         .gen_ascii_chars()
[INFO] [stdout]    |          ^^^^^^^^^^^^^^^
[INFO] [stdout]    |
[INFO] [stdout]    = note: `#[warn(deprecated)]` on by default
[INFO] [stdout] 
[INFO] [stdout] 
[INFO] [stdout] warning: unused variable: `value`
[INFO] [stdout]    --> src/api/mod.rs:238:41
[INFO] [stdout]     |
[INFO] [stdout] 238 |                         .filter(|(name, value)| name.as_str() != CLASS_FILE_NAME)
[INFO] [stdout]     |                                         ^^^^^ help: if this is intentional, prefix it with an underscore: `_value`
[INFO] [stdout]     |
[INFO] [stdout]     = note: `#[warn(unused_variables)]` on by default
[INFO] [stdout] 
[INFO] [stdout] 
[INFO] [stdout] warning: unused variable: `value`
[INFO] [stdout]    --> src/api/mod.rs:267:41
[INFO] [stdout]     |
[INFO] [stdout] 267 |                         .filter(|(name, value)| name.as_str() != CLASS_FILE_NAME)
[INFO] [stdout]     |                                         ^^^^^ help: if this is intentional, prefix it with an underscore: `_value`
[INFO] [stdout] 
[INFO] [stdout] 
[INFO] [stdout] warning: unused variable: `err`
[INFO] [stdout]   --> src/server/http/hyper/mod.rs:73:38
[INFO] [stdout]    |
[INFO] [stdout] 73 |                     .unwrap_or_else(|err| response(StatusCode::BAD_REQUEST, Body::from("Error"))));
[INFO] [stdout]    |                                      ^^^ help: if this is intentional, prefix it with an underscore: `_err`
[INFO] [stdout] 
[INFO] [stdout] 
[INFO] [stdout] warning: unused variable: `err`
[INFO] [stdout]   --> src/server/http/hyper/mod.rs:88:34
[INFO] [stdout]    |
[INFO] [stdout] 88 |                 .unwrap_or_else(|err| response(StatusCode::INTERNAL_SERVER_ERROR, Body::from("Error")));
[INFO] [stdout]    |                                  ^^^ help: if this is intentional, prefix it with an underscore: `_err`
[INFO] [stdout] 
[INFO] [stdout] 
[INFO] [stdout] warning: unused variable: `req`
[INFO] [stdout]   --> src/server/http/iron/mod.rs:30:21
[INFO] [stdout]    |
[INFO] [stdout] 30 |     fn after(&self, req: &mut Request, res: Response) -> IronResult<Response> {
[INFO] [stdout]    |                     ^^^ help: if this is intentional, prefix it with an underscore: `_req`
[INFO] [stdout] 
[INFO] [stdout] 
[INFO] [stdout] warning: unused variable: `host`
[INFO] [stdout]   --> src/server/http/iron/mod.rs:37:10
[INFO] [stdout]    |
[INFO] [stdout] 37 |     let (host, port, path, params) = parse_url(req);
[INFO] [stdout]    |          ^^^^ help: if this is intentional, prefix it with an underscore: `_host`
[INFO] [stdout] 
[INFO] [stdout] 
[INFO] [stdout] warning: unused variable: `port`
[INFO] [stdout]   --> src/server/http/iron/mod.rs:37:16
[INFO] [stdout]    |
[INFO] [stdout] 37 |     let (host, port, path, params) = parse_url(req);
[INFO] [stdout]    |                ^^^^ help: if this is intentional, prefix it with an underscore: `_port`
[INFO] [stdout] 
[INFO] [stdout] 
[INFO] [stdout] warning: unused variable: `params`
[INFO] [stdout]   --> src/server/http/iron/mod.rs:37:28
[INFO] [stdout]    |
[INFO] [stdout] 37 |     let (host, port, path, params) = parse_url(req);
[INFO] [stdout]    |                            ^^^^^^ help: if this is intentional, prefix it with an underscore: `_params`
[INFO] [stdout] 
[INFO] [stdout] 
[INFO] [stdout] warning: unused variable: `host`
[INFO] [stdout]   --> src/server/http/iron/mod.rs:81:10
[INFO] [stdout]    |
[INFO] [stdout] 81 |     let (host, port, path, params) = parse_url(req);
[INFO] [stdout]    |          ^^^^ help: if this is intentional, prefix it with an underscore: `_host`
[INFO] [stdout] 
[INFO] [stdout] 
[INFO] [stdout] warning: unused variable: `port`
[INFO] [stdout]   --> src/server/http/iron/mod.rs:81:16
[INFO] [stdout]    |
[INFO] [stdout] 81 |     let (host, port, path, params) = parse_url(req);
[INFO] [stdout]    |                ^^^^ help: if this is intentional, prefix it with an underscore: `_port`
[INFO] [stdout] 
[INFO] [stdout] 
[INFO] [stdout] warning: unused variable: `params`
[INFO] [stdout]   --> src/server/http/iron/mod.rs:81:28
[INFO] [stdout]    |
[INFO] [stdout] 81 |     let (host, port, path, params) = parse_url(req);
[INFO] [stdout]    |                            ^^^^^^ help: if this is intentional, prefix it with an underscore: `_params`
[INFO] [stdout] 
[INFO] [stdout] 
[INFO] [stdout] warning: unused variable: `content_type`
[INFO] [stdout]   --> src/server/http/iron/mod.rs:86:9
[INFO] [stdout]    |
[INFO] [stdout] 86 |     let content_type = "application/json".parse::<Mime>().unwrap();
[INFO] [stdout]    |         ^^^^^^^^^^^^ help: if this is intentional, prefix it with an underscore: `_content_type`
[INFO] [stdout] 
[INFO] [stdout] 
[INFO] [stdout] warning: variable does not need to be mutable
[INFO] [stdout]   --> src/server/http/iron/mod.rs:99:9
[INFO] [stdout]    |
[INFO] [stdout] 99 |     let mut get_resource_chain = Chain::new(move |req: &mut Request| get_resource(getApp.clone(), req));
[INFO] [stdout]    |         ----^^^^^^^^^^^^^^^^^^
[INFO] [stdout]    |         |
[INFO] [stdout]    |         help: remove this `mut`
[INFO] [stdout]    |
[INFO] [stdout]    = note: `#[warn(unused_mut)]` on by default
[INFO] [stdout] 
[INFO] [stdout] 
[INFO] [stdout] warning: variable does not need to be mutable
[INFO] [stdout]    --> src/server/http/iron/mod.rs:101:9
[INFO] [stdout]     |
[INFO] [stdout] 101 |     let mut put_resource_chain = Chain::new(move |req: &mut Request| put_resource(putApp.clone(), req));
[INFO] [stdout]     |         ----^^^^^^^^^^^^^^^^^^
[INFO] [stdout]     |         |
[INFO] [stdout]     |         help: remove this `mut`
[INFO] [stdout] 
[INFO] [stdout] 
[INFO] [stdout] warning: unused variable: `path_buf`
[INFO] [stdout]   --> src/test/api/mod.rs:37:9
[INFO] [stdout]    |
[INFO] [stdout] 37 |     let path_buf = to_path_buf(path.clone());
[INFO] [stdout]    |         ^^^^^^^^ help: if this is intentional, prefix it with an underscore: `_path_buf`
[INFO] [stdout] 
[INFO] [stdout] 
[INFO] [stdout] warning: unused variable: `api`
[INFO] [stdout]   --> src/test/api/mod.rs:69:9
[INFO] [stdout]    |
[INFO] [stdout] 69 |     let api = RestApp { storage_dir: storage_dir.clone() };
[INFO] [stdout]    |         ^^^ help: if this is intentional, prefix it with an underscore: `_api`
[INFO] [stdout] 
[INFO] [stdout] 
[INFO] [stdout] warning: unused variable: `path_buf`
[INFO] [stdout]   --> src/test/api/mod.rs:77:9
[INFO] [stdout]    |
[INFO] [stdout] 77 |     let path_buf = to_path_buf(path.clone());
[INFO] [stdout]    |         ^^^^^^^^ help: if this is intentional, prefix it with an underscore: `_path_buf`
[INFO] [stdout] 
[INFO] [stdout] 
[INFO] [stdout] warning: unused variable: `path_buf`
[INFO] [stdout]    --> src/test/api/mod.rs:116:9
[INFO] [stdout]     |
[INFO] [stdout] 116 |     let path_buf = to_path_buf(path.clone());
[INFO] [stdout]     |         ^^^^^^^^ help: if this is intentional, prefix it with an underscore: `_path_buf`
[INFO] [stdout] 
[INFO] [stdout] 
[INFO] [stdout] warning: constant `MAX_BODY_LENGTH` is never used
[INFO] [stdout]   --> src/main.rs:11:7
[INFO] [stdout]    |
[INFO] [stdout] 11 | const MAX_BODY_LENGTH: usize = 1024 * 1024 * 10;
[INFO] [stdout]    |       ^^^^^^^^^^^^^^^
[INFO] [stdout]    |
[INFO] [stdout]    = note: `#[warn(dead_code)]` on by default
[INFO] [stdout] 
[INFO] [stdout] 
[INFO] [stdout] warning: field `0` is never read
[INFO] [stdout]   --> src/api/mod.rs:26:15
[INFO] [stdout]    |
[INFO] [stdout] 26 |     Aggregate(Vec<APIErr>),
[INFO] [stdout]    |     --------- ^^^^^^^^^^^
[INFO] [stdout]    |     |
[INFO] [stdout]    |     field in this variant
[INFO] [stdout]    |
[INFO] [stdout]    = note: `APIErr` has a derived impl for the trait `Debug`, but this is intentionally ignored during dead code analysis
[INFO] [stdout] help: consider changing the field to be of unit type to suppress this warning while preserving the field numbering, or remove the field
[INFO] [stdout]    |
[INFO] [stdout] 26 |     Aggregate(()),
[INFO] [stdout]    |               ~~
[INFO] [stdout] 
[INFO] [stdout] 
[INFO] [stdout] warning: field `0` is never read
[INFO] [stdout]   --> src/api/mod.rs:27:8
[INFO] [stdout]    |
[INFO] [stdout] 27 |     IO(std::io::Error),
[INFO] [stdout]    |     -- ^^^^^^^^^^^^^^
[INFO] [stdout]    |     |
[INFO] [stdout]    |     field in this variant
[INFO] [stdout]    |
[INFO] [stdout]    = note: `APIErr` has a derived impl for the trait `Debug`, but this is intentionally ignored during dead code analysis
[INFO] [stdout] help: consider changing the field to be of unit type to suppress this warning while preserving the field numbering, or remove the field
[INFO] [stdout]    |
[INFO] [stdout] 27 |     IO(()),
[INFO] [stdout]    |        ~~
[INFO] [stdout] 
[INFO] [stdout] 
[INFO] [stdout] warning: variants `Deserialize` and `EmptyRequest` are never constructed
[INFO] [stdout]   --> src/api/mod.rs:28:5
[INFO] [stdout]    |
[INFO] [stdout] 25 | pub enum APIErr {
[INFO] [stdout]    |          ------ variants in this enum
[INFO] [stdout] ...
[INFO] [stdout] 28 |     Deserialize(bodyparser::BodyError),
[INFO] [stdout]    |     ^^^^^^^^^^^
[INFO] [stdout] 29 |     EmptyRequest,
[INFO] [stdout]    |     ^^^^^^^^^^^^
[INFO] [stdout]    |
[INFO] [stdout]    = note: `APIErr` has a derived impl for the trait `Debug`, but this is intentionally ignored during dead code analysis
[INFO] [stdout] 
[INFO] [stdout] 
[INFO] [stdout] warning: variants `Null`, `Text`, `Number`, and `Bool` are never constructed
[INFO] [stdout]    --> src/api/mod.rs:141:5
[INFO] [stdout]     |
[INFO] [stdout] 140 | pub enum Class {
[INFO] [stdout]     |          ----- variants in this enum
[INFO] [stdout] 141 |     Null,
[INFO] [stdout]     |     ^^^^
[INFO] [stdout] 142 |     Text,
[INFO] [stdout]     |     ^^^^
[INFO] [stdout] 143 |     Number,
[INFO] [stdout]     |     ^^^^^^
[INFO] [stdout] 144 |     Bool,
[INFO] [stdout]     |     ^^^^
[INFO] [stdout]     |
[INFO] [stdout]     = note: `Class` has a derived impl for the trait `Debug`, but this is intentionally ignored during dead code analysis
[INFO] [stdout] 
[INFO] [stdout] 
[INFO] [stdout] warning: constant `PHRASE` is never used
[INFO] [stdout]   --> src/server/http/hyper/mod.rs:17:7
[INFO] [stdout]    |
[INFO] [stdout] 17 | const PHRASE: &str = "Hello, World!";
[INFO] [stdout]    |       ^^^^^^
[INFO] [stdout] 
[INFO] [stdout] 
[INFO] [stdout] warning: field `0` is never read
[INFO] [stdout]   --> src/server/http/hyper/mod.rs:51:9
[INFO] [stdout]    |
[INFO] [stdout] 51 |     Api(super::super::super::api::APIErr),
[INFO] [stdout]    |     --- ^^^^^^^^^^^^^^^^^^^^^^^^^^^^^^^^
[INFO] [stdout]    |     |
[INFO] [stdout]    |     field in this variant
[INFO] [stdout]    |
[INFO] [stdout]    = note: `ServerError` has a derived impl for the trait `Debug`, but this is intentionally ignored during dead code analysis
[INFO] [stdout] help: consider changing the field to be of unit type to suppress this warning while preserving the field numbering, or remove the field
[INFO] [stdout]    |
[INFO] [stdout] 51 |     Api(()),
[INFO] [stdout]    |         ~~
[INFO] [stdout] 
[INFO] [stdout] 
[INFO] [stdout] warning: field `0` is never read
[INFO] [stdout]   --> src/server/http/hyper/mod.rs:52:15
[INFO] [stdout]    |
[INFO] [stdout] 52 |     ParseJson(Error)
[INFO] [stdout]    |     --------- ^^^^^
[INFO] [stdout]    |     |
[INFO] [stdout]    |     field in this variant
[INFO] [stdout]    |
[INFO] [stdout]    = note: `ServerError` has a derived impl for the trait `Debug`, but this is intentionally ignored during dead code analysis
[INFO] [stdout] help: consider changing the field to be of unit type to suppress this warning while preserving the field numbering, or remove the field
[INFO] [stdout]    |
[INFO] [stdout] 52 |     ParseJson(())
[INFO] [stdout]    |               ~~
[INFO] [stdout] 
[INFO] [stdout] 
[INFO] [stdout] warning: struct `ResponseTime` is never constructed
[INFO] [stdout]   --> src/server/http/iron/mod.rs:27:8
[INFO] [stdout]    |
[INFO] [stdout] 27 | struct ResponseTime;
[INFO] [stdout]    |        ^^^^^^^^^^^^
[INFO] [stdout] 
[INFO] [stdout] 
[INFO] [stdout] warning: function `get_resource` is never used
[INFO] [stdout]   --> src/server/http/iron/mod.rs:36:4
[INFO] [stdout]    |
[INFO] [stdout] 36 | fn get_resource(app: RestApp, req: &mut Request) -> IronResult<Response> {
[INFO] [stdout]    |    ^^^^^^^^^^^^
[INFO] [stdout] 
[INFO] [stdout] 
[INFO] [stdout] warning: function `to_key_value` is never used
[INFO] [stdout]   --> src/server/http/iron/mod.rs:47:4
[INFO] [stdout]    |
[INFO] [stdout] 47 | fn to_key_value(string: String) -> Option<(String, String)> {
[INFO] [stdout]    |    ^^^^^^^^^^^^
[INFO] [stdout] 
[INFO] [stdout] 
[INFO] [stdout] warning: function `parse_url` is never used
[INFO] [stdout]   --> src/server/http/iron/mod.rs:60:4
[INFO] [stdout]    |
[INFO] [stdout] 60 | fn parse_url(req: &mut Request) -> (String, u16, Vec<String>, HashMap<String, String>) {
[INFO] [stdout]    |    ^^^^^^^^^
[INFO] [stdout] 
[INFO] [stdout] 
[INFO] [stdout] warning: function `put_resource` is never used
[INFO] [stdout]   --> src/server/http/iron/mod.rs:80:4
[INFO] [stdout]    |
[INFO] [stdout] 80 | fn put_resource(app: RestApp, req: &mut Request) ->  IronResult<Response> {   
[INFO] [stdout]    |    ^^^^^^^^^^^^
[INFO] [stdout] 
[INFO] [stdout] 
[INFO] [stdout] warning: function `server` is never used
[INFO] [stdout]   --> src/server/http/iron/mod.rs:95:4
[INFO] [stdout]    |
[INFO] [stdout] 95 | fn server() {
[INFO] [stdout]    |    ^^^^^^
[INFO] [stdout] 
[INFO] [stdout] 
[INFO] [stdout] warning: unused `Result` that must be used
[INFO] [stdout]    --> src/api/mod.rs:174:17
[INFO] [stdout]     |
[INFO] [stdout] 174 |                 b.read_line(&mut class);
[INFO] [stdout]     |                 ^^^^^^^^^^^^^^^^^^^^^^^
[INFO] [stdout]     |
[INFO] [stdout]     = note: this `Result` may be an `Err` variant, which should be handled
[INFO] [stdout]     = note: `#[warn(unused_must_use)]` on by default
[INFO] [stdout] help: use `let _ = ...` to ignore the resulting value
[INFO] [stdout]     |
[INFO] [stdout] 174 |                 let _ = b.read_line(&mut class);
[INFO] [stdout]     |                 +++++++
[INFO] [stdout] 
[INFO] [stdout] 
[INFO] [stdout] warning: unused `Result` that must be used
[INFO] [stdout]    --> src/api/mod.rs:175:17
[INFO] [stdout]     |
[INFO] [stdout] 175 |                 b.read_line(&mut value);
[INFO] [stdout]     |                 ^^^^^^^^^^^^^^^^^^^^^^^
[INFO] [stdout]     |
[INFO] [stdout]     = note: this `Result` may be an `Err` variant, which should be handled
[INFO] [stdout] help: use `let _ = ...` to ignore the resulting value
[INFO] [stdout]     |
[INFO] [stdout] 175 |                 let _ = b.read_line(&mut value);
[INFO] [stdout]     |                 +++++++
[INFO] [stdout] 
[INFO] [stdout] 
[INFO] [stdout] warning: unused `Result` that must be used
[INFO] [stdout]    --> src/api/mod.rs:203:17
[INFO] [stdout]     |
[INFO] [stdout] 203 |                 b.read_line(&mut line);
[INFO] [stdout]     |                 ^^^^^^^^^^^^^^^^^^^^^^
[INFO] [stdout]     |
[INFO] [stdout]     = note: this `Result` may be an `Err` variant, which should be handled
[INFO] [stdout] help: use `let _ = ...` to ignore the resulting value
[INFO] [stdout]     |
[INFO] [stdout] 203 |                 let _ = b.read_line(&mut line);
[INFO] [stdout]     |                 +++++++
[INFO] [stdout] 
[INFO] [stdout] 
[INFO] [stdout] warning: unused `Result` that must be used
[INFO] [stdout]    --> src/api/mod.rs:205:17
[INFO] [stdout]     |
[INFO] [stdout] 205 |                 b.read_line(&mut line);
[INFO] [stdout]     |                 ^^^^^^^^^^^^^^^^^^^^^^
[INFO] [stdout]     |
[INFO] [stdout]     = note: this `Result` may be an `Err` variant, which should be handled
[INFO] [stdout] help: use `let _ = ...` to ignore the resulting value
[INFO] [stdout]     |
[INFO] [stdout] 205 |                 let _ = b.read_line(&mut line);
[INFO] [stdout]     |                 +++++++
[INFO] [stdout] 
[INFO] [stdout] 
[INFO] [stdout] warning: call to `.clone()` on a reference in this situation does nothing
[INFO] [stdout]   --> src/server/http/hyper/mod.rs:22:15
[INFO] [stdout]    |
[INFO] [stdout] 22 |       uri.path()
[INFO] [stdout]    |  _______________^
[INFO] [stdout] 23 | |         .clone()
[INFO] [stdout]    | |________________^ help: remove this redundant call
[INFO] [stdout]    |
[INFO] [stdout]    = note: the type `str` does not implement `Clone`, so calling `clone` on `&str` copies the reference, which does not do anything and can be removed
[INFO] [stdout]    = note: `#[warn(noop_method_call)]` on by default
[INFO] [stdout] 
[INFO] [stdout] 
[INFO] [stdout] warning: variable `getApp` should have a snake case name
[INFO] [stdout]   --> src/server/http/iron/mod.rs:98:9
[INFO] [stdout]    |
[INFO] [stdout] 98 |     let getApp = app.clone();
[INFO] [stdout]    |         ^^^^^^ help: convert the identifier to snake case: `get_app`
[INFO] [stdout]    |
[INFO] [stdout]    = note: `#[warn(non_snake_case)]` on by default
[INFO] [stdout] 
[INFO] [stdout] 
[INFO] [stdout] warning: variable `putApp` should have a snake case name
[INFO] [stdout]    --> src/server/http/iron/mod.rs:100:9
[INFO] [stdout]     |
[INFO] [stdout] 100 |     let putApp = app.clone();
[INFO] [stdout]     |         ^^^^^^ help: convert the identifier to snake case: `put_app`
[INFO] [stdout] 
[INFO] [stdout] 
[INFO] [stdout] warning: unused `Result` that must be used
[INFO] [stdout]   --> src/test/api/mod.rs:63:5
[INFO] [stdout]    |
[INFO] [stdout] 63 |     fs::remove_dir_all(storage_dir);
[INFO] [stdout]    |     ^^^^^^^^^^^^^^^^^^^^^^^^^^^^^^^
[INFO] [stdout]    |
[INFO] [stdout]    = note: this `Result` may be an `Err` variant, which should be handled
[INFO] [stdout] help: use `let _ = ...` to ignore the resulting value
[INFO] [stdout]    |
[INFO] [stdout] 63 |     let _ = fs::remove_dir_all(storage_dir);
[INFO] [stdout]    |     +++++++
[INFO] [stdout] 
[INFO] [stdout] 
[INFO] [stdout] warning: unused `Result` that must be used
[INFO] [stdout]   --> src/test/api/mod.rs:93:5
[INFO] [stdout]    |
[INFO] [stdout] 93 |     fs::remove_dir_all(storage_dir);
[INFO] [stdout]    |     ^^^^^^^^^^^^^^^^^^^^^^^^^^^^^^^
[INFO] [stdout]    |
[INFO] [stdout]    = note: this `Result` may be an `Err` variant, which should be handled
[INFO] [stdout] help: use `let _ = ...` to ignore the resulting value
[INFO] [stdout]    |
[INFO] [stdout] 93 |     let _ = fs::remove_dir_all(storage_dir);
[INFO] [stdout]    |     +++++++
[INFO] [stdout] 
[INFO] [stdout] 
[INFO] [stdout] warning: unused `Result` that must be used
[INFO] [stdout]    --> src/test/api/mod.rs:132:5
[INFO] [stdout]     |
[INFO] [stdout] 132 |     fs::remove_dir_all(storage_dir);
[INFO] [stdout]     |     ^^^^^^^^^^^^^^^^^^^^^^^^^^^^^^^
[INFO] [stdout]     |
[INFO] [stdout]     = note: this `Result` may be an `Err` variant, which should be handled
[INFO] [stdout] help: use `let _ = ...` to ignore the resulting value
[INFO] [stdout]     |
[INFO] [stdout] 132 |     let _ = fs::remove_dir_all(storage_dir);
[INFO] [stdout]     |     +++++++
[INFO] [stdout] 
[INFO] [stdout] 
[INFO] [stderr]     Finished `test` profile [unoptimized + debuginfo] target(s) in 2.38s
[INFO] [stderr] warning: the following packages contain code that will be rejected by a future version of Rust: route-recognizer v0.1.12, traitobject v0.1.0, typemap v0.3.3
[INFO] [stderr] note: to see what the problems were, use the option `--future-incompat-report`, or run `cargo report future-incompatibilities --id 1`
[INFO] running `Command { std: "docker" "inspect" "9472cc843f7d7616304117edc1b279688ee7acfd08da5ad77913799bded10bcc", kill_on_drop: false }`
[INFO] running `Command { std: "docker" "rm" "-f" "9472cc843f7d7616304117edc1b279688ee7acfd08da5ad77913799bded10bcc", kill_on_drop: false }`
[INFO] [stdout] 9472cc843f7d7616304117edc1b279688ee7acfd08da5ad77913799bded10bcc
[INFO] running `Command { std: "docker" "create" "-v" "/var/lib/crater-agent-workspace/builds/worker-7-tc1/target:/opt/rustwide/target:rw,Z" "-v" "/var/lib/crater-agent-workspace/builds/worker-7-tc1/source:/opt/rustwide/workdir:ro,Z" "-v" "/var/lib/crater-agent-workspace/cargo-home:/opt/rustwide/cargo-home:ro,Z" "-v" "/var/lib/crater-agent-workspace/rustup-home:/opt/rustwide/rustup-home:ro,Z" "-e" "SOURCE_DIR=/opt/rustwide/workdir" "-e" "CARGO_TARGET_DIR=/opt/rustwide/target" "-e" "CARGO_INCREMENTAL=0" "-e" "RUST_BACKTRACE=full" "-e" "RUSTFLAGS=--cap-lints=warn" "-e" "RUSTDOCFLAGS=--cap-lints=warn" "-e" "CARGO_HOME=/opt/rustwide/cargo-home" "-e" "RUSTUP_HOME=/opt/rustwide/rustup-home" "-w" "/opt/rustwide/workdir" "-m" "1610612736" "--user" "0:0" "--network" "none" "ghcr.io/rust-lang/crates-build-env/linux@sha256:f3a9d4ad9d972b27faf3965f35b62e55ba32bbce8f20bc8fe909558a86702fde" "/opt/rustwide/cargo-home/bin/cargo" "+1.83.0" "test" "--frozen", kill_on_drop: false }`
[INFO] [stdout] 186ebb8b26ef8ffd26d0449c0f6324fd1c8ff427229063f2b9f47791b3d81763
[INFO] running `Command { std: "docker" "start" "-a" "186ebb8b26ef8ffd26d0449c0f6324fd1c8ff427229063f2b9f47791b3d81763", kill_on_drop: false }`
[INFO] [stderr] warning: no edition set: defaulting to the 2015 edition while the latest is 2021
[INFO] [stderr] warning: rust-monad v0.1.0 (/opt/rustwide/workdir) ignoring invalid dependency `cargo-download` which is missing a lib target
[INFO] [stderr] warning: unused import: `std::fs::File`
[INFO] [stderr]   --> src/api/mod.rs:11:5
[INFO] [stderr]    |
[INFO] [stderr] 11 | use std::fs::File;
[INFO] [stderr]    |     ^^^^^^^^^^^^^
[INFO] [stderr]    |
[INFO] [stderr]    = note: `#[warn(unused_imports)]` on by default
[INFO] [stderr] 
[INFO] [stderr] warning: unused import: `self::serde_json::Serializer`
[INFO] [stderr]   --> src/server/http/iron/mod.rs:10:5
[INFO] [stderr]    |
[INFO] [stderr] 10 | use self::serde_json::Serializer;
[INFO] [stderr]    |     ^^^^^^^^^^^^^^^^^^^^^^^^^^^^
[INFO] [stderr] 
[INFO] [stderr] warning: unused import: `self::serde_json::Value`
[INFO] [stderr]   --> src/server/http/iron/mod.rs:11:5
[INFO] [stderr]    |
[INFO] [stderr] 11 | use self::serde_json::Value;
[INFO] [stderr]    |     ^^^^^^^^^^^^^^^^^^^^^^^
[INFO] [stderr] 
[INFO] [stderr] warning: unused imports: `SerializeStruct` and `Serialize`
[INFO] [stderr]   --> src/server/http/iron/mod.rs:12:24
[INFO] [stderr]    |
[INFO] [stderr] 12 | use self::serde::ser::{Serialize, SerializeStruct};
[INFO] [stderr]    |                        ^^^^^^^^^  ^^^^^^^^^^^^^^^
[INFO] [stderr] 
[INFO] [stderr] warning: unused imports: `BeforeMiddleware` and `typemap`
[INFO] [stderr]   --> src/server/http/iron/mod.rs:16:18
[INFO] [stderr]    |
[INFO] [stderr] 16 | use self::iron::{typemap, AfterMiddleware, BeforeMiddleware};
[INFO] [stderr]    |                  ^^^^^^^                   ^^^^^^^^^^^^^^^^
[INFO] [stderr] 
[INFO] [stderr] warning: unused import: `self::persistent::Read`
[INFO] [stderr]   --> src/server/http/iron/mod.rs:17:5
[INFO] [stderr]    |
[INFO] [stderr] 17 | use self::persistent::Read;
[INFO] [stderr]    |     ^^^^^^^^^^^^^^^^^^^^^^
[INFO] [stderr] 
[INFO] [stderr] warning: unnecessary parentheses around function argument
[INFO] [stderr]   --> src/server/http/iron/mod.rs:91:34
[INFO] [stderr]    |
[INFO] [stderr] 91 |         .map(|()| Response::with((status::Ok)))
[INFO] [stderr]    |                                  ^          ^
[INFO] [stderr]    |
[INFO] [stderr]    = note: `#[warn(unused_parens)]` on by default
[INFO] [stderr] help: remove these parentheses
[INFO] [stderr]    |
[INFO] [stderr] 91 -         .map(|()| Response::with((status::Ok)))
[INFO] [stderr] 91 +         .map(|()| Response::with(status::Ok))
[INFO] [stderr]    |
[INFO] [stderr] 
[INFO] [stderr] warning: unused `#[macro_use]` import
[INFO] [stderr]  --> src/main.rs:6:1
[INFO] [stderr]   |
[INFO] [stderr] 6 | #[macro_use]
[INFO] [stderr]   | ^^^^^^^^^^^^
[INFO] [stderr] 
[INFO] [stderr] warning: `#[macro_use]` only has an effect on `extern crate` and modules
[INFO] [stderr]  --> src/test/api/mod.rs:5:1
[INFO] [stderr]   |
[INFO] [stderr] 5 | #[macro_use]
[INFO] [stderr]   | ^^^^^^^^^^^^
[INFO] [stderr]   |
[INFO] [stderr]   = note: `#[warn(unused_attributes)]` on by default
[INFO] [stderr] 
[INFO] [stderr] warning: trait objects without an explicit `dyn` are deprecated
[INFO] [stderr]   --> src/server/http/hyper/mod.rs:19:19
[INFO] [stderr]    |
[INFO] [stderr] 19 | type BoxFut = Box<Future<Item=Response<Body>, Error=hyper::Error> + Send>;
[INFO] [stderr]    |                   ^^^^^^^^^^^^^^^^^^^^^^^^^^^^^^^^^^^^^^^^^^^^^^^^^^^^^^
[INFO] [stderr]    |
[INFO] [stderr]    = warning: this is accepted in the current edition (Rust 2015) but is a hard error in Rust 2021!
[INFO] [stderr]    = note: for more information, see <https://doc.rust-lang.org/nightly/edition-guide/rust-2021/warnings-promoted-to-error.html>
[INFO] [stderr]    = note: `#[warn(bare_trait_objects)]` on by default
[INFO] [stderr] help: if this is a dyn-compatible trait, use `dyn`
[INFO] [stderr]    |
[INFO] [stderr] 19 | type BoxFut = Box<dyn Future<Item=Response<Body>, Error=hyper::Error> + Send>;
[INFO] [stderr]    |                   +++
[INFO] [stderr] 
[INFO] [stderr] warning: use of deprecated method `test::api::rand::Rng::gen_ascii_chars`: use sample_iter(&Alphanumeric) instead
[INFO] [stderr]   --> src/test/api/mod.rs:16:10
[INFO] [stderr]    |
[INFO] [stderr] 16 |         .gen_ascii_chars()
[INFO] [stderr]    |          ^^^^^^^^^^^^^^^
[INFO] [stderr]    |
[INFO] [stderr]    = note: `#[warn(deprecated)]` on by default
[INFO] [stderr] 
[INFO] [stderr] warning: unused variable: `value`
[INFO] [stderr]    --> src/api/mod.rs:238:41
[INFO] [stderr]     |
[INFO] [stderr] 238 |                         .filter(|(name, value)| name.as_str() != CLASS_FILE_NAME)
[INFO] [stderr]     |                                         ^^^^^ help: if this is intentional, prefix it with an underscore: `_value`
[INFO] [stderr]     |
[INFO] [stderr]     = note: `#[warn(unused_variables)]` on by default
[INFO] [stderr] 
[INFO] [stderr] warning: unused variable: `value`
[INFO] [stderr]    --> src/api/mod.rs:267:41
[INFO] [stderr]     |
[INFO] [stderr] 267 |                         .filter(|(name, value)| name.as_str() != CLASS_FILE_NAME)
[INFO] [stderr]     |                                         ^^^^^ help: if this is intentional, prefix it with an underscore: `_value`
[INFO] [stderr] 
[INFO] [stderr] warning: unused variable: `err`
[INFO] [stderr]   --> src/server/http/hyper/mod.rs:73:38
[INFO] [stderr]    |
[INFO] [stderr] 73 |                     .unwrap_or_else(|err| response(StatusCode::BAD_REQUEST, Body::from("Error"))));
[INFO] [stderr]    |                                      ^^^ help: if this is intentional, prefix it with an underscore: `_err`
[INFO] [stderr] 
[INFO] [stderr] warning: unused variable: `err`
[INFO] [stderr]   --> src/server/http/hyper/mod.rs:88:34
[INFO] [stderr]    |
[INFO] [stderr] 88 |                 .unwrap_or_else(|err| response(StatusCode::INTERNAL_SERVER_ERROR, Body::from("Error")));
[INFO] [stderr]    |                                  ^^^ help: if this is intentional, prefix it with an underscore: `_err`
[INFO] [stderr] 
[INFO] [stderr] warning: unused variable: `req`
[INFO] [stderr]   --> src/server/http/iron/mod.rs:30:21
[INFO] [stderr]    |
[INFO] [stderr] 30 |     fn after(&self, req: &mut Request, res: Response) -> IronResult<Response> {
[INFO] [stderr]    |                     ^^^ help: if this is intentional, prefix it with an underscore: `_req`
[INFO] [stderr] 
[INFO] [stderr] warning: unused variable: `host`
[INFO] [stderr]   --> src/server/http/iron/mod.rs:37:10
[INFO] [stderr]    |
[INFO] [stderr] 37 |     let (host, port, path, params) = parse_url(req);
[INFO] [stderr]    |          ^^^^ help: if this is intentional, prefix it with an underscore: `_host`
[INFO] [stderr] 
[INFO] [stderr] warning: unused variable: `port`
[INFO] [stderr]   --> src/server/http/iron/mod.rs:37:16
[INFO] [stderr]    |
[INFO] [stderr] 37 |     let (host, port, path, params) = parse_url(req);
[INFO] [stderr]    |                ^^^^ help: if this is intentional, prefix it with an underscore: `_port`
[INFO] [stderr] 
[INFO] [stderr] warning: unused variable: `params`
[INFO] [stderr]   --> src/server/http/iron/mod.rs:37:28
[INFO] [stderr]    |
[INFO] [stderr] 37 |     let (host, port, path, params) = parse_url(req);
[INFO] [stderr]    |                            ^^^^^^ help: if this is intentional, prefix it with an underscore: `_params`
[INFO] [stderr] 
[INFO] [stderr] warning: unused variable: `host`
[INFO] [stderr]   --> src/server/http/iron/mod.rs:81:10
[INFO] [stderr]    |
[INFO] [stderr] 81 |     let (host, port, path, params) = parse_url(req);
[INFO] [stderr]    |          ^^^^ help: if this is intentional, prefix it with an underscore: `_host`
[INFO] [stderr] 
[INFO] [stderr] warning: unused variable: `port`
[INFO] [stderr]   --> src/server/http/iron/mod.rs:81:16
[INFO] [stderr]    |
[INFO] [stderr] 81 |     let (host, port, path, params) = parse_url(req);
[INFO] [stderr]    |                ^^^^ help: if this is intentional, prefix it with an underscore: `_port`
[INFO] [stderr] 
[INFO] [stderr] warning: unused variable: `params`
[INFO] [stderr]   --> src/server/http/iron/mod.rs:81:28
[INFO] [stderr]    |
[INFO] [stderr] 81 |     let (host, port, path, params) = parse_url(req);
[INFO] [stderr]    |                            ^^^^^^ help: if this is intentional, prefix it with an underscore: `_params`
[INFO] [stderr] 
[INFO] [stderr] warning: unused variable: `content_type`
[INFO] [stderr]   --> src/server/http/iron/mod.rs:86:9
[INFO] [stderr]    |
[INFO] [stderr] 86 |     let content_type = "application/json".parse::<Mime>().unwrap();
[INFO] [stderr]    |         ^^^^^^^^^^^^ help: if this is intentional, prefix it with an underscore: `_content_type`
[INFO] [stderr] 
[INFO] [stderr] warning: variable does not need to be mutable
[INFO] [stderr]   --> src/server/http/iron/mod.rs:99:9
[INFO] [stderr]    |
[INFO] [stderr] 99 |     let mut get_resource_chain = Chain::new(move |req: &mut Request| get_resource(getApp.clone(), req));
[INFO] [stderr]    |         ----^^^^^^^^^^^^^^^^^^
[INFO] [stderr]    |         |
[INFO] [stderr]    |         help: remove this `mut`
[INFO] [stderr]    |
[INFO] [stderr]    = note: `#[warn(unused_mut)]` on by default
[INFO] [stderr] 
[INFO] [stderr] warning: variable does not need to be mutable
[INFO] [stderr]    --> src/server/http/iron/mod.rs:101:9
[INFO] [stderr]     |
[INFO] [stderr] 101 |     let mut put_resource_chain = Chain::new(move |req: &mut Request| put_resource(putApp.clone(), req));
[INFO] [stderr]     |         ----^^^^^^^^^^^^^^^^^^
[INFO] [stderr]     |         |
[INFO] [stderr]     |         help: remove this `mut`
[INFO] [stderr] 
[INFO] [stderr] warning: unused variable: `path_buf`
[INFO] [stderr]   --> src/test/api/mod.rs:37:9
[INFO] [stderr]    |
[INFO] [stderr] 37 |     let path_buf = to_path_buf(path.clone());
[INFO] [stderr]    |         ^^^^^^^^ help: if this is intentional, prefix it with an underscore: `_path_buf`
[INFO] [stderr] 
[INFO] [stderr] warning: unused variable: `api`
[INFO] [stderr]   --> src/test/api/mod.rs:69:9
[INFO] [stderr]    |
[INFO] [stderr] 69 |     let api = RestApp { storage_dir: storage_dir.clone() };
[INFO] [stderr]    |         ^^^ help: if this is intentional, prefix it with an underscore: `_api`
[INFO] [stderr] 
[INFO] [stderr] warning: unused variable: `path_buf`
[INFO] [stderr]   --> src/test/api/mod.rs:77:9
[INFO] [stderr]    |
[INFO] [stderr] 77 |     let path_buf = to_path_buf(path.clone());
[INFO] [stderr]    |         ^^^^^^^^ help: if this is intentional, prefix it with an underscore: `_path_buf`
[INFO] [stderr] 
[INFO] [stderr] warning: unused variable: `path_buf`
[INFO] [stderr]    --> src/test/api/mod.rs:116:9
[INFO] [stderr]     |
[INFO] [stderr] 116 |     let path_buf = to_path_buf(path.clone());
[INFO] [stderr]     |         ^^^^^^^^ help: if this is intentional, prefix it with an underscore: `_path_buf`
[INFO] [stderr] 
[INFO] [stderr] warning: constant `MAX_BODY_LENGTH` is never used
[INFO] [stderr]   --> src/main.rs:11:7
[INFO] [stderr]    |
[INFO] [stderr] 11 | const MAX_BODY_LENGTH: usize = 1024 * 1024 * 10;
[INFO] [stderr]    |       ^^^^^^^^^^^^^^^
[INFO] [stderr]    |
[INFO] [stderr]    = note: `#[warn(dead_code)]` on by default
[INFO] [stderr] 
[INFO] [stderr] warning: field `0` is never read
[INFO] [stderr]   --> src/api/mod.rs:26:15
[INFO] [stderr]    |
[INFO] [stderr] 26 |     Aggregate(Vec<APIErr>),
[INFO] [stderr]    |     --------- ^^^^^^^^^^^
[INFO] [stderr]    |     |
[INFO] [stderr]    |     field in this variant
[INFO] [stderr]    |
[INFO] [stderr]    = note: `APIErr` has a derived impl for the trait `Debug`, but this is intentionally ignored during dead code analysis
[INFO] [stderr] help: consider changing the field to be of unit type to suppress this warning while preserving the field numbering, or remove the field
[INFO] [stderr]    |
[INFO] [stderr] 26 |     Aggregate(()),
[INFO] [stderr]    |               ~~
[INFO] [stderr] 
[INFO] [stderr] warning: field `0` is never read
[INFO] [stderr]   --> src/api/mod.rs:27:8
[INFO] [stderr]    |
[INFO] [stderr] 27 |     IO(std::io::Error),
[INFO] [stderr]    |     -- ^^^^^^^^^^^^^^
[INFO] [stderr]    |     |
[INFO] [stderr]    |     field in this variant
[INFO] [stderr]    |
[INFO] [stderr]    = note: `APIErr` has a derived impl for the trait `Debug`, but this is intentionally ignored during dead code analysis
[INFO] [stderr] help: consider changing the field to be of unit type to suppress this warning while preserving the field numbering, or remove the field
[INFO] [stderr]    |
[INFO] [stderr] 27 |     IO(()),
[INFO] [stderr]    |        ~~
[INFO] [stderr] 
[INFO] [stderr] warning: variants `Deserialize` and `EmptyRequest` are never constructed
[INFO] [stderr]   --> src/api/mod.rs:28:5
[INFO] [stderr]    |
[INFO] [stderr] 25 | pub enum APIErr {
[INFO] [stderr]    |          ------ variants in this enum
[INFO] [stderr] ...
[INFO] [stderr] 28 |     Deserialize(bodyparser::BodyError),
[INFO] [stderr]    |     ^^^^^^^^^^^
[INFO] [stderr] 29 |     EmptyRequest,
[INFO] [stderr]    |     ^^^^^^^^^^^^
[INFO] [stderr]    |
[INFO] [stderr]    = note: `APIErr` has a derived impl for the trait `Debug`, but this is intentionally ignored during dead code analysis
[INFO] [stderr] 
[INFO] [stderr] warning: variants `Null`, `Text`, `Number`, and `Bool` are never constructed
[INFO] [stderr]    --> src/api/mod.rs:141:5
[INFO] [stderr]     |
[INFO] [stderr] 140 | pub enum Class {
[INFO] [stderr]     |          ----- variants in this enum
[INFO] [stderr] 141 |     Null,
[INFO] [stderr]     |     ^^^^
[INFO] [stderr] 142 |     Text,
[INFO] [stderr]     |     ^^^^
[INFO] [stderr] 143 |     Number,
[INFO] [stderr]     |     ^^^^^^
[INFO] [stderr] 144 |     Bool,
[INFO] [stderr]     |     ^^^^
[INFO] [stderr]     |
[INFO] [stderr]     = note: `Class` has a derived impl for the trait `Debug`, but this is intentionally ignored during dead code analysis
[INFO] [stderr] 
[INFO] [stderr] warning: constant `PHRASE` is never used
[INFO] [stderr]   --> src/server/http/hyper/mod.rs:17:7
[INFO] [stderr]    |
[INFO] [stderr] 17 | const PHRASE: &str = "Hello, World!";
[INFO] [stderr]    |       ^^^^^^
[INFO] [stderr] 
[INFO] [stderr] warning: field `0` is never read
[INFO] [stderr]   --> src/server/http/hyper/mod.rs:51:9
[INFO] [stderr]    |
[INFO] [stderr] 51 |     Api(super::super::super::api::APIErr),
[INFO] [stderr]    |     --- ^^^^^^^^^^^^^^^^^^^^^^^^^^^^^^^^
[INFO] [stderr]    |     |
[INFO] [stderr]    |     field in this variant
[INFO] [stderr]    |
[INFO] [stderr]    = note: `ServerError` has a derived impl for the trait `Debug`, but this is intentionally ignored during dead code analysis
[INFO] [stderr] help: consider changing the field to be of unit type to suppress this warning while preserving the field numbering, or remove the field
[INFO] [stderr]    |
[INFO] [stderr] 51 |     Api(()),
[INFO] [stderr]    |         ~~
[INFO] [stderr] 
[INFO] [stderr] warning: field `0` is never read
[INFO] [stderr]   --> src/server/http/hyper/mod.rs:52:15
[INFO] [stderr]    |
[INFO] [stderr] 52 |     ParseJson(Error)
[INFO] [stderr]    |     --------- ^^^^^
[INFO] [stderr]    |     |
[INFO] [stderr]    |     field in this variant
[INFO] [stderr]    |
[INFO] [stderr]    = note: `ServerError` has a derived impl for the trait `Debug`, but this is intentionally ignored during dead code analysis
[INFO] [stderr] help: consider changing the field to be of unit type to suppress this warning while preserving the field numbering, or remove the field
[INFO] [stderr]    |
[INFO] [stderr] 52 |     ParseJson(())
[INFO] [stderr]    |               ~~
[INFO] [stderr] 
[INFO] [stderr] warning: struct `ResponseTime` is never constructed
[INFO] [stderr]   --> src/server/http/iron/mod.rs:27:8
[INFO] [stderr]    |
[INFO] [stderr] 27 | struct ResponseTime;
[INFO] [stderr]    |        ^^^^^^^^^^^^
[INFO] [stderr] 
[INFO] [stderr] warning: function `get_resource` is never used
[INFO] [stderr]   --> src/server/http/iron/mod.rs:36:4
[INFO] [stderr]    |
[INFO] [stderr] 36 | fn get_resource(app: RestApp, req: &mut Request) -> IronResult<Response> {
[INFO] [stderr]    |    ^^^^^^^^^^^^
[INFO] [stderr] 
[INFO] [stderr] warning: function `to_key_value` is never used
[INFO] [stderr]   --> src/server/http/iron/mod.rs:47:4
[INFO] [stderr]    |
[INFO] [stderr] 47 | fn to_key_value(string: String) -> Option<(String, String)> {
[INFO] [stderr]    |    ^^^^^^^^^^^^
[INFO] [stderr] 
[INFO] [stderr] warning: function `parse_url` is never used
[INFO] [stderr]   --> src/server/http/iron/mod.rs:60:4
[INFO] [stderr]    |
[INFO] [stderr] 60 | fn parse_url(req: &mut Request) -> (String, u16, Vec<String>, HashMap<String, String>) {
[INFO] [stderr]    |    ^^^^^^^^^
[INFO] [stderr] 
[INFO] [stderr] warning: function `put_resource` is never used
[INFO] [stderr]   --> src/server/http/iron/mod.rs:80:4
[INFO] [stderr]    |
[INFO] [stderr] 80 | fn put_resource(app: RestApp, req: &mut Request) ->  IronResult<Response> {   
[INFO] [stderr]    |    ^^^^^^^^^^^^
[INFO] [stderr] 
[INFO] [stderr] warning: function `server` is never used
[INFO] [stderr]   --> src/server/http/iron/mod.rs:95:4
[INFO] [stderr]    |
[INFO] [stderr] 95 | fn server() {
[INFO] [stderr]    |    ^^^^^^
[INFO] [stderr] 
[INFO] [stderr] warning: unused `Result` that must be used
[INFO] [stderr]    --> src/api/mod.rs:174:17
[INFO] [stderr]     |
[INFO] [stderr] 174 |                 b.read_line(&mut class);
[INFO] [stderr]     |                 ^^^^^^^^^^^^^^^^^^^^^^^
[INFO] [stderr]     |
[INFO] [stderr]     = note: this `Result` may be an `Err` variant, which should be handled
[INFO] [stderr]     = note: `#[warn(unused_must_use)]` on by default
[INFO] [stderr] help: use `let _ = ...` to ignore the resulting value
[INFO] [stderr]     |
[INFO] [stderr] 174 |                 let _ = b.read_line(&mut class);
[INFO] [stderr]     |                 +++++++
[INFO] [stderr] 
[INFO] [stderr] warning: unused `Result` that must be used
[INFO] [stderr]    --> src/api/mod.rs:175:17
[INFO] [stderr]     |
[INFO] [stderr] 175 |                 b.read_line(&mut value);
[INFO] [stderr]     |                 ^^^^^^^^^^^^^^^^^^^^^^^
[INFO] [stderr]     |
[INFO] [stderr]     = note: this `Result` may be an `Err` variant, which should be handled
[INFO] [stderr] help: use `let _ = ...` to ignore the resulting value
[INFO] [stderr]     |
[INFO] [stderr] 175 |                 let _ = b.read_line(&mut value);
[INFO] [stderr]     |                 +++++++
[INFO] [stderr] 
[INFO] [stderr] warning: unused `Result` that must be used
[INFO] [stderr]    --> src/api/mod.rs:203:17
[INFO] [stderr]     |
[INFO] [stderr] 203 |                 b.read_line(&mut line);
[INFO] [stderr]     |                 ^^^^^^^^^^^^^^^^^^^^^^
[INFO] [stderr]     |
[INFO] [stderr]     = note: this `Result` may be an `Err` variant, which should be handled
[INFO] [stderr] help: use `let _ = ...` to ignore the resulting value
[INFO] [stderr]     |
[INFO] [stderr] 203 |                 let _ = b.read_line(&mut line);
[INFO] [stderr]     |                 +++++++
[INFO] [stderr] 
[INFO] [stderr] warning: unused `Result` that must be used
[INFO] [stderr]    --> src/api/mod.rs:205:17
[INFO] [stderr]     |
[INFO] [stderr] 205 |                 b.read_line(&mut line);
[INFO] [stderr]     |                 ^^^^^^^^^^^^^^^^^^^^^^
[INFO] [stderr]     |
[INFO] [stderr]     = note: this `Result` may be an `Err` variant, which should be handled
[INFO] [stderr] help: use `let _ = ...` to ignore the resulting value
[INFO] [stderr]     |
[INFO] [stderr] 205 |                 let _ = b.read_line(&mut line);
[INFO] [stderr]     |                 +++++++
[INFO] [stderr] 
[INFO] [stderr] warning: call to `.clone()` on a reference in this situation does nothing
[INFO] [stderr]   --> src/server/http/hyper/mod.rs:22:15
[INFO] [stderr]    |
[INFO] [stderr] 22 |       uri.path()
[INFO] [stderr]    |  _______________^
[INFO] [stderr] 23 | |         .clone()
[INFO] [stderr]    | |________________^ help: remove this redundant call
[INFO] [stderr]    |
[INFO] [stderr]    = note: the type `str` does not implement `Clone`, so calling `clone` on `&str` copies the reference, which does not do anything and can be removed
[INFO] [stderr]    = note: `#[warn(noop_method_call)]` on by default
[INFO] [stderr] 
[INFO] [stderr] warning: variable `getApp` should have a snake case name
[INFO] [stderr]   --> src/server/http/iron/mod.rs:98:9
[INFO] [stderr]    |
[INFO] [stderr] 98 |     let getApp = app.clone();
[INFO] [stderr]    |         ^^^^^^ help: convert the identifier to snake case: `get_app`
[INFO] [stderr]    |
[INFO] [stderr]    = note: `#[warn(non_snake_case)]` on by default
[INFO] [stderr] 
[INFO] [stderr] warning: variable `putApp` should have a snake case name
[INFO] [stderr]    --> src/server/http/iron/mod.rs:100:9
[INFO] [stderr]     |
[INFO] [stderr] 100 |     let putApp = app.clone();
[INFO] [stderr]     |         ^^^^^^ help: convert the identifier to snake case: `put_app`
[INFO] [stderr] 
[INFO] [stderr] warning: unused `Result` that must be used
[INFO] [stderr]   --> src/test/api/mod.rs:63:5
[INFO] [stderr]    |
[INFO] [stderr] 63 |     fs::remove_dir_all(storage_dir);
[INFO] [stderr]    |     ^^^^^^^^^^^^^^^^^^^^^^^^^^^^^^^
[INFO] [stderr]    |
[INFO] [stderr]    = note: this `Result` may be an `Err` variant, which should be handled
[INFO] [stderr] help: use `let _ = ...` to ignore the resulting value
[INFO] [stderr]    |
[INFO] [stderr] 63 |     let _ = fs::remove_dir_all(storage_dir);
[INFO] [stderr]    |     +++++++
[INFO] [stderr] 
[INFO] [stderr] warning: unused `Result` that must be used
[INFO] [stderr]   --> src/test/api/mod.rs:93:5
[INFO] [stderr]    |
[INFO] [stderr] 93 |     fs::remove_dir_all(storage_dir);
[INFO] [stderr]    |     ^^^^^^^^^^^^^^^^^^^^^^^^^^^^^^^
[INFO] [stderr]    |
[INFO] [stderr]    = note: this `Result` may be an `Err` variant, which should be handled
[INFO] [stderr] help: use `let _ = ...` to ignore the resulting value
[INFO] [stderr]    |
[INFO] [stderr] 93 |     let _ = fs::remove_dir_all(storage_dir);
[INFO] [stderr]    |     +++++++
[INFO] [stderr] 
[INFO] [stderr] warning: unused `Result` that must be used
[INFO] [stderr]    --> src/test/api/mod.rs:132:5
[INFO] [stderr]     |
[INFO] [stderr] 132 |     fs::remove_dir_all(storage_dir);
[INFO] [stderr]     |     ^^^^^^^^^^^^^^^^^^^^^^^^^^^^^^^
[INFO] [stderr]     |
[INFO] [stderr]     = note: this `Result` may be an `Err` variant, which should be handled
[INFO] [stderr] help: use `let _ = ...` to ignore the resulting value
[INFO] [stderr]     |
[INFO] [stderr] 132 |     let _ = fs::remove_dir_all(storage_dir);
[INFO] [stderr]     |     +++++++
[INFO] [stderr] 
[INFO] [stderr] warning: `rust-monad` (bin "rust-monad" test) generated 53 warnings (run `cargo fix --bin "rust-monad" --tests` to apply 11 suggestions)
[INFO] [stderr]     Finished `test` profile [unoptimized + debuginfo] target(s) in 0.19s
[INFO] [stderr] warning: the following packages contain code that will be rejected by a future version of Rust: route-recognizer v0.1.12, traitobject v0.1.0, typemap v0.3.3
[INFO] [stderr] note: to see what the problems were, use the option `--future-incompat-report`, or run `cargo report future-incompatibilities --id 1`
[INFO] [stderr]      Running unittests src/main.rs (/opt/rustwide/target/debug/deps/rust_monad-ee14560d2603c391)
[INFO] [stdout] 
[INFO] [stdout] running 3 tests
[INFO] [stdout] test test::api::test_read_field ... FAILED
[INFO] [stdout] test test::api::test_read_object ... FAILED
[INFO] [stdout] test test::api::test_read_collection_class ... FAILED
[INFO] [stdout] 
[INFO] [stdout] failures:
[INFO] [stdout] 
[INFO] [stdout] ---- test::api::test_read_field stdout ----
[INFO] [stdout] thread 'test::api::test_read_field' panicked at src/test/api/mod.rs:80:5:
[INFO] [stdout] assertion failed: put_ok
[INFO] [stdout] stack backtrace:
[INFO] [stdout]    0:     0x57e24f4e71ca - std::backtrace_rs::backtrace::libunwind::trace::h5a5b8284f2d0c266
[INFO] [stdout]                                at /rustc/90b35a6239c3d8bdabc530a6a0816f7ff89a0aaf/library/std/src/../../backtrace/src/backtrace/libunwind.rs:116:5
[INFO] [stdout]    1:     0x57e24f4e71ca - std::backtrace_rs::backtrace::trace_unsynchronized::h76d4f1c9b0b875e3
[INFO] [stdout]                                at /rustc/90b35a6239c3d8bdabc530a6a0816f7ff89a0aaf/library/std/src/../../backtrace/src/backtrace/mod.rs:66:5
[INFO] [stdout]    2:     0x57e24f4e71ca - std::sys::backtrace::_print_fmt::hc4546b8364a537c6
[INFO] [stdout]                                at /rustc/90b35a6239c3d8bdabc530a6a0816f7ff89a0aaf/library/std/src/sys/backtrace.rs:66:9
[INFO] [stdout]    3:     0x57e24f4e71ca - <std::sys::backtrace::BacktraceLock::print::DisplayBacktrace as core::fmt::Display>::fmt::h5b6bd5631a6d1f6b
[INFO] [stdout]                                at /rustc/90b35a6239c3d8bdabc530a6a0816f7ff89a0aaf/library/std/src/sys/backtrace.rs:39:26
[INFO] [stdout]    4:     0x57e24f50d9e3 - core::fmt::rt::Argument::fmt::h270f6602a2b96f62
[INFO] [stdout]                                at /rustc/90b35a6239c3d8bdabc530a6a0816f7ff89a0aaf/library/core/src/fmt/rt.rs:177:76
[INFO] [stdout]    5:     0x57e24f50d9e3 - core::fmt::write::h7550c97b06c86515
[INFO] [stdout]                                at /rustc/90b35a6239c3d8bdabc530a6a0816f7ff89a0aaf/library/core/src/fmt/mod.rs:1186:21
[INFO] [stdout]    6:     0x57e24f4e4193 - std::io::Write::write_fmt::h509ff860e5956e5e
[INFO] [stdout]                                at /rustc/90b35a6239c3d8bdabc530a6a0816f7ff89a0aaf/library/std/src/io/mod.rs:1839:15
[INFO] [stdout]    7:     0x57e24f4e7012 - std::sys::backtrace::BacktraceLock::print::h2395ccd2c84ba3aa
[INFO] [stdout]                                at /rustc/90b35a6239c3d8bdabc530a6a0816f7ff89a0aaf/library/std/src/sys/backtrace.rs:42:9
[INFO] [stdout]    8:     0x57e24f4e862a - std::panicking::default_hook::{{closure}}::he19d4c7230e07961
[INFO] [stdout]                                at /rustc/90b35a6239c3d8bdabc530a6a0816f7ff89a0aaf/library/std/src/panicking.rs:268:22
[INFO] [stdout]    9:     0x57e24f4e8434 - std::panicking::default_hook::hf614597d3c67bbdb
[INFO] [stdout]                                at /rustc/90b35a6239c3d8bdabc530a6a0816f7ff89a0aaf/library/std/src/panicking.rs:292:9
[INFO] [stdout]   10:     0x57e24f472d39 - <alloc::boxed::Box<F,A> as core::ops::function::Fn<Args>>::call::h39b51ce4599c23d1
[INFO] [stdout]                                at /rustc/90b35a6239c3d8bdabc530a6a0816f7ff89a0aaf/library/alloc/src/boxed.rs:2468:9
[INFO] [stdout]   11:     0x57e24f472d39 - test::test_main::{{closure}}::he977ae839a582784
[INFO] [stdout]                                at /rustc/90b35a6239c3d8bdabc530a6a0816f7ff89a0aaf/library/test/src/lib.rs:133:21
[INFO] [stdout]   12:     0x57e24f4e8cc8 - <alloc::boxed::Box<F,A> as core::ops::function::Fn<Args>>::call::h9455091b6b06f9fb
[INFO] [stdout]                                at /rustc/90b35a6239c3d8bdabc530a6a0816f7ff89a0aaf/library/alloc/src/boxed.rs:2468:9
[INFO] [stdout]   13:     0x57e24f4e8cc8 - std::panicking::rust_panic_with_hook::h8942133a8b252070
[INFO] [stdout]                                at /rustc/90b35a6239c3d8bdabc530a6a0816f7ff89a0aaf/library/std/src/panicking.rs:809:13
[INFO] [stdout]   14:     0x57e24f4e8a56 - std::panicking::begin_panic_handler::{{closure}}::hb5f5963570096b29
[INFO] [stdout]                                at /rustc/90b35a6239c3d8bdabc530a6a0816f7ff89a0aaf/library/std/src/panicking.rs:667:13
[INFO] [stdout]   15:     0x57e24f4e76a9 - std::sys::backtrace::__rust_end_short_backtrace::h6208cedc1922feda
[INFO] [stdout]                                at /rustc/90b35a6239c3d8bdabc530a6a0816f7ff89a0aaf/library/std/src/sys/backtrace.rs:170:18
[INFO] [stdout]   16:     0x57e24f4e871c - rust_begin_unwind
[INFO] [stdout]                                at /rustc/90b35a6239c3d8bdabc530a6a0816f7ff89a0aaf/library/std/src/panicking.rs:665:5
[INFO] [stdout]   17:     0x57e24f40ebe0 - core::panicking::panic_fmt::h0c3082644d1bf418
[INFO] [stdout]                                at /rustc/90b35a6239c3d8bdabc530a6a0816f7ff89a0aaf/library/core/src/panicking.rs:74:14
[INFO] [stdout]   18:     0x57e24f40ec6c - core::panicking::panic::h957f98c65a3b3074
[INFO] [stdout]                                at /rustc/90b35a6239c3d8bdabc530a6a0816f7ff89a0aaf/library/core/src/panicking.rs:148:5
[INFO] [stdout]   19:     0x57e24f42d143 - rust_monad::test::api::test_read_field::h90202df9ae09e558
[INFO] [stdout]                                at /opt/rustwide/workdir/src/test/api/mod.rs:80:5
[INFO] [stdout]   20:     0x57e24f42ca97 - rust_monad::test::api::test_read_field::{{closure}}::h5eaa230562428349
[INFO] [stdout]                                at /opt/rustwide/workdir/src/test/api/mod.rs:67:21
[INFO] [stdout]   21:     0x57e24f421f96 - core::ops::function::FnOnce::call_once::h43d6dc0f43840239
[INFO] [stdout]                                at /rustc/90b35a6239c3d8bdabc530a6a0816f7ff89a0aaf/library/core/src/ops/function.rs:250:5
[INFO] [stdout]   22:     0x57e24f4776fb - core::ops::function::FnOnce::call_once::h109cf8051a59b34e
[INFO] [stdout]                                at /rustc/90b35a6239c3d8bdabc530a6a0816f7ff89a0aaf/library/core/src/ops/function.rs:250:5
[INFO] [stdout]   23:     0x57e24f4776fb - test::__rust_begin_short_backtrace::hf4fff89d377446ba
[INFO] [stdout]                                at /rustc/90b35a6239c3d8bdabc530a6a0816f7ff89a0aaf/library/test/src/lib.rs:621:18
[INFO] [stdout]   24:     0x57e24f476f37 - test::run_test_in_process::{{closure}}::h0e39181dd7ee5a43
[INFO] [stdout]                                at /rustc/90b35a6239c3d8bdabc530a6a0816f7ff89a0aaf/library/test/src/lib.rs:644:60
[INFO] [stdout]   25:     0x57e24f476f37 - <core::panic::unwind_safe::AssertUnwindSafe<F> as core::ops::function::FnOnce<()>>::call_once::hc5a66a30f0bdfd1f
[INFO] [stdout]                                at /rustc/90b35a6239c3d8bdabc530a6a0816f7ff89a0aaf/library/core/src/panic/unwind_safe.rs:272:9
[INFO] [stdout]   26:     0x57e24f476f37 - std::panicking::try::do_call::h873b7cf639554a5e
[INFO] [stdout]                                at /rustc/90b35a6239c3d8bdabc530a6a0816f7ff89a0aaf/library/std/src/panicking.rs:557:40
[INFO] [stdout]   27:     0x57e24f476f37 - std::panicking::try::hdb19862fad9c8bd1
[INFO] [stdout]                                at /rustc/90b35a6239c3d8bdabc530a6a0816f7ff89a0aaf/library/std/src/panicking.rs:520:19
[INFO] [stdout]   28:     0x57e24f476f37 - std::panic::catch_unwind::h281fe732d236d260
[INFO] [stdout]                                at /rustc/90b35a6239c3d8bdabc530a6a0816f7ff89a0aaf/library/std/src/panic.rs:358:14
[INFO] [stdout]   29:     0x57e24f476f37 - test::run_test_in_process::h949b6df8457ed338
[INFO] [stdout]                                at /rustc/90b35a6239c3d8bdabc530a6a0816f7ff89a0aaf/library/test/src/lib.rs:644:27
[INFO] [stdout]   30:     0x57e24f476f37 - test::run_test::{{closure}}::h52c556a6d4740e10
[INFO] [stdout]                                at /rustc/90b35a6239c3d8bdabc530a6a0816f7ff89a0aaf/library/test/src/lib.rs:565:43
[INFO] [stdout]   31:     0x57e24f43c214 - test::run_test::{{closure}}::h4237f6381c45ccb9
[INFO] [stdout]                                at /rustc/90b35a6239c3d8bdabc530a6a0816f7ff89a0aaf/library/test/src/lib.rs:595:41
[INFO] [stdout]   32:     0x57e24f43c214 - std::sys::backtrace::__rust_begin_short_backtrace::h505c97a579eca628
[INFO] [stdout]                                at /rustc/90b35a6239c3d8bdabc530a6a0816f7ff89a0aaf/library/std/src/sys/backtrace.rs:154:18
[INFO] [stdout]   33:     0x57e24f43f8de - std::thread::Builder::spawn_unchecked_::{{closure}}::{{closure}}::h9e86b2e2bc107ea3
[INFO] [stdout]                                at /rustc/90b35a6239c3d8bdabc530a6a0816f7ff89a0aaf/library/std/src/thread/mod.rs:538:17
[INFO] [stdout]   34:     0x57e24f43f8de - <core::panic::unwind_safe::AssertUnwindSafe<F> as core::ops::function::FnOnce<()>>::call_once::h8b06ddb275ff4a25
[INFO] [stdout]                                at /rustc/90b35a6239c3d8bdabc530a6a0816f7ff89a0aaf/library/core/src/panic/unwind_safe.rs:272:9
[INFO] [stdout]   35:     0x57e24f43f8de - std::panicking::try::do_call::hb26ecd7cd9a9355d
[INFO] [stderr] error: test failed, to rerun pass `--bin rust-monad`
[INFO] [stdout]                                at /rustc/90b35a6239c3d8bdabc530a6a0816f7ff89a0aaf/library/std/src/panicking.rs:557:40
[INFO] [stdout]   36:     0x57e24f43f8de - std::panicking::try::h8ddeca9d705f9069
[INFO] [stdout]                                at /rustc/90b35a6239c3d8bdabc530a6a0816f7ff89a0aaf/library/std/src/panicking.rs:520:19
[INFO] [stdout]   37:     0x57e24f43f8de - std::panic::catch_unwind::h49e1c33078844c46
[INFO] [stdout]                                at /rustc/90b35a6239c3d8bdabc530a6a0816f7ff89a0aaf/library/std/src/panic.rs:358:14
[INFO] [stdout]   38:     0x57e24f43f8de - std::thread::Builder::spawn_unchecked_::{{closure}}::h6073db6ff56ad35d
[INFO] [stdout]                                at /rustc/90b35a6239c3d8bdabc530a6a0816f7ff89a0aaf/library/std/src/thread/mod.rs:537:30
[INFO] [stdout]   39:     0x57e24f43f8de - core::ops::function::FnOnce::call_once{{vtable.shim}}::h2c5a5f3779c774f1
[INFO] [stdout]                                at /rustc/90b35a6239c3d8bdabc530a6a0816f7ff89a0aaf/library/core/src/ops/function.rs:250:5
[INFO] [stdout]   40:     0x57e24f4ed61b - <alloc::boxed::Box<F,A> as core::ops::function::FnOnce<Args>>::call_once::hf75717d9f28faebf
[INFO] [stdout]                                at /rustc/90b35a6239c3d8bdabc530a6a0816f7ff89a0aaf/library/alloc/src/boxed.rs:2454:9
[INFO] [stdout]   41:     0x57e24f4ed61b - <alloc::boxed::Box<F,A> as core::ops::function::FnOnce<Args>>::call_once::h7bd883a5f3c5f3c1
[INFO] [stdout]                                at /rustc/90b35a6239c3d8bdabc530a6a0816f7ff89a0aaf/library/alloc/src/boxed.rs:2454:9
[INFO] [stdout]   42:     0x57e24f4ed61b - std::sys::pal::unix::thread::Thread::new::thread_start::hcc78f3943333fa94
[INFO] [stdout]                                at /rustc/90b35a6239c3d8bdabc530a6a0816f7ff89a0aaf/library/std/src/sys/pal/unix/thread.rs:105:17
[INFO] [stdout]   43:     0x7d23975c5ac3 - <unknown>
[INFO] [stdout]   44:     0x7d2397656a04 - clone
[INFO] [stdout]   45:                0x0 - <unknown>
[INFO] [stdout] 
[INFO] [stdout] ---- test::api::test_read_object stdout ----
[INFO] [stdout] thread 'test::api::test_read_object' panicked at src/test/api/mod.rs:119:5:
[INFO] [stdout] assertion failed: put_ok
[INFO] [stdout] stack backtrace:
[INFO] [stdout]    0:     0x57e24f4e71ca - std::backtrace_rs::backtrace::libunwind::trace::h5a5b8284f2d0c266
[INFO] [stdout]                                at /rustc/90b35a6239c3d8bdabc530a6a0816f7ff89a0aaf/library/std/src/../../backtrace/src/backtrace/libunwind.rs:116:5
[INFO] [stdout]    1:     0x57e24f4e71ca - std::backtrace_rs::backtrace::trace_unsynchronized::h76d4f1c9b0b875e3
[INFO] [stdout]                                at /rustc/90b35a6239c3d8bdabc530a6a0816f7ff89a0aaf/library/std/src/../../backtrace/src/backtrace/mod.rs:66:5
[INFO] [stdout]    2:     0x57e24f4e71ca - std::sys::backtrace::_print_fmt::hc4546b8364a537c6
[INFO] [stdout]                                at /rustc/90b35a6239c3d8bdabc530a6a0816f7ff89a0aaf/library/std/src/sys/backtrace.rs:66:9
[INFO] [stdout]    3:     0x57e24f4e71ca - <std::sys::backtrace::BacktraceLock::print::DisplayBacktrace as core::fmt::Display>::fmt::h5b6bd5631a6d1f6b
[INFO] [stdout]                                at /rustc/90b35a6239c3d8bdabc530a6a0816f7ff89a0aaf/library/std/src/sys/backtrace.rs:39:26
[INFO] [stdout]    4:     0x57e24f50d9e3 - core::fmt::rt::Argument::fmt::h270f6602a2b96f62
[INFO] [stdout]                                at /rustc/90b35a6239c3d8bdabc530a6a0816f7ff89a0aaf/library/core/src/fmt/rt.rs:177:76
[INFO] [stdout]    5:     0x57e24f50d9e3 - core::fmt::write::h7550c97b06c86515
[INFO] [stdout]                                at /rustc/90b35a6239c3d8bdabc530a6a0816f7ff89a0aaf/library/core/src/fmt/mod.rs:1186:21
[INFO] [stdout]    6:     0x57e24f4e4193 - std::io::Write::write_fmt::h509ff860e5956e5e
[INFO] [stdout]                                at /rustc/90b35a6239c3d8bdabc530a6a0816f7ff89a0aaf/library/std/src/io/mod.rs:1839:15
[INFO] [stdout]    7:     0x57e24f4e7012 - std::sys::backtrace::BacktraceLock::print::h2395ccd2c84ba3aa
[INFO] [stdout]                                at /rustc/90b35a6239c3d8bdabc530a6a0816f7ff89a0aaf/library/std/src/sys/backtrace.rs:42:9
[INFO] [stdout]    8:     0x57e24f4e862a - std::panicking::default_hook::{{closure}}::he19d4c7230e07961
[INFO] [stdout]                                at /rustc/90b35a6239c3d8bdabc530a6a0816f7ff89a0aaf/library/std/src/panicking.rs:268:22
[INFO] [stdout]    9:     0x57e24f4e8434 - std::panicking::default_hook::hf614597d3c67bbdb
[INFO] [stdout]                                at /rustc/90b35a6239c3d8bdabc530a6a0816f7ff89a0aaf/library/std/src/panicking.rs:292:9
[INFO] [stdout]   10:     0x57e24f472d39 - <alloc::boxed::Box<F,A> as core::ops::function::Fn<Args>>::call::h39b51ce4599c23d1
[INFO] [stdout]                                at /rustc/90b35a6239c3d8bdabc530a6a0816f7ff89a0aaf/library/alloc/src/boxed.rs:2468:9
[INFO] [stdout]   11:     0x57e24f472d39 - test::test_main::{{closure}}::he977ae839a582784
[INFO] [stdout]                                at /rustc/90b35a6239c3d8bdabc530a6a0816f7ff89a0aaf/library/test/src/lib.rs:133:21
[INFO] [stdout]   12:     0x57e24f4e8cc8 - <alloc::boxed::Box<F,A> as core::ops::function::Fn<Args>>::call::h9455091b6b06f9fb
[INFO] [stdout]                                at /rustc/90b35a6239c3d8bdabc530a6a0816f7ff89a0aaf/library/alloc/src/boxed.rs:2468:9
[INFO] [stdout]   13:     0x57e24f4e8cc8 - std::panicking::rust_panic_with_hook::h8942133a8b252070
[INFO] [stdout]                                at /rustc/90b35a6239c3d8bdabc530a6a0816f7ff89a0aaf/library/std/src/panicking.rs:809:13
[INFO] [stdout]   14:     0x57e24f4e8a56 - std::panicking::begin_panic_handler::{{closure}}::hb5f5963570096b29
[INFO] [stdout]                                at /rustc/90b35a6239c3d8bdabc530a6a0816f7ff89a0aaf/library/std/src/panicking.rs:667:13
[INFO] [stdout]   15:     0x57e24f4e76a9 - std::sys::backtrace::__rust_end_short_backtrace::h6208cedc1922feda
[INFO] [stdout]                                at /rustc/90b35a6239c3d8bdabc530a6a0816f7ff89a0aaf/library/std/src/sys/backtrace.rs:170:18
[INFO] [stdout]   16:     0x57e24f4e871c - rust_begin_unwind
[INFO] [stdout]                                at /rustc/90b35a6239c3d8bdabc530a6a0816f7ff89a0aaf/library/std/src/panicking.rs:665:5
[INFO] [stdout]   17:     0x57e24f40ebe0 - core::panicking::panic_fmt::h0c3082644d1bf418
[INFO] [stdout]                                at /rustc/90b35a6239c3d8bdabc530a6a0816f7ff89a0aaf/library/core/src/panicking.rs:74:14
[INFO] [stdout]   18:     0x57e24f40ec6c - core::panicking::panic::h957f98c65a3b3074
[INFO] [stdout]                                at /rustc/90b35a6239c3d8bdabc530a6a0816f7ff89a0aaf/library/core/src/panicking.rs:148:5
[INFO] [stdout]   19:     0x57e24f42f998 - rust_monad::test::api::test_read_object::h24262d0311c130be
[INFO] [stdout]                                at /opt/rustwide/workdir/src/test/api/mod.rs:119:5
[INFO] [stdout]   20:     0x57e24f42d897 - rust_monad::test::api::test_read_object::{{closure}}::h6943fbe6bced7ee1
[INFO] [stdout]                                at /opt/rustwide/workdir/src/test/api/mod.rs:97:22
[INFO] [stdout]   21:     0x57e24f422086 - core::ops::function::FnOnce::call_once::hb2bf54b5e6d888f5
[INFO] [stdout]                                at /rustc/90b35a6239c3d8bdabc530a6a0816f7ff89a0aaf/library/core/src/ops/function.rs:250:5
[INFO] [stdout]   22:     0x57e24f4776fb - core::ops::function::FnOnce::call_once::h109cf8051a59b34e
[INFO] [stdout]                                at /rustc/90b35a6239c3d8bdabc530a6a0816f7ff89a0aaf/library/core/src/ops/function.rs:250:5
[INFO] [stdout]   23:     0x57e24f4776fb - test::__rust_begin_short_backtrace::hf4fff89d377446ba
[INFO] [stdout]                                at /rustc/90b35a6239c3d8bdabc530a6a0816f7ff89a0aaf/library/test/src/lib.rs:621:18
[INFO] [stdout]   24:     0x57e24f476f37 - test::run_test_in_process::{{closure}}::h0e39181dd7ee5a43
[INFO] [stdout]                                at /rustc/90b35a6239c3d8bdabc530a6a0816f7ff89a0aaf/library/test/src/lib.rs:644:60
[INFO] [stdout]   25:     0x57e24f476f37 - <core::panic::unwind_safe::AssertUnwindSafe<F> as core::ops::function::FnOnce<()>>::call_once::hc5a66a30f0bdfd1f
[INFO] [stdout]                                at /rustc/90b35a6239c3d8bdabc530a6a0816f7ff89a0aaf/library/core/src/panic/unwind_safe.rs:272:9
[INFO] [stdout]   26:     0x57e24f476f37 - std::panicking::try::do_call::h873b7cf639554a5e
[INFO] [stdout]                                at /rustc/90b35a6239c3d8bdabc530a6a0816f7ff89a0aaf/library/std/src/panicking.rs:557:40
[INFO] [stdout]   27:     0x57e24f476f37 - std::panicking::try::hdb19862fad9c8bd1
[INFO] [stdout]                                at /rustc/90b35a6239c3d8bdabc530a6a0816f7ff89a0aaf/library/std/src/panicking.rs:520:19
[INFO] [stdout]   28:     0x57e24f476f37 - std::panic::catch_unwind::h281fe732d236d260
[INFO] [stdout]                                at /rustc/90b35a6239c3d8bdabc530a6a0816f7ff89a0aaf/library/std/src/panic.rs:358:14
[INFO] [stdout]   29:     0x57e24f476f37 - test::run_test_in_process::h949b6df8457ed338
[INFO] [stdout]                                at /rustc/90b35a6239c3d8bdabc530a6a0816f7ff89a0aaf/library/test/src/lib.rs:644:27
[INFO] [stdout]   30:     0x57e24f476f37 - test::run_test::{{closure}}::h52c556a6d4740e10
[INFO] [stdout]                                at /rustc/90b35a6239c3d8bdabc530a6a0816f7ff89a0aaf/library/test/src/lib.rs:565:43
[INFO] [stdout]   31:     0x57e24f43c214 - test::run_test::{{closure}}::h4237f6381c45ccb9
[INFO] [stdout]                                at /rustc/90b35a6239c3d8bdabc530a6a0816f7ff89a0aaf/library/test/src/lib.rs:595:41
[INFO] [stdout]   32:     0x57e24f43c214 - std::sys::backtrace::__rust_begin_short_backtrace::h505c97a579eca628
[INFO] [stdout]                                at /rustc/90b35a6239c3d8bdabc530a6a0816f7ff89a0aaf/library/std/src/sys/backtrace.rs:154:18
[INFO] [stdout]   33:     0x57e24f43f8de - std::thread::Builder::spawn_unchecked_::{{closure}}::{{closure}}::h9e86b2e2bc107ea3
[INFO] [stdout]                                at /rustc/90b35a6239c3d8bdabc530a6a0816f7ff89a0aaf/library/std/src/thread/mod.rs:538:17
[INFO] [stdout]   34:     0x57e24f43f8de - <core::panic::unwind_safe::AssertUnwindSafe<F> as core::ops::function::FnOnce<()>>::call_once::h8b06ddb275ff4a25
[INFO] [stdout]                                at /rustc/90b35a6239c3d8bdabc530a6a0816f7ff89a0aaf/library/core/src/panic/unwind_safe.rs:272:9
[INFO] [stdout]   35:     0x57e24f43f8de - std::panicking::try::do_call::hb26ecd7cd9a9355d
[INFO] [stdout]                                at /rustc/90b35a6239c3d8bdabc530a6a0816f7ff89a0aaf/library/std/src/panicking.rs:557:40
[INFO] [stdout]   36:     0x57e24f43f8de - std::panicking::try::h8ddeca9d705f9069
[INFO] [stdout]                                at /rustc/90b35a6239c3d8bdabc530a6a0816f7ff89a0aaf/library/std/src/panicking.rs:520:19
[INFO] [stdout]   37:     0x57e24f43f8de - std::panic::catch_unwind::h49e1c33078844c46
[INFO] [stdout]                                at /rustc/90b35a6239c3d8bdabc530a6a0816f7ff89a0aaf/library/std/src/panic.rs:358:14
[INFO] [stdout]   38:     0x57e24f43f8de - std::thread::Builder::spawn_unchecked_::{{closure}}::h6073db6ff56ad35d
[INFO] [stdout]                                at /rustc/90b35a6239c3d8bdabc530a6a0816f7ff89a0aaf/library/std/src/thread/mod.rs:537:30
[INFO] [stdout]   39:     0x57e24f43f8de - core::ops::function::FnOnce::call_once{{vtable.shim}}::h2c5a5f3779c774f1
[INFO] [stdout]                                at /rustc/90b35a6239c3d8bdabc530a6a0816f7ff89a0aaf/library/core/src/ops/function.rs:250:5
[INFO] [stdout]   40:     0x57e24f4ed61b - <alloc::boxed::Box<F,A> as core::ops::function::FnOnce<Args>>::call_once::hf75717d9f28faebf
[INFO] [stdout]                                at /rustc/90b35a6239c3d8bdabc530a6a0816f7ff89a0aaf/library/alloc/src/boxed.rs:2454:9
[INFO] [stdout]   41:     0x57e24f4ed61b - <alloc::boxed::Box<F,A> as core::ops::function::FnOnce<Args>>::call_once::h7bd883a5f3c5f3c1
[INFO] [stdout]                                at /rustc/90b35a6239c3d8bdabc530a6a0816f7ff89a0aaf/library/alloc/src/boxed.rs:2454:9
[INFO] [stdout]   42:     0x57e24f4ed61b - std::sys::pal::unix::thread::Thread::new::thread_start::hcc78f3943333fa94
[INFO] [stdout]                                at /rustc/90b35a6239c3d8bdabc530a6a0816f7ff89a0aaf/library/std/src/sys/pal/unix/thread.rs:105:17
[INFO] [stdout]   43:     0x7d23975c5ac3 - <unknown>
[INFO] [stdout]   44:     0x7d2397656a04 - clone
[INFO] [stdout]   45:                0x0 - <unknown>
[INFO] [stdout] 
[INFO] [stdout] ---- test::api::test_read_collection_class stdout ----
[INFO] [stdout] put err: IO(Os { code: 30, kind: ReadOnlyFilesystem, message: "Read-only file system" })
[INFO] [stdout] thread 'test::api::test_read_collection_class' panicked at src/test/api/mod.rs:47:5:
[INFO] [stdout] assertion failed: put_ok
[INFO] [stdout] stack backtrace:
[INFO] [stdout]    0:     0x57e24f4e71ca - std::backtrace_rs::backtrace::libunwind::trace::h5a5b8284f2d0c266
[INFO] [stdout]                                at /rustc/90b35a6239c3d8bdabc530a6a0816f7ff89a0aaf/library/std/src/../../backtrace/src/backtrace/libunwind.rs:116:5
[INFO] [stdout]    1:     0x57e24f4e71ca - std::backtrace_rs::backtrace::trace_unsynchronized::h76d4f1c9b0b875e3
[INFO] [stdout]                                at /rustc/90b35a6239c3d8bdabc530a6a0816f7ff89a0aaf/library/std/src/../../backtrace/src/backtrace/mod.rs:66:5
[INFO] [stdout]    2:     0x57e24f4e71ca - std::sys::backtrace::_print_fmt::hc4546b8364a537c6
[INFO] [stdout]                                at /rustc/90b35a6239c3d8bdabc530a6a0816f7ff89a0aaf/library/std/src/sys/backtrace.rs:66:9
[INFO] [stdout]    3:     0x57e24f4e71ca - <std::sys::backtrace::BacktraceLock::print::DisplayBacktrace as core::fmt::Display>::fmt::h5b6bd5631a6d1f6b
[INFO] [stdout]                                at /rustc/90b35a6239c3d8bdabc530a6a0816f7ff89a0aaf/library/std/src/sys/backtrace.rs:39:26
[INFO] [stdout]    4:     0x57e24f50d9e3 - core::fmt::rt::Argument::fmt::h270f6602a2b96f62
[INFO] [stdout]                                at /rustc/90b35a6239c3d8bdabc530a6a0816f7ff89a0aaf/library/core/src/fmt/rt.rs:177:76
[INFO] [stdout]    5:     0x57e24f50d9e3 - core::fmt::write::h7550c97b06c86515
[INFO] [stdout]                                at /rustc/90b35a6239c3d8bdabc530a6a0816f7ff89a0aaf/library/core/src/fmt/mod.rs:1186:21
[INFO] [stdout]    6:     0x57e24f4e4193 - std::io::Write::write_fmt::h509ff860e5956e5e
[INFO] [stdout]                                at /rustc/90b35a6239c3d8bdabc530a6a0816f7ff89a0aaf/library/std/src/io/mod.rs:1839:15
[INFO] [stdout]    7:     0x57e24f4e7012 - std::sys::backtrace::BacktraceLock::print::h2395ccd2c84ba3aa
[INFO] [stdout]                                at /rustc/90b35a6239c3d8bdabc530a6a0816f7ff89a0aaf/library/std/src/sys/backtrace.rs:42:9
[INFO] [stdout]    8:     0x57e24f4e862a - std::panicking::default_hook::{{closure}}::he19d4c7230e07961
[INFO] [stdout]                                at /rustc/90b35a6239c3d8bdabc530a6a0816f7ff89a0aaf/library/std/src/panicking.rs:268:22
[INFO] [stdout]    9:     0x57e24f4e8434 - std::panicking::default_hook::hf614597d3c67bbdb
[INFO] [stdout]                                at /rustc/90b35a6239c3d8bdabc530a6a0816f7ff89a0aaf/library/std/src/panicking.rs:292:9
[INFO] [stdout]   10:     0x57e24f472d39 - <alloc::boxed::Box<F,A> as core::ops::function::Fn<Args>>::call::h39b51ce4599c23d1
[INFO] [stdout]                                at /rustc/90b35a6239c3d8bdabc530a6a0816f7ff89a0aaf/library/alloc/src/boxed.rs:2468:9
[INFO] [stdout]   11:     0x57e24f472d39 - test::test_main::{{closure}}::he977ae839a582784
[INFO] [stdout]                                at /rustc/90b35a6239c3d8bdabc530a6a0816f7ff89a0aaf/library/test/src/lib.rs:133:21
[INFO] [stdout]   12:     0x57e24f4e8cc8 - <alloc::boxed::Box<F,A> as core::ops::function::Fn<Args>>::call::h9455091b6b06f9fb
[INFO] [stdout]                                at /rustc/90b35a6239c3d8bdabc530a6a0816f7ff89a0aaf/library/alloc/src/boxed.rs:2468:9
[INFO] [stdout]   13:     0x57e24f4e8cc8 - std::panicking::rust_panic_with_hook::h8942133a8b252070
[INFO] [stdout]                                at /rustc/90b35a6239c3d8bdabc530a6a0816f7ff89a0aaf/library/std/src/panicking.rs:809:13
[INFO] [stdout]   14:     0x57e24f4e8a56 - std::panicking::begin_panic_handler::{{closure}}::hb5f5963570096b29
[INFO] [stdout]                                at /rustc/90b35a6239c3d8bdabc530a6a0816f7ff89a0aaf/library/std/src/panicking.rs:667:13
[INFO] [stdout]   15:     0x57e24f4e76a9 - std::sys::backtrace::__rust_end_short_backtrace::h6208cedc1922feda
[INFO] [stdout]                                at /rustc/90b35a6239c3d8bdabc530a6a0816f7ff89a0aaf/library/std/src/sys/backtrace.rs:170:18
[INFO] [stdout]   16:     0x57e24f4e871c - rust_begin_unwind
[INFO] [stdout]                                at /rustc/90b35a6239c3d8bdabc530a6a0816f7ff89a0aaf/library/std/src/panicking.rs:665:5
[INFO] [stdout]   17:     0x57e24f40ebe0 - core::panicking::panic_fmt::h0c3082644d1bf418
[INFO] [stdout]                                at /rustc/90b35a6239c3d8bdabc530a6a0816f7ff89a0aaf/library/core/src/panicking.rs:74:14
[INFO] [stdout]   18:     0x57e24f40ec6c - core::panicking::panic::h957f98c65a3b3074
[INFO] [stdout]                                at /rustc/90b35a6239c3d8bdabc530a6a0816f7ff89a0aaf/library/core/src/panicking.rs:148:5
[INFO] [stdout]   19:     0x57e24f42c410 - rust_monad::test::api::test_read_collection_class::hc2aa5f9092aa724d
[INFO] [stdout]                                at /opt/rustwide/workdir/src/test/api/mod.rs:47:5
[INFO] [stdout]   20:     0x57e24f42bdf7 - rust_monad::test::api::test_read_collection_class::{{closure}}::h528b37023af0e9e4
[INFO] [stdout]                                at /opt/rustwide/workdir/src/test/api/mod.rs:28:32
[INFO] [stdout]   21:     0x57e24f422046 - core::ops::function::FnOnce::call_once::hb2266e7a6b00256f
[INFO] [stdout]                                at /rustc/90b35a6239c3d8bdabc530a6a0816f7ff89a0aaf/library/core/src/ops/function.rs:250:5
[INFO] [stdout]   22:     0x57e24f4776fb - core::ops::function::FnOnce::call_once::h109cf8051a59b34e
[INFO] [stdout]                                at /rustc/90b35a6239c3d8bdabc530a6a0816f7ff89a0aaf/library/core/src/ops/function.rs:250:5
[INFO] [stdout]   23:     0x57e24f4776fb - test::__rust_begin_short_backtrace::hf4fff89d377446ba
[INFO] [stdout]                                at /rustc/90b35a6239c3d8bdabc530a6a0816f7ff89a0aaf/library/test/src/lib.rs:621:18
[INFO] [stdout]   24:     0x57e24f476f37 - test::run_test_in_process::{{closure}}::h0e39181dd7ee5a43
[INFO] [stdout]                                at /rustc/90b35a6239c3d8bdabc530a6a0816f7ff89a0aaf/library/test/src/lib.rs:644:60
[INFO] [stdout]   25:     0x57e24f476f37 - <core::panic::unwind_safe::AssertUnwindSafe<F> as core::ops::function::FnOnce<()>>::call_once::hc5a66a30f0bdfd1f
[INFO] [stdout]                                at /rustc/90b35a6239c3d8bdabc530a6a0816f7ff89a0aaf/library/core/src/panic/unwind_safe.rs:272:9
[INFO] [stdout]   26:     0x57e24f476f37 - std::panicking::try::do_call::h873b7cf639554a5e
[INFO] [stdout]                                at /rustc/90b35a6239c3d8bdabc530a6a0816f7ff89a0aaf/library/std/src/panicking.rs:557:40
[INFO] [stdout]   27:     0x57e24f476f37 - std::panicking::try::hdb19862fad9c8bd1
[INFO] [stdout]                                at /rustc/90b35a6239c3d8bdabc530a6a0816f7ff89a0aaf/library/std/src/panicking.rs:520:19
[INFO] [stdout]   28:     0x57e24f476f37 - std::panic::catch_unwind::h281fe732d236d260
[INFO] [stdout]                                at /rustc/90b35a6239c3d8bdabc530a6a0816f7ff89a0aaf/library/std/src/panic.rs:358:14
[INFO] [stdout]   29:     0x57e24f476f37 - test::run_test_in_process::h949b6df8457ed338
[INFO] [stdout]                                at /rustc/90b35a6239c3d8bdabc530a6a0816f7ff89a0aaf/library/test/src/lib.rs:644:27
[INFO] [stdout]   30:     0x57e24f476f37 - test::run_test::{{closure}}::h52c556a6d4740e10
[INFO] [stdout]                                at /rustc/90b35a6239c3d8bdabc530a6a0816f7ff89a0aaf/library/test/src/lib.rs:565:43
[INFO] [stdout]   31:     0x57e24f43c214 - test::run_test::{{closure}}::h4237f6381c45ccb9
[INFO] [stdout]                                at /rustc/90b35a6239c3d8bdabc530a6a0816f7ff89a0aaf/library/test/src/lib.rs:595:41
[INFO] [stdout]   32:     0x57e24f43c214 - std::sys::backtrace::__rust_begin_short_backtrace::h505c97a579eca628
[INFO] [stdout]                                at /rustc/90b35a6239c3d8bdabc530a6a0816f7ff89a0aaf/library/std/src/sys/backtrace.rs:154:18
[INFO] [stdout]   33:     0x57e24f43f8de - std::thread::Builder::spawn_unchecked_::{{closure}}::{{closure}}::h9e86b2e2bc107ea3
[INFO] [stdout]                                at /rustc/90b35a6239c3d8bdabc530a6a0816f7ff89a0aaf/library/std/src/thread/mod.rs:538:17
[INFO] [stdout]   34:     0x57e24f43f8de - <core::panic::unwind_safe::AssertUnwindSafe<F> as core::ops::function::FnOnce<()>>::call_once::h8b06ddb275ff4a25
[INFO] [stdout]                                at /rustc/90b35a6239c3d8bdabc530a6a0816f7ff89a0aaf/library/core/src/panic/unwind_safe.rs:272:9
[INFO] [stdout]   35:     0x57e24f43f8de - std::panicking::try::do_call::hb26ecd7cd9a9355d
[INFO] [stdout]                                at /rustc/90b35a6239c3d8bdabc530a6a0816f7ff89a0aaf/library/std/src/panicking.rs:557:40
[INFO] [stdout]   36:     0x57e24f43f8de - std::panicking::try::h8ddeca9d705f9069
[INFO] [stdout]                                at /rustc/90b35a6239c3d8bdabc530a6a0816f7ff89a0aaf/library/std/src/panicking.rs:520:19
[INFO] [stdout]   37:     0x57e24f43f8de - std::panic::catch_unwind::h49e1c33078844c46
[INFO] [stdout]                                at /rustc/90b35a6239c3d8bdabc530a6a0816f7ff89a0aaf/library/std/src/panic.rs:358:14
[INFO] [stdout]   38:     0x57e24f43f8de - std::thread::Builder::spawn_unchecked_::{{closure}}::h6073db6ff56ad35d
[INFO] [stdout]                                at /rustc/90b35a6239c3d8bdabc530a6a0816f7ff89a0aaf/library/std/src/thread/mod.rs:537:30
[INFO] [stdout]   39:     0x57e24f43f8de - core::ops::function::FnOnce::call_once{{vtable.shim}}::h2c5a5f3779c774f1
[INFO] [stdout]                                at /rustc/90b35a6239c3d8bdabc530a6a0816f7ff89a0aaf/library/core/src/ops/function.rs:250:5
[INFO] [stdout]   40:     0x57e24f4ed61b - <alloc::boxed::Box<F,A> as core::ops::function::FnOnce<Args>>::call_once::hf75717d9f28faebf
[INFO] [stdout]                                at /rustc/90b35a6239c3d8bdabc530a6a0816f7ff89a0aaf/library/alloc/src/boxed.rs:2454:9
[INFO] [stdout]   41:     0x57e24f4ed61b - <alloc::boxed::Box<F,A> as core::ops::function::FnOnce<Args>>::call_once::h7bd883a5f3c5f3c1
[INFO] [stdout]                                at /rustc/90b35a6239c3d8bdabc530a6a0816f7ff89a0aaf/library/alloc/src/boxed.rs:2454:9
[INFO] [stdout]   42:     0x57e24f4ed61b - std::sys::pal::unix::thread::Thread::new::thread_start::hcc78f3943333fa94
[INFO] [stdout]                                at /rustc/90b35a6239c3d8bdabc530a6a0816f7ff89a0aaf/library/std/src/sys/pal/unix/thread.rs:105:17
[INFO] [stdout]   43:     0x7d23975c5ac3 - <unknown>
[INFO] [stdout]   44:     0x7d2397656a04 - clone
[INFO] [stdout]   45:                0x0 - <unknown>
[INFO] [stdout] 
[INFO] [stdout] 
[INFO] [stdout] failures:
[INFO] [stdout]     test::api::test_read_collection_class
[INFO] [stdout]     test::api::test_read_field
[INFO] [stdout]     test::api::test_read_object
[INFO] [stdout] 
[INFO] [stdout] test result: FAILED. 0 passed; 3 failed; 0 ignored; 0 measured; 0 filtered out; finished in 0.05s
[INFO] [stdout] 
[INFO] running `Command { std: "docker" "inspect" "186ebb8b26ef8ffd26d0449c0f6324fd1c8ff427229063f2b9f47791b3d81763", kill_on_drop: false }`
[INFO] running `Command { std: "docker" "rm" "-f" "186ebb8b26ef8ffd26d0449c0f6324fd1c8ff427229063f2b9f47791b3d81763", kill_on_drop: false }`
[INFO] [stdout] 186ebb8b26ef8ffd26d0449c0f6324fd1c8ff427229063f2b9f47791b3d81763
