[INFO] cloning repository https://github.com/deslaughter/roturb
[INFO] running `Command { std: "git" "-c" "credential.helper=" "-c" "credential.helper=/workspace/cargo-home/bin/git-credential-null" "clone" "--bare" "https://github.com/deslaughter/roturb" "/workspace/cache/git-repos/https%3A%2F%2Fgithub.com%2Fdeslaughter%2Froturb", kill_on_drop: false }`
[INFO] [stderr] Cloning into bare repository '/workspace/cache/git-repos/https%3A%2F%2Fgithub.com%2Fdeslaughter%2Froturb'...
[INFO] running `Command { std: "git" "rev-parse" "HEAD", kill_on_drop: false }`
[INFO] [stdout] f90a441a20659f7fc9c640e1a1bd08b20aa830b3
[INFO] testing deslaughter/roturb against 1.83.0 for beta-1.84.0-4-retry
[INFO] running `Command { std: "git" "clone" "/workspace/cache/git-repos/https%3A%2F%2Fgithub.com%2Fdeslaughter%2Froturb" "/workspace/builds/worker-0-tc1/source", kill_on_drop: false }`
[INFO] [stderr] Cloning into '/workspace/builds/worker-0-tc1/source'...
[INFO] [stderr] done.
[INFO] validating manifest of git repo https://github.com/deslaughter/roturb on toolchain 1.83.0
[INFO] running `Command { std: CARGO_HOME="/workspace/cargo-home" RUSTUP_HOME="/workspace/rustup-home" "/workspace/cargo-home/bin/cargo" "+1.83.0" "metadata" "--manifest-path" "Cargo.toml" "--no-deps", kill_on_drop: false }`
[INFO] started tweaking git repo https://github.com/deslaughter/roturb
[INFO] finished tweaking git repo https://github.com/deslaughter/roturb
[INFO] tweaked toml for git repo https://github.com/deslaughter/roturb written to /workspace/builds/worker-0-tc1/source/Cargo.toml
[INFO] crate git repo https://github.com/deslaughter/roturb already has a lockfile, it will not be regenerated
[INFO] running `Command { std: CARGO_HOME="/workspace/cargo-home" RUSTUP_HOME="/workspace/rustup-home" "/workspace/cargo-home/bin/cargo" "+1.83.0" "fetch" "--manifest-path" "Cargo.toml", kill_on_drop: false }`
[INFO] [stderr]     Updating crates.io index
[INFO] [stderr]  Downloading crates ...
[INFO] [stderr]   Downloaded lz4_flex v0.7.5
[INFO] [stderr]   Downloaded vtkio v0.6.3
[INFO] [stderr]   Downloaded gauss-quad v0.1.8
[INFO] running `Command { std: "docker" "create" "-v" "/var/lib/crater-agent-workspace/builds/worker-0-tc1/target:/opt/rustwide/target:rw,Z" "-v" "/var/lib/crater-agent-workspace/builds/worker-0-tc1/source:/opt/rustwide/workdir:ro,Z" "-v" "/var/lib/crater-agent-workspace/cargo-home:/opt/rustwide/cargo-home:ro,Z" "-v" "/var/lib/crater-agent-workspace/rustup-home:/opt/rustwide/rustup-home:ro,Z" "-e" "SOURCE_DIR=/opt/rustwide/workdir" "-e" "CARGO_TARGET_DIR=/opt/rustwide/target" "-e" "CARGO_HOME=/opt/rustwide/cargo-home" "-e" "RUSTUP_HOME=/opt/rustwide/rustup-home" "-w" "/opt/rustwide/workdir" "-m" "1610612736" "--user" "0:0" "--network" "none" "ghcr.io/rust-lang/crates-build-env/linux@sha256:f3a9d4ad9d972b27faf3965f35b62e55ba32bbce8f20bc8fe909558a86702fde" "/opt/rustwide/cargo-home/bin/cargo" "+1.83.0" "metadata" "--no-deps" "--format-version=1", kill_on_drop: false }`
[INFO] [stdout] 11625cd9db39fa4f3be36e5e348023e01e33329bf297f841cf8922765b043b1d
[INFO] running `Command { std: "docker" "start" "-a" "11625cd9db39fa4f3be36e5e348023e01e33329bf297f841cf8922765b043b1d", kill_on_drop: false }`
[INFO] running `Command { std: "docker" "inspect" "11625cd9db39fa4f3be36e5e348023e01e33329bf297f841cf8922765b043b1d", kill_on_drop: false }`
[INFO] running `Command { std: "docker" "rm" "-f" "11625cd9db39fa4f3be36e5e348023e01e33329bf297f841cf8922765b043b1d", kill_on_drop: false }`
[INFO] [stdout] 11625cd9db39fa4f3be36e5e348023e01e33329bf297f841cf8922765b043b1d
[INFO] running `Command { std: "docker" "create" "-v" "/var/lib/crater-agent-workspace/builds/worker-0-tc1/target:/opt/rustwide/target:rw,Z" "-v" "/var/lib/crater-agent-workspace/builds/worker-0-tc1/source:/opt/rustwide/workdir:ro,Z" "-v" "/var/lib/crater-agent-workspace/cargo-home:/opt/rustwide/cargo-home:ro,Z" "-v" "/var/lib/crater-agent-workspace/rustup-home:/opt/rustwide/rustup-home:ro,Z" "-e" "SOURCE_DIR=/opt/rustwide/workdir" "-e" "CARGO_TARGET_DIR=/opt/rustwide/target" "-e" "CARGO_INCREMENTAL=0" "-e" "RUST_BACKTRACE=full" "-e" "RUSTFLAGS=--cap-lints=warn" "-e" "RUSTDOCFLAGS=--cap-lints=warn" "-e" "CARGO_HOME=/opt/rustwide/cargo-home" "-e" "RUSTUP_HOME=/opt/rustwide/rustup-home" "-w" "/opt/rustwide/workdir" "-m" "1610612736" "--user" "0:0" "--network" "none" "ghcr.io/rust-lang/crates-build-env/linux@sha256:f3a9d4ad9d972b27faf3965f35b62e55ba32bbce8f20bc8fe909558a86702fde" "/opt/rustwide/cargo-home/bin/cargo" "+1.83.0" "build" "--frozen" "--message-format=json", kill_on_drop: false }`
[INFO] [stdout] 222deab8d45d7e07e5d4f9bf9c9c6547636424b449353018c3e89e7403d23f58
[INFO] running `Command { std: "docker" "start" "-a" "222deab8d45d7e07e5d4f9bf9c9c6547636424b449353018c3e89e7403d23f58", kill_on_drop: false }`
[INFO] [stderr]    Compiling proc-macro2 v1.0.79
[INFO] [stderr]    Compiling unicode-ident v1.0.12
[INFO] [stderr]    Compiling autocfg v1.1.0
[INFO] [stderr]    Compiling serde v1.0.197
[INFO] [stderr]    Compiling syn v1.0.109
[INFO] [stderr]    Compiling bytemuck v1.15.0
[INFO] [stderr]    Compiling libc v0.2.153
[INFO] [stderr]    Compiling paste v1.0.14
[INFO] [stderr]    Compiling cc v1.0.90
[INFO] [stderr]    Compiling pkg-config v0.3.30
[INFO] [stderr]    Compiling typenum v1.17.0
[INFO] [stderr]    Compiling crc32fast v1.4.0
[INFO] [stderr]    Compiling rawpointer v0.2.1
[INFO] [stderr]    Compiling adler v1.0.2
[INFO] [stderr]    Compiling cfg-if v1.0.0
[INFO] [stderr]    Compiling serde_json v1.0.114
[INFO] [stderr]    Compiling memchr v2.7.1
[INFO] [stderr]    Compiling itoa v1.0.10
[INFO] [stderr]    Compiling miniz_oxide v0.7.2
[INFO] [stderr]    Compiling byteorder v1.5.0
[INFO] [stderr]    Compiling base64 v0.13.1
[INFO] [stderr]    Compiling safe_arch v0.7.1
[INFO] [stderr]    Compiling ryu v1.0.17
[INFO] [stderr]    Compiling lz4_flex v0.7.5
[INFO] [stderr]    Compiling either v1.10.0
[INFO] [stderr]    Compiling num-traits v0.2.18
[INFO] [stderr]    Compiling matrixmultiply v0.3.8
[INFO] [stderr]    Compiling num-rational v0.4.1
[INFO] [stderr]    Compiling itertools v0.12.1
[INFO] [stderr]    Compiling wide v0.7.15
[INFO] [stderr]    Compiling flate2 v1.0.28
[INFO] [stderr]    Compiling quote v1.0.35
[INFO] [stderr]    Compiling lzma-sys v0.1.20
[INFO] [stderr]    Compiling memchr v1.0.2
[INFO] [stderr]    Compiling nom v3.2.1
[INFO] [stderr]    Compiling syn v2.0.53
[INFO] [stderr]    Compiling xz2 v0.1.7
[INFO] [stderr]    Compiling approx v0.5.1
[INFO] [stderr]    Compiling num-integer v0.1.46
[INFO] [stderr]    Compiling serde_derive v1.0.197
[INFO] [stderr]    Compiling nalgebra-macros v0.1.0
[INFO] [stderr]    Compiling nalgebra-macros v0.2.1
[INFO] [stderr]    Compiling num-derive v0.3.3
[INFO] [stderr]    Compiling num-complex v0.4.5
[INFO] [stderr]    Compiling quick-xml v0.22.0
[INFO] [stderr]    Compiling simba v0.7.3
[INFO] [stderr]    Compiling simba v0.8.1
[INFO] [stderr]    Compiling vtkio v0.6.3
[INFO] [stderr]    Compiling nalgebra v0.30.1
[INFO] [stderr]    Compiling nalgebra v0.32.4
[INFO] [stderr]    Compiling gauss-quad v0.1.8
[INFO] [stderr]    Compiling roturb v0.1.0 (/opt/rustwide/workdir)
[INFO] [stdout] warning: unused import: `std::io::Write`
[INFO] [stdout]  --> src/solver.rs:5:5
[INFO] [stdout]   |
[INFO] [stdout] 5 | use std::io::Write;
[INFO] [stdout]   |     ^^^^^^^^^^^^^^
[INFO] [stdout]   |
[INFO] [stdout]   = note: `#[warn(unused_imports)]` on by default
[INFO] [stdout] 
[INFO] [stdout] 
[INFO] [stdout] warning: variable does not need to be mutable
[INFO] [stdout]    --> src/prelude.rs:156:13
[INFO] [stdout]     |
[INFO] [stdout] 156 |         let mut q0 = self.w;
[INFO] [stdout]     |             ----^^
[INFO] [stdout]     |             |
[INFO] [stdout]     |             help: remove this `mut`
[INFO] [stdout]     |
[INFO] [stdout]     = note: `#[warn(unused_mut)]` on by default
[INFO] [stdout] 
[INFO] [stdout] 
[INFO] [stdout] warning: variable does not need to be mutable
[INFO] [stdout]    --> src/prelude.rs:157:13
[INFO] [stdout]     |
[INFO] [stdout] 157 |         let mut q = self.vector();
[INFO] [stdout]     |             ----^
[INFO] [stdout]     |             |
[INFO] [stdout]     |             help: remove this `mut`
[INFO] [stdout] 
[INFO] [stdout] 
[INFO] [stdout] warning: variable does not need to be mutable
[INFO] [stdout]    --> src/prelude.rs:180:13
[INFO] [stdout]     |
[INFO] [stdout] 180 |         let mut q0 = self.w;
[INFO] [stdout]     |             ----^^
[INFO] [stdout]     |             |
[INFO] [stdout]     |             help: remove this `mut`
[INFO] [stdout] 
[INFO] [stdout] 
[INFO] [stdout] warning: variable does not need to be mutable
[INFO] [stdout]    --> src/prelude.rs:181:13
[INFO] [stdout]     |
[INFO] [stdout] 181 |         let mut q = self.vector();
[INFO] [stdout]     |             ----^
[INFO] [stdout]     |             |
[INFO] [stdout]     |             help: remove this `mut`
[INFO] [stdout] 
[INFO] [stdout] 
[INFO] [stdout] warning: unused variable: `A_r0`
[INFO] [stdout]   --> src/element/gebt.rs:41:13
[INFO] [stdout]    |
[INFO] [stdout] 41 |         let A_r0: Vector4 = ref_x0.fixed_rows::<4>(3).clone_owned();
[INFO] [stdout]    |             ^^^^ help: if this is intentional, prefix it with an underscore: `_A_r0`
[INFO] [stdout]    |
[INFO] [stdout]    = note: `#[warn(unused_variables)]` on by default
[INFO] [stdout] 
[INFO] [stdout] 
[INFO] [stdout] warning: unused variable: `B_r0`
[INFO] [stdout]   --> src/element/gebt.rs:43:13
[INFO] [stdout]    |
[INFO] [stdout] 43 |         let B_r0: Vector4 = self.nodes.r0.fixed_columns::<1>(node_index).clone_owned();
[INFO] [stdout]    |             ^^^^ help: if this is intentional, prefix it with an underscore: `_B_r0`
[INFO] [stdout] 
[INFO] [stdout] 
[INFO] [stdout] warning: unused variable: `energy_increment_ref`
[INFO] [stdout]    --> src/solver.rs:234:17
[INFO] [stdout]     |
[INFO] [stdout] 234 |         let mut energy_increment_ref: f64 = 0.;
[INFO] [stdout]     |                 ^^^^^^^^^^^^^^^^^^^^ help: if this is intentional, prefix it with an underscore: `_energy_increment_ref`
[INFO] [stdout] 
[INFO] [stdout] 
[INFO] [stdout] warning: unused variable: `iter`
[INFO] [stdout]    --> src/solver.rs:237:13
[INFO] [stdout]     |
[INFO] [stdout] 237 |         for iter in 0..20 {
[INFO] [stdout]     |             ^^^^ help: if this is intentional, prefix it with an underscore: `_iter`
[INFO] [stdout] 
[INFO] [stdout] 
[INFO] [stdout] warning: unused variable: `i`
[INFO] [stdout]    --> src/solver.rs:219:9
[INFO] [stdout]     |
[INFO] [stdout] 219 |         i: usize,
[INFO] [stdout]     |         ^ help: if this is intentional, prefix it with an underscore: `_i`
[INFO] [stdout] 
[INFO] [stdout] 
[INFO] [stdout] warning: variable does not need to be mutable
[INFO] [stdout]    --> src/solver.rs:234:13
[INFO] [stdout]     |
[INFO] [stdout] 234 |         let mut energy_increment_ref: f64 = 0.;
[INFO] [stdout]     |             ----^^^^^^^^^^^^^^^^^^^^
[INFO] [stdout]     |             |
[INFO] [stdout]     |             help: remove this `mut`
[INFO] [stdout] 
[INFO] [stdout] 
[INFO] [stdout] warning: trait method `E` should have a snake case name
[INFO] [stdout]    --> src/prelude.rs:133:8
[INFO] [stdout]     |
[INFO] [stdout] 133 |     fn E(&self) -> Matrix3x4;
[INFO] [stdout]     |        ^ help: convert the identifier to snake case: `e`
[INFO] [stdout]     |
[INFO] [stdout]     = note: `#[warn(non_snake_case)]` on by default
[INFO] [stdout] 
[INFO] [stdout] 
[INFO] [stdout] warning: trait method `G` should have a snake case name
[INFO] [stdout]    --> src/prelude.rs:134:8
[INFO] [stdout]     |
[INFO] [stdout] 134 |     fn G(&self) -> Matrix3x4;
[INFO] [stdout]     |        ^ help: convert the identifier to snake case: `g`
[INFO] [stdout] 
[INFO] [stdout] 
[INFO] [stderr]     Finished `dev` profile [unoptimized + debuginfo] target(s) in 41.98s
[INFO] [stderr] warning: the following packages contain code that will be rejected by a future version of Rust: nom v3.2.1, quick-xml v0.22.0
[INFO] [stderr] note: to see what the problems were, use the option `--future-incompat-report`, or run `cargo report future-incompatibilities --id 1`
[INFO] running `Command { std: "docker" "inspect" "222deab8d45d7e07e5d4f9bf9c9c6547636424b449353018c3e89e7403d23f58", kill_on_drop: false }`
[INFO] running `Command { std: "docker" "rm" "-f" "222deab8d45d7e07e5d4f9bf9c9c6547636424b449353018c3e89e7403d23f58", kill_on_drop: false }`
[INFO] [stdout] 222deab8d45d7e07e5d4f9bf9c9c6547636424b449353018c3e89e7403d23f58
[INFO] running `Command { std: "docker" "create" "-v" "/var/lib/crater-agent-workspace/builds/worker-0-tc1/target:/opt/rustwide/target:rw,Z" "-v" "/var/lib/crater-agent-workspace/builds/worker-0-tc1/source:/opt/rustwide/workdir:ro,Z" "-v" "/var/lib/crater-agent-workspace/cargo-home:/opt/rustwide/cargo-home:ro,Z" "-v" "/var/lib/crater-agent-workspace/rustup-home:/opt/rustwide/rustup-home:ro,Z" "-e" "SOURCE_DIR=/opt/rustwide/workdir" "-e" "CARGO_TARGET_DIR=/opt/rustwide/target" "-e" "CARGO_INCREMENTAL=0" "-e" "RUST_BACKTRACE=full" "-e" "RUSTFLAGS=--cap-lints=warn" "-e" "RUSTDOCFLAGS=--cap-lints=warn" "-e" "CARGO_HOME=/opt/rustwide/cargo-home" "-e" "RUSTUP_HOME=/opt/rustwide/rustup-home" "-w" "/opt/rustwide/workdir" "-m" "1610612736" "--user" "0:0" "--network" "none" "ghcr.io/rust-lang/crates-build-env/linux@sha256:f3a9d4ad9d972b27faf3965f35b62e55ba32bbce8f20bc8fe909558a86702fde" "/opt/rustwide/cargo-home/bin/cargo" "+1.83.0" "test" "--frozen" "--no-run" "--message-format=json", kill_on_drop: false }`
[INFO] [stdout] bbd68df509d9e64059a2714d7f6b0cd83acc2df223ca41227e61edbc82b55c93
[INFO] running `Command { std: "docker" "start" "-a" "bbd68df509d9e64059a2714d7f6b0cd83acc2df223ca41227e61edbc82b55c93", kill_on_drop: false }`
[INFO] [stdout] warning: unused import: `std::io::Write`
[INFO] [stdout]  --> src/solver.rs:5:5
[INFO] [stdout]   |
[INFO] [stdout] 5 | use std::io::Write;
[INFO] [stdout]   |     ^^^^^^^^^^^^^^
[INFO] [stdout]   |
[INFO] [stdout]   = note: `#[warn(unused_imports)]` on by default
[INFO] [stdout] 
[INFO] [stdout] 
[INFO] [stdout] warning: variable does not need to be mutable
[INFO] [stdout]    --> src/prelude.rs:156:13
[INFO] [stdout]     |
[INFO] [stdout] 156 |         let mut q0 = self.w;
[INFO] [stdout]     |             ----^^
[INFO] [stdout]     |             |
[INFO] [stdout]     |             help: remove this `mut`
[INFO] [stdout]     |
[INFO] [stdout]     = note: `#[warn(unused_mut)]` on by default
[INFO] [stdout] 
[INFO] [stdout] 
[INFO] [stderr]    Compiling roturb v0.1.0 (/opt/rustwide/workdir)
[INFO] [stdout] warning: variable does not need to be mutable
[INFO] [stdout]    --> src/prelude.rs:157:13
[INFO] [stdout]     |
[INFO] [stdout] 157 |         let mut q = self.vector();
[INFO] [stdout]     |             ----^
[INFO] [stdout]     |             |
[INFO] [stdout]     |             help: remove this `mut`
[INFO] [stdout] 
[INFO] [stdout] 
[INFO] [stdout] warning: variable does not need to be mutable
[INFO] [stdout]    --> src/prelude.rs:180:13
[INFO] [stdout]     |
[INFO] [stdout] 180 |         let mut q0 = self.w;
[INFO] [stdout]     |             ----^^
[INFO] [stdout]     |             |
[INFO] [stdout]     |             help: remove this `mut`
[INFO] [stdout] 
[INFO] [stdout] 
[INFO] [stdout] warning: variable does not need to be mutable
[INFO] [stdout]    --> src/prelude.rs:181:13
[INFO] [stdout]     |
[INFO] [stdout] 181 |         let mut q = self.vector();
[INFO] [stdout]     |             ----^
[INFO] [stdout]     |             |
[INFO] [stdout]     |             help: remove this `mut`
[INFO] [stdout] 
[INFO] [stdout] 
[INFO] [stdout] warning: unused variable: `A_r0`
[INFO] [stdout]   --> src/element/gebt.rs:41:13
[INFO] [stdout]    |
[INFO] [stdout] 41 |         let A_r0: Vector4 = ref_x0.fixed_rows::<4>(3).clone_owned();
[INFO] [stdout]    |             ^^^^ help: if this is intentional, prefix it with an underscore: `_A_r0`
[INFO] [stdout]    |
[INFO] [stdout]    = note: `#[warn(unused_variables)]` on by default
[INFO] [stdout] 
[INFO] [stdout] 
[INFO] [stdout] warning: unused variable: `B_r0`
[INFO] [stdout]   --> src/element/gebt.rs:43:13
[INFO] [stdout]    |
[INFO] [stdout] 43 |         let B_r0: Vector4 = self.nodes.r0.fixed_columns::<1>(node_index).clone_owned();
[INFO] [stdout]    |             ^^^^ help: if this is intentional, prefix it with an underscore: `_B_r0`
[INFO] [stdout] 
[INFO] [stdout] 
[INFO] [stdout] warning: unused variable: `energy_increment_ref`
[INFO] [stdout]    --> src/solver.rs:234:17
[INFO] [stdout]     |
[INFO] [stdout] 234 |         let mut energy_increment_ref: f64 = 0.;
[INFO] [stdout]     |                 ^^^^^^^^^^^^^^^^^^^^ help: if this is intentional, prefix it with an underscore: `_energy_increment_ref`
[INFO] [stdout] 
[INFO] [stdout] 
[INFO] [stdout] warning: unused variable: `iter`
[INFO] [stdout]    --> src/solver.rs:237:13
[INFO] [stdout]     |
[INFO] [stdout] 237 |         for iter in 0..20 {
[INFO] [stdout]     |             ^^^^ help: if this is intentional, prefix it with an underscore: `_iter`
[INFO] [stdout] 
[INFO] [stdout] 
[INFO] [stdout] warning: unused variable: `i`
[INFO] [stdout]    --> src/solver.rs:219:9
[INFO] [stdout]     |
[INFO] [stdout] 219 |         i: usize,
[INFO] [stdout]     |         ^ help: if this is intentional, prefix it with an underscore: `_i`
[INFO] [stdout] 
[INFO] [stdout] 
[INFO] [stdout] warning: variable does not need to be mutable
[INFO] [stdout]    --> src/solver.rs:234:13
[INFO] [stdout]     |
[INFO] [stdout] 234 |         let mut energy_increment_ref: f64 = 0.;
[INFO] [stdout]     |             ----^^^^^^^^^^^^^^^^^^^^
[INFO] [stdout]     |             |
[INFO] [stdout]     |             help: remove this `mut`
[INFO] [stdout] 
[INFO] [stdout] 
[INFO] [stdout] warning: trait method `E` should have a snake case name
[INFO] [stdout]    --> src/prelude.rs:133:8
[INFO] [stdout]     |
[INFO] [stdout] 133 |     fn E(&self) -> Matrix3x4;
[INFO] [stdout]     |        ^ help: convert the identifier to snake case: `e`
[INFO] [stdout]     |
[INFO] [stdout]     = note: `#[warn(non_snake_case)]` on by default
[INFO] [stdout] 
[INFO] [stdout] 
[INFO] [stdout] warning: trait method `G` should have a snake case name
[INFO] [stdout]    --> src/prelude.rs:134:8
[INFO] [stdout]     |
[INFO] [stdout] 134 |     fn G(&self) -> Matrix3x4;
[INFO] [stdout]     |        ^ help: convert the identifier to snake case: `g`
[INFO] [stdout] 
[INFO] [stdout] 
[INFO] [stdout] warning: unused import: `std::io::Write`
[INFO] [stdout]  --> src/solver.rs:5:5
[INFO] [stdout]   |
[INFO] [stdout] 5 | use std::io::Write;
[INFO] [stdout]   |     ^^^^^^^^^^^^^^
[INFO] [stdout]   |
[INFO] [stdout]   = note: `#[warn(unused_imports)]` on by default
[INFO] [stdout] 
[INFO] [stdout] 
[INFO] [stdout] warning: variable does not need to be mutable
[INFO] [stdout]    --> src/prelude.rs:156:13
[INFO] [stdout]     |
[INFO] [stdout] 156 |         let mut q0 = self.w;
[INFO] [stdout]     |             ----^^
[INFO] [stdout]     |             |
[INFO] [stdout]     |             help: remove this `mut`
[INFO] [stdout]     |
[INFO] [stdout]     = note: `#[warn(unused_mut)]` on by default
[INFO] [stdout] 
[INFO] [stdout] 
[INFO] [stdout] warning: variable does not need to be mutable
[INFO] [stdout]    --> src/prelude.rs:157:13
[INFO] [stdout]     |
[INFO] [stdout] 157 |         let mut q = self.vector();
[INFO] [stdout]     |             ----^
[INFO] [stdout]     |             |
[INFO] [stdout]     |             help: remove this `mut`
[INFO] [stdout] 
[INFO] [stdout] 
[INFO] [stdout] warning: variable does not need to be mutable
[INFO] [stdout]    --> src/prelude.rs:180:13
[INFO] [stdout]     |
[INFO] [stdout] 180 |         let mut q0 = self.w;
[INFO] [stdout]     |             ----^^
[INFO] [stdout]     |             |
[INFO] [stdout]     |             help: remove this `mut`
[INFO] [stdout] 
[INFO] [stdout] 
[INFO] [stdout] warning: variable does not need to be mutable
[INFO] [stdout]    --> src/prelude.rs:181:13
[INFO] [stdout]     |
[INFO] [stdout] 181 |         let mut q = self.vector();
[INFO] [stdout]     |             ----^
[INFO] [stdout]     |             |
[INFO] [stdout]     |             help: remove this `mut`
[INFO] [stdout] 
[INFO] [stdout] 
[INFO] [stdout] warning: unused variable: `A_r0`
[INFO] [stdout]   --> src/element/gebt.rs:41:13
[INFO] [stdout]    |
[INFO] [stdout] 41 |         let A_r0: Vector4 = ref_x0.fixed_rows::<4>(3).clone_owned();
[INFO] [stdout]    |             ^^^^ help: if this is intentional, prefix it with an underscore: `_A_r0`
[INFO] [stdout]    |
[INFO] [stdout]    = note: `#[warn(unused_variables)]` on by default
[INFO] [stdout] 
[INFO] [stdout] 
[INFO] [stdout] warning: unused variable: `B_r0`
[INFO] [stdout]   --> src/element/gebt.rs:43:13
[INFO] [stdout]    |
[INFO] [stdout] 43 |         let B_r0: Vector4 = self.nodes.r0.fixed_columns::<1>(node_index).clone_owned();
[INFO] [stdout]    |             ^^^^ help: if this is intentional, prefix it with an underscore: `_B_r0`
[INFO] [stdout] 
[INFO] [stdout] 
[INFO] [stdout] warning: unused variable: `energy_increment_ref`
[INFO] [stdout]    --> src/solver.rs:234:17
[INFO] [stdout]     |
[INFO] [stdout] 234 |         let mut energy_increment_ref: f64 = 0.;
[INFO] [stdout]     |                 ^^^^^^^^^^^^^^^^^^^^ help: if this is intentional, prefix it with an underscore: `_energy_increment_ref`
[INFO] [stdout] 
[INFO] [stdout] 
[INFO] [stdout] warning: unused variable: `iter`
[INFO] [stdout]    --> src/solver.rs:237:13
[INFO] [stdout]     |
[INFO] [stdout] 237 |         for iter in 0..20 {
[INFO] [stdout]     |             ^^^^ help: if this is intentional, prefix it with an underscore: `_iter`
[INFO] [stdout] 
[INFO] [stdout] 
[INFO] [stdout] warning: unused variable: `i`
[INFO] [stdout]    --> src/solver.rs:219:9
[INFO] [stdout]     |
[INFO] [stdout] 219 |         i: usize,
[INFO] [stdout]     |         ^ help: if this is intentional, prefix it with an underscore: `_i`
[INFO] [stdout] 
[INFO] [stdout] 
[INFO] [stdout] warning: variable does not need to be mutable
[INFO] [stdout]    --> src/solver.rs:234:13
[INFO] [stdout]     |
[INFO] [stdout] 234 |         let mut energy_increment_ref: f64 = 0.;
[INFO] [stdout]     |             ----^^^^^^^^^^^^^^^^^^^^
[INFO] [stdout]     |             |
[INFO] [stdout]     |             help: remove this `mut`
[INFO] [stdout] 
[INFO] [stdout] 
[INFO] [stdout] warning: trait method `E` should have a snake case name
[INFO] [stdout]    --> src/prelude.rs:133:8
[INFO] [stdout]     |
[INFO] [stdout] 133 |     fn E(&self) -> Matrix3x4;
[INFO] [stdout]     |        ^ help: convert the identifier to snake case: `e`
[INFO] [stdout]     |
[INFO] [stdout]     = note: `#[warn(non_snake_case)]` on by default
[INFO] [stdout] 
[INFO] [stdout] 
[INFO] [stdout] warning: trait method `G` should have a snake case name
[INFO] [stdout]    --> src/prelude.rs:134:8
[INFO] [stdout]     |
[INFO] [stdout] 134 |     fn G(&self) -> Matrix3x4;
[INFO] [stdout]     |        ^ help: convert the identifier to snake case: `g`
[INFO] [stdout] 
[INFO] [stdout] 
[INFO] [stderr]     Finished `test` profile [unoptimized + debuginfo] target(s) in 5.08s
[INFO] [stderr] warning: the following packages contain code that will be rejected by a future version of Rust: nom v3.2.1, quick-xml v0.22.0
[INFO] [stderr] note: to see what the problems were, use the option `--future-incompat-report`, or run `cargo report future-incompatibilities --id 1`
[INFO] running `Command { std: "docker" "inspect" "bbd68df509d9e64059a2714d7f6b0cd83acc2df223ca41227e61edbc82b55c93", kill_on_drop: false }`
[INFO] running `Command { std: "docker" "rm" "-f" "bbd68df509d9e64059a2714d7f6b0cd83acc2df223ca41227e61edbc82b55c93", kill_on_drop: false }`
[INFO] [stdout] bbd68df509d9e64059a2714d7f6b0cd83acc2df223ca41227e61edbc82b55c93
[INFO] running `Command { std: "docker" "create" "-v" "/var/lib/crater-agent-workspace/builds/worker-0-tc1/target:/opt/rustwide/target:rw,Z" "-v" "/var/lib/crater-agent-workspace/builds/worker-0-tc1/source:/opt/rustwide/workdir:ro,Z" "-v" "/var/lib/crater-agent-workspace/cargo-home:/opt/rustwide/cargo-home:ro,Z" "-v" "/var/lib/crater-agent-workspace/rustup-home:/opt/rustwide/rustup-home:ro,Z" "-e" "SOURCE_DIR=/opt/rustwide/workdir" "-e" "CARGO_TARGET_DIR=/opt/rustwide/target" "-e" "CARGO_INCREMENTAL=0" "-e" "RUST_BACKTRACE=full" "-e" "RUSTFLAGS=--cap-lints=warn" "-e" "RUSTDOCFLAGS=--cap-lints=warn" "-e" "CARGO_HOME=/opt/rustwide/cargo-home" "-e" "RUSTUP_HOME=/opt/rustwide/rustup-home" "-w" "/opt/rustwide/workdir" "-m" "1610612736" "--user" "0:0" "--network" "none" "ghcr.io/rust-lang/crates-build-env/linux@sha256:f3a9d4ad9d972b27faf3965f35b62e55ba32bbce8f20bc8fe909558a86702fde" "/opt/rustwide/cargo-home/bin/cargo" "+1.83.0" "test" "--frozen", kill_on_drop: false }`
[INFO] [stdout] 46d61d5b7aeef14040bf69f56f641eefc50055a4a77d6ac599c5a84232468d30
[INFO] running `Command { std: "docker" "start" "-a" "46d61d5b7aeef14040bf69f56f641eefc50055a4a77d6ac599c5a84232468d30", kill_on_drop: false }`
[INFO] [stderr] warning: unused import: `std::io::Write`
[INFO] [stderr]  --> src/solver.rs:5:5
[INFO] [stderr]   |
[INFO] [stderr] 5 | use std::io::Write;
[INFO] [stderr]   |     ^^^^^^^^^^^^^^
[INFO] [stderr]   |
[INFO] [stderr]   = note: `#[warn(unused_imports)]` on by default
[INFO] [stderr] 
[INFO] [stderr] warning: variable does not need to be mutable
[INFO] [stderr]    --> src/prelude.rs:156:13
[INFO] [stderr]     |
[INFO] [stderr] 156 |         let mut q0 = self.w;
[INFO] [stderr]     |             ----^^
[INFO] [stderr]     |             |
[INFO] [stderr]     |             help: remove this `mut`
[INFO] [stderr]     |
[INFO] [stderr]     = note: `#[warn(unused_mut)]` on by default
[INFO] [stderr] 
[INFO] [stderr] warning: variable does not need to be mutable
[INFO] [stderr]    --> src/prelude.rs:157:13
[INFO] [stderr]     |
[INFO] [stderr] 157 |         let mut q = self.vector();
[INFO] [stderr]     |             ----^
[INFO] [stderr]     |             |
[INFO] [stderr]     |             help: remove this `mut`
[INFO] [stderr] 
[INFO] [stderr] warning: variable does not need to be mutable
[INFO] [stderr]    --> src/prelude.rs:180:13
[INFO] [stderr]     |
[INFO] [stderr] 180 |         let mut q0 = self.w;
[INFO] [stderr]     |             ----^^
[INFO] [stderr]     |             |
[INFO] [stderr]     |             help: remove this `mut`
[INFO] [stderr] 
[INFO] [stderr] warning: variable does not need to be mutable
[INFO] [stderr]    --> src/prelude.rs:181:13
[INFO] [stderr]     |
[INFO] [stderr] 181 |         let mut q = self.vector();
[INFO] [stderr]     |             ----^
[INFO] [stderr]     |             |
[INFO] [stderr]     |             help: remove this `mut`
[INFO] [stderr] 
[INFO] [stderr] warning: unused variable: `A_r0`
[INFO] [stderr]   --> src/element/gebt.rs:41:13
[INFO] [stderr]    |
[INFO] [stderr] 41 |         let A_r0: Vector4 = ref_x0.fixed_rows::<4>(3).clone_owned();
[INFO] [stderr]    |             ^^^^ help: if this is intentional, prefix it with an underscore: `_A_r0`
[INFO] [stderr]    |
[INFO] [stderr]    = note: `#[warn(unused_variables)]` on by default
[INFO] [stderr] 
[INFO] [stderr] warning: unused variable: `B_r0`
[INFO] [stderr]   --> src/element/gebt.rs:43:13
[INFO] [stderr]    |
[INFO] [stderr] 43 |         let B_r0: Vector4 = self.nodes.r0.fixed_columns::<1>(node_index).clone_owned();
[INFO] [stderr]    |             ^^^^ help: if this is intentional, prefix it with an underscore: `_B_r0`
[INFO] [stderr] 
[INFO] [stderr] warning: unused variable: `energy_increment_ref`
[INFO] [stderr]    --> src/solver.rs:234:17
[INFO] [stderr]     |
[INFO] [stderr] 234 |         let mut energy_increment_ref: f64 = 0.;
[INFO] [stderr]     |                 ^^^^^^^^^^^^^^^^^^^^ help: if this is intentional, prefix it with an underscore: `_energy_increment_ref`
[INFO] [stderr] 
[INFO] [stderr] warning: unused variable: `iter`
[INFO] [stderr]    --> src/solver.rs:237:13
[INFO] [stderr]     |
[INFO] [stderr] 237 |         for iter in 0..20 {
[INFO] [stderr]     |             ^^^^ help: if this is intentional, prefix it with an underscore: `_iter`
[INFO] [stderr] 
[INFO] [stderr] warning: unused variable: `i`
[INFO] [stderr]    --> src/solver.rs:219:9
[INFO] [stderr]     |
[INFO] [stderr] 219 |         i: usize,
[INFO] [stderr]     |         ^ help: if this is intentional, prefix it with an underscore: `_i`
[INFO] [stderr] 
[INFO] [stderr] warning: variable does not need to be mutable
[INFO] [stderr]    --> src/solver.rs:234:13
[INFO] [stderr]     |
[INFO] [stderr] 234 |         let mut energy_increment_ref: f64 = 0.;
[INFO] [stderr]     |             ----^^^^^^^^^^^^^^^^^^^^
[INFO] [stderr]     |             |
[INFO] [stderr]     |             help: remove this `mut`
[INFO] [stderr] 
[INFO] [stderr] warning: trait method `E` should have a snake case name
[INFO] [stderr]    --> src/prelude.rs:133:8
[INFO] [stderr]     |
[INFO] [stderr] 133 |     fn E(&self) -> Matrix3x4;
[INFO] [stderr]     |        ^ help: convert the identifier to snake case: `e`
[INFO] [stderr]     |
[INFO] [stderr]     = note: `#[warn(non_snake_case)]` on by default
[INFO] [stderr] 
[INFO] [stderr] warning: trait method `G` should have a snake case name
[INFO] [stderr]    --> src/prelude.rs:134:8
[INFO] [stderr]     |
[INFO] [stderr] 134 |     fn G(&self) -> Matrix3x4;
[INFO] [stderr]     |        ^ help: convert the identifier to snake case: `g`
[INFO] [stderr] 
[INFO] [stderr] warning: `roturb` (lib) generated 13 warnings (run `cargo fix --lib -p roturb` to apply 6 suggestions)
[INFO] [stderr] warning: `roturb` (lib test) generated 13 warnings (13 duplicates)
[INFO] [stderr]     Finished `test` profile [unoptimized + debuginfo] target(s) in 0.09s
[INFO] [stderr] warning: the following packages contain code that will be rejected by a future version of Rust: nom v3.2.1, quick-xml v0.22.0
[INFO] [stderr] note: to see what the problems were, use the option `--future-incompat-report`, or run `cargo report future-incompatibilities --id 1`
[INFO] [stderr]      Running unittests src/lib.rs (/opt/rustwide/target/debug/deps/roturb-37ea4f153df6aaa3)
[INFO] [stdout] 
[INFO] [stdout] running 8 tests
[INFO] [stdout] test element::interp::test_gll::test_gauss_legendre_lobotto_points ... ok
[INFO] [stdout] test element::interp::test_legendre::test_legendre_polynomial ... ok
[INFO] [stdout] test element::interp::test_lagrange::test_lagrange_polynomial ... ok
[INFO] [stdout] test element::interp::test_legendre::test_legendre_polynomial_derivative ... ok
[INFO] [stdout] test element::interp::test_integration::test_shape_functions ... ok
[INFO] [stdout] test element::interp::test_lagrange::test_lagrange_polynomial_derivative ... ok
[INFO] [stdout] test element::gebt::tests::test_beam_formulation ... ok
[INFO] [stdout] test element::gebt::tests::test_displaced_beam ... FAILED
[INFO] [stdout] 
[INFO] [stdout] failures:
[INFO] [stdout] 
[INFO] [stdout] ---- element::gebt::tests::test_displaced_beam stdout ----
[INFO] [stdout] thread 'element::gebt::tests::test_displaced_beam' panicked at /opt/rustwide/cargo-home/registry/src/index.crates.io-6f17d22bba15001f/nalgebra-0.32.4/src/base/matrix_view.rs:278:9:
[INFO] [stdout] Matrix slicing out of bounds.
[INFO] [stdout] stack backtrace:
[INFO] [stdout]    0:     0x6409ba3b633a - std::backtrace_rs::backtrace::libunwind::trace::h5a5b8284f2d0c266
[INFO] [stdout]                                at /rustc/90b35a6239c3d8bdabc530a6a0816f7ff89a0aaf/library/std/src/../../backtrace/src/backtrace/libunwind.rs:116:5
[INFO] [stdout]    1:     0x6409ba3b633a - std::backtrace_rs::backtrace::trace_unsynchronized::h76d4f1c9b0b875e3
[INFO] [stdout]                                at /rustc/90b35a6239c3d8bdabc530a6a0816f7ff89a0aaf/library/std/src/../../backtrace/src/backtrace/mod.rs:66:5
[INFO] [stdout]    2:     0x6409ba3b633a - std::sys::backtrace::_print_fmt::hc4546b8364a537c6
[INFO] [stdout]                                at /rustc/90b35a6239c3d8bdabc530a6a0816f7ff89a0aaf/library/std/src/sys/backtrace.rs:66:9
[INFO] [stdout]    3:     0x6409ba3b633a - <std::sys::backtrace::BacktraceLock::print::DisplayBacktrace as core::fmt::Display>::fmt::h5b6bd5631a6d1f6b
[INFO] [stdout]                                at /rustc/90b35a6239c3d8bdabc530a6a0816f7ff89a0aaf/library/std/src/sys/backtrace.rs:39:26
[INFO] [stdout]    4:     0x6409ba3dc3b3 - core::fmt::rt::Argument::fmt::h270f6602a2b96f62
[INFO] [stdout]                                at /rustc/90b35a6239c3d8bdabc530a6a0816f7ff89a0aaf/library/core/src/fmt/rt.rs:177:76
[INFO] [stdout]    5:     0x6409ba3dc3b3 - core::fmt::write::h7550c97b06c86515
[INFO] [stdout]                                at /rustc/90b35a6239c3d8bdabc530a6a0816f7ff89a0aaf/library/core/src/fmt/mod.rs:1186:21
[INFO] [stdout]    6:     0x6409ba3b3503 - std::io::Write::write_fmt::h509ff860e5956e5e
[INFO] [stdout]                                at /rustc/90b35a6239c3d8bdabc530a6a0816f7ff89a0aaf/library/std/src/io/mod.rs:1839:15
[INFO] [stdout]    7:     0x6409ba3b6182 - std::sys::backtrace::BacktraceLock::print::h2395ccd2c84ba3aa
[INFO] [stdout]                                at /rustc/90b35a6239c3d8bdabc530a6a0816f7ff89a0aaf/library/std/src/sys/backtrace.rs:42:9
[INFO] [stdout]    8:     0x6409ba3b779a - std::panicking::default_hook::{{closure}}::he19d4c7230e07961
[INFO] [stdout]                                at /rustc/90b35a6239c3d8bdabc530a6a0816f7ff89a0aaf/library/std/src/panicking.rs:268:22
[INFO] [stdout]    9:     0x6409ba3b75a4 - std::panicking::default_hook::hf614597d3c67bbdb
[INFO] [stdout]                                at /rustc/90b35a6239c3d8bdabc530a6a0816f7ff89a0aaf/library/std/src/panicking.rs:292:9
[INFO] [stdout]   10:     0x6409ba349bb9 - <alloc::boxed::Box<F,A> as core::ops::function::Fn<Args>>::call::h39b51ce4599c23d1
[INFO] [stdout]                                at /rustc/90b35a6239c3d8bdabc530a6a0816f7ff89a0aaf/library/alloc/src/boxed.rs:2468:9
[INFO] [stdout]   11:     0x6409ba349bb9 - test::test_main::{{closure}}::he977ae839a582784
[INFO] [stdout]                                at /rustc/90b35a6239c3d8bdabc530a6a0816f7ff89a0aaf/library/test/src/lib.rs:133:21
[INFO] [stdout]   12:     0x6409ba3b7e38 - <alloc::boxed::Box<F,A> as core::ops::function::Fn<Args>>::call::h9455091b6b06f9fb
[INFO] [stdout]                                at /rustc/90b35a6239c3d8bdabc530a6a0816f7ff89a0aaf/library/alloc/src/boxed.rs:2468:9
[INFO] [stdout]   13:     0x6409ba3b7e38 - std::panicking::rust_panic_with_hook::h8942133a8b252070
[INFO] [stdout]                                at /rustc/90b35a6239c3d8bdabc530a6a0816f7ff89a0aaf/library/std/src/panicking.rs:809:13
[INFO] [stdout]   14:     0x6409ba38cc4a - std::panicking::begin_panic::{{closure}}::h2042731b765d7fe8
[INFO] [stdout]                                at /rustc/90b35a6239c3d8bdabc530a6a0816f7ff89a0aaf/library/std/src/panicking.rs:738:9
[INFO] [stdout]   15:     0x6409ba38cbba - std::sys::backtrace::__rust_end_short_backtrace::h3972d31b7ccb45b3
[INFO] [stdout]                                at /rustc/90b35a6239c3d8bdabc530a6a0816f7ff89a0aaf/library/std/src/sys/backtrace.rs:170:18
[INFO] [stdout]   16:     0x6409ba38cbf3 - std::panicking::begin_panic::h7230f935fd61d6c1
[INFO] [stdout]                                at /rustc/90b35a6239c3d8bdabc530a6a0816f7ff89a0aaf/library/std/src/panicking.rs:737:5
[INFO] [stdout]   17:     0x6409ba26a44f - nalgebra::base::matrix_view::<impl nalgebra::base::matrix::Matrix<T,R,C,S>>::assert_view_index::h2083226e1f26c600
[INFO] [stdout]                                at /opt/rustwide/cargo-home/registry/src/index.crates.io-6f17d22bba15001f/nalgebra-0.32.4/src/base/matrix_view.rs:278:9
[INFO] [stdout]   18:     0x6409ba26843f - nalgebra::base::matrix_view::<impl nalgebra::base::matrix::Matrix<T,R,C,S>>::fixed_view::h48c208fb415456dd
[INFO] [stdout]                                at /opt/rustwide/cargo-home/registry/src/index.crates.io-6f17d22bba15001f/nalgebra-0.32.4/src/base/matrix_view.rs:556:13
[INFO] [stdout]   19:     0x6409ba30238f - roturb::element::gebt::tests::test_displaced_beam::h7e6c68487c663efb
[INFO] [stdout]                                at /opt/rustwide/workdir/src/element/gebt.rs:1230:13
[INFO] [stdout]   20:     0x6409ba300da7 - roturb::element::gebt::tests::test_displaced_beam::{{closure}}::h39e218b45e90a9dc
[INFO] [stdout]                                at /opt/rustwide/workdir/src/element/gebt.rs:1064:29
[INFO] [stdout]   21:     0x6409ba2f69d6 - core::ops::function::FnOnce::call_once::hcdb30ac32f28df6d
[INFO] [stdout]                                at /rustc/90b35a6239c3d8bdabc530a6a0816f7ff89a0aaf/library/core/src/ops/function.rs:250:5
[INFO] [stdout]   22:     0x6409ba34e57b - core::ops::function::FnOnce::call_once::h109cf8051a59b34e
[INFO] [stdout]                                at /rustc/90b35a6239c3d8bdabc530a6a0816f7ff89a0aaf/library/core/src/ops/function.rs:250:5
[INFO] [stdout]   23:     0x6409ba34e57b - test::__rust_begin_short_backtrace::hf4fff89d377446ba
[INFO] [stdout]                                at /rustc/90b35a6239c3d8bdabc530a6a0816f7ff89a0aaf/library/test/src/lib.rs:621:18
[INFO] [stdout]   24:     0x6409ba34ddb7 - test::run_test_in_process::{{closure}}::h0e39181dd7ee5a43
[INFO] [stdout]                                at /rustc/90b35a6239c3d8bdabc530a6a0816f7ff89a0aaf/library/test/src/lib.rs:644:60
[INFO] [stdout]   25:     0x6409ba34ddb7 - <core::panic::unwind_safe::AssertUnwindSafe<F> as core::ops::function::FnOnce<()>>::call_once::hc5a66a30f0bdfd1f
[INFO] [stdout]                                at /rustc/90b35a6239c3d8bdabc530a6a0816f7ff89a0aaf/library/core/src/panic/unwind_safe.rs:272:9
[INFO] [stdout]   26:     0x6409ba34ddb7 - std::panicking::try::do_call::h873b7cf639554a5e
[INFO] [stdout]                                at /rustc/90b35a6239c3d8bdabc530a6a0816f7ff89a0aaf/library/std/src/panicking.rs:557:40
[INFO] [stdout]   27:     0x6409ba34ddb7 - std::panicking::try::hdb19862fad9c8bd1
[INFO] [stdout]                                at /rustc/90b35a6239c3d8bdabc530a6a0816f7ff89a0aaf/library/std/src/panicking.rs:520:19
[INFO] [stdout]   28:     0x6409ba34ddb7 - std::panic::catch_unwind::h281fe732d236d260
[INFO] [stdout]                                at /rustc/90b35a6239c3d8bdabc530a6a0816f7ff89a0aaf/library/std/src/panic.rs:358:14
[INFO] [stdout]   29:     0x6409ba34ddb7 - test::run_test_in_process::h949b6df8457ed338
[INFO] [stdout]                                at /rustc/90b35a6239c3d8bdabc530a6a0816f7ff89a0aaf/library/test/src/lib.rs:644:27
[INFO] [stdout]   30:     0x6409ba34ddb7 - test::run_test::{{closure}}::h52c556a6d4740e10
[INFO] [stdout]                                at /rustc/90b35a6239c3d8bdabc530a6a0816f7ff89a0aaf/library/test/src/lib.rs:565:43
[INFO] [stdout]   31:     0x6409ba313094 - test::run_test::{{closure}}::h4237f6381c45ccb9
[INFO] [stdout]                                at /rustc/90b35a6239c3d8bdabc530a6a0816f7ff89a0aaf/library/test/src/lib.rs:595:41
[INFO] [stdout]   32:     0x6409ba313094 - std::sys::backtrace::__rust_begin_short_backtrace::h505c97a579eca628
[INFO] [stdout]                                at /rustc/90b35a6239c3d8bdabc530a6a0816f7ff89a0aaf/library/std/src/sys/backtrace.rs:154:18
[INFO] [stdout]   33:     0x6409ba31675e - std::thread::Builder::spawn_unchecked_::{{closure}}::{{closure}}::h9e86b2e2bc107ea3
[INFO] [stdout]                                at /rustc/90b35a6239c3d8bdabc530a6a0816f7ff89a0aaf/library/std/src/thread/mod.rs:538:17
[INFO] [stdout]   34:     0x6409ba31675e - <core::panic::unwind_safe::AssertUnwindSafe<F> as core::ops::function::FnOnce<()>>::call_once::h8b06ddb275ff4a25
[INFO] [stdout]                                at /rustc/90b35a6239c3d8bdabc530a6a0816f7ff89a0aaf/library/core/src/panic/unwind_safe.rs:272:9
[INFO] [stdout]   35:     0x6409ba31675e - std::panicking::try::do_call::hb26ecd7cd9a9355d
[INFO] [stdout]                                at /rustc/90b35a6239c3d8bdabc530a6a0816f7ff89a0aaf/library/std/src/panicking.rs:557:40
[INFO] [stdout]   36:     0x6409ba31675e - std::panicking::try::h8ddeca9d705f9069
[INFO] [stdout]                                at /rustc/90b35a6239c3d8bdabc530a6a0816f7ff89a0aaf/library/std/src/panicking.rs:520:19
[INFO] [stdout]   37:     0x6409ba31675e - std::panic::catch_unwind::h49e1c33078844c46
[INFO] [stdout]                                at /rustc/90b35a6239c3d8bdabc530a6a0816f7ff89a0aaf/library/std/src/panic.rs:358:14
[INFO] [stdout]   38:     0x6409ba31675e - std::thread::Builder::spawn_unchecked_::{{closure}}::h6073db6ff56ad35d
[INFO] [stdout]                                at /rustc/90b35a6239c3d8bdabc530a6a0816f7ff89a0aaf/library/std/src/thread/mod.rs:537:30
[INFO] [stdout]   39:     0x6409ba31675e - core::ops::function::FnOnce::call_once{{vtable.shim}}::h2c5a5f3779c774f1
[INFO] [stdout]                                at /rustc/90b35a6239c3d8bdabc530a6a0816f7ff89a0aaf/library/core/src/ops/function.rs:250:5
[INFO] [stdout]   40:     0x6409ba3bbb8b - <alloc::boxed::Box<F,A> as core::ops::function::FnOnce<Args>>::call_once::hf75717d9f28faebf
[INFO] [stdout]                                at /rustc/90b35a6239c3d8bdabc530a6a0816f7ff89a0aaf/library/alloc/src/boxed.rs:2454:9
[INFO] [stdout]   41:     0x6409ba3bbb8b - <alloc::boxed::Box<F,A> as core::ops::function::FnOnce<Args>>::call_once::h7bd883a5f3c5f3c1
[INFO] [stdout]                                at /rustc/90b35a6239c3d8bdabc530a6a0816f7ff89a0aaf/library/alloc/src/boxed.rs:2454:9
[INFO] [stdout]   42:     0x6409ba3bbb8b - std::sys::pal::unix::thread::Thread::new::thread_start::hcc78f3943333fa94
[INFO] [stdout]                                at /rustc/90b35a6239c3d8bdabc530a6a0816f7ff89a0aaf/library/std/src/sys/pal/unix/thread.rs:105:17
[INFO] [stdout]   43:     0x72527ce61ac3 - <unknown>
[INFO] [stdout]   44:     0x72527cef2a04 - clone
[INFO] [stdout]   45:                0x0 - <unknown>
[INFO] [stdout] 
[INFO] [stdout] 
[INFO] [stdout] failures:
[INFO] [stdout]     element::gebt::tests::test_displaced_beam
[INFO] [stdout] 
[INFO] [stdout] test result: FAILED. 7 passed; 1 failed; 0 ignored; 0 measured; 0 filtered out; finished in 0.06s
[INFO] [stdout] 
[INFO] [stderr] error: test failed, to rerun pass `--lib`
[INFO] running `Command { std: "docker" "inspect" "46d61d5b7aeef14040bf69f56f641eefc50055a4a77d6ac599c5a84232468d30", kill_on_drop: false }`
[INFO] running `Command { std: "docker" "rm" "-f" "46d61d5b7aeef14040bf69f56f641eefc50055a4a77d6ac599c5a84232468d30", kill_on_drop: false }`
[INFO] [stdout] 46d61d5b7aeef14040bf69f56f641eefc50055a4a77d6ac599c5a84232468d30
