[INFO] cloning repository https://github.com/derliemonne/rusty_gaym_engine
[INFO] running `Command { std: "git" "-c" "credential.helper=" "-c" "credential.helper=/workspace/cargo-home/bin/git-credential-null" "clone" "--bare" "https://github.com/derliemonne/rusty_gaym_engine" "/workspace/cache/git-repos/https%3A%2F%2Fgithub.com%2Fderliemonne%2Frusty_gaym_engine", kill_on_drop: false }`
[INFO] [stderr] Cloning into bare repository '/workspace/cache/git-repos/https%3A%2F%2Fgithub.com%2Fderliemonne%2Frusty_gaym_engine'...
[INFO] running `Command { std: "git" "rev-parse" "HEAD", kill_on_drop: false }`
[INFO] [stdout] 48dc2acae4f42754283d89c977091b44fcc1cc69
[INFO] testing derliemonne/rusty_gaym_engine against 1.83.0 for beta-1.84.0-4-retry
[INFO] running `Command { std: "git" "clone" "/workspace/cache/git-repos/https%3A%2F%2Fgithub.com%2Fderliemonne%2Frusty_gaym_engine" "/workspace/builds/worker-4-tc1/source", kill_on_drop: false }`
[INFO] [stderr] Cloning into '/workspace/builds/worker-4-tc1/source'...
[INFO] [stderr] done.
[INFO] validating manifest of git repo https://github.com/derliemonne/rusty_gaym_engine on toolchain 1.83.0
[INFO] running `Command { std: CARGO_HOME="/workspace/cargo-home" RUSTUP_HOME="/workspace/rustup-home" "/workspace/cargo-home/bin/cargo" "+1.83.0" "metadata" "--manifest-path" "Cargo.toml" "--no-deps", kill_on_drop: false }`
[INFO] started tweaking git repo https://github.com/derliemonne/rusty_gaym_engine
[INFO] finished tweaking git repo https://github.com/derliemonne/rusty_gaym_engine
[INFO] tweaked toml for git repo https://github.com/derliemonne/rusty_gaym_engine written to /workspace/builds/worker-4-tc1/source/Cargo.toml
[INFO] crate git repo https://github.com/derliemonne/rusty_gaym_engine already has a lockfile, it will not be regenerated
[INFO] running `Command { std: CARGO_HOME="/workspace/cargo-home" RUSTUP_HOME="/workspace/rustup-home" "/workspace/cargo-home/bin/cargo" "+1.83.0" "fetch" "--manifest-path" "Cargo.toml", kill_on_drop: false }`
[INFO] [stderr] warning: unused manifest key: dependencies.uuid.rust-ini
[INFO] [stderr]  Downloading crates ...
[INFO] [stderr]   Downloaded uuid-macro-internal v1.3.1
[INFO] [stderr]   Downloaded console_engine v2.6.0
[INFO] running `Command { std: "docker" "create" "-v" "/var/lib/crater-agent-workspace/builds/worker-4-tc1/target:/opt/rustwide/target:rw,Z" "-v" "/var/lib/crater-agent-workspace/builds/worker-4-tc1/source:/opt/rustwide/workdir:ro,Z" "-v" "/var/lib/crater-agent-workspace/cargo-home:/opt/rustwide/cargo-home:ro,Z" "-v" "/var/lib/crater-agent-workspace/rustup-home:/opt/rustwide/rustup-home:ro,Z" "-e" "SOURCE_DIR=/opt/rustwide/workdir" "-e" "CARGO_TARGET_DIR=/opt/rustwide/target" "-e" "CARGO_HOME=/opt/rustwide/cargo-home" "-e" "RUSTUP_HOME=/opt/rustwide/rustup-home" "-w" "/opt/rustwide/workdir" "-m" "1610612736" "--user" "0:0" "--network" "none" "ghcr.io/rust-lang/crates-build-env/linux@sha256:f3a9d4ad9d972b27faf3965f35b62e55ba32bbce8f20bc8fe909558a86702fde" "/opt/rustwide/cargo-home/bin/cargo" "+1.83.0" "metadata" "--no-deps" "--format-version=1", kill_on_drop: false }`
[INFO] [stdout] 9258225bee14967f8fd9f996d1d44f85de856ab64f9d2eb56278071d9562cdd8
[INFO] running `Command { std: "docker" "start" "-a" "9258225bee14967f8fd9f996d1d44f85de856ab64f9d2eb56278071d9562cdd8", kill_on_drop: false }`
[INFO] running `Command { std: "docker" "inspect" "9258225bee14967f8fd9f996d1d44f85de856ab64f9d2eb56278071d9562cdd8", kill_on_drop: false }`
[INFO] running `Command { std: "docker" "rm" "-f" "9258225bee14967f8fd9f996d1d44f85de856ab64f9d2eb56278071d9562cdd8", kill_on_drop: false }`
[INFO] [stdout] 9258225bee14967f8fd9f996d1d44f85de856ab64f9d2eb56278071d9562cdd8
[INFO] running `Command { std: "docker" "create" "-v" "/var/lib/crater-agent-workspace/builds/worker-4-tc1/target:/opt/rustwide/target:rw,Z" "-v" "/var/lib/crater-agent-workspace/builds/worker-4-tc1/source:/opt/rustwide/workdir:ro,Z" "-v" "/var/lib/crater-agent-workspace/cargo-home:/opt/rustwide/cargo-home:ro,Z" "-v" "/var/lib/crater-agent-workspace/rustup-home:/opt/rustwide/rustup-home:ro,Z" "-e" "SOURCE_DIR=/opt/rustwide/workdir" "-e" "CARGO_TARGET_DIR=/opt/rustwide/target" "-e" "CARGO_INCREMENTAL=0" "-e" "RUST_BACKTRACE=full" "-e" "RUSTFLAGS=--cap-lints=warn" "-e" "RUSTDOCFLAGS=--cap-lints=warn" "-e" "CARGO_HOME=/opt/rustwide/cargo-home" "-e" "RUSTUP_HOME=/opt/rustwide/rustup-home" "-w" "/opt/rustwide/workdir" "-m" "1610612736" "--user" "0:0" "--network" "none" "ghcr.io/rust-lang/crates-build-env/linux@sha256:f3a9d4ad9d972b27faf3965f35b62e55ba32bbce8f20bc8fe909558a86702fde" "/opt/rustwide/cargo-home/bin/cargo" "+1.83.0" "build" "--frozen" "--message-format=json", kill_on_drop: false }`
[INFO] [stdout] 1190301ecde5b95b099cc14deda9bf45aa529524730d17f636bc9a90e6555d6d
[INFO] running `Command { std: "docker" "start" "-a" "1190301ecde5b95b099cc14deda9bf45aa529524730d17f636bc9a90e6555d6d", kill_on_drop: false }`
[INFO] [stderr] warning: unused manifest key: dependencies.uuid.rust-ini
[INFO] [stderr]    Compiling libc v0.2.141
[INFO] [stderr]    Compiling cfg-if v1.0.0
[INFO] [stderr]    Compiling crunchy v0.2.2
[INFO] [stderr]    Compiling proc-macro-hack v0.5.20+deprecated
[INFO] [stderr]    Compiling tiny-keccak v2.0.2
[INFO] [stderr]    Compiling proc-macro2 v1.0.56
[INFO] [stderr]    Compiling log v0.4.18
[INFO] [stderr]    Compiling autocfg v1.1.0
[INFO] [stderr]    Compiling quote v1.0.26
[INFO] [stderr]    Compiling unicode-ident v1.0.8
[INFO] [stderr]    Compiling signal-hook v0.3.15
[INFO] [stderr]    Compiling parking_lot_core v0.9.8
[INFO] [stderr]    Compiling once_cell v1.17.2
[INFO] [stderr]    Compiling scopeguard v1.1.0
[INFO] [stderr]    Compiling smallvec v1.10.0
[INFO] [stderr]    Compiling ppv-lite86 v0.2.17
[INFO] [stderr]    Compiling hashbrown v0.13.2
[INFO] [stderr]    Compiling bitflags v1.3.2
[INFO] [stderr]    Compiling unicode-width v0.1.10
[INFO] [stderr]    Compiling lock_api v0.4.10
[INFO] [stderr]    Compiling syn v2.0.15
[INFO] [stderr]    Compiling getrandom v0.2.9
[INFO] [stderr]    Compiling signal-hook-registry v1.4.1
[INFO] [stderr]    Compiling mio v0.8.8
[INFO] [stderr]    Compiling const-random-macro v0.1.15
[INFO] [stderr]    Compiling rand_core v0.6.4
[INFO] [stderr]    Compiling parking_lot v0.12.1
[INFO] [stderr]    Compiling rand_chacha v0.3.1
[INFO] [stderr]    Compiling signal-hook-mio v0.2.3
[INFO] [stderr]    Compiling crossterm v0.26.1
[INFO] [stderr]    Compiling rand v0.8.5
[INFO] [stderr]    Compiling const-random v0.1.15
[INFO] [stderr]    Compiling dlv-list v0.5.0
[INFO] [stderr]    Compiling ordered-multimap v0.6.0
[INFO] [stderr]    Compiling console_engine v2.6.0
[INFO] [stderr]    Compiling rust-ini v0.19.0
[INFO] [stderr]    Compiling uuid-macro-internal v1.3.1
[INFO] [stderr]    Compiling uuid v1.3.1
[INFO] [stderr]    Compiling rusty_gaym_engine v0.1.0 (/opt/rustwide/workdir)
[INFO] [stdout] warning: unused import: `Display`
[INFO] [stdout]  --> src/math/matrix.rs:2:16
[INFO] [stdout]   |
[INFO] [stdout] 2 | use std::fmt::{Display, Debug};
[INFO] [stdout]   |                ^^^^^^^
[INFO] [stdout]   |
[INFO] [stdout]   = note: `#[warn(unused_imports)]` on by default
[INFO] [stdout] 
[INFO] [stdout] 
[INFO] [stdout] warning: unused import: `ops`
[INFO] [stdout]  --> src/math/matrix.rs:5:16
[INFO] [stdout]   |
[INFO] [stdout] 5 | use std::{fmt, ops, vec};
[INFO] [stdout]   |                ^^^
[INFO] [stdout] 
[INFO] [stdout] 
[INFO] [stdout] warning: unused import: `Div`
[INFO] [stdout]  --> src/math/vector.rs:3:37
[INFO] [stdout]   |
[INFO] [stdout] 3 | use std::ops::{MulAssign, Add, Mul, Div, Sub, Neg};
[INFO] [stdout]   |                                     ^^^
[INFO] [stdout] 
[INFO] [stdout] 
[INFO] [stdout] warning: unused import: `std::process::Output`
[INFO] [stdout]  --> src/math/vector.rs:4:5
[INFO] [stdout]   |
[INFO] [stdout] 4 | use std::process::Output;
[INFO] [stdout]   |     ^^^^^^^^^^^^^^^^^^^^
[INFO] [stdout] 
[INFO] [stdout] 
[INFO] [stdout] warning: unused imports: `cell::RefCell` and `rc::Rc`
[INFO] [stdout]  --> src/engine/canvas.rs:1:11
[INFO] [stdout]   |
[INFO] [stdout] 1 | use std::{cell::RefCell, rc::Rc};
[INFO] [stdout]   |           ^^^^^^^^^^^^^  ^^^^^^
[INFO] [stdout] 
[INFO] [stdout] 
[INFO] [stdout] warning: unused import: `std::default`
[INFO] [stdout]  --> src/engine/event_system.rs:1:5
[INFO] [stdout]   |
[INFO] [stdout] 1 | use std::default;
[INFO] [stdout]   |     ^^^^^^^^^^^^
[INFO] [stdout] 
[INFO] [stdout] 
[INFO] [stdout] warning: unused import: `super::*`
[INFO] [stdout]  --> src/engine/event_system.rs:3:5
[INFO] [stdout]   |
[INFO] [stdout] 3 | use super::*;
[INFO] [stdout]   |     ^^^^^^^^
[INFO] [stdout] 
[INFO] [stdout] 
[INFO] [stdout] warning: unused import: `std::borrow::Borrow`
[INFO] [stdout]  --> src/engine/game.rs:3:5
[INFO] [stdout]   |
[INFO] [stdout] 3 | use std::borrow::Borrow;
[INFO] [stdout]   |     ^^^^^^^^^^^^^^^^^^^
[INFO] [stdout] 
[INFO] [stdout] 
[INFO] [stdout] warning: unused import: `std::default`
[INFO] [stdout]  --> src/engine/game.rs:5:5
[INFO] [stdout]   |
[INFO] [stdout] 5 | use std::default;
[INFO] [stdout]   |     ^^^^^^^^^^^^
[INFO] [stdout] 
[INFO] [stdout] 
[INFO] [stdout] warning: unused import: `crate::utils::assert_eq_f32`
[INFO] [stdout]  --> src/engine/hyperellipsoid.rs:3:5
[INFO] [stdout]   |
[INFO] [stdout] 3 | use crate::utils::assert_eq_f32;
[INFO] [stdout]   |     ^^^^^^^^^^^^^^^^^^^^^^^^^^^
[INFO] [stdout] 
[INFO] [stdout] 
[INFO] [stdout] warning: unused import: `super::*`
[INFO] [stdout]  --> src/engine/transform.rs:1:5
[INFO] [stdout]   |
[INFO] [stdout] 1 | use super::*;
[INFO] [stdout]   |     ^^^^^^^^
[INFO] [stdout] 
[INFO] [stdout] 
[INFO] [stdout] warning: value assigned to `sign` is never read
[INFO] [stdout]    --> src/math/matrix.rs:414:25
[INFO] [stdout]     |
[INFO] [stdout] 414 |                         sign *= -1;
[INFO] [stdout]     |                         ^^^^
[INFO] [stdout]     |
[INFO] [stdout]     = help: maybe it is overwritten before being read?
[INFO] [stdout]     = note: `#[warn(unused_assignments)]` on by default
[INFO] [stdout] 
[INFO] [stdout] 
[INFO] [stdout] warning: unused variable: `char`
[INFO] [stdout]    --> src/engine/game.rs:132:21
[INFO] [stdout]     |
[INFO] [stdout] 132 |                 let char = 'O';
[INFO] [stdout]     |                     ^^^^ help: if this is intentional, prefix it with an underscore: `_char`
[INFO] [stdout]     |
[INFO] [stdout]     = note: `#[warn(unused_variables)]` on by default
[INFO] [stdout] 
[INFO] [stdout] 
[INFO] [stdout] warning: unused variable: `debug_text`
[INFO] [stdout]    --> src/engine/game.rs:167:13
[INFO] [stdout]     |
[INFO] [stdout] 167 |         let debug_text = debug_clock_text.clone() + " " + &debug_plane_text;
[INFO] [stdout]     |             ^^^^^^^^^^ help: if this is intentional, prefix it with an underscore: `_debug_text`
[INFO] [stdout] 
[INFO] [stdout] 
[INFO] [stdout] warning: unused variable: `v`
[INFO] [stdout]   --> src/engine/transform.rs:58:55
[INFO] [stdout]    |
[INFO] [stdout] 58 |             NormalizedVectorResult::UnableToNormalize(v) => return Err(()),
[INFO] [stdout]    |                                                       ^ help: if this is intentional, prefix it with an underscore: `_v`
[INFO] [stdout] 
[INFO] [stdout] 
[INFO] [stdout] warning: unused variable: `b`
[INFO] [stdout]   --> src/lib.rs:15:9
[INFO] [stdout]    |
[INFO] [stdout] 15 |     let b = Matrix::from_row(Vector::new(vec![1.0, 2.0, 4.0]));
[INFO] [stdout]    |         ^ help: if this is intentional, prefix it with an underscore: `_b`
[INFO] [stdout] 
[INFO] [stdout] 
[INFO] [stdout] warning: unused variable: `o`
[INFO] [stdout]   --> src/lib.rs:16:9
[INFO] [stdout]    |
[INFO] [stdout] 16 |     let o = Matrix::<f32>::empty();
[INFO] [stdout]    |         ^ help: if this is intentional, prefix it with an underscore: `_o`
[INFO] [stdout] 
[INFO] [stdout] 
[INFO] [stdout] warning: function `print` is never used
[INFO] [stdout]  --> src/lib.rs:9:4
[INFO] [stdout]   |
[INFO] [stdout] 9 | fn print<T: Clone + Debug>(matrix: &Matrix<T>) {
[INFO] [stdout]   |    ^^^^^
[INFO] [stdout]   |
[INFO] [stdout]   = note: `#[warn(dead_code)]` on by default
[INFO] [stdout] 
[INFO] [stdout] 
[INFO] [stdout] warning: function `main` is never used
[INFO] [stdout]   --> src/lib.rs:13:4
[INFO] [stdout]    |
[INFO] [stdout] 13 | fn main() {
[INFO] [stdout]    |    ^^^^
[INFO] [stdout] 
[INFO] [stdout] 
[INFO] [stdout] warning: unused import: `Display`
[INFO] [stdout]  --> src/math/matrix.rs:2:16
[INFO] [stdout]   |
[INFO] [stdout] 2 | use std::fmt::{Display, Debug};
[INFO] [stdout]   |                ^^^^^^^
[INFO] [stdout]   |
[INFO] [stdout]   = note: `#[warn(unused_imports)]` on by default
[INFO] [stdout] 
[INFO] [stdout] 
[INFO] [stdout] warning: unused import: `ops`
[INFO] [stdout]  --> src/math/matrix.rs:5:16
[INFO] [stdout]   |
[INFO] [stdout] 5 | use std::{fmt, ops, vec};
[INFO] [stdout]   |                ^^^
[INFO] [stdout] 
[INFO] [stdout] 
[INFO] [stdout] warning: unused import: `Div`
[INFO] [stdout]  --> src/math/vector.rs:3:37
[INFO] [stdout]   |
[INFO] [stdout] 3 | use std::ops::{MulAssign, Add, Mul, Div, Sub, Neg};
[INFO] [stdout]   |                                     ^^^
[INFO] [stdout] 
[INFO] [stdout] 
[INFO] [stdout] warning: unused import: `std::process::Output`
[INFO] [stdout]  --> src/math/vector.rs:4:5
[INFO] [stdout]   |
[INFO] [stdout] 4 | use std::process::Output;
[INFO] [stdout]   |     ^^^^^^^^^^^^^^^^^^^^
[INFO] [stdout] 
[INFO] [stdout] 
[INFO] [stdout] warning: unused imports: `cell::RefCell` and `rc::Rc`
[INFO] [stdout]  --> src/engine/canvas.rs:1:11
[INFO] [stdout]   |
[INFO] [stdout] 1 | use std::{cell::RefCell, rc::Rc};
[INFO] [stdout]   |           ^^^^^^^^^^^^^  ^^^^^^
[INFO] [stdout] 
[INFO] [stdout] 
[INFO] [stdout] warning: unused import: `std::default`
[INFO] [stdout]  --> src/engine/event_system.rs:1:5
[INFO] [stdout]   |
[INFO] [stdout] 1 | use std::default;
[INFO] [stdout]   |     ^^^^^^^^^^^^
[INFO] [stdout] 
[INFO] [stdout] 
[INFO] [stdout] warning: unused import: `super::*`
[INFO] [stdout]  --> src/engine/event_system.rs:3:5
[INFO] [stdout]   |
[INFO] [stdout] 3 | use super::*;
[INFO] [stdout]   |     ^^^^^^^^
[INFO] [stdout] 
[INFO] [stdout] 
[INFO] [stdout] warning: unused import: `std::borrow::Borrow`
[INFO] [stdout]  --> src/engine/game.rs:3:5
[INFO] [stdout]   |
[INFO] [stdout] 3 | use std::borrow::Borrow;
[INFO] [stdout]   |     ^^^^^^^^^^^^^^^^^^^
[INFO] [stdout] 
[INFO] [stdout] 
[INFO] [stdout] warning: unused import: `std::default`
[INFO] [stdout]  --> src/engine/game.rs:5:5
[INFO] [stdout]   |
[INFO] [stdout] 5 | use std::default;
[INFO] [stdout]   |     ^^^^^^^^^^^^
[INFO] [stdout] 
[INFO] [stdout] 
[INFO] [stdout] warning: unused import: `crate::utils::assert_eq_f32`
[INFO] [stdout]  --> src/engine/hyperellipsoid.rs:3:5
[INFO] [stdout]   |
[INFO] [stdout] 3 | use crate::utils::assert_eq_f32;
[INFO] [stdout]   |     ^^^^^^^^^^^^^^^^^^^^^^^^^^^
[INFO] [stdout] 
[INFO] [stdout] 
[INFO] [stdout] warning: unused import: `super::*`
[INFO] [stdout]  --> src/engine/transform.rs:1:5
[INFO] [stdout]   |
[INFO] [stdout] 1 | use super::*;
[INFO] [stdout]   |     ^^^^^^^^
[INFO] [stdout] 
[INFO] [stdout] 
[INFO] [stdout] warning: value assigned to `sign` is never read
[INFO] [stdout]    --> src/math/matrix.rs:414:25
[INFO] [stdout]     |
[INFO] [stdout] 414 |                         sign *= -1;
[INFO] [stdout]     |                         ^^^^
[INFO] [stdout]     |
[INFO] [stdout]     = help: maybe it is overwritten before being read?
[INFO] [stdout]     = note: `#[warn(unused_assignments)]` on by default
[INFO] [stdout] 
[INFO] [stdout] 
[INFO] [stdout] warning: unused variable: `char`
[INFO] [stdout]    --> src/engine/game.rs:132:21
[INFO] [stdout]     |
[INFO] [stdout] 132 |                 let char = 'O';
[INFO] [stdout]     |                     ^^^^ help: if this is intentional, prefix it with an underscore: `_char`
[INFO] [stdout]     |
[INFO] [stdout]     = note: `#[warn(unused_variables)]` on by default
[INFO] [stdout] 
[INFO] [stdout] 
[INFO] [stdout] warning: unused variable: `debug_text`
[INFO] [stdout]    --> src/engine/game.rs:167:13
[INFO] [stdout]     |
[INFO] [stdout] 167 |         let debug_text = debug_clock_text.clone() + " " + &debug_plane_text;
[INFO] [stdout]     |             ^^^^^^^^^^ help: if this is intentional, prefix it with an underscore: `_debug_text`
[INFO] [stdout] 
[INFO] [stdout] 
[INFO] [stdout] warning: unused variable: `v`
[INFO] [stdout]   --> src/engine/transform.rs:58:55
[INFO] [stdout]    |
[INFO] [stdout] 58 |             NormalizedVectorResult::UnableToNormalize(v) => return Err(()),
[INFO] [stdout]    |                                                       ^ help: if this is intentional, prefix it with an underscore: `_v`
[INFO] [stdout] 
[INFO] [stdout] 
[INFO] [stdout] warning: unused variable: `event`
[INFO] [stdout]   --> src/main.rs:28:30
[INFO] [stdout]    |
[INFO] [stdout] 28 |     fn on_trigger(&mut self, event: &Event) {
[INFO] [stdout]    |                              ^^^^^ help: if this is intentional, prefix it with an underscore: `_event`
[INFO] [stdout] 
[INFO] [stdout] 
[INFO] [stderr]     Finished `dev` profile [unoptimized + debuginfo] target(s) in 7.98s
[INFO] running `Command { std: "docker" "inspect" "1190301ecde5b95b099cc14deda9bf45aa529524730d17f636bc9a90e6555d6d", kill_on_drop: false }`
[INFO] running `Command { std: "docker" "rm" "-f" "1190301ecde5b95b099cc14deda9bf45aa529524730d17f636bc9a90e6555d6d", kill_on_drop: false }`
[INFO] [stdout] 1190301ecde5b95b099cc14deda9bf45aa529524730d17f636bc9a90e6555d6d
[INFO] running `Command { std: "docker" "create" "-v" "/var/lib/crater-agent-workspace/builds/worker-4-tc1/target:/opt/rustwide/target:rw,Z" "-v" "/var/lib/crater-agent-workspace/builds/worker-4-tc1/source:/opt/rustwide/workdir:ro,Z" "-v" "/var/lib/crater-agent-workspace/cargo-home:/opt/rustwide/cargo-home:ro,Z" "-v" "/var/lib/crater-agent-workspace/rustup-home:/opt/rustwide/rustup-home:ro,Z" "-e" "SOURCE_DIR=/opt/rustwide/workdir" "-e" "CARGO_TARGET_DIR=/opt/rustwide/target" "-e" "CARGO_INCREMENTAL=0" "-e" "RUST_BACKTRACE=full" "-e" "RUSTFLAGS=--cap-lints=warn" "-e" "RUSTDOCFLAGS=--cap-lints=warn" "-e" "CARGO_HOME=/opt/rustwide/cargo-home" "-e" "RUSTUP_HOME=/opt/rustwide/rustup-home" "-w" "/opt/rustwide/workdir" "-m" "1610612736" "--user" "0:0" "--network" "none" "ghcr.io/rust-lang/crates-build-env/linux@sha256:f3a9d4ad9d972b27faf3965f35b62e55ba32bbce8f20bc8fe909558a86702fde" "/opt/rustwide/cargo-home/bin/cargo" "+1.83.0" "test" "--frozen" "--no-run" "--message-format=json", kill_on_drop: false }`
[INFO] [stdout] 2e94a2254be1dcaf629096af1edd3f017b1603bcb7eb4c1bcf272f80979d457a
[INFO] running `Command { std: "docker" "start" "-a" "2e94a2254be1dcaf629096af1edd3f017b1603bcb7eb4c1bcf272f80979d457a", kill_on_drop: false }`
[INFO] [stderr] warning: unused manifest key: dependencies.uuid.rust-ini
[INFO] [stderr]    Compiling rusty_gaym_engine v0.1.0 (/opt/rustwide/workdir)
[INFO] [stdout] warning: unused import: `Display`
[INFO] [stdout]  --> src/math/matrix.rs:2:16
[INFO] [stdout]   |
[INFO] [stdout] 2 | use std::fmt::{Display, Debug};
[INFO] [stdout]   |                ^^^^^^^
[INFO] [stdout]   |
[INFO] [stdout]   = note: `#[warn(unused_imports)]` on by default
[INFO] [stdout] 
[INFO] [stdout] 
[INFO] [stdout] warning: unused import: `ops`
[INFO] [stdout]  --> src/math/matrix.rs:5:16
[INFO] [stdout]   |
[INFO] [stdout] 5 | use std::{fmt, ops, vec};
[INFO] [stdout]   |                ^^^
[INFO] [stdout] 
[INFO] [stdout] 
[INFO] [stdout] warning: unused import: `Div`
[INFO] [stdout]  --> src/math/vector.rs:3:37
[INFO] [stdout]   |
[INFO] [stdout] 3 | use std::ops::{MulAssign, Add, Mul, Div, Sub, Neg};
[INFO] [stdout]   |                                     ^^^
[INFO] [stdout] 
[INFO] [stdout] 
[INFO] [stdout] warning: unused import: `std::process::Output`
[INFO] [stdout]  --> src/math/vector.rs:4:5
[INFO] [stdout]   |
[INFO] [stdout] 4 | use std::process::Output;
[INFO] [stdout]   |     ^^^^^^^^^^^^^^^^^^^^
[INFO] [stdout] 
[INFO] [stdout] 
[INFO] [stdout] warning: unused imports: `cell::RefCell` and `rc::Rc`
[INFO] [stdout]  --> src/engine/canvas.rs:1:11
[INFO] [stdout]   |
[INFO] [stdout] 1 | use std::{cell::RefCell, rc::Rc};
[INFO] [stdout]   |           ^^^^^^^^^^^^^  ^^^^^^
[INFO] [stdout] 
[INFO] [stdout] 
[INFO] [stdout] warning: unused import: `std::default`
[INFO] [stdout]  --> src/engine/event_system.rs:1:5
[INFO] [stdout]   |
[INFO] [stdout] 1 | use std::default;
[INFO] [stdout]   |     ^^^^^^^^^^^^
[INFO] [stdout] 
[INFO] [stdout] 
[INFO] [stdout] warning: unused import: `super::*`
[INFO] [stdout]  --> src/engine/event_system.rs:3:5
[INFO] [stdout]   |
[INFO] [stdout] 3 | use super::*;
[INFO] [stdout]   |     ^^^^^^^^
[INFO] [stdout] 
[INFO] [stdout] 
[INFO] [stdout] warning: unused import: `std::borrow::Borrow`
[INFO] [stdout]  --> src/engine/game.rs:3:5
[INFO] [stdout]   |
[INFO] [stdout] 3 | use std::borrow::Borrow;
[INFO] [stdout]   |     ^^^^^^^^^^^^^^^^^^^
[INFO] [stdout] 
[INFO] [stdout] 
[INFO] [stdout] warning: unused import: `std::default`
[INFO] [stdout]  --> src/engine/game.rs:5:5
[INFO] [stdout]   |
[INFO] [stdout] 5 | use std::default;
[INFO] [stdout]   |     ^^^^^^^^^^^^
[INFO] [stdout] 
[INFO] [stdout] 
[INFO] [stdout] warning: unused import: `crate::utils::assert_eq_f32`
[INFO] [stdout]  --> src/engine/hyperellipsoid.rs:3:5
[INFO] [stdout]   |
[INFO] [stdout] 3 | use crate::utils::assert_eq_f32;
[INFO] [stdout]   |     ^^^^^^^^^^^^^^^^^^^^^^^^^^^
[INFO] [stdout] 
[INFO] [stdout] 
[INFO] [stdout] warning: unused import: `super::*`
[INFO] [stdout]  --> src/engine/transform.rs:1:5
[INFO] [stdout]   |
[INFO] [stdout] 1 | use super::*;
[INFO] [stdout]   |     ^^^^^^^^
[INFO] [stdout] 
[INFO] [stdout] 
[INFO] [stdout] warning: value assigned to `sign` is never read
[INFO] [stdout]    --> src/math/matrix.rs:414:25
[INFO] [stdout]     |
[INFO] [stdout] 414 |                         sign *= -1;
[INFO] [stdout]     |                         ^^^^
[INFO] [stdout]     |
[INFO] [stdout]     = help: maybe it is overwritten before being read?
[INFO] [stdout]     = note: `#[warn(unused_assignments)]` on by default
[INFO] [stdout] 
[INFO] [stdout] 
[INFO] [stdout] warning: unused variable: `char`
[INFO] [stdout]    --> src/engine/game.rs:132:21
[INFO] [stdout]     |
[INFO] [stdout] 132 |                 let char = 'O';
[INFO] [stdout]     |                     ^^^^ help: if this is intentional, prefix it with an underscore: `_char`
[INFO] [stdout]     |
[INFO] [stdout]     = note: `#[warn(unused_variables)]` on by default
[INFO] [stdout] 
[INFO] [stdout] 
[INFO] [stdout] warning: unused variable: `debug_text`
[INFO] [stdout]    --> src/engine/game.rs:167:13
[INFO] [stdout]     |
[INFO] [stdout] 167 |         let debug_text = debug_clock_text.clone() + " " + &debug_plane_text;
[INFO] [stdout]     |             ^^^^^^^^^^ help: if this is intentional, prefix it with an underscore: `_debug_text`
[INFO] [stdout] 
[INFO] [stdout] 
[INFO] [stdout] warning: unused variable: `v`
[INFO] [stdout]   --> src/engine/transform.rs:58:55
[INFO] [stdout]    |
[INFO] [stdout] 58 |             NormalizedVectorResult::UnableToNormalize(v) => return Err(()),
[INFO] [stdout]    |                                                       ^ help: if this is intentional, prefix it with an underscore: `_v`
[INFO] [stdout] 
[INFO] [stdout] 
[INFO] [stdout] warning: unused variable: `b`
[INFO] [stdout]   --> src/lib.rs:15:9
[INFO] [stdout]    |
[INFO] [stdout] 15 |     let b = Matrix::from_row(Vector::new(vec![1.0, 2.0, 4.0]));
[INFO] [stdout]    |         ^ help: if this is intentional, prefix it with an underscore: `_b`
[INFO] [stdout] 
[INFO] [stdout] 
[INFO] [stdout] warning: unused variable: `o`
[INFO] [stdout]   --> src/lib.rs:16:9
[INFO] [stdout]    |
[INFO] [stdout] 16 |     let o = Matrix::<f32>::empty();
[INFO] [stdout]    |         ^ help: if this is intentional, prefix it with an underscore: `_o`
[INFO] [stdout] 
[INFO] [stdout] 
[INFO] [stdout] warning: function `print` is never used
[INFO] [stdout]  --> src/lib.rs:9:4
[INFO] [stdout]   |
[INFO] [stdout] 9 | fn print<T: Clone + Debug>(matrix: &Matrix<T>) {
[INFO] [stdout]   |    ^^^^^
[INFO] [stdout]   |
[INFO] [stdout]   = note: `#[warn(dead_code)]` on by default
[INFO] [stdout] 
[INFO] [stdout] 
[INFO] [stdout] warning: function `main` is never used
[INFO] [stdout]   --> src/lib.rs:13:4
[INFO] [stdout]    |
[INFO] [stdout] 13 | fn main() {
[INFO] [stdout]    |    ^^^^
[INFO] [stdout] 
[INFO] [stdout] 
[INFO] [stdout] warning: unused import: `Display`
[INFO] [stdout]  --> src/math/matrix.rs:2:16
[INFO] [stdout]   |
[INFO] [stdout] 2 | use std::fmt::{Display, Debug};
[INFO] [stdout]   |                ^^^^^^^
[INFO] [stdout]   |
[INFO] [stdout]   = note: `#[warn(unused_imports)]` on by default
[INFO] [stdout] 
[INFO] [stdout] 
[INFO] [stdout] warning: unused import: `ops`
[INFO] [stdout]  --> src/math/matrix.rs:5:16
[INFO] [stdout]   |
[INFO] [stdout] 5 | use std::{fmt, ops, vec};
[INFO] [stdout]   |                ^^^
[INFO] [stdout] 
[INFO] [stdout] 
[INFO] [stdout] warning: unused import: `Div`
[INFO] [stdout]  --> src/math/vector.rs:3:37
[INFO] [stdout]   |
[INFO] [stdout] 3 | use std::ops::{MulAssign, Add, Mul, Div, Sub, Neg};
[INFO] [stdout]   |                                     ^^^
[INFO] [stdout] 
[INFO] [stdout] 
[INFO] [stdout] warning: unused import: `std::process::Output`
[INFO] [stdout]  --> src/math/vector.rs:4:5
[INFO] [stdout]   |
[INFO] [stdout] 4 | use std::process::Output;
[INFO] [stdout]   |     ^^^^^^^^^^^^^^^^^^^^
[INFO] [stdout] 
[INFO] [stdout] 
[INFO] [stdout] warning: unused imports: `cell::RefCell` and `rc::Rc`
[INFO] [stdout]  --> src/engine/canvas.rs:1:11
[INFO] [stdout]   |
[INFO] [stdout] 1 | use std::{cell::RefCell, rc::Rc};
[INFO] [stdout]   |           ^^^^^^^^^^^^^  ^^^^^^
[INFO] [stdout] 
[INFO] [stdout] 
[INFO] [stdout] warning: unused import: `super::*`
[INFO] [stdout]   --> src/engine/canvas.rs:62:9
[INFO] [stdout]    |
[INFO] [stdout] 62 |     use super::*;
[INFO] [stdout]    |         ^^^^^^^^
[INFO] [stdout] 
[INFO] [stdout] 
[INFO] [stdout] warning: unused import: `std::default`
[INFO] [stdout]  --> src/engine/event_system.rs:1:5
[INFO] [stdout]   |
[INFO] [stdout] 1 | use std::default;
[INFO] [stdout]   |     ^^^^^^^^^^^^
[INFO] [stdout] 
[INFO] [stdout] 
[INFO] [stdout] warning: unused import: `super::*`
[INFO] [stdout]  --> src/engine/event_system.rs:3:5
[INFO] [stdout]   |
[INFO] [stdout] 3 | use super::*;
[INFO] [stdout]   |     ^^^^^^^^
[INFO] [stdout] 
[INFO] [stdout] 
[INFO] [stdout] warning: unused import: `std::borrow::Borrow`
[INFO] [stdout]  --> src/engine/game.rs:3:5
[INFO] [stdout]   |
[INFO] [stdout] 3 | use std::borrow::Borrow;
[INFO] [stdout]   |     ^^^^^^^^^^^^^^^^^^^
[INFO] [stdout] 
[INFO] [stdout] 
[INFO] [stdout] warning: unused import: `std::default`
[INFO] [stdout]  --> src/engine/game.rs:5:5
[INFO] [stdout]   |
[INFO] [stdout] 5 | use std::default;
[INFO] [stdout]   |     ^^^^^^^^^^^^
[INFO] [stdout] 
[INFO] [stdout] 
[INFO] [stdout] warning: unused import: `super::*`
[INFO] [stdout]    --> src/engine/game.rs:198:9
[INFO] [stdout]     |
[INFO] [stdout] 198 |     use super::*;
[INFO] [stdout]     |         ^^^^^^^^
[INFO] [stdout] 
[INFO] [stdout] 
[INFO] [stdout] warning: unused import: `crate::utils::assert_eq_f32`
[INFO] [stdout]  --> src/engine/hyperellipsoid.rs:3:5
[INFO] [stdout]   |
[INFO] [stdout] 3 | use crate::utils::assert_eq_f32;
[INFO] [stdout]   |     ^^^^^^^^^^^^^^^^^^^^^^^^^^^
[INFO] [stdout] 
[INFO] [stdout] 
[INFO] [stdout] warning: unused import: `super::*`
[INFO] [stdout]  --> src/engine/transform.rs:1:5
[INFO] [stdout]   |
[INFO] [stdout] 1 | use super::*;
[INFO] [stdout]   |     ^^^^^^^^
[INFO] [stdout] 
[INFO] [stdout] 
[INFO] [stdout] warning: unused import: `Display`
[INFO] [stdout]  --> src/math/matrix.rs:2:16
[INFO] [stdout]   |
[INFO] [stdout] 2 | use std::fmt::{Display, Debug};
[INFO] [stdout]   |                ^^^^^^^
[INFO] [stdout]   |
[INFO] [stdout]   = note: `#[warn(unused_imports)]` on by default
[INFO] [stdout] 
[INFO] [stdout] 
[INFO] [stdout] warning: unused import: `ops`
[INFO] [stdout]  --> src/math/matrix.rs:5:16
[INFO] [stdout]   |
[INFO] [stdout] 5 | use std::{fmt, ops, vec};
[INFO] [stdout]   |                ^^^
[INFO] [stdout] 
[INFO] [stdout] 
[INFO] [stdout] warning: unused import: `Div`
[INFO] [stdout]  --> src/math/vector.rs:3:37
[INFO] [stdout]   |
[INFO] [stdout] 3 | use std::ops::{MulAssign, Add, Mul, Div, Sub, Neg};
[INFO] [stdout]   |                                     ^^^
[INFO] [stdout] 
[INFO] [stdout] 
[INFO] [stdout] warning: unused import: `std::process::Output`
[INFO] [stdout]  --> src/math/vector.rs:4:5
[INFO] [stdout]   |
[INFO] [stdout] 4 | use std::process::Output;
[INFO] [stdout]   |     ^^^^^^^^^^^^^^^^^^^^
[INFO] [stdout] 
[INFO] [stdout] 
[INFO] [stdout] warning: unused imports: `cell::RefCell` and `rc::Rc`
[INFO] [stdout]  --> src/engine/canvas.rs:1:11
[INFO] [stdout]   |
[INFO] [stdout] 1 | use std::{cell::RefCell, rc::Rc};
[INFO] [stdout]   |           ^^^^^^^^^^^^^  ^^^^^^
[INFO] [stdout] 
[INFO] [stdout] 
[INFO] [stdout] warning: unused import: `super::*`
[INFO] [stdout]   --> src/engine/canvas.rs:62:9
[INFO] [stdout]    |
[INFO] [stdout] 62 |     use super::*;
[INFO] [stdout]    |         ^^^^^^^^
[INFO] [stdout] 
[INFO] [stdout] 
[INFO] [stdout] warning: unused import: `std::default`
[INFO] [stdout]  --> src/engine/event_system.rs:1:5
[INFO] [stdout]   |
[INFO] [stdout] 1 | use std::default;
[INFO] [stdout]   |     ^^^^^^^^^^^^
[INFO] [stdout] 
[INFO] [stdout] 
[INFO] [stdout] warning: unused import: `super::*`
[INFO] [stdout]  --> src/engine/event_system.rs:3:5
[INFO] [stdout]   |
[INFO] [stdout] 3 | use super::*;
[INFO] [stdout]   |     ^^^^^^^^
[INFO] [stdout] 
[INFO] [stdout] 
[INFO] [stdout] warning: unused import: `std::borrow::Borrow`
[INFO] [stdout]  --> src/engine/game.rs:3:5
[INFO] [stdout]   |
[INFO] [stdout] 3 | use std::borrow::Borrow;
[INFO] [stdout]   |     ^^^^^^^^^^^^^^^^^^^
[INFO] [stdout] 
[INFO] [stdout] 
[INFO] [stdout] warning: unused import: `std::default`
[INFO] [stdout]  --> src/engine/game.rs:5:5
[INFO] [stdout]   |
[INFO] [stdout] 5 | use std::default;
[INFO] [stdout]   |     ^^^^^^^^^^^^
[INFO] [stdout] 
[INFO] [stdout] 
[INFO] [stdout] warning: unused import: `super::*`
[INFO] [stdout]    --> src/engine/game.rs:198:9
[INFO] [stdout]     |
[INFO] [stdout] 198 |     use super::*;
[INFO] [stdout]     |         ^^^^^^^^
[INFO] [stdout] 
[INFO] [stdout] 
[INFO] [stdout] warning: unused import: `crate::utils::assert_eq_f32`
[INFO] [stdout]  --> src/engine/hyperellipsoid.rs:3:5
[INFO] [stdout]   |
[INFO] [stdout] 3 | use crate::utils::assert_eq_f32;
[INFO] [stdout]   |     ^^^^^^^^^^^^^^^^^^^^^^^^^^^
[INFO] [stdout] 
[INFO] [stdout] 
[INFO] [stdout] warning: unused import: `super::*`
[INFO] [stdout]  --> src/engine/transform.rs:1:5
[INFO] [stdout]   |
[INFO] [stdout] 1 | use super::*;
[INFO] [stdout]   |     ^^^^^^^^
[INFO] [stdout] 
[INFO] [stdout] 
[INFO] [stdout] warning: value assigned to `sign` is never read
[INFO] [stdout]    --> src/math/matrix.rs:414:25
[INFO] [stdout]     |
[INFO] [stdout] 414 |                         sign *= -1;
[INFO] [stdout]     |                         ^^^^
[INFO] [stdout]     |
[INFO] [stdout]     = help: maybe it is overwritten before being read?
[INFO] [stdout]     = note: `#[warn(unused_assignments)]` on by default
[INFO] [stdout] 
[INFO] [stdout] 
[INFO] [stdout] warning: value assigned to `sign` is never read
[INFO] [stdout]    --> src/math/matrix.rs:414:25
[INFO] [stdout]     |
[INFO] [stdout] 414 |                         sign *= -1;
[INFO] [stdout]     |                         ^^^^
[INFO] [stdout]     |
[INFO] [stdout]     = help: maybe it is overwritten before being read?
[INFO] [stdout]     = note: `#[warn(unused_assignments)]` on by default
[INFO] [stdout] 
[INFO] [stdout] 
[INFO] [stdout] warning: unused variable: `char`
[INFO] [stdout]    --> src/engine/game.rs:132:21
[INFO] [stdout]     |
[INFO] [stdout] 132 |                 let char = 'O';
[INFO] [stdout]     |                     ^^^^ help: if this is intentional, prefix it with an underscore: `_char`
[INFO] [stdout]     |
[INFO] [stdout]     = note: `#[warn(unused_variables)]` on by default
[INFO] [stdout] 
[INFO] [stdout] 
[INFO] [stdout] warning: unused variable: `debug_text`
[INFO] [stdout]    --> src/engine/game.rs:167:13
[INFO] [stdout]     |
[INFO] [stdout] 167 |         let debug_text = debug_clock_text.clone() + " " + &debug_plane_text;
[INFO] [stdout]     |             ^^^^^^^^^^ help: if this is intentional, prefix it with an underscore: `_debug_text`
[INFO] [stdout] 
[INFO] [stdout] 
[INFO] [stdout] warning: unused variable: `char`
[INFO] [stdout]    --> src/engine/game.rs:132:21
[INFO] [stdout]     |
[INFO] [stdout] 132 |                 let char = 'O';
[INFO] [stdout]     |                     ^^^^ help: if this is intentional, prefix it with an underscore: `_char`
[INFO] [stdout]     |
[INFO] [stdout]     = note: `#[warn(unused_variables)]` on by default
[INFO] [stdout] 
[INFO] [stdout] 
[INFO] [stdout] warning: unused variable: `debug_text`
[INFO] [stdout]    --> src/engine/game.rs:167:13
[INFO] [stdout]     |
[INFO] [stdout] 167 |         let debug_text = debug_clock_text.clone() + " " + &debug_plane_text;
[INFO] [stdout]     |             ^^^^^^^^^^ help: if this is intentional, prefix it with an underscore: `_debug_text`
[INFO] [stdout] 
[INFO] [stdout] 
[INFO] [stdout] warning: unused variable: `v`
[INFO] [stdout]   --> src/engine/transform.rs:58:55
[INFO] [stdout]    |
[INFO] [stdout] 58 |             NormalizedVectorResult::UnableToNormalize(v) => return Err(()),
[INFO] [stdout]    |                                                       ^ help: if this is intentional, prefix it with an underscore: `_v`
[INFO] [stdout] 
[INFO] [stdout] 
[INFO] [stdout] warning: unused variable: `b`
[INFO] [stdout]   --> src/lib.rs:15:9
[INFO] [stdout]    |
[INFO] [stdout] 15 |     let b = Matrix::from_row(Vector::new(vec![1.0, 2.0, 4.0]));
[INFO] [stdout]    |         ^ help: if this is intentional, prefix it with an underscore: `_b`
[INFO] [stdout] 
[INFO] [stdout] 
[INFO] [stdout] warning: unused variable: `o`
[INFO] [stdout]   --> src/lib.rs:16:9
[INFO] [stdout]    |
[INFO] [stdout] 16 |     let o = Matrix::<f32>::empty();
[INFO] [stdout]    |         ^ help: if this is intentional, prefix it with an underscore: `_o`
[INFO] [stdout] 
[INFO] [stdout] 
[INFO] [stdout] warning: unused variable: `v`
[INFO] [stdout]   --> src/engine/transform.rs:58:55
[INFO] [stdout]    |
[INFO] [stdout] 58 |             NormalizedVectorResult::UnableToNormalize(v) => return Err(()),
[INFO] [stdout]    |                                                       ^ help: if this is intentional, prefix it with an underscore: `_v`
[INFO] [stdout] 
[INFO] [stdout] 
[INFO] [stdout] warning: unused variable: `event`
[INFO] [stdout]   --> src/main.rs:28:30
[INFO] [stdout]    |
[INFO] [stdout] 28 |     fn on_trigger(&mut self, event: &Event) {
[INFO] [stdout]    |                              ^^^^^ help: if this is intentional, prefix it with an underscore: `_event`
[INFO] [stdout] 
[INFO] [stdout] 
[INFO] [stdout] warning: function `print` is never used
[INFO] [stdout]  --> src/lib.rs:9:4
[INFO] [stdout]   |
[INFO] [stdout] 9 | fn print<T: Clone + Debug>(matrix: &Matrix<T>) {
[INFO] [stdout]   |    ^^^^^
[INFO] [stdout]   |
[INFO] [stdout]   = note: `#[warn(dead_code)]` on by default
[INFO] [stdout] 
[INFO] [stdout] 
[INFO] [stderr]     Finished `test` profile [unoptimized + debuginfo] target(s) in 1.82s
[INFO] running `Command { std: "docker" "inspect" "2e94a2254be1dcaf629096af1edd3f017b1603bcb7eb4c1bcf272f80979d457a", kill_on_drop: false }`
[INFO] running `Command { std: "docker" "rm" "-f" "2e94a2254be1dcaf629096af1edd3f017b1603bcb7eb4c1bcf272f80979d457a", kill_on_drop: false }`
[INFO] [stdout] 2e94a2254be1dcaf629096af1edd3f017b1603bcb7eb4c1bcf272f80979d457a
[INFO] running `Command { std: "docker" "create" "-v" "/var/lib/crater-agent-workspace/builds/worker-4-tc1/target:/opt/rustwide/target:rw,Z" "-v" "/var/lib/crater-agent-workspace/builds/worker-4-tc1/source:/opt/rustwide/workdir:ro,Z" "-v" "/var/lib/crater-agent-workspace/cargo-home:/opt/rustwide/cargo-home:ro,Z" "-v" "/var/lib/crater-agent-workspace/rustup-home:/opt/rustwide/rustup-home:ro,Z" "-e" "SOURCE_DIR=/opt/rustwide/workdir" "-e" "CARGO_TARGET_DIR=/opt/rustwide/target" "-e" "CARGO_INCREMENTAL=0" "-e" "RUST_BACKTRACE=full" "-e" "RUSTFLAGS=--cap-lints=warn" "-e" "RUSTDOCFLAGS=--cap-lints=warn" "-e" "CARGO_HOME=/opt/rustwide/cargo-home" "-e" "RUSTUP_HOME=/opt/rustwide/rustup-home" "-w" "/opt/rustwide/workdir" "-m" "1610612736" "--user" "0:0" "--network" "none" "ghcr.io/rust-lang/crates-build-env/linux@sha256:f3a9d4ad9d972b27faf3965f35b62e55ba32bbce8f20bc8fe909558a86702fde" "/opt/rustwide/cargo-home/bin/cargo" "+1.83.0" "test" "--frozen", kill_on_drop: false }`
[INFO] [stdout] 1f5c9daeffb5f86c8908b0bfb3796ba5112f1317fdde6f1da960167410d2bbc9
[INFO] running `Command { std: "docker" "start" "-a" "1f5c9daeffb5f86c8908b0bfb3796ba5112f1317fdde6f1da960167410d2bbc9", kill_on_drop: false }`
[INFO] [stderr] warning: unused manifest key: dependencies.uuid.rust-ini
[INFO] [stderr] warning: unused import: `Display`
[INFO] [stderr]  --> src/math/matrix.rs:2:16
[INFO] [stderr]   |
[INFO] [stderr] 2 | use std::fmt::{Display, Debug};
[INFO] [stderr]   |                ^^^^^^^
[INFO] [stderr]   |
[INFO] [stderr]   = note: `#[warn(unused_imports)]` on by default
[INFO] [stderr] 
[INFO] [stderr] warning: unused import: `ops`
[INFO] [stderr]  --> src/math/matrix.rs:5:16
[INFO] [stderr]   |
[INFO] [stderr] 5 | use std::{fmt, ops, vec};
[INFO] [stderr]   |                ^^^
[INFO] [stderr] 
[INFO] [stderr] warning: unused import: `Div`
[INFO] [stderr]  --> src/math/vector.rs:3:37
[INFO] [stderr]   |
[INFO] [stderr] 3 | use std::ops::{MulAssign, Add, Mul, Div, Sub, Neg};
[INFO] [stderr]   |                                     ^^^
[INFO] [stderr] 
[INFO] [stderr] warning: unused import: `std::process::Output`
[INFO] [stderr]  --> src/math/vector.rs:4:5
[INFO] [stderr]   |
[INFO] [stderr] 4 | use std::process::Output;
[INFO] [stderr]   |     ^^^^^^^^^^^^^^^^^^^^
[INFO] [stderr] 
[INFO] [stderr] warning: unused imports: `cell::RefCell` and `rc::Rc`
[INFO] [stderr]  --> src/engine/canvas.rs:1:11
[INFO] [stderr]   |
[INFO] [stderr] 1 | use std::{cell::RefCell, rc::Rc};
[INFO] [stderr]   |           ^^^^^^^^^^^^^  ^^^^^^
[INFO] [stderr] 
[INFO] [stderr] warning: unused import: `std::default`
[INFO] [stderr]  --> src/engine/event_system.rs:1:5
[INFO] [stderr]   |
[INFO] [stderr] 1 | use std::default;
[INFO] [stderr]   |     ^^^^^^^^^^^^
[INFO] [stderr] 
[INFO] [stderr] warning: unused import: `super::*`
[INFO] [stderr]  --> src/engine/event_system.rs:3:5
[INFO] [stderr]   |
[INFO] [stderr] 3 | use super::*;
[INFO] [stderr]   |     ^^^^^^^^
[INFO] [stderr] 
[INFO] [stderr] warning: unused import: `std::borrow::Borrow`
[INFO] [stderr]  --> src/engine/game.rs:3:5
[INFO] [stderr]   |
[INFO] [stderr] 3 | use std::borrow::Borrow;
[INFO] [stderr]   |     ^^^^^^^^^^^^^^^^^^^
[INFO] [stderr] 
[INFO] [stderr] warning: unused import: `std::default`
[INFO] [stderr]  --> src/engine/game.rs:5:5
[INFO] [stderr]   |
[INFO] [stderr] 5 | use std::default;
[INFO] [stderr]   |     ^^^^^^^^^^^^
[INFO] [stderr] 
[INFO] [stderr] warning: unused import: `crate::utils::assert_eq_f32`
[INFO] [stderr]  --> src/engine/hyperellipsoid.rs:3:5
[INFO] [stderr]   |
[INFO] [stderr] 3 | use crate::utils::assert_eq_f32;
[INFO] [stderr]   |     ^^^^^^^^^^^^^^^^^^^^^^^^^^^
[INFO] [stderr] 
[INFO] [stderr] warning: unused import: `super::*`
[INFO] [stderr]  --> src/engine/transform.rs:1:5
[INFO] [stderr]   |
[INFO] [stderr] 1 | use super::*;
[INFO] [stderr]   |     ^^^^^^^^
[INFO] [stderr] 
[INFO] [stderr] warning: value assigned to `sign` is never read
[INFO] [stderr]    --> src/math/matrix.rs:414:25
[INFO] [stderr]     |
[INFO] [stderr] 414 |                         sign *= -1;
[INFO] [stderr]     |                         ^^^^
[INFO] [stderr]     |
[INFO] [stderr]     = help: maybe it is overwritten before being read?
[INFO] [stderr]     = note: `#[warn(unused_assignments)]` on by default
[INFO] [stderr] 
[INFO] [stderr] warning: unused variable: `char`
[INFO] [stderr]    --> src/engine/game.rs:132:21
[INFO] [stderr]     |
[INFO] [stderr] 132 |                 let char = 'O';
[INFO] [stderr]     |                     ^^^^ help: if this is intentional, prefix it with an underscore: `_char`
[INFO] [stderr]     |
[INFO] [stderr]     = note: `#[warn(unused_variables)]` on by default
[INFO] [stderr] 
[INFO] [stderr] warning: unused variable: `debug_text`
[INFO] [stderr]    --> src/engine/game.rs:167:13
[INFO] [stderr]     |
[INFO] [stderr] 167 |         let debug_text = debug_clock_text.clone() + " " + &debug_plane_text;
[INFO] [stderr]     |             ^^^^^^^^^^ help: if this is intentional, prefix it with an underscore: `_debug_text`
[INFO] [stderr] 
[INFO] [stderr] warning: unused variable: `v`
[INFO] [stderr]   --> src/engine/transform.rs:58:55
[INFO] [stderr]    |
[INFO] [stderr] 58 |             NormalizedVectorResult::UnableToNormalize(v) => return Err(()),
[INFO] [stderr]    |                                                       ^ help: if this is intentional, prefix it with an underscore: `_v`
[INFO] [stderr] 
[INFO] [stderr] warning: unused variable: `b`
[INFO] [stderr]   --> src/lib.rs:15:9
[INFO] [stderr]    |
[INFO] [stderr] 15 |     let b = Matrix::from_row(Vector::new(vec![1.0, 2.0, 4.0]));
[INFO] [stderr]    |         ^ help: if this is intentional, prefix it with an underscore: `_b`
[INFO] [stderr] 
[INFO] [stderr] warning: unused variable: `o`
[INFO] [stderr]   --> src/lib.rs:16:9
[INFO] [stderr]    |
[INFO] [stderr] 16 |     let o = Matrix::<f32>::empty();
[INFO] [stderr]    |         ^ help: if this is intentional, prefix it with an underscore: `_o`
[INFO] [stderr] 
[INFO] [stderr] warning: function `print` is never used
[INFO] [stderr]  --> src/lib.rs:9:4
[INFO] [stderr]   |
[INFO] [stderr] 9 | fn print<T: Clone + Debug>(matrix: &Matrix<T>) {
[INFO] [stderr]   |    ^^^^^
[INFO] [stderr]   |
[INFO] [stderr]   = note: `#[warn(dead_code)]` on by default
[INFO] [stderr] 
[INFO] [stderr] warning: function `main` is never used
[INFO] [stderr]   --> src/lib.rs:13:4
[INFO] [stderr]    |
[INFO] [stderr] 13 | fn main() {
[INFO] [stderr]    |    ^^^^
[INFO] [stderr] 
[INFO] [stderr] warning: unused import: `super::*`
[INFO] [stderr]   --> src/engine/canvas.rs:62:9
[INFO] [stderr]    |
[INFO] [stderr] 62 |     use super::*;
[INFO] [stderr]    |         ^^^^^^^^
[INFO] [stderr] 
[INFO] [stderr] warning: unused import: `super::*`
[INFO] [stderr]    --> src/engine/game.rs:198:9
[INFO] [stderr]     |
[INFO] [stderr] 198 |     use super::*;
[INFO] [stderr]     |         ^^^^^^^^
[INFO] [stderr] 
[INFO] [stderr] warning: `rusty_gaym_engine` (lib) generated 19 warnings (run `cargo fix --lib -p rusty_gaym_engine` to apply 11 suggestions)
[INFO] [stderr] warning: `rusty_gaym_engine` (lib test) generated 20 warnings (18 duplicates) (run `cargo fix --lib -p rusty_gaym_engine --tests` to apply 2 suggestions)
[INFO] [stderr] warning: unused variable: `event`
[INFO] [stderr]   --> src/main.rs:28:30
[INFO] [stderr]    |
[INFO] [stderr] 28 |     fn on_trigger(&mut self, event: &Event) {
[INFO] [stderr]    |                              ^^^^^ help: if this is intentional, prefix it with an underscore: `_event`
[INFO] [stderr] 
[INFO] [stderr] warning: `rusty_gaym_engine` (bin "rusty_gaym_engine" test) generated 18 warnings (17 duplicates)
[INFO] [stderr]     Finished `test` profile [unoptimized + debuginfo] target(s) in 0.09s
[INFO] [stderr]      Running unittests src/lib.rs (/opt/rustwide/target/debug/deps/rusty_gaym_engine-b3c5b5c9888ca0b8)
[INFO] [stdout] 
[INFO] [stdout] running 38 tests
[INFO] [stdout] test engine::hyperellipsoid::hyperellipsoid_tests::test2 ... ok
[INFO] [stdout] test engine::canvas::canvas_tests::test ... ok
[INFO] [stdout] test math::matrix::tests::matrix_determinant_empty_matrix ... ok
[INFO] [stdout] test math::matrix::tests::matrix_adjoint2 ... ok
[INFO] [stdout] test math::matrix::tests::matrix_determinant ... ok
[INFO] [stdout] test math::matrix::tests::matrix_determinant_non_square_matrix ... ok
[INFO] [stdout] test math::matrix::tests::matrix_determinant_zeros ... ok
[INFO] [stdout] test math::matrix::tests::matrix_determinant_negative16 ... ok
[INFO] [stdout] test math::matrix::tests::matrix_adjoint1 ... ok
[INFO] [stdout] test math::matrix::tests::matrix_equal ... ok
[INFO] [stdout] test math::matrix::tests::matrix_equal2 ... ok
[INFO] [stdout] test math::matrix::tests::matrix_equal3 ... ok
[INFO] [stdout] test math::matrix::tests::matrix_from_rows ... ok
[INFO] [stdout] test math::matrix::tests::matrix_get_minor ... ok
[INFO] [stdout] test math::matrix::tests::matrix_inverse1 ... ok
[INFO] [stdout] test engine::hyperplane::hyperplane_tests::intersection3d_neg2 ... ok
[INFO] [stdout] test math::matrix::tests::matrix_inverse2 ... ok
[INFO] [stdout] test math::matrix::tests::matrix_not_equal ... ok
[INFO] [stdout] test engine::hyperellipsoid::hyperellipsoid_tests::test1 ... ok
[INFO] [stdout] test engine::hyperplane::hyperplane_tests::intersection3d_ray_inside ... ok
[INFO] [stdout] test math::matrix::tests::matrix_swap_cols ... ok
[INFO] [stdout] test math::vector::tests::add_vectors ... ok
[INFO] [stdout] test math::vector::tests::approximately_equal ... ok
[INFO] [stdout] test math::vector::tests::approximately_not_equal ... ok
[INFO] [stdout] test math::matrix::tests::matrix_rotation_3d_halfpi_x ... ok
[INFO] [stdout] test engine::hyperplane::hyperplane_tests::intersection3d_1 ... ok
[INFO] [stdout] test math::vector::tests::subtract_vectors ... ok
[INFO] [stdout] test math::vector::tests::vector_equal1 ... ok
[INFO] [stdout] test math::vector::tests::vector_equal2 ... ok
[INFO] [stdout] test math::vector::tests::vector_rotate2d_1 ... ok
[INFO] [stdout] test math::vector::tests::vector_rotate2d_2 ... ok
[INFO] [stdout] test math::vector::tests::vector_rotate2d_3 ... ok
[INFO] [stdout] test math::vector::tests::vector_rotate3d_x ... ok
[INFO] [stdout] test math::matrix::tests::matrix_rotation_3d_halfpi_xyz ... ok
[INFO] [stdout] test math::vector::tests::vector_rotate_3d_0 ... ok
[INFO] [stdout] test math::vector::tests::vector_rotate2d_4 ... ok
[INFO] [stdout] test engine::game_config::game_config_tests::save_and_load_file ... FAILED
[INFO] [stdout] test engine::game_config::game_config_tests::save_and_read_different ... FAILED
[INFO] [stdout] 
[INFO] [stdout] failures:
[INFO] [stdout] 
[INFO] [stdout] ---- engine::game_config::game_config_tests::save_and_load_file stdout ----
[INFO] [stdout] thread 'engine::game_config::game_config_tests::save_and_load_file' panicked at src/engine/game_config.rs:41:37:
[INFO] [stdout] called `Result::unwrap()` on an `Err` value: Os { code: 30, kind: ReadOnlyFilesystem, message: "Read-only file system" }
[INFO] [stdout] stack backtrace:
[INFO] [stdout]    0:     0x5601c1b0008a - std::backtrace_rs::backtrace::libunwind::trace::h5a5b8284f2d0c266
[INFO] [stdout]                                at /rustc/90b35a6239c3d8bdabc530a6a0816f7ff89a0aaf/library/std/src/../../backtrace/src/backtrace/libunwind.rs:116:5
[INFO] [stdout]    1:     0x5601c1b0008a - std::backtrace_rs::backtrace::trace_unsynchronized::h76d4f1c9b0b875e3
[INFO] [stdout]                                at /rustc/90b35a6239c3d8bdabc530a6a0816f7ff89a0aaf/library/std/src/../../backtrace/src/backtrace/mod.rs:66:5
[INFO] [stdout]    2:     0x5601c1b0008a - std::sys::backtrace::_print_fmt::hc4546b8364a537c6
[INFO] [stdout]                                at /rustc/90b35a6239c3d8bdabc530a6a0816f7ff89a0aaf/library/std/src/sys/backtrace.rs:66:9
[INFO] [stdout]    3:     0x5601c1b0008a - <std::sys::backtrace::BacktraceLock::print::DisplayBacktrace as core::fmt::Display>::fmt::h5b6bd5631a6d1f6b
[INFO] [stdout]                                at /rustc/90b35a6239c3d8bdabc530a6a0816f7ff89a0aaf/library/std/src/sys/backtrace.rs:39:26
[INFO] [stdout]    4:     0x5601c1b27143 - core::fmt::rt::Argument::fmt::h270f6602a2b96f62
[INFO] [stdout]                                at /rustc/90b35a6239c3d8bdabc530a6a0816f7ff89a0aaf/library/core/src/fmt/rt.rs:177:76
[INFO] [stdout]    5:     0x5601c1b27143 - core::fmt::write::h7550c97b06c86515
[INFO] [stdout]                                at /rustc/90b35a6239c3d8bdabc530a6a0816f7ff89a0aaf/library/core/src/fmt/mod.rs:1186:21
[INFO] [stdout]    6:     0x5601c1afd253 - std::io::Write::write_fmt::h509ff860e5956e5e
[INFO] [stdout]                                at /rustc/90b35a6239c3d8bdabc530a6a0816f7ff89a0aaf/library/std/src/io/mod.rs:1839:15
[INFO] [stdout]    7:     0x5601c1affed2 - std::sys::backtrace::BacktraceLock::print::h2395ccd2c84ba3aa
[INFO] [stdout]                                at /rustc/90b35a6239c3d8bdabc530a6a0816f7ff89a0aaf/library/std/src/sys/backtrace.rs:42:9
[INFO] [stdout]    8:     0x5601c1b014ea - std::panicking::default_hook::{{closure}}::he19d4c7230e07961
[INFO] [stdout]                                at /rustc/90b35a6239c3d8bdabc530a6a0816f7ff89a0aaf/library/std/src/panicking.rs:268:22
[INFO] [stdout]    9:     0x5601c1b012f4 - std::panicking::default_hook::hf614597d3c67bbdb
[INFO] [stdout]                                at /rustc/90b35a6239c3d8bdabc530a6a0816f7ff89a0aaf/library/std/src/panicking.rs:292:9
[INFO] [stdout]   10:     0x5601c1aa8b79 - <alloc::boxed::Box<F,A> as core::ops::function::Fn<Args>>::call::h39b51ce4599c23d1
[INFO] [stdout]                                at /rustc/90b35a6239c3d8bdabc530a6a0816f7ff89a0aaf/library/alloc/src/boxed.rs:2468:9
[INFO] [stdout]   11:     0x5601c1aa8b79 - test::test_main::{{closure}}::he977ae839a582784
[INFO] [stdout]                                at /rustc/90b35a6239c3d8bdabc530a6a0816f7ff89a0aaf/library/test/src/lib.rs:133:21
[INFO] [stdout]   12:     0x5601c1b01b88 - <alloc::boxed::Box<F,A> as core::ops::function::Fn<Args>>::call::h9455091b6b06f9fb
[INFO] [stdout]                                at /rustc/90b35a6239c3d8bdabc530a6a0816f7ff89a0aaf/library/alloc/src/boxed.rs:2468:9
[INFO] [stdout]   13:     0x5601c1b01b88 - std::panicking::rust_panic_with_hook::h8942133a8b252070
[INFO] [stdout]                                at /rustc/90b35a6239c3d8bdabc530a6a0816f7ff89a0aaf/library/std/src/panicking.rs:809:13
[INFO] [stdout]   14:     0x5601c1b0194a - std::panicking::begin_panic_handler::{{closure}}::hb5f5963570096b29
[INFO] [stdout]                                at /rustc/90b35a6239c3d8bdabc530a6a0816f7ff89a0aaf/library/std/src/panicking.rs:674:13
[INFO] [stdout]   15:     0x5601c1b00569 - std::sys::backtrace::__rust_end_short_backtrace::h6208cedc1922feda
[INFO] [stdout]                                at /rustc/90b35a6239c3d8bdabc530a6a0816f7ff89a0aaf/library/std/src/sys/backtrace.rs:170:18
[INFO] [stdout]   16:     0x5601c1b015dc - rust_begin_unwind
[INFO] [stdout]                                at /rustc/90b35a6239c3d8bdabc530a6a0816f7ff89a0aaf/library/std/src/panicking.rs:665:5
[INFO] [stdout]   17:     0x5601c1a4db10 - core::panicking::panic_fmt::h0c3082644d1bf418
[INFO] [stdout]                                at /rustc/90b35a6239c3d8bdabc530a6a0816f7ff89a0aaf/library/core/src/panicking.rs:74:14
[INFO] [stdout]   18:     0x5601c1a4df56 - core::result::unwrap_failed::hd20b4aa073bda1e2
[INFO] [stdout]                                at /rustc/90b35a6239c3d8bdabc530a6a0816f7ff89a0aaf/library/core/src/result.rs:1700:5
[INFO] [stdout]   19:     0x5601c1a67929 - core::result::Result<T,E>::unwrap::h26b0ad360e46a67f
[INFO] [stdout]                                at /rustc/90b35a6239c3d8bdabc530a6a0816f7ff89a0aaf/library/core/src/result.rs:1104:23
[INFO] [stdout]   20:     0x5601c1a67929 - rusty_gaym_engine::engine::game_config::GameConfig::save_to_file::h5ad3c99c468cc7fc
[INFO] [stdout]                                at /opt/rustwide/workdir/src/engine/game_config.rs:41:9
[INFO] [stdout]   21:     0x5601c1a69d22 - rusty_gaym_engine::engine::game_config::game_config_tests::save_and_load_file::hea8ded055a27a2a4
[INFO] [stdout]                                at /opt/rustwide/workdir/src/engine/game_config.rs:73:9
[INFO] [stdout]   22:     0x5601c1a69cc7 - rusty_gaym_engine::engine::game_config::game_config_tests::save_and_load_file::{{closure}}::hbc335945a2f14ce2
[INFO] [stdout]                                at /opt/rustwide/workdir/src/engine/game_config.rs:69:28
[INFO] [stdout]   23:     0x5601c1a63e76 - core::ops::function::FnOnce::call_once::hef9ffb1c94160de7
[INFO] [stdout]                                at /rustc/90b35a6239c3d8bdabc530a6a0816f7ff89a0aaf/library/core/src/ops/function.rs:250:5
[INFO] [stdout]   24:     0x5601c1aad53b - core::ops::function::FnOnce::call_once::h109cf8051a59b34e
[INFO] [stdout]                                at /rustc/90b35a6239c3d8bdabc530a6a0816f7ff89a0aaf/library/core/src/ops/function.rs:250:5
[INFO] [stdout]   25:     0x5601c1aad53b - test::__rust_begin_short_backtrace::hf4fff89d377446ba
[INFO] [stdout]                                at /rustc/90b35a6239c3d8bdabc530a6a0816f7ff89a0aaf/library/test/src/lib.rs:621:18
[INFO] [stdout]   26:     0x5601c1aacd77 - test::run_test_in_process::{{closure}}::h0e39181dd7ee5a43
[INFO] [stdout]                                at /rustc/90b35a6239c3d8bdabc530a6a0816f7ff89a0aaf/library/test/src/lib.rs:644:60
[INFO] [stdout]   27:     0x5601c1aacd77 - <core::panic::unwind_safe::AssertUnwindSafe<F> as core::ops::function::FnOnce<()>>::call_once::hc5a66a30f0bdfd1f
[INFO] [stdout]                                at /rustc/90b35a6239c3d8bdabc530a6a0816f7ff89a0aaf/library/core/src/panic/unwind_safe.rs:272:9
[INFO] [stdout]   28:     0x5601c1aacd77 - std::panicking::try::do_call::h873b7cf639554a5e
[INFO] [stdout]                                at /rustc/90b35a6239c3d8bdabc530a6a0816f7ff89a0aaf/library/std/src/panicking.rs:557:40
[INFO] [stdout]   29:     0x5601c1aacd77 - std::panicking::try::hdb19862fad9c8bd1
[INFO] [stdout]                                at /rustc/90b35a6239c3d8bdabc530a6a0816f7ff89a0aaf/library/std/src/panicking.rs:520:19
[INFO] [stdout]   30:     0x5601c1aacd77 - std::panic::catch_unwind::h281fe732d236d260
[INFO] [stdout]                                at /rustc/90b35a6239c3d8bdabc530a6a0816f7ff89a0aaf/library/std/src/panic.rs:358:14
[INFO] [stdout]   31:     0x5601c1aacd77 - test::run_test_in_process::h949b6df8457ed338
[INFO] [stdout]                                at /rustc/90b35a6239c3d8bdabc530a6a0816f7ff89a0aaf/library/test/src/lib.rs:644:27
[INFO] [stdout]   32:     0x5601c1aacd77 - test::run_test::{{closure}}::h52c556a6d4740e10
[INFO] [stdout]                                at /rustc/90b35a6239c3d8bdabc530a6a0816f7ff89a0aaf/library/test/src/lib.rs:565:43
[INFO] [stdout]   33:     0x5601c1a72054 - test::run_test::{{closure}}::h4237f6381c45ccb9
[INFO] [stdout]                                at /rustc/90b35a6239c3d8bdabc530a6a0816f7ff89a0aaf/library/test/src/lib.rs:595:41
[INFO] [stdout]   34:     0x5601c1a72054 - std::sys::backtrace::__rust_begin_short_backtrace::h505c97a579eca628
[INFO] [stdout]                                at /rustc/90b35a6239c3d8bdabc530a6a0816f7ff89a0aaf/library/std/src/sys/backtrace.rs:154:18
[INFO] [stdout]   35:     0x5601c1a7571e - std::thread::Builder::spawn_unchecked_::{{closure}}::{{closure}}::h9e86b2e2bc107ea3
[INFO] [stdout]                                at /rustc/90b35a6239c3d8bdabc530a6a0816f7ff89a0aaf/library/std/src/thread/mod.rs:538:17
[INFO] [stdout]   36:     0x5601c1a7571e - <core::panic::unwind_safe::AssertUnwindSafe<F> as core::ops::function::FnOnce<()>>::call_once::h8b06ddb275ff4a25
[INFO] [stdout]                                at /rustc/90b35a6239c3d8bdabc530a6a0816f7ff89a0aaf/library/core/src/panic/unwind_safe.rs:272:9
[INFO] [stdout]   37:     0x5601c1a7571e - std::panicking::try::do_call::hb26ecd7cd9a9355d
[INFO] [stdout]                                at /rustc/90b35a6239c3d8bdabc530a6a0816f7ff89a0aaf/library/std/src/panicking.rs:557:40
[INFO] [stdout]   38:     0x5601c1a7571e - std::panicking::try::h8ddeca9d705f9069
[INFO] [stdout]                                at /rustc/90b35a6239c3d8bdabc530a6a0816f7ff89a0aaf/library/std/src/panicking.rs:520:19
[INFO] [stdout]   39:     0x5601c1a7571e - std::panic::catch_unwind::h49e1c33078844c46
[INFO] [stdout]                                at /rustc/90b35a6239c3d8bdabc530a6a0816f7ff89a0aaf/library/std/src/panic.rs:358:14
[INFO] [stdout]   40:     0x5601c1a7571e - std::thread::Builder::spawn_unchecked_::{{closure}}::h6073db6ff56ad35d
[INFO] [stdout]                                at /rustc/90b35a6239c3d8bdabc530a6a0816f7ff89a0aaf/library/std/src/thread/mod.rs:537:30
[INFO] [stdout]   41:     0x5601c1a7571e - core::ops::function::FnOnce::call_once{{vtable.shim}}::h2c5a5f3779c774f1
[INFO] [stdout]                                at /rustc/90b35a6239c3d8bdabc530a6a0816f7ff89a0aaf/library/core/src/ops/function.rs:250:5
[INFO] [stdout]   42:     0x5601c1b059cb - <alloc::boxed::Box<F,A> as core::ops::function::FnOnce<Args>>::call_once::hf75717d9f28faebf
[INFO] [stdout]                                at /rustc/90b35a6239c3d8bdabc530a6a0816f7ff89a0aaf/library/alloc/src/boxed.rs:2454:9
[INFO] [stdout]   43:     0x5601c1b059cb - <alloc::boxed::Box<F,A> as core::ops::function::FnOnce<Args>>::call_once::h7bd883a5f3c5f3c1
[INFO] [stdout]                                at /rustc/90b35a6239c3d8bdabc530a6a0816f7ff89a0aaf/library/alloc/src/boxed.rs:2454:9
[INFO] [stdout]   44:     0x5601c1b059cb - std::sys::pal::unix::thread::Thread::new::thread_start::hcc78f3943333fa94
[INFO] [stdout]                                at /rustc/90b35a6239c3d8bdabc530a6a0816f7ff89a0aaf/library/std/src/sys/pal/unix/thread.rs:105:17
[INFO] [stdout]   45:     0x79ad80439ac3 - <unknown>
[INFO] [stdout]   46:     0x79ad804caa04 - clone
[INFO] [stdout]   47:                0x0 - <unknown>
[INFO] [stdout] 
[INFO] [stdout] ---- engine::game_config::game_config_tests::save_and_read_different stdout ----
[INFO] [stdout] thread 'engine::game_config::game_config_tests::save_and_read_different' panicked at src/engine/game_config.rs:41:37:
[INFO] [stdout] called `Result::unwrap()` on an `Err` value: Os { code: 30, kind: ReadOnlyFilesystem, message: "Read-only file system" }
[INFO] [stdout] stack backtrace:
[INFO] [stdout]    0:     0x5601c1b0008a - std::backtrace_rs::backtrace::libunwind::trace::h5a5b8284f2d0c266
[INFO] [stdout]                                at /rustc/90b35a6239c3d8bdabc530a6a0816f7ff89a0aaf/library/std/src/../../backtrace/src/backtrace/libunwind.rs:116:5
[INFO] [stdout]    1:     0x5601c1b0008a - std::backtrace_rs::backtrace::trace_unsynchronized::h76d4f1c9b0b875e3
[INFO] [stdout]                                at /rustc/90b35a6239c3d8bdabc530a6a0816f7ff89a0aaf/library/std/src/../../backtrace/src/backtrace/mod.rs:66:5
[INFO] [stdout]    2:     0x5601c1b0008a - std::sys::backtrace::_print_fmt::hc4546b8364a537c6
[INFO] [stdout]                                at /rustc/90b35a6239c3d8bdabc530a6a0816f7ff89a0aaf/library/std/src/sys/backtrace.rs:66:9
[INFO] [stdout]    3:     0x5601c1b0008a - <std::sys::backtrace::BacktraceLock::print::DisplayBacktrace as core::fmt::Display>::fmt::h5b6bd5631a6d1f6b
[INFO] [stdout]                                at /rustc/90b35a6239c3d8bdabc530a6a0816f7ff89a0aaf/library/std/src/sys/backtrace.rs:39:26
[INFO] [stdout]    4:     0x5601c1b27143 - core::fmt::rt::Argument::fmt::h270f6602a2b96f62
[INFO] [stdout]                                at /rustc/90b35a6239c3d8bdabc530a6a0816f7ff89a0aaf/library/core/src/fmt/rt.rs:177:76
[INFO] [stdout]    5:     0x5601c1b27143 - core::fmt::write::h7550c97b06c86515
[INFO] [stdout]                                at /rustc/90b35a6239c3d8bdabc530a6a0816f7ff89a0aaf/library/core/src/fmt/mod.rs:1186:21
[INFO] [stdout]    6:     0x5601c1afd253 - std::io::Write::write_fmt::h509ff860e5956e5e
[INFO] [stdout]                                at /rustc/90b35a6239c3d8bdabc530a6a0816f7ff89a0aaf/library/std/src/io/mod.rs:1839:15
[INFO] [stdout]    7:     0x5601c1affed2 - std::sys::backtrace::BacktraceLock::print::h2395ccd2c84ba3aa
[INFO] [stdout]                                at /rustc/90b35a6239c3d8bdabc530a6a0816f7ff89a0aaf/library/std/src/sys/backtrace.rs:42:9
[INFO] [stdout]    8:     0x5601c1b014ea - std::panicking::default_hook::{{closure}}::he19d4c7230e07961
[INFO] [stdout]                                at /rustc/90b35a6239c3d8bdabc530a6a0816f7ff89a0aaf/library/std/src/panicking.rs:268:22
[INFO] [stdout]    9:     0x5601c1b012f4 - std::panicking::default_hook::hf614597d3c67bbdb
[INFO] [stdout]                                at /rustc/90b35a6239c3d8bdabc530a6a0816f7ff89a0aaf/library/std/src/panicking.rs:292:9
[INFO] [stdout]   10:     0x5601c1aa8b79 - <alloc::boxed::Box<F,A> as core::ops::function::Fn<Args>>::call::h39b51ce4599c23d1
[INFO] [stdout]                                at /rustc/90b35a6239c3d8bdabc530a6a0816f7ff89a0aaf/library/alloc/src/boxed.rs:2468:9
[INFO] [stdout]   11:     0x5601c1aa8b79 - test::test_main::{{closure}}::he977ae839a582784
[INFO] [stdout]                                at /rustc/90b35a6239c3d8bdabc530a6a0816f7ff89a0aaf/library/test/src/lib.rs:133:21
[INFO] [stdout]   12:     0x5601c1b01b88 - <alloc::boxed::Box<F,A> as core::ops::function::Fn<Args>>::call::h9455091b6b06f9fb
[INFO] [stdout]                                at /rustc/90b35a6239c3d8bdabc530a6a0816f7ff89a0aaf/library/alloc/src/boxed.rs:2468:9
[INFO] [stdout]   13:     0x5601c1b01b88 - std::panicking::rust_panic_with_hook::h8942133a8b252070
[INFO] [stdout]                                at /rustc/90b35a6239c3d8bdabc530a6a0816f7ff89a0aaf/library/std/src/panicking.rs:809:13
[INFO] [stdout]   14:     0x5601c1b0194a - std::panicking::begin_panic_handler::{{closure}}::hb5f5963570096b29
[INFO] [stdout]                                at /rustc/90b35a6239c3d8bdabc530a6a0816f7ff89a0aaf/library/std/src/panicking.rs:674:13
[INFO] [stdout]   15:     0x5601c1b00569 - std::sys::backtrace::__rust_end_short_backtrace::h6208cedc1922feda
[INFO] [stdout]                                at /rustc/90b35a6239c3d8bdabc530a6a0816f7ff89a0aaf/library/std/src/sys/backtrace.rs:170:18
[INFO] [stdout]   16:     0x5601c1b015dc - rust_begin_unwind
[INFO] [stdout]                                at /rustc/90b35a6239c3d8bdabc530a6a0816f7ff89a0aaf/library/std/src/panicking.rs:665:5
[INFO] [stdout]   17:     0x5601c1a4db10 - core::panicking::panic_fmt::h0c3082644d1bf418
[INFO] [stdout]                                at /rustc/90b35a6239c3d8bdabc530a6a0816f7ff89a0aaf/library/core/src/panicking.rs:74:14
[INFO] [stdout]   18:     0x5601c1a4df56 - core::result::unwrap_failed::hd20b4aa073bda1e2
[INFO] [stdout]                                at /rustc/90b35a6239c3d8bdabc530a6a0816f7ff89a0aaf/library/core/src/result.rs:1700:5
[INFO] [stdout]   19:     0x5601c1a67929 - core::result::Result<T,E>::unwrap::h26b0ad360e46a67f
[INFO] [stdout]                                at /rustc/90b35a6239c3d8bdabc530a6a0816f7ff89a0aaf/library/core/src/result.rs:1104:23
[INFO] [stdout]   20:     0x5601c1a67929 - rusty_gaym_engine::engine::game_config::GameConfig::save_to_file::h5ad3c99c468cc7fc
[INFO] [stdout]                                at /opt/rustwide/workdir/src/engine/game_config.rs:41:9
[INFO] [stdout]   21:     0x5601c1a69e9e - rusty_gaym_engine::engine::game_config::game_config_tests::save_and_read_different::h4909725deb22a29a
[INFO] [stdout]                                at /opt/rustwide/workdir/src/engine/game_config.rs:94:9
[INFO] [stdout]   22:     0x5601c1a69e07 - rusty_gaym_engine::engine::game_config::game_config_tests::save_and_read_different::{{closure}}::ha4626d98f3717aeb
[INFO] [stdout]                                at /opt/rustwide/workdir/src/engine/game_config.rs:85:33
[INFO] [stdout]   23:     0x5601c1a63626 - core::ops::function::FnOnce::call_once::h2b41eb199afa6c16
[INFO] [stdout]                                at /rustc/90b35a6239c3d8bdabc530a6a0816f7ff89a0aaf/library/core/src/ops/function.rs:250:5
[INFO] [stdout]   24:     0x5601c1aad53b - core::ops::function::FnOnce::call_once::h109cf8051a59b34e
[INFO] [stdout]                                at /rustc/90b35a6239c3d8bdabc530a6a0816f7ff89a0aaf/library/core/src/ops/function.rs:250:5
[INFO] [stdout]   25:     0x5601c1aad53b - test::__rust_begin_short_backtrace::hf4fff89d377446ba
[INFO] [stdout]                                at /rustc/90b35a6239c3d8bdabc530a6a0816f7ff89a0aaf/library/test/src/lib.rs:621:18
[INFO] [stdout]   26:     0x5601c1aacd77 - test::run_test_in_process::{{closure}}::h0e39181dd7ee5a43
[INFO] [stdout]                                at /rustc/90b35a6239c3d8bdabc530a6a0816f7ff89a0aaf/library/test/src/lib.rs:644:60
[INFO] [stdout]   27:     0x5601c1aacd77 - <core::panic::unwind_safe::AssertUnwindSafe<F> as core::ops::function::FnOnce<()>>::call_once::hc5a66a30f0bdfd1f
[INFO] [stdout]                                at /rustc/90b35a6239c3d8bdabc530a6a0816f7ff89a0aaf/library/core/src/panic/unwind_safe.rs:272:9
[INFO] [stdout]   28:     0x5601c1aacd77 - std::panicking::try::do_call::h873b7cf639554a5e
[INFO] [stdout]                                at /rustc/90b35a6239c3d8bdabc530a6a0816f7ff89a0aaf/library/std/src/panicking.rs:557:40
[INFO] [stdout]   29:     0x5601c1aacd77 - std::panicking::try::hdb19862fad9c8bd1
[INFO] [stdout]                                at /rustc/90b35a6239c3d8bdabc530a6a0816f7ff89a0aaf/library/std/src/panicking.rs:520:19
[INFO] [stdout]   30:     0x5601c1aacd77 - std::panic::catch_unwind::h281fe732d236d260
[INFO] [stdout]                                at /rustc/90b35a6239c3d8bdabc530a6a0816f7ff89a0aaf/library/std/src/panic.rs:358:14
[INFO] [stdout]   31:     0x5601c1aacd77 - test::run_test_in_process::h949b6df8457ed338
[INFO] [stdout]                                at /rustc/90b35a6239c3d8bdabc530a6a0816f7ff89a0aaf/library/test/src/lib.rs:644:27
[INFO] [stdout]   32:     0x5601c1aacd77 - test::run_test::{{closure}}::h52c556a6d4740e10
[INFO] [stdout]                                at /rustc/90b35a6239c3d8bdabc530a6a0816f7ff89a0aaf/library/test/src/lib.rs:565:43
[INFO] [stdout]   33:     0x5601c1a72054 - test::run_test::{{closure}}::h4237f6381c45ccb9
[INFO] [stdout]                                at /rustc/90b35a6239c3d8bdabc530a6a0816f7ff89a0aaf/library/test/src/lib.rs:595:41
[INFO] [stdout]   34:     0x5601c1a72054 - std::sys::backtrace::__rust_begin_short_backtrace::h505c97a579eca628
[INFO] [stdout]                                at /rustc/90b35a6239c3d8bdabc530a6a0816f7ff89a0aaf/library/std/src/sys/backtrace.rs:154:18
[INFO] [stdout]   35:     0x5601c1a7571e - std::thread::Builder::spawn_unchecked_::{{closure}}::{{closure}}::h9e86b2e2bc107ea3
[INFO] [stdout]                                at /rustc/90b35a6239c3d8bdabc530a6a0816f7ff89a0aaf/library/std/src/thread/mod.rs:538:17
[INFO] [stdout]   36:     0x5601c1a7571e - <core::panic::unwind_safe::AssertUnwindSafe<F> as core::ops::function::FnOnce<()>>::call_once::h8b06ddb275ff4a25
[INFO] [stdout]                                at /rustc/90b35a6239c3d8bdabc530a6a0816f7ff89a0aaf/library/core/src/panic/unwind_safe.rs:272:9
[INFO] [stdout]   37:     0x5601c1a7571e - std::panicking::try::do_call::hb26ecd7cd9a9355d
[INFO] [stdout]                                at /rustc/90b35a6239c3d8bdabc530a6a0816f7ff89a0aaf/library/std/src/panicking.rs:557:40
[INFO] [stdout]   38:     0x5601c1a7571e - std::panicking::try::h8ddeca9d705f9069
[INFO] [stdout]                                at /rustc/90b35a6239c3d8bdabc530a6a0816f7ff89a0aaf/library/std/src/panicking.rs:520:19
[INFO] [stdout]   39:     0x5601c1a7571e - std::panic::catch_unwind::h49e1c33078844c46
[INFO] [stdout]                                at /rustc/90b35a6239c3d8bdabc530a6a0816f7ff89a0aaf/library/std/src/panic.rs:358:14
[INFO] [stdout]   40:     0x5601c1a7571e - std::thread::Builder::spawn_unchecked_::{{closure}}::h6073db6ff56ad35d
[INFO] [stdout]                                at /rustc/90b35a6239c3d8bdabc530a6a0816f7ff89a0aaf/library/std/src/thread/mod.rs:537:30
[INFO] [stdout]   41:     0x5601c1a7571e - core::ops::function::FnOnce::call_once{{vtable.shim}}::h2c5a5f3779c774f1
[INFO] [stdout]                                at /rustc/90b35a6239c3d8bdabc530a6a0816f7ff89a0aaf/library/core/src/ops/function.rs:250:5
[INFO] [stdout]   42:     0x5601c1b059cb - <alloc::boxed::Box<F,A> as core::ops::function::FnOnce<Args>>::call_once::hf75717d9f28faebf
[INFO] [stdout]                                at /rustc/90b35a6239c3d8bdabc530a6a0816f7ff89a0aaf/library/alloc/src/boxed.rs:2454:9
[INFO] [stdout]   43:     0x5601c1b059cb - <alloc::boxed::Box<F,A> as core::ops::function::FnOnce<Args>>::call_once::h7bd883a5f3c5f3c1
[INFO] [stdout]                                at /rustc/90b35a6239c3d8bdabc530a6a0816f7ff89a0aaf/library/alloc/src/boxed.rs:2454:9
[INFO] [stdout]   44:     0x5601c1b059cb - std::sys::pal::unix::thread::Thread::new::thread_start::hcc78f3943333fa94
[INFO] [stdout]                                at /rustc/90b35a6239c3d8bdabc530a6a0816f7ff89a0aaf/library/std/src/sys/pal/unix/thread.rs:105:17
[INFO] [stdout]   45:     0x79ad80439ac3 - <unknown>
[INFO] [stdout]   46:     0x79ad804caa04 - clone
[INFO] [stdout]   47:                0x0 - <unknown>
[INFO] [stdout] 
[INFO] [stdout] 
[INFO] [stdout] failures:
[INFO] [stdout]     engine::game_config::game_config_tests::save_and_load_file
[INFO] [stdout]     engine::game_config::game_config_tests::save_and_read_different
[INFO] [stdout] 
[INFO] [stdout] test result: FAILED. 36 passed; 2 failed; 0 ignored; 0 measured; 0 filtered out; finished in 0.05s
[INFO] [stdout] 
[INFO] [stderr] error: test failed, to rerun pass `--lib`
[INFO] running `Command { std: "docker" "inspect" "1f5c9daeffb5f86c8908b0bfb3796ba5112f1317fdde6f1da960167410d2bbc9", kill_on_drop: false }`
[INFO] running `Command { std: "docker" "rm" "-f" "1f5c9daeffb5f86c8908b0bfb3796ba5112f1317fdde6f1da960167410d2bbc9", kill_on_drop: false }`
[INFO] [stdout] 1f5c9daeffb5f86c8908b0bfb3796ba5112f1317fdde6f1da960167410d2bbc9
