[INFO] cloning repository https://github.com/demitrii-velz/rust_incubator
[INFO] running `Command { std: "git" "-c" "credential.helper=" "-c" "credential.helper=/workspace/cargo-home/bin/git-credential-null" "clone" "--bare" "https://github.com/demitrii-velz/rust_incubator" "/workspace/cache/git-repos/https%3A%2F%2Fgithub.com%2Fdemitrii-velz%2Frust_incubator", kill_on_drop: false }`
[INFO] [stderr] Cloning into bare repository '/workspace/cache/git-repos/https%3A%2F%2Fgithub.com%2Fdemitrii-velz%2Frust_incubator'...
[INFO] running `Command { std: "git" "rev-parse" "HEAD", kill_on_drop: false }`
[INFO] [stdout] e0c83be42d9f0c4ab5c6ba2939a7ac6917fc4ee4
[INFO] testing demitrii-velz/rust_incubator against beta-2024-12-08 for beta-1.84.0-4-retry
[INFO] running `Command { std: "git" "clone" "/workspace/cache/git-repos/https%3A%2F%2Fgithub.com%2Fdemitrii-velz%2Frust_incubator" "/workspace/builds/worker-1-tc2/source", kill_on_drop: false }`
[INFO] [stderr] Cloning into '/workspace/builds/worker-1-tc2/source'...
[INFO] [stderr] done.
[INFO] validating manifest of git repo https://github.com/demitrii-velz/rust_incubator on toolchain beta-2024-12-08
[INFO] running `Command { std: CARGO_HOME="/workspace/cargo-home" RUSTUP_HOME="/workspace/rustup-home" "/workspace/cargo-home/bin/cargo" "+beta-2024-12-08" "metadata" "--manifest-path" "Cargo.toml" "--no-deps", kill_on_drop: false }`
[INFO] started tweaking git repo https://github.com/demitrii-velz/rust_incubator
[INFO] finished tweaking git repo https://github.com/demitrii-velz/rust_incubator
[INFO] tweaked toml for git repo https://github.com/demitrii-velz/rust_incubator written to /workspace/builds/worker-1-tc2/source/Cargo.toml
[INFO] crate git repo https://github.com/demitrii-velz/rust_incubator already has a lockfile, it will not be regenerated
[INFO] running `Command { std: CARGO_HOME="/workspace/cargo-home" RUSTUP_HOME="/workspace/rustup-home" "/workspace/cargo-home/bin/cargo" "+beta-2024-12-08" "fetch" "--manifest-path" "Cargo.toml", kill_on_drop: false }`
[INFO] [stderr] warning: virtual workspace defaulting to `resolver = "1"` despite one or more workspace members being on edition 2021 which implies `resolver = "2"`
[INFO] [stderr] note: to keep the current resolver, specify `workspace.resolver = "1"` in the workspace root's manifest
[INFO] [stderr] note: to use the edition 2021 resolver, specify `workspace.resolver = "2"` in the workspace root's manifest
[INFO] [stderr] note: for more details see https://doc.rust-lang.org/cargo/reference/resolver.html#resolver-versions
[INFO] running `Command { std: "docker" "create" "-v" "/var/lib/crater-agent-workspace/builds/worker-1-tc2/target:/opt/rustwide/target:rw,Z" "-v" "/var/lib/crater-agent-workspace/builds/worker-1-tc2/source:/opt/rustwide/workdir:ro,Z" "-v" "/var/lib/crater-agent-workspace/cargo-home:/opt/rustwide/cargo-home:ro,Z" "-v" "/var/lib/crater-agent-workspace/rustup-home:/opt/rustwide/rustup-home:ro,Z" "-e" "SOURCE_DIR=/opt/rustwide/workdir" "-e" "CARGO_TARGET_DIR=/opt/rustwide/target" "-e" "CARGO_HOME=/opt/rustwide/cargo-home" "-e" "RUSTUP_HOME=/opt/rustwide/rustup-home" "-w" "/opt/rustwide/workdir" "-m" "1610612736" "--user" "0:0" "--network" "none" "ghcr.io/rust-lang/crates-build-env/linux@sha256:f3a9d4ad9d972b27faf3965f35b62e55ba32bbce8f20bc8fe909558a86702fde" "/opt/rustwide/cargo-home/bin/cargo" "+beta-2024-12-08" "metadata" "--no-deps" "--format-version=1", kill_on_drop: false }`
[INFO] [stdout] f3b04eebc6d84af37a44e1c0ea358a9e039f6d899f37263ef76f1ea24959f1b2
[INFO] running `Command { std: "docker" "start" "-a" "f3b04eebc6d84af37a44e1c0ea358a9e039f6d899f37263ef76f1ea24959f1b2", kill_on_drop: false }`
[INFO] running `Command { std: "docker" "inspect" "f3b04eebc6d84af37a44e1c0ea358a9e039f6d899f37263ef76f1ea24959f1b2", kill_on_drop: false }`
[INFO] running `Command { std: "docker" "rm" "-f" "f3b04eebc6d84af37a44e1c0ea358a9e039f6d899f37263ef76f1ea24959f1b2", kill_on_drop: false }`
[INFO] [stdout] f3b04eebc6d84af37a44e1c0ea358a9e039f6d899f37263ef76f1ea24959f1b2
[INFO] running `Command { std: "docker" "create" "-v" "/var/lib/crater-agent-workspace/builds/worker-1-tc2/target:/opt/rustwide/target:rw,Z" "-v" "/var/lib/crater-agent-workspace/builds/worker-1-tc2/source:/opt/rustwide/workdir:ro,Z" "-v" "/var/lib/crater-agent-workspace/cargo-home:/opt/rustwide/cargo-home:ro,Z" "-v" "/var/lib/crater-agent-workspace/rustup-home:/opt/rustwide/rustup-home:ro,Z" "-e" "SOURCE_DIR=/opt/rustwide/workdir" "-e" "CARGO_TARGET_DIR=/opt/rustwide/target" "-e" "CARGO_INCREMENTAL=0" "-e" "RUST_BACKTRACE=full" "-e" "RUSTFLAGS=--cap-lints=warn" "-e" "RUSTDOCFLAGS=--cap-lints=warn" "-e" "CARGO_HOME=/opt/rustwide/cargo-home" "-e" "RUSTUP_HOME=/opt/rustwide/rustup-home" "-w" "/opt/rustwide/workdir" "-m" "1610612736" "--user" "0:0" "--network" "none" "ghcr.io/rust-lang/crates-build-env/linux@sha256:f3a9d4ad9d972b27faf3965f35b62e55ba32bbce8f20bc8fe909558a86702fde" "/opt/rustwide/cargo-home/bin/cargo" "+beta-2024-12-08" "build" "--frozen" "--message-format=json", kill_on_drop: false }`
[INFO] [stdout] 36ccd9060c281aa0b2a09c7e7ad58d5357e5c4c60aaff5cc91de982327d39a14
[INFO] running `Command { std: "docker" "start" "-a" "36ccd9060c281aa0b2a09c7e7ad58d5357e5c4c60aaff5cc91de982327d39a14", kill_on_drop: false }`
[INFO] [stderr] warning: virtual workspace defaulting to `resolver = "1"` despite one or more workspace members being on edition 2021 which implies `resolver = "2"`
[INFO] [stderr] note: to keep the current resolver, specify `workspace.resolver = "1"` in the workspace root's manifest
[INFO] [stderr] note: to use the edition 2021 resolver, specify `workspace.resolver = "2"` in the workspace root's manifest
[INFO] [stderr] note: for more details see https://doc.rust-lang.org/cargo/reference/resolver.html#resolver-versions
[INFO] [stderr]    Compiling step_3_2 v0.1.0 (/opt/rustwide/workdir/3_ecosystem/3_2_macro)
[INFO] [stderr]    Compiling step_1_8 v0.1.0 (/opt/rustwide/workdir/1_concepts/1_8_thread_safety)
[INFO] [stderr]    Compiling step_1_6 v0.1.0 (/opt/rustwide/workdir/1_concepts/1_6_dispatch)
[INFO] [stderr]    Compiling step_4_2 v0.1.0 (/opt/rustwide/workdir/4_backend/4_2_http)
[INFO] [stderr]    Compiling step_2_5 v0.1.0 (/opt/rustwide/workdir/2_idioms/2_5_exhaustivity)
[INFO] [stderr]    Compiling step_2_2 v0.1.0 (/opt/rustwide/workdir/2_idioms/2_2_mem_replace)
[INFO] [stderr]    Compiling step_3_5 v0.1.0 (/opt/rustwide/workdir/3_ecosystem/3_5_collections)
[INFO] [stderr]    Compiling step_3_4 v0.1.0 (/opt/rustwide/workdir/3_ecosystem/3_4_regex_parsing)
[INFO] [stdout] warning: unused variable: `input`
[INFO] [stdout]  --> 3_ecosystem/3_4_regex_parsing/src/main.rs:5:10
[INFO] [stdout]   |
[INFO] [stdout] 5 | fn parse(input: &str) -> (Option<Sign>, Option<usize>, Option<Precision>) {
[INFO] [stdout]   |          ^^^^^ help: if this is intentional, prefix it with an underscore: `_input`
[INFO] [stdout]   |
[INFO] [stdout]   = note: `#[warn(unused_variables)]` on by default
[INFO] [stdout] 
[INFO] [stdout] 
[INFO] [stdout] warning: function `parse` is never used
[INFO] [stdout]  --> 3_ecosystem/3_4_regex_parsing/src/main.rs:5:4
[INFO] [stdout]   |
[INFO] [stdout] 5 | fn parse(input: &str) -> (Option<Sign>, Option<usize>, Option<Precision>) {
[INFO] [stdout]   |    ^^^^^
[INFO] [stdout]   |
[INFO] [stdout]   = note: `#[warn(dead_code)]` on by default
[INFO] [stdout] 
[INFO] [stdout] 
[INFO] [stdout] warning: enum `Sign` is never used
[INFO] [stdout]   --> 3_ecosystem/3_4_regex_parsing/src/main.rs:10:6
[INFO] [stdout]    |
[INFO] [stdout] 10 | enum Sign {
[INFO] [stdout]    |      ^^^^
[INFO] [stdout] 
[INFO] [stdout] 
[INFO] [stdout] warning: enum `Precision` is never used
[INFO] [stdout]   --> 3_ecosystem/3_4_regex_parsing/src/main.rs:16:6
[INFO] [stdout]    |
[INFO] [stdout] 16 | enum Precision {
[INFO] [stdout]    |      ^^^^^^^^^
[INFO] [stdout] 
[INFO] [stdout] 
[INFO] [stderr]    Compiling step_1_3 v0.1.0 (/opt/rustwide/workdir/1_concepts/1_3_rc_cell)
[INFO] [stderr]    Compiling step_1 v0.1.0 (/opt/rustwide/workdir/1_concepts)
[INFO] [stderr]    Compiling step_1_5 v0.1.0 (/opt/rustwide/workdir/1_concepts/1_5_convert_cast_deref)
[INFO] [stderr]    Compiling step_3_7 v0.1.0 (/opt/rustwide/workdir/3_ecosystem/3_7_rand_crypto)
[INFO] [stderr]    Compiling step_3_6 v0.1.0 (/opt/rustwide/workdir/3_ecosystem/3_6_serde)
[INFO] [stderr]    Compiling step_1_7 v0.1.0 (/opt/rustwide/workdir/1_concepts/1_7_sized)
[INFO] [stderr]    Compiling step_3 v0.1.0 (/opt/rustwide/workdir/3_ecosystem)
[INFO] [stderr]    Compiling step_2_1 v0.1.0 (/opt/rustwide/workdir/2_idioms/2_1_type_safety)
[INFO] [stderr]    Compiling step_1_2 v0.1.0 (/opt/rustwide/workdir/1_concepts/1_2_box_pin)
[INFO] [stderr]    Compiling step_3_11 v0.1.0 (/opt/rustwide/workdir/3_ecosystem/3_11_async)
[INFO] [stderr]    Compiling step_3_1 v0.1.0 (/opt/rustwide/workdir/3_ecosystem/3_1_testing)
[INFO] [stderr]    Compiling step_3_8 v0.1.0 (/opt/rustwide/workdir/3_ecosystem/3_8_log)
[INFO] [stderr]    Compiling step_4_1 v0.1.0 (/opt/rustwide/workdir/4_backend/4_1_db)
[INFO] [stderr]    Compiling step_1_1 v0.1.0 (/opt/rustwide/workdir/1_concepts/1_1_default_clone_copy)
[INFO] [stderr]    Compiling step_2_3 v0.1.0 (/opt/rustwide/workdir/2_idioms/2_3_bound_impl)
[INFO] [stderr]    Compiling step_3_10 v0.1.0 (/opt/rustwide/workdir/3_ecosystem/3_10_threads)
[INFO] [stderr]    Compiling step_3_3 v0.1.0 (/opt/rustwide/workdir/3_ecosystem/3_3_date_time)
[INFO] [stdout] warning: unused variable: `year`
[INFO] [stdout]   --> 3_ecosystem/3_3_date_time/src/main.rs:10:23
[INFO] [stdout]    |
[INFO] [stdout] 10 |     fn with_birthdate(year: i32, month: u32, day: u32) -> Self {
[INFO] [stdout]    |                       ^^^^ help: if this is intentional, prefix it with an underscore: `_year`
[INFO] [stdout]    |
[INFO] [stdout]    = note: `#[warn(unused_variables)]` on by default
[INFO] [stdout] 
[INFO] [stdout] 
[INFO] [stdout] warning: unused variable: `month`
[INFO] [stdout]   --> 3_ecosystem/3_3_date_time/src/main.rs:10:34
[INFO] [stdout]    |
[INFO] [stdout] 10 |     fn with_birthdate(year: i32, month: u32, day: u32) -> Self {
[INFO] [stdout]    |                                  ^^^^^ help: if this is intentional, prefix it with an underscore: `_month`
[INFO] [stdout] 
[INFO] [stdout] 
[INFO] [stdout] warning: unused variable: `day`
[INFO] [stdout]   --> 3_ecosystem/3_3_date_time/src/main.rs:10:46
[INFO] [stdout]    |
[INFO] [stdout] 10 |     fn with_birthdate(year: i32, month: u32, day: u32) -> Self {
[INFO] [stdout]    |                                              ^^^ help: if this is intentional, prefix it with an underscore: `_day`
[INFO] [stdout] 
[INFO] [stdout] 
[INFO] [stdout] warning: constant `NOW` is never used
[INFO] [stdout]  --> 3_ecosystem/3_3_date_time/src/main.rs:5:7
[INFO] [stdout]   |
[INFO] [stdout] 5 | const NOW: &str = "2019-06-26";
[INFO] [stdout]   |       ^^^
[INFO] [stdout]   |
[INFO] [stdout]   = note: `#[warn(dead_code)]` on by default
[INFO] [stdout] 
[INFO] [stdout] 
[INFO] [stdout] warning: struct `User` is never constructed
[INFO] [stdout]  --> 3_ecosystem/3_3_date_time/src/main.rs:7:8
[INFO] [stdout]   |
[INFO] [stdout] 7 | struct User;
[INFO] [stdout]   |        ^^^^
[INFO] [stdout] 
[INFO] [stdout] 
[INFO] [stdout] warning: associated items `with_birthdate`, `age`, and `is_adult` are never used
[INFO] [stdout]   --> 3_ecosystem/3_3_date_time/src/main.rs:10:8
[INFO] [stdout]    |
[INFO] [stdout] 9  | impl User {
[INFO] [stdout]    | --------- associated items in this implementation
[INFO] [stdout] 10 |     fn with_birthdate(year: i32, month: u32, day: u32) -> Self {
[INFO] [stdout]    |        ^^^^^^^^^^^^^^
[INFO] [stdout] ...
[INFO] [stdout] 15 |     fn age(&self) -> u16 {
[INFO] [stdout]    |        ^^^
[INFO] [stdout] ...
[INFO] [stdout] 20 |     fn is_adult(&self) -> bool {
[INFO] [stdout]    |        ^^^^^^^^
[INFO] [stdout] 
[INFO] [stdout] 
[INFO] [stderr]    Compiling step_4_3 v0.1.0 (/opt/rustwide/workdir/4_backend/4_3_api)
[INFO] [stderr]    Compiling step_3_9 v0.1.0 (/opt/rustwide/workdir/3_ecosystem/3_9_cmd_env_conf)
[INFO] [stderr]    Compiling step_4 v0.1.0 (/opt/rustwide/workdir/4_backend)
[INFO] [stderr]    Compiling step_2_4 v0.1.0 (/opt/rustwide/workdir/2_idioms/2_4_generic_in_type_out)
[INFO] [stderr]    Compiling step_2_6 v0.1.0 (/opt/rustwide/workdir/2_idioms/2_6_sealing)
[INFO] [stderr]    Compiling step_1_9 v0.1.0 (/opt/rustwide/workdir/1_concepts/1_9_phantom)
[INFO] [stderr]    Compiling step_2 v0.1.0 (/opt/rustwide/workdir/2_idioms)
[INFO] [stderr]    Compiling step_1_4 v0.1.0 (/opt/rustwide/workdir/1_concepts/1_4_cow)
[INFO] [stderr]     Finished `dev` profile [unoptimized + debuginfo] target(s) in 5.74s
[INFO] running `Command { std: "docker" "inspect" "36ccd9060c281aa0b2a09c7e7ad58d5357e5c4c60aaff5cc91de982327d39a14", kill_on_drop: false }`
[INFO] running `Command { std: "docker" "rm" "-f" "36ccd9060c281aa0b2a09c7e7ad58d5357e5c4c60aaff5cc91de982327d39a14", kill_on_drop: false }`
[INFO] [stdout] 36ccd9060c281aa0b2a09c7e7ad58d5357e5c4c60aaff5cc91de982327d39a14
[INFO] running `Command { std: "docker" "create" "-v" "/var/lib/crater-agent-workspace/builds/worker-1-tc2/target:/opt/rustwide/target:rw,Z" "-v" "/var/lib/crater-agent-workspace/builds/worker-1-tc2/source:/opt/rustwide/workdir:ro,Z" "-v" "/var/lib/crater-agent-workspace/cargo-home:/opt/rustwide/cargo-home:ro,Z" "-v" "/var/lib/crater-agent-workspace/rustup-home:/opt/rustwide/rustup-home:ro,Z" "-e" "SOURCE_DIR=/opt/rustwide/workdir" "-e" "CARGO_TARGET_DIR=/opt/rustwide/target" "-e" "CARGO_INCREMENTAL=0" "-e" "RUST_BACKTRACE=full" "-e" "RUSTFLAGS=--cap-lints=warn" "-e" "RUSTDOCFLAGS=--cap-lints=warn" "-e" "CARGO_HOME=/opt/rustwide/cargo-home" "-e" "RUSTUP_HOME=/opt/rustwide/rustup-home" "-w" "/opt/rustwide/workdir" "-m" "1610612736" "--user" "0:0" "--network" "none" "ghcr.io/rust-lang/crates-build-env/linux@sha256:f3a9d4ad9d972b27faf3965f35b62e55ba32bbce8f20bc8fe909558a86702fde" "/opt/rustwide/cargo-home/bin/cargo" "+beta-2024-12-08" "test" "--frozen" "--no-run" "--message-format=json", kill_on_drop: false }`
[INFO] [stdout] a08e74fb51fdbca531f69eaa8d8244a552bd700148c6f7d0bfa46013eff1bf8d
[INFO] running `Command { std: "docker" "start" "-a" "a08e74fb51fdbca531f69eaa8d8244a552bd700148c6f7d0bfa46013eff1bf8d", kill_on_drop: false }`
[INFO] [stderr] warning: virtual workspace defaulting to `resolver = "1"` despite one or more workspace members being on edition 2021 which implies `resolver = "2"`
[INFO] [stderr] note: to keep the current resolver, specify `workspace.resolver = "1"` in the workspace root's manifest
[INFO] [stderr] note: to use the edition 2021 resolver, specify `workspace.resolver = "2"` in the workspace root's manifest
[INFO] [stderr] note: for more details see https://doc.rust-lang.org/cargo/reference/resolver.html#resolver-versions
[INFO] [stderr]    Compiling step_3_5 v0.1.0 (/opt/rustwide/workdir/3_ecosystem/3_5_collections)
[INFO] [stderr]    Compiling step_2_1 v0.1.0 (/opt/rustwide/workdir/2_idioms/2_1_type_safety)
[INFO] [stderr]    Compiling step_3_9 v0.1.0 (/opt/rustwide/workdir/3_ecosystem/3_9_cmd_env_conf)
[INFO] [stderr]    Compiling step_1_9 v0.1.0 (/opt/rustwide/workdir/1_concepts/1_9_phantom)
[INFO] [stderr]    Compiling step_2_3 v0.1.0 (/opt/rustwide/workdir/2_idioms/2_3_bound_impl)
[INFO] [stderr]    Compiling step_2_2 v0.1.0 (/opt/rustwide/workdir/2_idioms/2_2_mem_replace)
[INFO] [stderr]    Compiling step_2_5 v0.1.0 (/opt/rustwide/workdir/2_idioms/2_5_exhaustivity)
[INFO] [stderr]    Compiling step_2_6 v0.1.0 (/opt/rustwide/workdir/2_idioms/2_6_sealing)
[INFO] [stderr]    Compiling step_3_2 v0.1.0 (/opt/rustwide/workdir/3_ecosystem/3_2_macro)
[INFO] [stderr]    Compiling step_3_8 v0.1.0 (/opt/rustwide/workdir/3_ecosystem/3_8_log)
[INFO] [stderr]    Compiling step_4_1 v0.1.0 (/opt/rustwide/workdir/4_backend/4_1_db)
[INFO] [stderr]    Compiling step_3_10 v0.1.0 (/opt/rustwide/workdir/3_ecosystem/3_10_threads)
[INFO] [stderr]    Compiling step_1_1 v0.1.0 (/opt/rustwide/workdir/1_concepts/1_1_default_clone_copy)
[INFO] [stderr]    Compiling step_3 v0.1.0 (/opt/rustwide/workdir/3_ecosystem)
[INFO] [stderr]    Compiling step_1_3 v0.1.0 (/opt/rustwide/workdir/1_concepts/1_3_rc_cell)
[INFO] [stderr]    Compiling step_1_6 v0.1.0 (/opt/rustwide/workdir/1_concepts/1_6_dispatch)
[INFO] [stderr]    Compiling step_3_11 v0.1.0 (/opt/rustwide/workdir/3_ecosystem/3_11_async)
[INFO] [stderr]    Compiling step_4_3 v0.1.0 (/opt/rustwide/workdir/4_backend/4_3_api)
[INFO] [stderr]    Compiling step_3_3 v0.1.0 (/opt/rustwide/workdir/3_ecosystem/3_3_date_time)
[INFO] [stderr]    Compiling step_3_6 v0.1.0 (/opt/rustwide/workdir/3_ecosystem/3_6_serde)
[INFO] [stdout] warning: unused variable: `year`
[INFO] [stdout]   --> 3_ecosystem/3_3_date_time/src/main.rs:10:23
[INFO] [stdout]    |
[INFO] [stdout] 10 |     fn with_birthdate(year: i32, month: u32, day: u32) -> Self {
[INFO] [stdout]    |                       ^^^^ help: if this is intentional, prefix it with an underscore: `_year`
[INFO] [stdout]    |
[INFO] [stdout]    = note: `#[warn(unused_variables)]` on by default
[INFO] [stdout] 
[INFO] [stdout] 
[INFO] [stdout] warning: unused variable: `month`
[INFO] [stdout]   --> 3_ecosystem/3_3_date_time/src/main.rs:10:34
[INFO] [stdout]    |
[INFO] [stdout] 10 |     fn with_birthdate(year: i32, month: u32, day: u32) -> Self {
[INFO] [stdout]    |                                  ^^^^^ help: if this is intentional, prefix it with an underscore: `_month`
[INFO] [stdout] 
[INFO] [stdout] 
[INFO] [stdout] warning: unused variable: `day`
[INFO] [stdout]   --> 3_ecosystem/3_3_date_time/src/main.rs:10:46
[INFO] [stdout]    |
[INFO] [stdout] 10 |     fn with_birthdate(year: i32, month: u32, day: u32) -> Self {
[INFO] [stdout]    |                                              ^^^ help: if this is intentional, prefix it with an underscore: `_day`
[INFO] [stdout] 
[INFO] [stdout] 
[INFO] [stdout] warning: constant `NOW` is never used
[INFO] [stdout]  --> 3_ecosystem/3_3_date_time/src/main.rs:5:7
[INFO] [stdout]   |
[INFO] [stdout] 5 | const NOW: &str = "2019-06-26";
[INFO] [stdout]   |       ^^^
[INFO] [stdout]   |
[INFO] [stdout]   = note: `#[warn(dead_code)]` on by default
[INFO] [stdout] 
[INFO] [stdout] 
[INFO] [stdout] warning: method `is_adult` is never used
[INFO] [stdout]   --> 3_ecosystem/3_3_date_time/src/main.rs:20:8
[INFO] [stdout]    |
[INFO] [stdout] 9  | impl User {
[INFO] [stdout]    | --------- method in this implementation
[INFO] [stdout] ...
[INFO] [stdout] 20 |     fn is_adult(&self) -> bool {
[INFO] [stdout]    |        ^^^^^^^^
[INFO] [stdout] 
[INFO] [stdout] 
[INFO] [stderr]    Compiling step_1_2 v0.1.0 (/opt/rustwide/workdir/1_concepts/1_2_box_pin)
[INFO] [stderr]    Compiling step_1_5 v0.1.0 (/opt/rustwide/workdir/1_concepts/1_5_convert_cast_deref)
[INFO] [stderr]    Compiling step_1 v0.1.0 (/opt/rustwide/workdir/1_concepts)
[INFO] [stderr]    Compiling step_1_7 v0.1.0 (/opt/rustwide/workdir/1_concepts/1_7_sized)
[INFO] [stderr]    Compiling step_4 v0.1.0 (/opt/rustwide/workdir/4_backend)
[INFO] [stderr]    Compiling step_2_4 v0.1.0 (/opt/rustwide/workdir/2_idioms/2_4_generic_in_type_out)
[INFO] [stderr]    Compiling step_1_4 v0.1.0 (/opt/rustwide/workdir/1_concepts/1_4_cow)
[INFO] [stderr]    Compiling step_2 v0.1.0 (/opt/rustwide/workdir/2_idioms)
[INFO] [stderr]    Compiling step_3_4 v0.1.0 (/opt/rustwide/workdir/3_ecosystem/3_4_regex_parsing)
[INFO] [stderr]    Compiling step_3_7 v0.1.0 (/opt/rustwide/workdir/3_ecosystem/3_7_rand_crypto)
[INFO] [stderr]    Compiling step_4_2 v0.1.0 (/opt/rustwide/workdir/4_backend/4_2_http)
[INFO] [stdout] warning: unused variable: `input`
[INFO] [stdout]  --> 3_ecosystem/3_4_regex_parsing/src/main.rs:5:10
[INFO] [stdout]   |
[INFO] [stdout] 5 | fn parse(input: &str) -> (Option<Sign>, Option<usize>, Option<Precision>) {
[INFO] [stdout]   |          ^^^^^ help: if this is intentional, prefix it with an underscore: `_input`
[INFO] [stdout]   |
[INFO] [stdout]   = note: `#[warn(unused_variables)]` on by default
[INFO] [stdout] 
[INFO] [stdout] 
[INFO] [stderr]    Compiling step_1_8 v0.1.0 (/opt/rustwide/workdir/1_concepts/1_8_thread_safety)
[INFO] [stderr]    Compiling step_3_1 v0.1.0 (/opt/rustwide/workdir/3_ecosystem/3_1_testing)
[INFO] [stderr]     Finished `test` profile [unoptimized + debuginfo] target(s) in 8.37s
[INFO] running `Command { std: "docker" "inspect" "a08e74fb51fdbca531f69eaa8d8244a552bd700148c6f7d0bfa46013eff1bf8d", kill_on_drop: false }`
[INFO] running `Command { std: "docker" "rm" "-f" "a08e74fb51fdbca531f69eaa8d8244a552bd700148c6f7d0bfa46013eff1bf8d", kill_on_drop: false }`
[INFO] [stdout] a08e74fb51fdbca531f69eaa8d8244a552bd700148c6f7d0bfa46013eff1bf8d
[INFO] running `Command { std: "docker" "create" "-v" "/var/lib/crater-agent-workspace/builds/worker-1-tc2/target:/opt/rustwide/target:rw,Z" "-v" "/var/lib/crater-agent-workspace/builds/worker-1-tc2/source:/opt/rustwide/workdir:ro,Z" "-v" "/var/lib/crater-agent-workspace/cargo-home:/opt/rustwide/cargo-home:ro,Z" "-v" "/var/lib/crater-agent-workspace/rustup-home:/opt/rustwide/rustup-home:ro,Z" "-e" "SOURCE_DIR=/opt/rustwide/workdir" "-e" "CARGO_TARGET_DIR=/opt/rustwide/target" "-e" "CARGO_INCREMENTAL=0" "-e" "RUST_BACKTRACE=full" "-e" "RUSTFLAGS=--cap-lints=warn" "-e" "RUSTDOCFLAGS=--cap-lints=warn" "-e" "CARGO_HOME=/opt/rustwide/cargo-home" "-e" "RUSTUP_HOME=/opt/rustwide/rustup-home" "-w" "/opt/rustwide/workdir" "-m" "1610612736" "--user" "0:0" "--network" "none" "ghcr.io/rust-lang/crates-build-env/linux@sha256:f3a9d4ad9d972b27faf3965f35b62e55ba32bbce8f20bc8fe909558a86702fde" "/opt/rustwide/cargo-home/bin/cargo" "+beta-2024-12-08" "test" "--frozen", kill_on_drop: false }`
[INFO] [stdout] b5b2166ccc00e2afeda5170efb071e4bdb88abaef349c699586470368697c0fa
[INFO] running `Command { std: "docker" "start" "-a" "b5b2166ccc00e2afeda5170efb071e4bdb88abaef349c699586470368697c0fa", kill_on_drop: false }`
[INFO] [stderr] warning: virtual workspace defaulting to `resolver = "1"` despite one or more workspace members being on edition 2021 which implies `resolver = "2"`
[INFO] [stderr] note: to keep the current resolver, specify `workspace.resolver = "1"` in the workspace root's manifest
[INFO] [stderr] note: to use the edition 2021 resolver, specify `workspace.resolver = "2"` in the workspace root's manifest
[INFO] [stderr] note: for more details see https://doc.rust-lang.org/cargo/reference/resolver.html#resolver-versions
[INFO] [stderr] warning: unused variable: `input`
[INFO] [stderr]  --> 3_ecosystem/3_4_regex_parsing/src/main.rs:5:10
[INFO] [stderr]   |
[INFO] [stderr] 5 | fn parse(input: &str) -> (Option<Sign>, Option<usize>, Option<Precision>) {
[INFO] [stderr]   |          ^^^^^ help: if this is intentional, prefix it with an underscore: `_input`
[INFO] [stderr]   |
[INFO] [stderr]   = note: `#[warn(unused_variables)]` on by default
[INFO] [stderr] 
[INFO] [stderr] warning: `step_3_4` (bin "step_3_4" test) generated 1 warning
[INFO] [stderr] warning: unused variable: `year`
[INFO] [stderr]   --> 3_ecosystem/3_3_date_time/src/main.rs:10:23
[INFO] [stderr]    |
[INFO] [stderr] 10 |     fn with_birthdate(year: i32, month: u32, day: u32) -> Self {
[INFO] [stderr]    |                       ^^^^ help: if this is intentional, prefix it with an underscore: `_year`
[INFO] [stderr]    |
[INFO] [stderr]    = note: `#[warn(unused_variables)]` on by default
[INFO] [stderr] 
[INFO] [stderr] warning: unused variable: `month`
[INFO] [stderr]   --> 3_ecosystem/3_3_date_time/src/main.rs:10:34
[INFO] [stderr]    |
[INFO] [stderr] 10 |     fn with_birthdate(year: i32, month: u32, day: u32) -> Self {
[INFO] [stderr]    |                                  ^^^^^ help: if this is intentional, prefix it with an underscore: `_month`
[INFO] [stderr] 
[INFO] [stderr] warning: unused variable: `day`
[INFO] [stderr]   --> 3_ecosystem/3_3_date_time/src/main.rs:10:46
[INFO] [stderr]    |
[INFO] [stderr] 10 |     fn with_birthdate(year: i32, month: u32, day: u32) -> Self {
[INFO] [stderr]    |                                              ^^^ help: if this is intentional, prefix it with an underscore: `_day`
[INFO] [stderr] 
[INFO] [stderr] warning: constant `NOW` is never used
[INFO] [stderr]  --> 3_ecosystem/3_3_date_time/src/main.rs:5:7
[INFO] [stderr]   |
[INFO] [stderr] 5 | const NOW: &str = "2019-06-26";
[INFO] [stderr]   |       ^^^
[INFO] [stderr]   |
[INFO] [stderr]   = note: `#[warn(dead_code)]` on by default
[INFO] [stderr] 
[INFO] [stderr] warning: method `is_adult` is never used
[INFO] [stderr]   --> 3_ecosystem/3_3_date_time/src/main.rs:20:8
[INFO] [stderr]    |
[INFO] [stderr] 9  | impl User {
[INFO] [stderr]    | --------- method in this implementation
[INFO] [stderr] ...
[INFO] [stderr] 20 |     fn is_adult(&self) -> bool {
[INFO] [stderr]    |        ^^^^^^^^
[INFO] [stderr] 
[INFO] [stderr] warning: `step_3_3` (bin "step_3_3" test) generated 5 warnings
[INFO] [stderr]     Finished `test` profile [unoptimized + debuginfo] target(s) in 0.05s
[INFO] [stderr]      Running unittests src/main.rs (/opt/rustwide/target/debug/deps/step_1-ce26423422f3fd48)
[INFO] [stdout] 
[INFO] [stdout] running 0 tests
[INFO] [stderr]      Running unittests src/main.rs (/opt/rustwide/target/debug/deps/step_1_1-cfcd3c7ed661cfdc)
[INFO] [stdout] 
[INFO] [stdout] test result: ok. 0 passed; 0 failed; 0 ignored; 0 measured; 0 filtered out; finished in 0.00s
[INFO] [stdout] 
[INFO] [stdout] 
[INFO] [stdout] running 0 tests
[INFO] [stdout] 
[INFO] [stdout] test result: ok. 0 passed; 0 failed; 0 ignored; 0 measured; 0 filtered out; finished in 0.00s
[INFO] [stdout] 
[INFO] [stderr]      Running unittests src/main.rs (/opt/rustwide/target/debug/deps/step_1_2-ab97b95848ea58c6)
[INFO] [stderr]      Running unittests src/main.rs (/opt/rustwide/target/debug/deps/step_1_3-207bc69681191e44)
[INFO] [stdout] 
[INFO] [stdout] running 0 tests
[INFO] [stdout] 
[INFO] [stdout] test result: ok. 0 passed; 0 failed; 0 ignored; 0 measured; 0 filtered out; finished in 0.00s
[INFO] [stdout] 
[INFO] [stdout] 
[INFO] [stdout] running 0 tests
[INFO] [stderr]      Running unittests src/main.rs (/opt/rustwide/target/debug/deps/step_1_4-b787eb74b34952fd)
[INFO] [stdout] 
[INFO] [stderr]      Running unittests src/main.rs (/opt/rustwide/target/debug/deps/step_1_5-29be5a23f5e08a1e)
[INFO] [stdout] test result: ok. 0 passed; 0 failed; 0 ignored; 0 measured; 0 filtered out; finished in 0.00s
[INFO] [stdout] 
[INFO] [stdout] 
[INFO] [stdout] running 0 tests
[INFO] [stdout] 
[INFO] [stdout] test result: ok. 0 passed; 0 failed; 0 ignored; 0 measured; 0 filtered out; finished in 0.00s
[INFO] [stdout] 
[INFO] [stdout] 
[INFO] [stdout] running 0 tests
[INFO] [stdout] 
[INFO] [stdout] test result: ok. 0 passed; 0 failed; 0 ignored; 0 measured; 0 filtered out; finished in 0.00s
[INFO] [stdout] 
[INFO] [stderr]      Running unittests src/main.rs (/opt/rustwide/target/debug/deps/step_1_6-28eaf75e84038296)
[INFO] [stdout] 
[INFO] [stdout] running 0 tests
[INFO] [stdout] 
[INFO] [stdout] test result: ok. 0 passed; 0 failed; 0 ignored; 0 measured; 0 filtered out; finished in 0.00s
[INFO] [stdout] 
[INFO] [stderr]      Running unittests src/main.rs (/opt/rustwide/target/debug/deps/step_1_7-815bdd4fa90e9073)
[INFO] [stdout] 
[INFO] [stdout] running 0 tests
[INFO] [stdout] 
[INFO] [stdout] test result: ok. 0 passed; 0 failed; 0 ignored; 0 measured; 0 filtered out; finished in 0.00s
[INFO] [stdout] 
[INFO] [stdout] 
[INFO] [stderr]      Running unittests src/main.rs (/opt/rustwide/target/debug/deps/step_1_8-215f591e80941894)
[INFO] [stdout] running 0 tests
[INFO] [stdout] 
[INFO] [stdout] test result: ok. 0 passed; 0 failed; 0 ignored; 0 measured; 0 filtered out; finished in 0.01s
[INFO] [stdout] 
[INFO] [stderr]      Running unittests src/main.rs (/opt/rustwide/target/debug/deps/step_1_9-102cf3bf6420a5e9)
[INFO] [stdout] 
[INFO] [stdout] running 0 tests
[INFO] [stdout] 
[INFO] [stdout] test result: ok. 0 passed; 0 failed; 0 ignored; 0 measured; 0 filtered out; finished in 0.00s
[INFO] [stdout] 
[INFO] [stderr]      Running unittests src/main.rs (/opt/rustwide/target/debug/deps/step_2-7c458583ad0b4159)
[INFO] [stdout] 
[INFO] [stdout] running 0 tests
[INFO] [stdout] 
[INFO] [stdout] test result: ok. 0 passed; 0 failed; 0 ignored; 0 measured; 0 filtered out; finished in 0.00s
[INFO] [stdout] 
[INFO] [stderr]      Running unittests src/main.rs (/opt/rustwide/target/debug/deps/step_2_1-b0b57fb05b33ff93)
[INFO] [stdout] 
[INFO] [stdout] running 0 tests
[INFO] [stdout] 
[INFO] [stdout] test result: ok. 0 passed; 0 failed; 0 ignored; 0 measured; 0 filtered out; finished in 0.00s
[INFO] [stdout] 
[INFO] [stderr]      Running unittests src/main.rs (/opt/rustwide/target/debug/deps/step_2_2-ec02890f52fc3784)
[INFO] [stdout] 
[INFO] [stdout] running 0 tests
[INFO] [stdout] 
[INFO] [stdout] test result: ok. 0 passed; 0 failed; 0 ignored; 0 measured; 0 filtered out; finished in 0.00s
[INFO] [stdout] 
[INFO] [stderr]      Running unittests src/main.rs (/opt/rustwide/target/debug/deps/step_2_3-4fc5d2fcd02c6161)
[INFO] [stdout] 
[INFO] [stdout] running 0 tests
[INFO] [stdout] 
[INFO] [stderr]      Running unittests src/main.rs (/opt/rustwide/target/debug/deps/step_2_4-91da4a753c4cc43f)
[INFO] [stdout] test result: ok. 0 passed; 0 failed; 0 ignored; 0 measured; 0 filtered out; finished in 0.01s
[INFO] [stdout] 
[INFO] [stdout] 
[INFO] [stdout] running 1 test
[INFO] [stdout] test server_spec::bind::sets_provided_address_to_server ... ok
[INFO] [stdout] 
[INFO] [stdout] test result: ok. 1 passed; 0 failed; 0 ignored; 0 measured; 0 filtered out; finished in 0.00s
[INFO] [stdout] 
[INFO] [stderr]      Running unittests src/lib.rs (/opt/rustwide/target/debug/deps/step_2_5-bf359eff77943e5f)
[INFO] [stdout] 
[INFO] [stdout] running 0 tests
[INFO] [stdout] 
[INFO] [stdout] test result: ok. 0 passed; 0 failed; 0 ignored; 0 measured; 0 filtered out; finished in 0.00s
[INFO] [stdout] 
[INFO] [stderr]      Running unittests src/lib.rs (/opt/rustwide/target/debug/deps/step_2_6-ee7d2efb1d5d16e8)
[INFO] [stdout] 
[INFO] [stdout] running 0 tests
[INFO] [stdout] 
[INFO] [stderr]      Running unittests src/main.rs (/opt/rustwide/target/debug/deps/step_3-212f373d9c8da7e0)
[INFO] [stdout] test result: ok. 0 passed; 0 failed; 0 ignored; 0 measured; 0 filtered out; finished in 0.00s
[INFO] [stdout] 
[INFO] [stdout] 
[INFO] [stdout] running 0 tests
[INFO] [stdout] 
[INFO] [stdout] test result: ok. 0 passed; 0 failed; 0 ignored; 0 measured; 0 filtered out; finished in 0.00s
[INFO] [stdout] 
[INFO] [stderr]      Running unittests src/main.rs (/opt/rustwide/target/debug/deps/step_3_1-761dd71c9ad66b18)
[INFO] [stdout] 
[INFO] [stdout] running 0 tests
[INFO] [stdout] 
[INFO] [stdout] test result: ok. 0 passed; 0 failed; 0 ignored; 0 measured; 0 filtered out; finished in 0.00s
[INFO] [stdout] 
[INFO] [stderr]      Running unittests src/main.rs (/opt/rustwide/target/debug/deps/step_3_10-7ddcbbd708004f79)
[INFO] [stdout] 
[INFO] [stdout] running 0 tests
[INFO] [stdout] 
[INFO] [stdout] test result: ok. 0 passed; 0 failed; 0 ignored; 0 measured; 0 filtered out; finished in 0.00s
[INFO] [stdout] 
[INFO] [stderr]      Running unittests src/main.rs (/opt/rustwide/target/debug/deps/step_3_11-b64049365888d92d)
[INFO] [stdout] 
[INFO] [stdout] running 0 tests
[INFO] [stdout] 
[INFO] [stdout] test result: ok. 0 passed; 0 failed; 0 ignored; 0 measured; 0 filtered out; finished in 0.00s
[INFO] [stdout] 
[INFO] [stderr]      Running unittests src/main.rs (/opt/rustwide/target/debug/deps/step_3_2-9a98dea903064e5c)
[INFO] [stdout] 
[INFO] [stdout] running 0 tests
[INFO] [stdout] 
[INFO] [stdout] test result: ok. 0 passed; 0 failed; 0 ignored; 0 measured; 0 filtered out; finished in 0.00s
[INFO] [stdout] 
[INFO] [stderr]      Running unittests src/main.rs (/opt/rustwide/target/debug/deps/step_3_3-968d38151c64940d)
[INFO] [stdout] 
[INFO] [stdout] running 2 tests
[INFO] [stdout] test age_spec::counts_age ... FAILED
[INFO] [stdout] test age_spec::zero_if_birthdate_in_future ... FAILED
[INFO] [stdout] 
[INFO] [stdout] failures:
[INFO] [stdout] 
[INFO] [stdout] ---- age_spec::counts_age stdout ----
[INFO] [stdout] thread 'age_spec::counts_age' panicked at 3_ecosystem/3_3_date_time/src/main.rs:11:9:
[INFO] [stdout] not implemented
[INFO] [stdout] stack backtrace:
[INFO] [stdout]    0:     0x5c723cef112a - std::backtrace_rs::backtrace::libunwind::trace::h8810477743020387
[INFO] [stdout]                                at /rustc/202008a1b8de96d2e5b6bc02d379db03a877d34d/library/std/src/../../backtrace/src/backtrace/libunwind.rs:116:5
[INFO] [stdout]    1:     0x5c723cef112a - std::backtrace_rs::backtrace::trace_unsynchronized::h3aa55355dd6c54a6
[INFO] [stdout]                                at /rustc/202008a1b8de96d2e5b6bc02d379db03a877d34d/library/std/src/../../backtrace/src/backtrace/mod.rs:66:5
[INFO] [stdout]    2:     0x5c723cef112a - std::sys::backtrace::_print_fmt::h8588b0f62410823f
[INFO] [stdout]                                at /rustc/202008a1b8de96d2e5b6bc02d379db03a877d34d/library/std/src/sys/backtrace.rs:66:9
[INFO] [stdout]    3:     0x5c723cef112a - <std::sys::backtrace::BacktraceLock::print::DisplayBacktrace as core::fmt::Display>::fmt::h98c26ac25ffe89bb
[INFO] [stdout]                                at /rustc/202008a1b8de96d2e5b6bc02d379db03a877d34d/library/std/src/sys/backtrace.rs:39:26
[INFO] [stdout]    4:     0x5c723cf16bb3 - core::fmt::rt::Argument::fmt::hf95377f4aebd453b
[INFO] [stdout]                                at /rustc/202008a1b8de96d2e5b6bc02d379db03a877d34d/library/core/src/fmt/rt.rs:177:76
[INFO] [stdout]    5:     0x5c723cf16bb3 - core::fmt::write::h0dd5f6e2238c7982
[INFO] [stdout]                                at /rustc/202008a1b8de96d2e5b6bc02d379db03a877d34d/library/core/src/fmt/mod.rs:1189:21
[INFO] [stdout]    6:     0x5c723ceee2c3 - std::io::Write::write_fmt::h03bb0ca26e6faf8c
[INFO] [stdout]                                at /rustc/202008a1b8de96d2e5b6bc02d379db03a877d34d/library/std/src/io/mod.rs:1884:15
[INFO] [stdout]    7:     0x5c723cef0f72 - std::sys::backtrace::BacktraceLock::print::h5c19c1c038ee186d
[INFO] [stdout]                                at /rustc/202008a1b8de96d2e5b6bc02d379db03a877d34d/library/std/src/sys/backtrace.rs:42:9
[INFO] [stdout]    8:     0x5c723cef25ad - std::panicking::default_hook::{{closure}}::h77172f079a1fcb13
[INFO] [stdout]                                at /rustc/202008a1b8de96d2e5b6bc02d379db03a877d34d/library/std/src/panicking.rs:268:22
[INFO] [stdout]    9:     0x5c723cef23b7 - std::panicking::default_hook::he5f8e3b203ccddba
[INFO] [stdout]                                at /rustc/202008a1b8de96d2e5b6bc02d379db03a877d34d/library/std/src/panicking.rs:292:9
[INFO] [stdout]   10:     0x5c723cebbce7 - <alloc::boxed::Box<F,A> as core::ops::function::Fn<Args>>::call::h7a3c7b4a1ae77f2f
[INFO] [stdout]                                at /rustc/202008a1b8de96d2e5b6bc02d379db03a877d34d/library/alloc/src/boxed.rs:1986:9
[INFO] [stdout]   11:     0x5c723cebbce7 - test::test_main::{{closure}}::hf0d3b69ae9b353d1
[INFO] [stdout]                                at /rustc/202008a1b8de96d2e5b6bc02d379db03a877d34d/library/test/src/lib.rs:134:21
[INFO] [stdout]   12:     0x5c723cef2c58 - <alloc::boxed::Box<F,A> as core::ops::function::Fn<Args>>::call::h6332e82e7b189abd
[INFO] [stdout]                                at /rustc/202008a1b8de96d2e5b6bc02d379db03a877d34d/library/alloc/src/boxed.rs:1986:9
[INFO] [stdout]   13:     0x5c723cef2c58 - std::panicking::rust_panic_with_hook::h53863d4e9018df39
[INFO] [stdout]                                at /rustc/202008a1b8de96d2e5b6bc02d379db03a877d34d/library/std/src/panicking.rs:809:13
[INFO] [stdout]   14:     0x5c723cef29e6 - std::panicking::begin_panic_handler::{{closure}}::h67280e6fa0757873
[INFO] [stdout]                                at /rustc/202008a1b8de96d2e5b6bc02d379db03a877d34d/library/std/src/panicking.rs:667:13
[INFO] [stdout]   15:     0x5c723cef1609 - std::sys::backtrace::__rust_end_short_backtrace::h1dac3f54d6fbbeb2
[INFO] [stdout]                                at /rustc/202008a1b8de96d2e5b6bc02d379db03a877d34d/library/std/src/sys/backtrace.rs:170:18
[INFO] [stdout]   16:     0x5c723cef26ac - rust_begin_unwind
[INFO] [stdout]                                at /rustc/202008a1b8de96d2e5b6bc02d379db03a877d34d/library/std/src/panicking.rs:665:5
[INFO] [stdout]   17:     0x5c723ce7fa90 - core::panicking::panic_fmt::h6792bd1b2bf01041
[INFO] [stdout]                                at /rustc/202008a1b8de96d2e5b6bc02d379db03a877d34d/library/core/src/panicking.rs:76:14
[INFO] [stdout]   18:     0x5c723ce7fb1c - core::panicking::panic::hbb5c236a846c507c
[INFO] [stdout]                                at /rustc/202008a1b8de96d2e5b6bc02d379db03a877d34d/library/core/src/panicking.rs:148:5
[INFO] [stdout]   19:     0x5c723ce81cbc - step_3_3::User::with_birthdate::h20879e54ebb5a46b
[INFO] [stdout]                                at /opt/rustwide/workdir/3_ecosystem/3_3_date_time/src/main.rs:11:9
[INFO] [stdout]   20:     0x5c723ce82013 - step_3_3::age_spec::counts_age::h101019310da109eb
[INFO] [stdout]                                at /opt/rustwide/workdir/3_ecosystem/3_3_date_time/src/main.rs:38:24
[INFO] [stdout]   21:     0x5c723ce81d07 - step_3_3::age_spec::counts_age::{{closure}}::h2cd962b0d031386c
[INFO] [stdout]                                at /opt/rustwide/workdir/3_ecosystem/3_3_date_time/src/main.rs:30:20
[INFO] [stdout]   22:     0x5c723ce80ab6 - core::ops::function::FnOnce::call_once::h96db6c1afe2eba59
[INFO] [stdout]                                at /rustc/202008a1b8de96d2e5b6bc02d379db03a877d34d/library/core/src/ops/function.rs:250:5
[INFO] [stdout]   23:     0x5c723cec080b - core::ops::function::FnOnce::call_once::h871bf86719ec9aa4
[INFO] [stdout]                                at /rustc/202008a1b8de96d2e5b6bc02d379db03a877d34d/library/core/src/ops/function.rs:250:5
[INFO] [stdout]   24:     0x5c723cec080b - test::__rust_begin_short_backtrace::h2167df1e2b7d76fd
[INFO] [stdout]                                at /rustc/202008a1b8de96d2e5b6bc02d379db03a877d34d/library/test/src/lib.rs:632:18
[INFO] [stdout]   25:     0x5c723cec01f8 - test::run_test_in_process::{{closure}}::h15d92f75a3adfb79
[INFO] [stdout]                                at /rustc/202008a1b8de96d2e5b6bc02d379db03a877d34d/library/test/src/lib.rs:655:60
[INFO] [stdout]   26:     0x5c723cec01f8 - <core::panic::unwind_safe::AssertUnwindSafe<F> as core::ops::function::FnOnce<()>>::call_once::hb6c8955835a8dbbb
[INFO] [stdout]                                at /rustc/202008a1b8de96d2e5b6bc02d379db03a877d34d/library/core/src/panic/unwind_safe.rs:272:9
[INFO] [stdout]   27:     0x5c723cec01f8 - std::panicking::try::do_call::hc79d0fc888a0bd30
[INFO] [stdout]                                at /rustc/202008a1b8de96d2e5b6bc02d379db03a877d34d/library/std/src/panicking.rs:557:40
[INFO] [stdout]   28:     0x5c723cec01f8 - std::panicking::try::hb8a7878e3a8589d6
[INFO] [stdout]                                at /rustc/202008a1b8de96d2e5b6bc02d379db03a877d34d/library/std/src/panicking.rs:520:19
[INFO] [stdout]   29:     0x5c723cec01f8 - std::panic::catch_unwind::hb8e4600ff0ff5cfa
[INFO] [stdout]                                at /rustc/202008a1b8de96d2e5b6bc02d379db03a877d34d/library/std/src/panic.rs:358:14
[INFO] [stdout]   30:     0x5c723cec01f8 - test::run_test_in_process::hc2900b0b18688dd6
[INFO] [stdout]                                at /rustc/202008a1b8de96d2e5b6bc02d379db03a877d34d/library/test/src/lib.rs:655:27
[INFO] [stdout]   31:     0x5c723cec01f8 - test::run_test::{{closure}}::hac2a9cb07be3d48d
[INFO] [stdout]                                at /rustc/202008a1b8de96d2e5b6bc02d379db03a877d34d/library/test/src/lib.rs:576:43
[INFO] [stdout]   32:     0x5c723ce83c9a - test::run_test::{{closure}}::h4a5b729e66a38cd8
[INFO] [stdout]                                at /rustc/202008a1b8de96d2e5b6bc02d379db03a877d34d/library/test/src/lib.rs:606:41
[INFO] [stdout]   33:     0x5c723ce83c9a - std::sys::backtrace::__rust_begin_short_backtrace::h0496fb742492f573
[INFO] [stdout]                                at /rustc/202008a1b8de96d2e5b6bc02d379db03a877d34d/library/std/src/sys/backtrace.rs:154:18
[INFO] [stdout]   34:     0x5c723ce87614 - std::thread::Builder::spawn_unchecked_::{{closure}}::{{closure}}::hbb6d257c550a54bd
[INFO] [stdout]                                at /rustc/202008a1b8de96d2e5b6bc02d379db03a877d34d/library/std/src/thread/mod.rs:561:17
[INFO] [stdout]   35:     0x5c723ce87614 - <core::panic::unwind_safe::AssertUnwindSafe<F> as core::ops::function::FnOnce<()>>::call_once::h46696fe4a6832328
[INFO] [stdout]                                at /rustc/202008a1b8de96d2e5b6bc02d379db03a877d34d/library/core/src/panic/unwind_safe.rs:272:9
[INFO] [stdout]   36:     0x5c723ce87614 - std::panicking::try::do_call::h2625a51b667bfb64
[INFO] [stdout]                                at /rustc/202008a1b8de96d2e5b6bc02d379db03a877d34d/library/std/src/panicking.rs:557:40
[INFO] [stdout]   37:     0x5c723ce87614 - std::panicking::try::hb956a59a1973aa4c
[INFO] [stdout]                                at /rustc/202008a1b8de96d2e5b6bc02d379db03a877d34d/library/std/src/panicking.rs:520:19
[INFO] [stdout]   38:     0x5c723ce87614 - std::panic::catch_unwind::h64f3b9d1067ef6a0
[INFO] [stdout]                                at /rustc/202008a1b8de96d2e5b6bc02d379db03a877d34d/library/std/src/panic.rs:358:14
[INFO] [stdout]   39:     0x5c723ce87614 - std::thread::Builder::spawn_unchecked_::{{closure}}::h42b2841295b6c0b2
[INFO] [stdout]                                at /rustc/202008a1b8de96d2e5b6bc02d379db03a877d34d/library/std/src/thread/mod.rs:559:30
[INFO] [stdout]   40:     0x5c723ce87614 - core::ops::function::FnOnce::call_once{{vtable.shim}}::h6127de71b8124639
[INFO] [stdout]                                at /rustc/202008a1b8de96d2e5b6bc02d379db03a877d34d/library/core/src/ops/function.rs:250:5
[INFO] [stdout]   41:     0x5c723cef6b9b - <alloc::boxed::Box<F,A> as core::ops::function::FnOnce<Args>>::call_once::h42f0ba71002a1b2c
[INFO] [stdout]                                at /rustc/202008a1b8de96d2e5b6bc02d379db03a877d34d/library/alloc/src/boxed.rs:1972:9
[INFO] [stdout]   42:     0x5c723cef6b9b - <alloc::boxed::Box<F,A> as core::ops::function::FnOnce<Args>>::call_once::had9e47d7a3dcecb8
[INFO] [stdout]                                at /rustc/202008a1b8de96d2e5b6bc02d379db03a877d34d/library/alloc/src/boxed.rs:1972:9
[INFO] [stdout]   43:     0x5c723cef6b9b - std::sys::pal::unix::thread::Thread::new::thread_start::h48cf765408f6f5f2
[INFO] [stdout]                                at /rustc/202008a1b8de96d2e5b6bc02d379db03a877d34d/library/std/src/sys/pal/unix/thread.rs:105:17
[INFO] [stdout]   44:     0x7e16b6556ac3 - <unknown>
[INFO] [stdout]   45:     0x7e16b65e7a04 - clone
[INFO] [stdout]   46:                0x0 - <unknown>
[INFO] [stdout] 
[INFO] [stdout] ---- age_spec::zero_if_birthdate_in_future stdout ----
[INFO] [stdout] thread 'age_spec::zero_if_birthdate_in_future' panicked at 3_ecosystem/3_3_date_time/src/main.rs:11:9:
[INFO] [stdout] not implemented
[INFO] [stdout] stack backtrace:
[INFO] [stdout]    0:     0x5c723cef112a - std::backtrace_rs::backtrace::libunwind::trace::h8810477743020387
[INFO] [stdout]                                at /rustc/202008a1b8de96d2e5b6bc02d379db03a877d34d/library/std/src/../../backtrace/src/backtrace/libunwind.rs:116:5
[INFO] [stdout]    1:     0x5c723cef112a - std::backtrace_rs::backtrace::trace_unsynchronized::h3aa55355dd6c54a6
[INFO] [stdout]                                at /rustc/202008a1b8de96d2e5b6bc02d379db03a877d34d/library/std/src/../../backtrace/src/backtrace/mod.rs:66:5
[INFO] [stdout]    2:     0x5c723cef112a - std::sys::backtrace::_print_fmt::h8588b0f62410823f
[INFO] [stdout]                                at /rustc/202008a1b8de96d2e5b6bc02d379db03a877d34d/library/std/src/sys/backtrace.rs:66:9
[INFO] [stdout]    3:     0x5c723cef112a - <std::sys::backtrace::BacktraceLock::print::DisplayBacktrace as core::fmt::Display>::fmt::h98c26ac25ffe89bb
[INFO] [stdout]                                at /rustc/202008a1b8de96d2e5b6bc02d379db03a877d34d/library/std/src/sys/backtrace.rs:39:26
[INFO] [stdout]    4:     0x5c723cf16bb3 - core::fmt::rt::Argument::fmt::hf95377f4aebd453b
[INFO] [stdout]                                at /rustc/202008a1b8de96d2e5b6bc02d379db03a877d34d/library/core/src/fmt/rt.rs:177:76
[INFO] [stdout]    5:     0x5c723cf16bb3 - core::fmt::write::h0dd5f6e2238c7982
[INFO] [stdout]                                at /rustc/202008a1b8de96d2e5b6bc02d379db03a877d34d/library/core/src/fmt/mod.rs:1189:21
[INFO] [stdout]    6:     0x5c723ceee2c3 - std::io::Write::write_fmt::h03bb0ca26e6faf8c
[INFO] [stdout]                                at /rustc/202008a1b8de96d2e5b6bc02d379db03a877d34d/library/std/src/io/mod.rs:1884:15
[INFO] [stdout]    7:     0x5c723cef0f72 - std::sys::backtrace::BacktraceLock::print::h5c19c1c038ee186d
[INFO] [stdout]                                at /rustc/202008a1b8de96d2e5b6bc02d379db03a877d34d/library/std/src/sys/backtrace.rs:42:9
[INFO] [stdout]    8:     0x5c723cef25ad - std::panicking::default_hook::{{closure}}::h77172f079a1fcb13
[INFO] [stdout]                                at /rustc/202008a1b8de96d2e5b6bc02d379db03a877d34d/library/std/src/panicking.rs:268:22
[INFO] [stdout]    9:     0x5c723cef23b7 - std::panicking::default_hook::he5f8e3b203ccddba
[INFO] [stdout]                                at /rustc/202008a1b8de96d2e5b6bc02d379db03a877d34d/library/std/src/panicking.rs:292:9
[INFO] [stdout]   10:     0x5c723cebbce7 - <alloc::boxed::Box<F,A> as core::ops::function::Fn<Args>>::call::h7a3c7b4a1ae77f2f
[INFO] [stdout]                                at /rustc/202008a1b8de96d2e5b6bc02d379db03a877d34d/library/alloc/src/boxed.rs:1986:9
[INFO] [stdout]   11:     0x5c723cebbce7 - test::test_main::{{closure}}::hf0d3b69ae9b353d1
[INFO] [stdout]                                at /rustc/202008a1b8de96d2e5b6bc02d379db03a877d34d/library/test/src/lib.rs:134:21
[INFO] [stdout]   12:     0x5c723cef2c58 - <alloc::boxed::Box<F,A> as core::ops::function::Fn<Args>>::call::h6332e82e7b189abd
[INFO] [stdout]                                at /rustc/202008a1b8de96d2e5b6bc02d379db03a877d34d/library/alloc/src/boxed.rs:1986:9
[INFO] [stdout]   13:     0x5c723cef2c58 - std::panicking::rust_panic_with_hook::h53863d4e9018df39
[INFO] [stdout]                                at /rustc/202008a1b8de96d2e5b6bc02d379db03a877d34d/library/std/src/panicking.rs:809:13
[INFO] [stdout]   14:     0x5c723cef29e6 - std::panicking::begin_panic_handler::{{closure}}::h67280e6fa0757873
[INFO] [stdout]                                at /rustc/202008a1b8de96d2e5b6bc02d379db03a877d34d/library/std/src/panicking.rs:667:13
[INFO] [stdout]   15:     0x5c723cef1609 - std::sys::backtrace::__rust_end_short_backtrace::h1dac3f54d6fbbeb2
[INFO] [stdout]                                at /rustc/202008a1b8de96d2e5b6bc02d379db03a877d34d/library/std/src/sys/backtrace.rs:170:18
[INFO] [stdout]   16:     0x5c723cef26ac - rust_begin_unwind
[INFO] [stdout]                                at /rustc/202008a1b8de96d2e5b6bc02d379db03a877d34d/library/std/src/panicking.rs:665:5
[INFO] [stdout]   17:     0x5c723ce7fa90 - core::panicking::panic_fmt::h6792bd1b2bf01041
[INFO] [stdout]                                at /rustc/202008a1b8de96d2e5b6bc02d379db03a877d34d/library/core/src/panicking.rs:76:14
[INFO] [stdout]   18:     0x5c723ce7fb1c - core::panicking::panic::hbb5c236a846c507c
[INFO] [stdout]                                at /rustc/202008a1b8de96d2e5b6bc02d379db03a877d34d/library/core/src/panicking.rs:148:5
[INFO] [stdout]   19:     0x5c723ce81cbc - step_3_3::User::with_birthdate::h20879e54ebb5a46b
[INFO] [stdout]                                at /opt/rustwide/workdir/3_ecosystem/3_3_date_time/src/main.rs:11:9
[INFO] [stdout]   20:     0x5c723ce8238c - step_3_3::age_spec::zero_if_birthdate_in_future::h27e0aefac890bc8d
[INFO] [stdout]                                at /opt/rustwide/workdir/3_ecosystem/3_3_date_time/src/main.rs:51:24
[INFO] [stdout]   21:     0x5c723ce820e7 - step_3_3::age_spec::zero_if_birthdate_in_future::{{closure}}::h2c5e67754f3882b4
[INFO] [stdout]                                at /opt/rustwide/workdir/3_ecosystem/3_3_date_time/src/main.rs:44:37
[INFO] [stdout]   22:     0x5c723ce80a76 - core::ops::function::FnOnce::call_once::h914e87186776131c
[INFO] [stdout]                                at /rustc/202008a1b8de96d2e5b6bc02d379db03a877d34d/library/core/src/ops/function.rs:250:5
[INFO] [stdout]   23:     0x5c723cec080b - core::ops::function::FnOnce::call_once::h871bf86719ec9aa4
[INFO] [stdout]                                at /rustc/202008a1b8de96d2e5b6bc02d379db03a877d34d/library/core/src/ops/function.rs:250:5
[INFO] [stdout]   24:     0x5c723cec080b - test::__rust_begin_short_backtrace::h2167df1e2b7d76fd
[INFO] [stdout]                                at /rustc/202008a1b8de96d2e5b6bc02d379db03a877d34d/library/test/src/lib.rs:632:18
[INFO] [stdout]   25:     0x5c723cec01f8 - test::run_test_in_process::{{closure}}::h15d92f75a3adfb79
[INFO] [stdout]                                at /rustc/202008a1b8de96d2e5b6bc02d379db03a877d34d/library/test/src/lib.rs:655:60
[INFO] [stdout]   26:     0x5c723cec01f8 - <core::panic::unwind_safe::AssertUnwindSafe<F> as core::ops::function::FnOnce<()>>::call_once::hb6c8955835a8dbbb
[INFO] [stdout]                                at /rustc/202008a1b8de96d2e5b6bc02d379db03a877d34d/library/core/src/panic/unwind_safe.rs:272:9
[INFO] [stdout]   27:     0x5c723cec01f8 - std::panicking::try::do_call::hc79d0fc888a0bd30
[INFO] [stdout]                                at /rustc/202008a1b8de96d2e5b6bc02d379db03a877d34d/library/std/src/panicking.rs:557:40
[INFO] [stdout]   28:     0x5c723cec01f8 - std::panicking::try::hb8a7878e3a8589d6
[INFO] [stdout]                                at /rustc/202008a1b8de96d2e5b6bc02d379db03a877d34d/library/std/src/panicking.rs:520:19
[INFO] [stdout]   29:     0x5c723cec01f8 - std::panic::catch_unwind::hb8e4600ff0ff5cfa
[INFO] [stdout]                                at /rustc/202008a1b8de96d2e5b6bc02d379db03a877d34d/library/std/src/panic.rs:358:14
[INFO] [stdout]   30:     0x5c723cec01f8 - test::run_test_in_process::hc2900b0b18688dd6
[INFO] [stdout]                                at /rustc/202008a1b8de96d2e5b6bc02d379db03a877d34d/library/test/src/lib.rs:655:27
[INFO] [stdout]   31:     0x5c723cec01f8 - test::run_test::{{closure}}::hac2a9cb07be3d48d
[INFO] [stdout]                                at /rustc/202008a1b8de96d2e5b6bc02d379db03a877d34d/library/test/src/lib.rs:576:43
[INFO] [stdout]   32:     0x5c723ce83c9a - test::run_test::{{closure}}::h4a5b729e66a38cd8
[INFO] [stdout]                                at /rustc/202008a1b8de96d2e5b6bc02d379db03a877d34d/library/test/src/lib.rs:606:41
[INFO] [stdout]   33:     0x5c723ce83c9a - std::sys::backtrace::__rust_begin_short_backtrace::h0496fb742492f573
[INFO] [stdout]                                at /rustc/202008a1b8de96d2e5b6bc02d379db03a877d34d/library/std/src/sys/backtrace.rs:154:18
[INFO] [stdout]   34:     0x5c723ce87614 - std::thread::Builder::spawn_unchecked_::{{closure}}::{{closure}}::hbb6d257c550a54bd
[INFO] [stdout]                                at /rustc/202008a1b8de96d2e5b6bc02d379db03a877d34d/library/std/src/thread/mod.rs:561:17
[INFO] [stdout]   35:     0x5c723ce87614 - <core::panic::unwind_safe::AssertUnwindSafe<F> as core::ops::function::FnOnce<()>>::call_once::h46696fe4a6832328
[INFO] [stdout]                                at /rustc/202008a1b8de96d2e5b6bc02d379db03a877d34d/library/core/src/panic/unwind_safe.rs:272:9
[INFO] [stdout]   36:     0x5c723ce87614 - std::panicking::try::do_call::h2625a51b667bfb64
[INFO] [stdout]                                at /rustc/202008a1b8de96d2e5b6bc02d379db03a877d34d/library/std/src/panicking.rs:557:40
[INFO] [stdout]   37:     0x5c723ce87614 - std::panicking::try::hb956a59a1973aa4c
[INFO] [stdout]                                at /rustc/202008a1b8de96d2e5b6bc02d379db03a877d34d/library/std/src/panicking.rs:520:19
[INFO] [stdout]   38:     0x5c723ce87614 - std::panic::catch_unwind::h64f3b9d1067ef6a0
[INFO] [stdout]                                at /rustc/202008a1b8de96d2e5b6bc02d379db03a877d34d/library/std/src/panic.rs:358:14
[INFO] [stdout]   39:     0x5c723ce87614 - std::thread::Builder::spawn_unchecked_::{{closure}}::h42b2841295b6c0b2
[INFO] [stdout]                                at /rustc/202008a1b8de96d2e5b6bc02d379db03a877d34d/library/std/src/thread/mod.rs:559:30
[INFO] [stdout]   40:     0x5c723ce87614 - core::ops::function::FnOnce::call_once{{vtable.shim}}::h6127de71b8124639
[INFO] [stdout]                                at /rustc/202008a1b8de96d2e5b6bc02d379db03a877d34d/library/core/src/ops/function.rs:250:5
[INFO] [stdout]   41:     0x5c723cef6b9b - <alloc::boxed::Box<F,A> as core::ops::function::FnOnce<Args>>::call_once::h42f0ba71002a1b2c
[INFO] [stdout]                                at /rustc/202008a1b8de96d2e5b6bc02d379db03a877d34d/library/alloc/src/boxed.rs:1972:9
[INFO] [stdout]   42:     0x5c723cef6b9b - <alloc::boxed::Box<F,A> as core::ops::function::FnOnce<Args>>::call_once::had9e47d7a3dcecb8
[INFO] [stdout]                                at /rustc/202008a1b8de96d2e5b6bc02d379db03a877d34d/library/alloc/src/boxed.rs:1972:9
[INFO] [stdout]   43:     0x5c723cef6b9b - std::sys::pal::unix::thread::Thread::new::thread_start::h48cf765408f6f5f2
[INFO] [stdout]                                at /rustc/202008a1b8de96d2e5b6bc02d379db03a877d34d/library/std/src/sys/pal/unix/thread.rs:105:17
[INFO] [stdout]   44:     0x7e16b6556ac3 - <unknown>
[INFO] [stdout]   45:     0x7e16b65e7a04 - clone
[INFO] [stdout]   46:                0x0 - <unknown>
[INFO] [stdout] 
[INFO] [stdout] 
[INFO] [stdout] failures:
[INFO] [stdout]     age_spec::counts_age
[INFO] [stdout]     age_spec::zero_if_birthdate_in_future
[INFO] [stdout] 
[INFO] [stdout] test result: FAILED. 0 passed; 2 failed; 0 ignored; 0 measured; 0 filtered out; finished in 0.05s
[INFO] [stdout] 
[INFO] [stderr] error: test failed, to rerun pass `-p step_3_3 --bin step_3_3`
[INFO] running `Command { std: "docker" "inspect" "b5b2166ccc00e2afeda5170efb071e4bdb88abaef349c699586470368697c0fa", kill_on_drop: false }`
[INFO] running `Command { std: "docker" "rm" "-f" "b5b2166ccc00e2afeda5170efb071e4bdb88abaef349c699586470368697c0fa", kill_on_drop: false }`
[INFO] [stdout] b5b2166ccc00e2afeda5170efb071e4bdb88abaef349c699586470368697c0fa
