[INFO] cloning repository https://github.com/demfabris/rmx
[INFO] running `Command { std: "git" "-c" "credential.helper=" "-c" "credential.helper=/workspace/cargo-home/bin/git-credential-null" "clone" "--bare" "https://github.com/demfabris/rmx" "/workspace/cache/git-repos/https%3A%2F%2Fgithub.com%2Fdemfabris%2Frmx", kill_on_drop: false }`
[INFO] [stderr] Cloning into bare repository '/workspace/cache/git-repos/https%3A%2F%2Fgithub.com%2Fdemfabris%2Frmx'...
[INFO] running `Command { std: "git" "rev-parse" "HEAD", kill_on_drop: false }`
[INFO] [stdout] fc1386d7b7fece326ae0666a0b6bc3b50b113a12
[INFO] testing demfabris/rmx against 1.83.0 for beta-1.84.0-4-retry
[INFO] running `Command { std: "git" "clone" "/workspace/cache/git-repos/https%3A%2F%2Fgithub.com%2Fdemfabris%2Frmx" "/workspace/builds/worker-3-tc1/source", kill_on_drop: false }`
[INFO] [stderr] Cloning into '/workspace/builds/worker-3-tc1/source'...
[INFO] [stderr] done.
[INFO] validating manifest of git repo https://github.com/demfabris/rmx on toolchain 1.83.0
[INFO] running `Command { std: CARGO_HOME="/workspace/cargo-home" RUSTUP_HOME="/workspace/rustup-home" "/workspace/cargo-home/bin/cargo" "+1.83.0" "metadata" "--manifest-path" "Cargo.toml" "--no-deps", kill_on_drop: false }`
[INFO] started tweaking git repo https://github.com/demfabris/rmx
[INFO] finished tweaking git repo https://github.com/demfabris/rmx
[INFO] tweaked toml for git repo https://github.com/demfabris/rmx written to /workspace/builds/worker-3-tc1/source/Cargo.toml
[INFO] crate git repo https://github.com/demfabris/rmx already has a lockfile, it will not be regenerated
[INFO] running `Command { std: CARGO_HOME="/workspace/cargo-home" RUSTUP_HOME="/workspace/rustup-home" "/workspace/cargo-home/bin/cargo" "+1.83.0" "fetch" "--manifest-path" "Cargo.toml", kill_on_drop: false }`
[INFO] [stderr]     Updating crates.io index
[INFO] [stderr]  Downloading crates ...
[INFO] [stderr]   Downloaded iana-time-zone v0.1.50
[INFO] [stderr]   Downloaded assert_fs v1.0.7
[INFO] [stderr]   Downloaded trash v2.1.5
[INFO] running `Command { std: "docker" "create" "-v" "/var/lib/crater-agent-workspace/builds/worker-3-tc1/target:/opt/rustwide/target:rw,Z" "-v" "/var/lib/crater-agent-workspace/builds/worker-3-tc1/source:/opt/rustwide/workdir:ro,Z" "-v" "/var/lib/crater-agent-workspace/cargo-home:/opt/rustwide/cargo-home:ro,Z" "-v" "/var/lib/crater-agent-workspace/rustup-home:/opt/rustwide/rustup-home:ro,Z" "-e" "SOURCE_DIR=/opt/rustwide/workdir" "-e" "CARGO_TARGET_DIR=/opt/rustwide/target" "-e" "CARGO_HOME=/opt/rustwide/cargo-home" "-e" "RUSTUP_HOME=/opt/rustwide/rustup-home" "-w" "/opt/rustwide/workdir" "-m" "1610612736" "--user" "0:0" "--network" "none" "ghcr.io/rust-lang/crates-build-env/linux@sha256:f3a9d4ad9d972b27faf3965f35b62e55ba32bbce8f20bc8fe909558a86702fde" "/opt/rustwide/cargo-home/bin/cargo" "+1.83.0" "metadata" "--no-deps" "--format-version=1", kill_on_drop: false }`
[INFO] [stdout] 0d3c1c2059e874ec56b24e85c68aba6f7828244fa7a01ef77e223d65d110a731
[INFO] running `Command { std: "docker" "start" "-a" "0d3c1c2059e874ec56b24e85c68aba6f7828244fa7a01ef77e223d65d110a731", kill_on_drop: false }`
[INFO] running `Command { std: "docker" "inspect" "0d3c1c2059e874ec56b24e85c68aba6f7828244fa7a01ef77e223d65d110a731", kill_on_drop: false }`
[INFO] running `Command { std: "docker" "rm" "-f" "0d3c1c2059e874ec56b24e85c68aba6f7828244fa7a01ef77e223d65d110a731", kill_on_drop: false }`
[INFO] [stdout] 0d3c1c2059e874ec56b24e85c68aba6f7828244fa7a01ef77e223d65d110a731
[INFO] running `Command { std: "docker" "create" "-v" "/var/lib/crater-agent-workspace/builds/worker-3-tc1/target:/opt/rustwide/target:rw,Z" "-v" "/var/lib/crater-agent-workspace/builds/worker-3-tc1/source:/opt/rustwide/workdir:ro,Z" "-v" "/var/lib/crater-agent-workspace/cargo-home:/opt/rustwide/cargo-home:ro,Z" "-v" "/var/lib/crater-agent-workspace/rustup-home:/opt/rustwide/rustup-home:ro,Z" "-e" "SOURCE_DIR=/opt/rustwide/workdir" "-e" "CARGO_TARGET_DIR=/opt/rustwide/target" "-e" "CARGO_INCREMENTAL=0" "-e" "RUST_BACKTRACE=full" "-e" "RUSTFLAGS=--cap-lints=warn" "-e" "RUSTDOCFLAGS=--cap-lints=warn" "-e" "CARGO_HOME=/opt/rustwide/cargo-home" "-e" "RUSTUP_HOME=/opt/rustwide/rustup-home" "-w" "/opt/rustwide/workdir" "-m" "1610612736" "--user" "0:0" "--network" "none" "ghcr.io/rust-lang/crates-build-env/linux@sha256:f3a9d4ad9d972b27faf3965f35b62e55ba32bbce8f20bc8fe909558a86702fde" "/opt/rustwide/cargo-home/bin/cargo" "+1.83.0" "build" "--frozen" "--message-format=json", kill_on_drop: false }`
[INFO] [stdout] c61a14c3b54657dc076bada847c6ab021def89e02dcc55bdd956fcccc5ff43eb
[INFO] running `Command { std: "docker" "start" "-a" "c61a14c3b54657dc076bada847c6ab021def89e02dcc55bdd956fcccc5ff43eb", kill_on_drop: false }`
[INFO] [stderr]    Compiling autocfg v1.1.0
[INFO] [stderr]    Compiling libc v0.2.135
[INFO] [stderr]    Compiling once_cell v1.13.0
[INFO] [stderr]    Compiling crossbeam-utils v0.8.11
[INFO] [stderr]    Compiling scopeguard v1.1.0
[INFO] [stderr]    Compiling proc-macro2 v1.0.40
[INFO] [stderr]    Compiling quote v1.0.20
[INFO] [stderr]    Compiling rayon-core v1.9.3
[INFO] [stderr]    Compiling tinyvec_macros v0.1.0
[INFO] [stderr]    Compiling unicode-ident v1.0.2
[INFO] [stderr]    Compiling tinyvec v1.6.0
[INFO] [stderr]    Compiling crossbeam-queue v0.3.6
[INFO] [stderr]    Compiling syn v1.0.98
[INFO] [stderr]    Compiling memoffset v0.6.5
[INFO] [stderr]    Compiling crossbeam-epoch v0.9.10
[INFO] [stderr]    Compiling num-traits v0.2.15
[INFO] [stderr]    Compiling crossbeam-channel v0.5.6
[INFO] [stderr]    Compiling num-integer v0.1.45
[INFO] [stderr]    Compiling rayon v1.5.3
[INFO] [stderr]    Compiling crossbeam-deque v0.8.2
[INFO] [stderr]    Compiling num_cpus v1.13.1
[INFO] [stderr]    Compiling getrandom v0.2.7
[INFO] [stderr]    Compiling indexmap v1.9.1
[INFO] [stderr]    Compiling regex-syntax v0.6.27
[INFO] [stderr]    Compiling unicode-bidi v0.3.8
[INFO] [stderr]    Compiling unicode-normalization v0.1.22
[INFO] [stderr]    Compiling percent-encoding v2.2.0
[INFO] [stderr]    Compiling log v0.4.17
[INFO] [stderr]    Compiling form_urlencoded v1.1.0
[INFO] [stderr]    Compiling rand_core v0.6.4
[INFO] [stderr]    Compiling idna v0.3.0
[INFO] [stderr]    Compiling terminal_size v0.1.17
[INFO] [stderr]    Compiling time v0.1.44
[INFO] [stderr]    Compiling fastrand v1.7.0
[INFO] [stderr]    Compiling hashbrown v0.12.3
[INFO] [stderr]    Compiling either v1.7.0
[INFO] [stderr]    Compiling thiserror v1.0.37
[INFO] [stderr]    Compiling unicode-width v0.1.9
[INFO] [stderr]    Compiling remove_dir_all v0.5.3
[INFO] [stderr]    Compiling ppv-lite86 v0.2.16
[INFO] [stderr]    Compiling iana-time-zone v0.1.50
[INFO] [stderr]    Compiling os_str_bytes v6.2.0
[INFO] [stderr]    Compiling regex v1.6.0
[INFO] [stderr]    Compiling clap_lex v0.2.4
[INFO] [stderr]    Compiling rand_chacha v0.3.1
[INFO] [stderr]    Compiling chrono v0.4.22
[INFO] [stderr]    Compiling url v2.3.1
[INFO] [stderr]    Compiling tempfile v3.3.0
[INFO] [stderr]    Compiling crossbeam v0.8.2
[INFO] [stderr]    Compiling console v0.15.0
[INFO] [stderr]    Compiling atty v0.2.14
[INFO] [stderr]    Compiling zeroize v1.5.7
[INFO] [stderr]    Compiling textwrap v0.15.1
[INFO] [stderr]    Compiling termcolor v1.1.3
[INFO] [stderr]    Compiling strsim v0.10.0
[INFO] [stderr]    Compiling bitflags v1.3.2
[INFO] [stderr]    Compiling trash v2.1.5
[INFO] [stderr]    Compiling dialoguer v0.10.2
[INFO] [stderr]    Compiling clap v3.2.22
[INFO] [stderr]    Compiling rand v0.8.5
[INFO] [stderr]    Compiling thiserror-impl v1.0.37
[INFO] [stderr]    Compiling jwalk v0.6.0
[INFO] [stderr]    Compiling rmx v0.1.6 (/opt/rustwide/workdir)
[INFO] [stdout] warning: field `metadata` is never read
[INFO] [stdout]   --> src/core.rs:24:9
[INFO] [stdout]    |
[INFO] [stdout] 23 |     Symlink {
[INFO] [stdout]    |     ------- field in this variant
[INFO] [stdout] 24 |         metadata: fs::Metadata,
[INFO] [stdout]    |         ^^^^^^^^
[INFO] [stdout]    |
[INFO] [stdout]    = note: `FsEntity` has a derived impl for the trait `Debug`, but this is intentionally ignored during dead code analysis
[INFO] [stdout]    = note: `#[warn(dead_code)]` on by default
[INFO] [stdout] 
[INFO] [stdout] 
[INFO] [stderr]     Finished `dev` profile [unoptimized + debuginfo] target(s) in 46.65s
[INFO] running `Command { std: "docker" "inspect" "c61a14c3b54657dc076bada847c6ab021def89e02dcc55bdd956fcccc5ff43eb", kill_on_drop: false }`
[INFO] running `Command { std: "docker" "rm" "-f" "c61a14c3b54657dc076bada847c6ab021def89e02dcc55bdd956fcccc5ff43eb", kill_on_drop: false }`
[INFO] [stdout] c61a14c3b54657dc076bada847c6ab021def89e02dcc55bdd956fcccc5ff43eb
[INFO] running `Command { std: "docker" "create" "-v" "/var/lib/crater-agent-workspace/builds/worker-3-tc1/target:/opt/rustwide/target:rw,Z" "-v" "/var/lib/crater-agent-workspace/builds/worker-3-tc1/source:/opt/rustwide/workdir:ro,Z" "-v" "/var/lib/crater-agent-workspace/cargo-home:/opt/rustwide/cargo-home:ro,Z" "-v" "/var/lib/crater-agent-workspace/rustup-home:/opt/rustwide/rustup-home:ro,Z" "-e" "SOURCE_DIR=/opt/rustwide/workdir" "-e" "CARGO_TARGET_DIR=/opt/rustwide/target" "-e" "CARGO_INCREMENTAL=0" "-e" "RUST_BACKTRACE=full" "-e" "RUSTFLAGS=--cap-lints=warn" "-e" "RUSTDOCFLAGS=--cap-lints=warn" "-e" "CARGO_HOME=/opt/rustwide/cargo-home" "-e" "RUSTUP_HOME=/opt/rustwide/rustup-home" "-w" "/opt/rustwide/workdir" "-m" "1610612736" "--user" "0:0" "--network" "none" "ghcr.io/rust-lang/crates-build-env/linux@sha256:f3a9d4ad9d972b27faf3965f35b62e55ba32bbce8f20bc8fe909558a86702fde" "/opt/rustwide/cargo-home/bin/cargo" "+1.83.0" "test" "--frozen" "--no-run" "--message-format=json", kill_on_drop: false }`
[INFO] [stdout] 796c2871eb5e5789c9e607d869dc0ed228e8a9608282336a6d8f9c92415cb3bd
[INFO] running `Command { std: "docker" "start" "-a" "796c2871eb5e5789c9e607d869dc0ed228e8a9608282336a6d8f9c92415cb3bd", kill_on_drop: false }`
[INFO] [stderr]    Compiling memchr v2.5.0
[INFO] [stderr]    Compiling num-traits v0.2.15
[INFO] [stderr]    Compiling regex-syntax v0.6.27
[INFO] [stderr]    Compiling serde_derive v1.0.142
[INFO] [stderr]    Compiling serde v1.0.142
[INFO] [stderr]    Compiling regex-automata v0.1.10
[INFO] [stderr]    Compiling itertools v0.10.3
[INFO] [stderr]    Compiling serde_json v1.0.83
[INFO] [stderr]    Compiling walkdir v2.3.2
[INFO] [stderr]    Compiling itoa v1.0.3
[INFO] [stderr]    Compiling fnv v1.0.7
[INFO] [stderr]    Compiling predicates-core v1.0.3
[INFO] [stderr]    Compiling doc-comment v0.3.3
[INFO] [stderr]    Compiling ryu v1.0.11
[INFO] [stderr]    Compiling thread_local v1.1.4
[INFO] [stderr]    Compiling difflib v0.4.0
[INFO] [stderr]    Compiling plotters-backend v0.3.4
[INFO] [stderr]    Compiling aho-corasick v0.7.18
[INFO] [stderr]    Compiling bstr v0.2.17
[INFO] [stderr]    Compiling termtree v0.2.4
[INFO] [stderr]    Compiling half v1.8.2
[INFO] [stderr]    Compiling float-cmp v0.9.0
[INFO] [stderr]    Compiling num-integer v0.1.45
[INFO] [stderr]    Compiling ciborium-io v0.2.0
[INFO] [stderr]    Compiling ciborium-ll v0.2.0
[INFO] [stderr]    Compiling predicates-tree v1.0.5
[INFO] [stderr]    Compiling chrono v0.4.22
[INFO] [stderr]    Compiling plotters-svg v0.3.3
[INFO] [stderr]    Compiling escargot v0.5.7
[INFO] [stderr]    Compiling cast v0.3.0
[INFO] [stderr]    Compiling plotters v0.3.4
[INFO] [stderr]    Compiling wait-timeout v0.2.0
[INFO] [stderr]    Compiling regex v1.6.0
[INFO] [stderr]    Compiling criterion-plot v0.5.0
[INFO] [stderr]    Compiling oorandom v11.1.3
[INFO] [stderr]    Compiling anes v0.1.6
[INFO] [stderr]    Compiling trash v2.1.5
[INFO] [stderr]    Compiling globset v0.4.9
[INFO] [stderr]    Compiling predicates v2.1.1
[INFO] [stderr]    Compiling ignore v0.4.18
[INFO] [stderr]    Compiling console v0.15.0
[INFO] [stderr]    Compiling assert_cmd v2.0.4
[INFO] [stderr]    Compiling dialoguer v0.10.2
[INFO] [stderr]    Compiling globwalk v0.8.1
[INFO] [stderr]    Compiling assert_fs v1.0.7
[INFO] [stderr]    Compiling rmx v0.1.6 (/opt/rustwide/workdir)
[INFO] [stdout] warning: field `metadata` is never read
[INFO] [stdout]   --> src/core.rs:24:9
[INFO] [stdout]    |
[INFO] [stdout] 23 |     Symlink {
[INFO] [stdout]    |     ------- field in this variant
[INFO] [stdout] 24 |         metadata: fs::Metadata,
[INFO] [stdout]    |         ^^^^^^^^
[INFO] [stdout]    |
[INFO] [stdout]    = note: `FsEntity` has a derived impl for the trait `Debug`, but this is intentionally ignored during dead code analysis
[INFO] [stdout]    = note: `#[warn(dead_code)]` on by default
[INFO] [stdout] 
[INFO] [stdout] 
[INFO] [stderr]    Compiling ciborium v0.2.0
[INFO] [stderr]    Compiling tinytemplate v1.2.1
[INFO] [stderr]    Compiling criterion v0.4.0
[INFO] [stdout] warning: field `metadata` is never read
[INFO] [stdout]   --> src/core.rs:24:9
[INFO] [stdout]    |
[INFO] [stdout] 23 |     Symlink {
[INFO] [stdout]    |     ------- field in this variant
[INFO] [stdout] 24 |         metadata: fs::Metadata,
[INFO] [stdout]    |         ^^^^^^^^
[INFO] [stdout]    |
[INFO] [stdout]    = note: `FsEntity` has a derived impl for the trait `Debug`, but this is intentionally ignored during dead code analysis
[INFO] [stdout]    = note: `#[warn(dead_code)]` on by default
[INFO] [stdout] 
[INFO] [stdout] 
[INFO] [stderr]     Finished `test` profile [unoptimized + debuginfo] target(s) in 1m 00s
[INFO] running `Command { std: "docker" "inspect" "796c2871eb5e5789c9e607d869dc0ed228e8a9608282336a6d8f9c92415cb3bd", kill_on_drop: false }`
[INFO] running `Command { std: "docker" "rm" "-f" "796c2871eb5e5789c9e607d869dc0ed228e8a9608282336a6d8f9c92415cb3bd", kill_on_drop: false }`
[INFO] [stdout] 796c2871eb5e5789c9e607d869dc0ed228e8a9608282336a6d8f9c92415cb3bd
[INFO] running `Command { std: "docker" "create" "-v" "/var/lib/crater-agent-workspace/builds/worker-3-tc1/target:/opt/rustwide/target:rw,Z" "-v" "/var/lib/crater-agent-workspace/builds/worker-3-tc1/source:/opt/rustwide/workdir:ro,Z" "-v" "/var/lib/crater-agent-workspace/cargo-home:/opt/rustwide/cargo-home:ro,Z" "-v" "/var/lib/crater-agent-workspace/rustup-home:/opt/rustwide/rustup-home:ro,Z" "-e" "SOURCE_DIR=/opt/rustwide/workdir" "-e" "CARGO_TARGET_DIR=/opt/rustwide/target" "-e" "CARGO_INCREMENTAL=0" "-e" "RUST_BACKTRACE=full" "-e" "RUSTFLAGS=--cap-lints=warn" "-e" "RUSTDOCFLAGS=--cap-lints=warn" "-e" "CARGO_HOME=/opt/rustwide/cargo-home" "-e" "RUSTUP_HOME=/opt/rustwide/rustup-home" "-w" "/opt/rustwide/workdir" "-m" "1610612736" "--user" "0:0" "--network" "none" "ghcr.io/rust-lang/crates-build-env/linux@sha256:f3a9d4ad9d972b27faf3965f35b62e55ba32bbce8f20bc8fe909558a86702fde" "/opt/rustwide/cargo-home/bin/cargo" "+1.83.0" "test" "--frozen", kill_on_drop: false }`
[INFO] [stdout] 6dbdc92d1757d377c9248881a2b3c255cac7ede0609a7585646d2647474b227d
[INFO] running `Command { std: "docker" "start" "-a" "6dbdc92d1757d377c9248881a2b3c255cac7ede0609a7585646d2647474b227d", kill_on_drop: false }`
[INFO] [stderr] warning: field `metadata` is never read
[INFO] [stderr]   --> src/core.rs:24:9
[INFO] [stderr]    |
[INFO] [stderr] 23 |     Symlink {
[INFO] [stderr]    |     ------- field in this variant
[INFO] [stderr] 24 |         metadata: fs::Metadata,
[INFO] [stderr]    |         ^^^^^^^^
[INFO] [stderr]    |
[INFO] [stderr]    = note: `FsEntity` has a derived impl for the trait `Debug`, but this is intentionally ignored during dead code analysis
[INFO] [stderr]    = note: `#[warn(dead_code)]` on by default
[INFO] [stderr] 
[INFO] [stderr] warning: `rmx` (bin "rmx") generated 1 warning
[INFO] [stderr] warning: `rmx` (bin "rmx" test) generated 1 warning (1 duplicate)
[INFO] [stderr]     Finished `test` profile [unoptimized + debuginfo] target(s) in 0.26s
[INFO] [stderr]      Running unittests src/main.rs (/opt/rustwide/target/debug/deps/rmx-15a5c032a6f5229f)
[INFO] [stdout] 
[INFO] [stdout] running 0 tests
[INFO] [stdout] 
[INFO] [stdout] test result: ok. 0 passed; 0 failed; 0 ignored; 0 measured; 0 filtered out; finished in 0.00s
[INFO] [stdout] 
[INFO] [stderr]      Running tests/dir.rs (/opt/rustwide/target/debug/deps/dir-0b15b6a40a769b0c)
[INFO] [stdout] 
[INFO] [stdout] running 41 tests
[INFO] [stdout] test directory_remove_directory ... ok
[INFO] [stdout] test directory_remove_empty_directory ... ok
[INFO] [stdout] test force_directory_interactive_remove_directory ... ok
[INFO] [stdout] test force_directory_interactive_remove_write_protected_directory ... ok
[INFO] [stdout] test directory_remove_write_protected_empty_directory ... ok
[INFO] [stdout] test force_directory_interactive_remove_empty_directory ... ok
[INFO] [stdout] test directory_remove_write_protected_directory ... ok
[INFO] [stdout] test force_directory_interactive_remove_write_protected_empty_directory ... ok
[INFO] [stdout] test force_directory_remove_directory ... ok
[INFO] [stdout] test force_directory_remove_write_protected_directory ... ok
[INFO] [stdout] test force_directory_remove_empty_directory ... ok
[INFO] [stdout] test force_directory_remove_write_protected_empty_directory ... ok
[INFO] [stdout] test force_recursive_interactive_remove_write_protected_directory ... ok
[INFO] [stdout] test force_recursive_interactive_remove_directory ... ok
[INFO] [stdout] test force_recursive_interactive_remove_empty_directory ... ok
[INFO] [stdout] test force_recursive_interactive_remove_write_protected_empty_directory ... ok
[INFO] [stdout] test force_recursive_remove_empty_directory ... ok
[INFO] [stdout] test force_recursive_remove_directory ... ok
[INFO] [stdout] test force_recursive_remove_write_protected_empty_directory ... ok
[INFO] [stdout] test force_recursive_remove_write_protected_directory ... FAILED
[INFO] [stdout] test force_remove_directory ... ok
[INFO] [stdout] test force_remove_empty_directory ... ok
[INFO] [stdout] test force_remove_write_protected_directory ... ok
[INFO] [stdout] test force_remove_write_protected_empty_directory ... ok
[INFO] [stdout] test interactive_directory_remove_directory ... ok
[INFO] [stdout] test interactive_directory_remove_empty_directory ... ok
[INFO] [stdout] test interactive_remove_empty_directory ... ok
[INFO] [stdout] test interactive_once_remove_two_empty_directories_recursively ... ok
[INFO] [stdout] test interactive_remove_write_protected_directory ... ok
[INFO] [stdout] test missing_operand_error ... ok
[INFO] [stdout] test interactive_remove_write_protected_empty_directory ... ok
[INFO] [stdout] test recursive_interactive_remove_write_protected_directory ... ok
[INFO] [stdout] test preserve_root_equals_dir_remove_directory ... ok
[INFO] [stdout] test recursive_interactive_remove_directory ... ok
[INFO] [stdout] test recursive_remove_directory ... ok
[INFO] [stdout] test recursive_interactive_remove_empty_directory ... ok
[INFO] [stdout] test recursive_interactive_remove_write_protected_empty_directory ... ok
[INFO] [stdout] test recursive_remove_empty_directory ... ok
[INFO] [stdout] test recursive_remove_write_protected_directory ... ok
[INFO] [stdout] test recursive_remove_write_protected_empty_directory ... ok
[INFO] [stdout] test remove_empty_directory ... ok
[INFO] [stdout] 
[INFO] [stdout] failures:
[INFO] [stdout] 
[INFO] [stdout] ---- force_recursive_remove_write_protected_directory stdout ----
[INFO] [stdout] thread 'force_recursive_remove_write_protected_directory' panicked at /rustc/90b35a6239c3d8bdabc530a6a0816f7ff89a0aaf/library/core/src/ops/function.rs:250:5:
[INFO] [stdout] Unexpected stdout, failed var.contains(Permission denied)
[INFO] [stdout] ├── var: rmx: cannot remove '.tmpoh8pxq': Operation not permitted
[INFO] [stdout] └── var as str: rmx: cannot remove '.tmpoh8pxq': Operation not permitted
[INFO] [stdout] 
[INFO] [stdout] command=`"/opt/rustwide/target/debug/rmx" "-f" "-r" "/tmp/.tmpoh8pxq"`
[INFO] [stdout] code=0
[INFO] [stdout] stdout="rmx: cannot remove \'.tmpoh8pxq\': Operation not permitted\n"
[INFO] [stdout] stderr=""
[INFO] [stdout] 
[INFO] [stdout] stack backtrace:
[INFO] [stdout]    0:     0x5f304e5959fa - std::backtrace_rs::backtrace::libunwind::trace::h5a5b8284f2d0c266
[INFO] [stdout]                                at /rustc/90b35a6239c3d8bdabc530a6a0816f7ff89a0aaf/library/std/src/../../backtrace/src/backtrace/libunwind.rs:116:5
[INFO] [stdout]    1:     0x5f304e5959fa - std::backtrace_rs::backtrace::trace_unsynchronized::h76d4f1c9b0b875e3
[INFO] [stdout]                                at /rustc/90b35a6239c3d8bdabc530a6a0816f7ff89a0aaf/library/std/src/../../backtrace/src/backtrace/mod.rs:66:5
[INFO] [stdout]    2:     0x5f304e5959fa - std::sys::backtrace::_print_fmt::hc4546b8364a537c6
[INFO] [stdout]                                at /rustc/90b35a6239c3d8bdabc530a6a0816f7ff89a0aaf/library/std/src/sys/backtrace.rs:66:9
[INFO] [stdout]    3:     0x5f304e5959fa - <std::sys::backtrace::BacktraceLock::print::DisplayBacktrace as core::fmt::Display>::fmt::h5b6bd5631a6d1f6b
[INFO] [stdout]                                at /rustc/90b35a6239c3d8bdabc530a6a0816f7ff89a0aaf/library/std/src/sys/backtrace.rs:39:26
[INFO] [stdout]    4:     0x5f304e5bc9a3 - core::fmt::rt::Argument::fmt::h270f6602a2b96f62
[INFO] [stdout]                                at /rustc/90b35a6239c3d8bdabc530a6a0816f7ff89a0aaf/library/core/src/fmt/rt.rs:177:76
[INFO] [stdout]    5:     0x5f304e5bc9a3 - core::fmt::write::h7550c97b06c86515
[INFO] [stdout]                                at /rustc/90b35a6239c3d8bdabc530a6a0816f7ff89a0aaf/library/core/src/fmt/mod.rs:1186:21
[INFO] [stdout]    6:     0x5f304e592813 - std::io::Write::write_fmt::h509ff860e5956e5e
[INFO] [stdout]                                at /rustc/90b35a6239c3d8bdabc530a6a0816f7ff89a0aaf/library/std/src/io/mod.rs:1839:15
[INFO] [stdout]    7:     0x5f304e595842 - std::sys::backtrace::BacktraceLock::print::h2395ccd2c84ba3aa
[INFO] [stdout]                                at /rustc/90b35a6239c3d8bdabc530a6a0816f7ff89a0aaf/library/std/src/sys/backtrace.rs:42:9
[INFO] [stdout]    8:     0x5f304e596eda - std::panicking::default_hook::{{closure}}::he19d4c7230e07961
[INFO] [stdout]                                at /rustc/90b35a6239c3d8bdabc530a6a0816f7ff89a0aaf/library/std/src/panicking.rs:268:22
[INFO] [stdout]    9:     0x5f304e596ce4 - std::panicking::default_hook::hf614597d3c67bbdb
[INFO] [stdout]                                at /rustc/90b35a6239c3d8bdabc530a6a0816f7ff89a0aaf/library/std/src/panicking.rs:292:9
[INFO] [stdout]   10:     0x5f304e4c4319 - <alloc::boxed::Box<F,A> as core::ops::function::Fn<Args>>::call::h39b51ce4599c23d1
[INFO] [stdout]                                at /rustc/90b35a6239c3d8bdabc530a6a0816f7ff89a0aaf/library/alloc/src/boxed.rs:2468:9
[INFO] [stdout]   11:     0x5f304e4c4319 - test::test_main::{{closure}}::he977ae839a582784
[INFO] [stdout]                                at /rustc/90b35a6239c3d8bdabc530a6a0816f7ff89a0aaf/library/test/src/lib.rs:133:21
[INFO] [stdout]   12:     0x5f304e597578 - <alloc::boxed::Box<F,A> as core::ops::function::Fn<Args>>::call::h9455091b6b06f9fb
[INFO] [stdout]                                at /rustc/90b35a6239c3d8bdabc530a6a0816f7ff89a0aaf/library/alloc/src/boxed.rs:2468:9
[INFO] [stdout]   13:     0x5f304e597578 - std::panicking::rust_panic_with_hook::h8942133a8b252070
[INFO] [stdout]                                at /rustc/90b35a6239c3d8bdabc530a6a0816f7ff89a0aaf/library/std/src/panicking.rs:809:13
[INFO] [stdout]   14:     0x5f304e59733a - std::panicking::begin_panic_handler::{{closure}}::hb5f5963570096b29
[INFO] [stdout]                                at /rustc/90b35a6239c3d8bdabc530a6a0816f7ff89a0aaf/library/std/src/panicking.rs:674:13
[INFO] [stdout]   15:     0x5f304e595ed9 - std::sys::backtrace::__rust_end_short_backtrace::h6208cedc1922feda
[INFO] [stdout]                                at /rustc/90b35a6239c3d8bdabc530a6a0816f7ff89a0aaf/library/std/src/sys/backtrace.rs:170:18
[INFO] [stdout]   16:     0x5f304e596fcc - rust_begin_unwind
[INFO] [stdout]                                at /rustc/90b35a6239c3d8bdabc530a6a0816f7ff89a0aaf/library/std/src/panicking.rs:665:5
[INFO] [stdout]   17:     0x5f304e47bb10 - core::panicking::panic_fmt::h0c3082644d1bf418
[INFO] [stdout]                                at /rustc/90b35a6239c3d8bdabc530a6a0816f7ff89a0aaf/library/core/src/panicking.rs:74:14
[INFO] [stdout]   18:     0x5f304e54fe83 - core::panicking::panic_display::haba3776a138ff75a
[INFO] [stdout]                                at /rustc/90b35a6239c3d8bdabc530a6a0816f7ff89a0aaf/library/core/src/panicking.rs:264:5
[INFO] [stdout]   19:     0x5f304e554007 - assert_cmd::assert::AssertError::panic::h53de4ce5b3156f27
[INFO] [stdout]                                at /opt/rustwide/cargo-home/registry/src/index.crates.io-6f17d22bba15001f/assert_cmd-2.0.4/src/assert.rs:1036:9
[INFO] [stdout]   20:     0x5f304e54f207 - core::ops::function::FnOnce::call_once::h19ea2d72bd1d7b7e
[INFO] [stdout]                                at /rustc/90b35a6239c3d8bdabc530a6a0816f7ff89a0aaf/library/core/src/ops/function.rs:250:5
[INFO] [stdout]   21:     0x5f304e552bc0 - core::result::Result<T,E>::unwrap_or_else::h9489c0abeb6fb326
[INFO] [stdout]                                at /rustc/90b35a6239c3d8bdabc530a6a0816f7ff89a0aaf/library/core/src/result.rs:1458:23
[INFO] [stdout]   22:     0x5f304e47c785 - assert_cmd::assert::Assert::stdout::h92c39bfac595be7c
[INFO] [stdout]                                at /opt/rustwide/cargo-home/registry/src/index.crates.io-6f17d22bba15001f/assert_cmd-2.0.4/src/assert.rs:362:9
[INFO] [stdout]   23:     0x5f304e48a132 - dir::force_recursive_remove_write_protected_directory::h26b2d6e7c6efd050
[INFO] [stdout]                                at /opt/rustwide/workdir/tests/dir.rs:419:5
[INFO] [stdout]   24:     0x5f304e489af7 - dir::force_recursive_remove_write_protected_directory::{{closure}}::h60264efad5c59ae7
[INFO] [stdout]                                at /opt/rustwide/workdir/tests/dir.rs:410:54
[INFO] [stdout]   25:     0x5f304e47ded6 - core::ops::function::FnOnce::call_once::h5dd6953df664ce31
[INFO] [stdout]                                at /rustc/90b35a6239c3d8bdabc530a6a0816f7ff89a0aaf/library/core/src/ops/function.rs:250:5
[INFO] [stdout]   26:     0x5f304e4c8cdb - core::ops::function::FnOnce::call_once::h109cf8051a59b34e
[INFO] [stdout]                                at /rustc/90b35a6239c3d8bdabc530a6a0816f7ff89a0aaf/library/core/src/ops/function.rs:250:5
[INFO] [stdout]   27:     0x5f304e4c8cdb - test::__rust_begin_short_backtrace::hf4fff89d377446ba
[INFO] [stdout]                                at /rustc/90b35a6239c3d8bdabc530a6a0816f7ff89a0aaf/library/test/src/lib.rs:621:18
[INFO] [stdout]   28:     0x5f304e4c8517 - test::run_test_in_process::{{closure}}::h0e39181dd7ee5a43
[INFO] [stdout]                                at /rustc/90b35a6239c3d8bdabc530a6a0816f7ff89a0aaf/library/test/src/lib.rs:644:60
[INFO] [stdout]   29:     0x5f304e4c8517 - <core::panic::unwind_safe::AssertUnwindSafe<F> as core::ops::function::FnOnce<()>>::call_once::hc5a66a30f0bdfd1f
[INFO] [stdout]                                at /rustc/90b35a6239c3d8bdabc530a6a0816f7ff89a0aaf/library/core/src/panic/unwind_safe.rs:272:9
[INFO] [stdout]   30:     0x5f304e4c8517 - std::panicking::try::do_call::h873b7cf639554a5e
[INFO] [stdout]                                at /rustc/90b35a6239c3d8bdabc530a6a0816f7ff89a0aaf/library/std/src/panicking.rs:557:40
[INFO] [stdout]   31:     0x5f304e4c8517 - std::panicking::try::hdb19862fad9c8bd1
[INFO] [stdout]                                at /rustc/90b35a6239c3d8bdabc530a6a0816f7ff89a0aaf/library/std/src/panicking.rs:520:19
[INFO] [stdout]   32:     0x5f304e4c8517 - std::panic::catch_unwind::h281fe732d236d260
[INFO] [stdout]                                at /rustc/90b35a6239c3d8bdabc530a6a0816f7ff89a0aaf/library/std/src/panic.rs:358:14
[INFO] [stdout]   33:     0x5f304e4c8517 - test::run_test_in_process::h949b6df8457ed338
[INFO] [stdout]                                at /rustc/90b35a6239c3d8bdabc530a6a0816f7ff89a0aaf/library/test/src/lib.rs:644:27
[INFO] [stdout]   34:     0x5f304e4c8517 - test::run_test::{{closure}}::h52c556a6d4740e10
[INFO] [stdout]                                at /rustc/90b35a6239c3d8bdabc530a6a0816f7ff89a0aaf/library/test/src/lib.rs:565:43
[INFO] [stdout]   35:     0x5f304e48d7f4 - test::run_test::{{closure}}::h4237f6381c45ccb9
[INFO] [stdout]                                at /rustc/90b35a6239c3d8bdabc530a6a0816f7ff89a0aaf/library/test/src/lib.rs:595:41
[INFO] [stdout]   36:     0x5f304e48d7f4 - std::sys::backtrace::__rust_begin_short_backtrace::h505c97a579eca628
[INFO] [stdout]                                at /rustc/90b35a6239c3d8bdabc530a6a0816f7ff89a0aaf/library/std/src/sys/backtrace.rs:154:18
[INFO] [stdout]   37:     0x5f304e490ebe - std::thread::Builder::spawn_unchecked_::{{closure}}::{{closure}}::h9e86b2e2bc107ea3
[INFO] [stdout]                                at /rustc/90b35a6239c3d8bdabc530a6a0816f7ff89a0aaf/library/std/src/thread/mod.rs:538:17
[INFO] [stdout]   38:     0x5f304e490ebe - <core::panic::unwind_safe::AssertUnwindSafe<F> as core::ops::function::FnOnce<()>>::call_once::h8b06ddb275ff4a25
[INFO] [stdout]                                at /rustc/90b35a6239c3d8bdabc530a6a0816f7ff89a0aaf/library/core/src/panic/unwind_safe.rs:272:9
[INFO] [stdout]   39:     0x5f304e490ebe - std::panicking::try::do_call::hb26ecd7cd9a9355d
[INFO] [stdout]                                at /rustc/90b35a6239c3d8bdabc530a6a0816f7ff89a0aaf/library/std/src/panicking.rs:557:40
[INFO] [stdout]   40:     0x5f304e490ebe - std::panicking::try::h8ddeca9d705f9069
[INFO] [stdout]                                at /rustc/90b35a6239c3d8bdabc530a6a0816f7ff89a0aaf/library/std/src/panicking.rs:520:19
[INFO] [stdout]   41:     0x5f304e490ebe - std::panic::catch_unwind::h49e1c33078844c46
[INFO] [stdout]                                at /rustc/90b35a6239c3d8bdabc530a6a0816f7ff89a0aaf/library/std/src/panic.rs:358:14
[INFO] [stdout]   42:     0x5f304e490ebe - std::thread::Builder::spawn_unchecked_::{{closure}}::h6073db6ff56ad35d
[INFO] [stdout]                                at /rustc/90b35a6239c3d8bdabc530a6a0816f7ff89a0aaf/library/std/src/thread/mod.rs:537:30
[INFO] [stdout]   43:     0x5f304e490ebe - core::ops::function::FnOnce::call_once{{vtable.shim}}::h2c5a5f3779c774f1
[INFO] [stdout]                                at /rustc/90b35a6239c3d8bdabc530a6a0816f7ff89a0aaf/library/core/src/ops/function.rs:250:5
[INFO] [stdout]   44:     0x5f304e59c86b - <alloc::boxed::Box<F,A> as core::ops::function::FnOnce<Args>>::call_once::hf75717d9f28faebf
[INFO] [stdout]                                at /rustc/90b35a6239c3d8bdabc530a6a0816f7ff89a0aaf/library/alloc/src/boxed.rs:2454:9
[INFO] [stdout]   45:     0x5f304e59c86b - <alloc::boxed::Box<F,A> as core::ops::function::FnOnce<Args>>::call_once::h7bd883a5f3c5f3c1
[INFO] [stdout]                                at /rustc/90b35a6239c3d8bdabc530a6a0816f7ff89a0aaf/library/alloc/src/boxed.rs:2454:9
[INFO] [stdout]   46:     0x5f304e59c86b - std::sys::pal::unix::thread::Thread::new::thread_start::hcc78f3943333fa94
[INFO] [stdout]                                at /rustc/90b35a6239c3d8bdabc530a6a0816f7ff89a0aaf/library/std/src/sys/pal/unix/thread.rs:105:17
[INFO] [stdout]   47:     0x7e977c21bac3 - <unknown>
[INFO] [stdout]   48:     0x7e977c2aca04 - clone
[INFO] [stdout]   49:                0x0 - <unknown>
[INFO] [stdout] 
[INFO] [stdout] 
[INFO] [stdout] failures:
[INFO] [stdout]     force_recursive_remove_write_protected_directory
[INFO] [stdout] 
[INFO] [stdout] test result: FAILED. 40 passed; 1 failed; 0 ignored; 0 measured; 0 filtered out; finished in 8.94s
[INFO] [stdout] 
[INFO] [stderr] error: test failed, to rerun pass `--test dir`
[INFO] running `Command { std: "docker" "inspect" "6dbdc92d1757d377c9248881a2b3c255cac7ede0609a7585646d2647474b227d", kill_on_drop: false }`
[INFO] running `Command { std: "docker" "rm" "-f" "6dbdc92d1757d377c9248881a2b3c255cac7ede0609a7585646d2647474b227d", kill_on_drop: false }`
[INFO] [stdout] 6dbdc92d1757d377c9248881a2b3c255cac7ede0609a7585646d2647474b227d
