[INFO] cloning repository https://github.com/dekellum/marked
[INFO] running `Command { std: "git" "-c" "credential.helper=" "-c" "credential.helper=/workspace/cargo-home/bin/git-credential-null" "clone" "--bare" "https://github.com/dekellum/marked" "/workspace/cache/git-repos/https%3A%2F%2Fgithub.com%2Fdekellum%2Fmarked", kill_on_drop: false }`
[INFO] [stderr] Cloning into bare repository '/workspace/cache/git-repos/https%3A%2F%2Fgithub.com%2Fdekellum%2Fmarked'...
[INFO] running `Command { std: "git" "rev-parse" "HEAD", kill_on_drop: false }`
[INFO] [stdout] 1010a62cfd57e8ecd0ce505f57a3a4e744b1cba1
[INFO] testing dekellum/marked against 1.83.0 for beta-1.84.0-4-retry
[INFO] running `Command { std: "git" "clone" "/workspace/cache/git-repos/https%3A%2F%2Fgithub.com%2Fdekellum%2Fmarked" "/workspace/builds/worker-2-tc1/source", kill_on_drop: false }`
[INFO] [stderr] Cloning into '/workspace/builds/worker-2-tc1/source'...
[INFO] [stderr] done.
[INFO] validating manifest of git repo https://github.com/dekellum/marked on toolchain 1.83.0
[INFO] running `Command { std: CARGO_HOME="/workspace/cargo-home" RUSTUP_HOME="/workspace/rustup-home" "/workspace/cargo-home/bin/cargo" "+1.83.0" "metadata" "--manifest-path" "Cargo.toml" "--no-deps", kill_on_drop: false }`
[INFO] started tweaking git repo https://github.com/dekellum/marked
[INFO] finished tweaking git repo https://github.com/dekellum/marked
[INFO] tweaked toml for git repo https://github.com/dekellum/marked written to /workspace/builds/worker-2-tc1/source/Cargo.toml
[INFO] crate git repo https://github.com/dekellum/marked already has a lockfile, it will not be regenerated
[INFO] running `Command { std: CARGO_HOME="/workspace/cargo-home" RUSTUP_HOME="/workspace/rustup-home" "/workspace/cargo-home/bin/cargo" "+1.83.0" "fetch" "--manifest-path" "Cargo.toml", kill_on_drop: false }`
[INFO] [stderr]     Updating git repository `https://github.com/dekellum/html5ever`
[INFO] [stderr]     Updating git submodule `https://github.com/html5lib/html5lib-tests`
[INFO] [stderr]     Updating git submodule `https://github.com/Ygg01/xml5lib-tests`
[INFO] running `Command { std: "docker" "create" "-v" "/var/lib/crater-agent-workspace/builds/worker-2-tc1/target:/opt/rustwide/target:rw,Z" "-v" "/var/lib/crater-agent-workspace/builds/worker-2-tc1/source:/opt/rustwide/workdir:ro,Z" "-v" "/var/lib/crater-agent-workspace/cargo-home:/opt/rustwide/cargo-home:ro,Z" "-v" "/var/lib/crater-agent-workspace/rustup-home:/opt/rustwide/rustup-home:ro,Z" "-e" "SOURCE_DIR=/opt/rustwide/workdir" "-e" "CARGO_TARGET_DIR=/opt/rustwide/target" "-e" "CARGO_HOME=/opt/rustwide/cargo-home" "-e" "RUSTUP_HOME=/opt/rustwide/rustup-home" "-w" "/opt/rustwide/workdir" "-m" "1610612736" "--user" "0:0" "--network" "none" "ghcr.io/rust-lang/crates-build-env/linux@sha256:f3a9d4ad9d972b27faf3965f35b62e55ba32bbce8f20bc8fe909558a86702fde" "/opt/rustwide/cargo-home/bin/cargo" "+1.83.0" "metadata" "--no-deps" "--format-version=1", kill_on_drop: false }`
[INFO] [stdout] e6190af01db7f9d66d44775627abd62858235cd18d6a2e962a16952d8c246380
[INFO] running `Command { std: "docker" "start" "-a" "e6190af01db7f9d66d44775627abd62858235cd18d6a2e962a16952d8c246380", kill_on_drop: false }`
[INFO] running `Command { std: "docker" "inspect" "e6190af01db7f9d66d44775627abd62858235cd18d6a2e962a16952d8c246380", kill_on_drop: false }`
[INFO] running `Command { std: "docker" "rm" "-f" "e6190af01db7f9d66d44775627abd62858235cd18d6a2e962a16952d8c246380", kill_on_drop: false }`
[INFO] [stdout] e6190af01db7f9d66d44775627abd62858235cd18d6a2e962a16952d8c246380
[INFO] running `Command { std: "docker" "create" "-v" "/var/lib/crater-agent-workspace/builds/worker-2-tc1/target:/opt/rustwide/target:rw,Z" "-v" "/var/lib/crater-agent-workspace/builds/worker-2-tc1/source:/opt/rustwide/workdir:ro,Z" "-v" "/var/lib/crater-agent-workspace/cargo-home:/opt/rustwide/cargo-home:ro,Z" "-v" "/var/lib/crater-agent-workspace/rustup-home:/opt/rustwide/rustup-home:ro,Z" "-e" "SOURCE_DIR=/opt/rustwide/workdir" "-e" "CARGO_TARGET_DIR=/opt/rustwide/target" "-e" "CARGO_INCREMENTAL=0" "-e" "RUST_BACKTRACE=full" "-e" "RUSTFLAGS=--cap-lints=warn" "-e" "RUSTDOCFLAGS=--cap-lints=warn" "-e" "CARGO_HOME=/opt/rustwide/cargo-home" "-e" "RUSTUP_HOME=/opt/rustwide/rustup-home" "-w" "/opt/rustwide/workdir" "-m" "1610612736" "--user" "0:0" "--network" "none" "ghcr.io/rust-lang/crates-build-env/linux@sha256:f3a9d4ad9d972b27faf3965f35b62e55ba32bbce8f20bc8fe909558a86702fde" "/opt/rustwide/cargo-home/bin/cargo" "+1.83.0" "build" "--frozen" "--message-format=json", kill_on_drop: false }`
[INFO] [stdout] 40eed251db0c34892093ecbd9af636e652c1289736d5014007c74ea1226f82f9
[INFO] running `Command { std: "docker" "start" "-a" "40eed251db0c34892093ecbd9af636e652c1289736d5014007c74ea1226f82f9", kill_on_drop: false }`
[INFO] [stderr]    Compiling libc v0.2.82
[INFO] [stderr]    Compiling siphasher v0.3.3
[INFO] [stderr]    Compiling ppv-lite86 v0.2.10
[INFO] [stderr]    Compiling syn v1.0.58
[INFO] [stderr]    Compiling serde v1.0.118
[INFO] [stderr]    Compiling ryu v1.0.5
[INFO] [stderr]    Compiling serde_derive v1.0.118
[INFO] [stderr]    Compiling quote v1.0.8
[INFO] [stderr]    Compiling phf_shared v0.8.0
[INFO] [stderr]    Compiling serde_json v1.0.61
[INFO] [stderr]    Compiling itoa v0.4.7
[INFO] [stderr]    Compiling encoding_rs v0.8.26
[INFO] [stderr]    Compiling log v0.4.14
[INFO] [stderr]    Compiling futf v0.1.4
[INFO] [stderr]    Compiling utf-8 v0.7.5
[INFO] [stderr]    Compiling phf v0.8.0
[INFO] [stderr]    Compiling bitflags v1.2.1
[INFO] [stderr]    Compiling unicode-width v0.1.8
[INFO] [stderr]    Compiling marked v0.3.0 (/opt/rustwide/workdir/marked)
[INFO] [stdout] warning: unexpected `cfg` condition value: `cargo-clippy`
[INFO] [stdout]  --> marked/build.rs:1:13
[INFO] [stdout]   |
[INFO] [stdout] 1 | #![cfg_attr(feature = "cargo-clippy", allow(clippy::all))]
[INFO] [stdout]   |             ^^^^^^^^^^^^^^^^^^^^^^^^
[INFO] [stdout]   |
[INFO] [stdout]   = note: expected values for `feature` are: `default`, `xml`, and `xml-rs`
[INFO] [stdout]   = help: consider adding `cargo-clippy` as a feature in `Cargo.toml`
[INFO] [stdout]   = note: see <https://doc.rust-lang.org/nightly/rustc/check-cfg/cargo-specifics.html> for more information about checking conditional configuration
[INFO] [stdout]   = note: `#[warn(unexpected_cfgs)]` on by default
[INFO] [stdout] 
[INFO] [stdout] 
[INFO] [stderr]    Compiling marked-cli v0.3.1 (/opt/rustwide/workdir/marked-cli)
[INFO] [stdout] warning: unexpected `cfg` condition value: `cargo-clippy`
[INFO] [stdout]  --> marked-cli/build.rs:1:13
[INFO] [stdout]   |
[INFO] [stdout] 1 | #![cfg_attr(feature = "cargo-clippy", allow(clippy::all))]
[INFO] [stdout]   |             ^^^^^^^^^^^^^^^^^^^^^^^^ help: remove the condition
[INFO] [stdout]   |
[INFO] [stdout]   = note: no expected values for `feature`
[INFO] [stdout]   = help: consider adding `cargo-clippy` as a feature in `Cargo.toml`
[INFO] [stdout]   = note: see <https://doc.rust-lang.org/nightly/rustc/check-cfg/cargo-specifics.html> for more information about checking conditional configuration
[INFO] [stdout]   = note: `#[warn(unexpected_cfgs)]` on by default
[INFO] [stdout] 
[INFO] [stdout] 
[INFO] [stderr]    Compiling getrandom v0.1.16
[INFO] [stderr]    Compiling term_size v0.3.2
[INFO] [stderr]    Compiling textwrap v0.11.0
[INFO] [stderr]    Compiling rand_core v0.5.1
[INFO] [stderr]    Compiling clap v2.33.3
[INFO] [stderr]    Compiling rand_pcg v0.2.1
[INFO] [stderr]    Compiling rand_chacha v0.2.2
[INFO] [stderr]    Compiling rand v0.7.3
[INFO] [stderr]    Compiling tendril v0.4.2
[INFO] [stderr]    Compiling phf_generator v0.8.0
[INFO] [stderr]    Compiling string_cache_codegen v0.5.1
[INFO] [stderr]    Compiling phf_codegen v0.8.0
[INFO] [stderr]    Compiling string_cache v0.8.1
[INFO] [stderr]    Compiling html5ever v0.25.1
[INFO] [stderr]    Compiling markup5ever v0.10.0
[INFO] [stderr]     Finished `dev` profile [unoptimized + debuginfo] target(s) in 39.81s
[INFO] [stderr] warning: the following packages contain code that will be rejected by a future version of Rust: html5ever v0.25.1
[INFO] [stderr] note: to see what the problems were, use the option `--future-incompat-report`, or run `cargo report future-incompatibilities --id 2`
[INFO] running `Command { std: "docker" "inspect" "40eed251db0c34892093ecbd9af636e652c1289736d5014007c74ea1226f82f9", kill_on_drop: false }`
[INFO] running `Command { std: "docker" "rm" "-f" "40eed251db0c34892093ecbd9af636e652c1289736d5014007c74ea1226f82f9", kill_on_drop: false }`
[INFO] [stdout] 40eed251db0c34892093ecbd9af636e652c1289736d5014007c74ea1226f82f9
[INFO] running `Command { std: "docker" "create" "-v" "/var/lib/crater-agent-workspace/builds/worker-2-tc1/target:/opt/rustwide/target:rw,Z" "-v" "/var/lib/crater-agent-workspace/builds/worker-2-tc1/source:/opt/rustwide/workdir:ro,Z" "-v" "/var/lib/crater-agent-workspace/cargo-home:/opt/rustwide/cargo-home:ro,Z" "-v" "/var/lib/crater-agent-workspace/rustup-home:/opt/rustwide/rustup-home:ro,Z" "-e" "SOURCE_DIR=/opt/rustwide/workdir" "-e" "CARGO_TARGET_DIR=/opt/rustwide/target" "-e" "CARGO_INCREMENTAL=0" "-e" "RUST_BACKTRACE=full" "-e" "RUSTFLAGS=--cap-lints=warn" "-e" "RUSTDOCFLAGS=--cap-lints=warn" "-e" "CARGO_HOME=/opt/rustwide/cargo-home" "-e" "RUSTUP_HOME=/opt/rustwide/rustup-home" "-w" "/opt/rustwide/workdir" "-m" "1610612736" "--user" "0:0" "--network" "none" "ghcr.io/rust-lang/crates-build-env/linux@sha256:f3a9d4ad9d972b27faf3965f35b62e55ba32bbce8f20bc8fe909558a86702fde" "/opt/rustwide/cargo-home/bin/cargo" "+1.83.0" "test" "--frozen" "--no-run" "--message-format=json", kill_on_drop: false }`
[INFO] [stdout] 0f2f7ba64c7036b8780ef133cf6803b164cdbc879028311dd62443c403554170
[INFO] running `Command { std: "docker" "start" "-a" "0f2f7ba64c7036b8780ef133cf6803b164cdbc879028311dd62443c403554170", kill_on_drop: false }`
[INFO] [stderr]    Compiling getrandom v0.1.16
[INFO] [stderr]    Compiling ppv-lite86 v0.2.10
[INFO] [stdout] warning: unexpected `cfg` condition value: `cargo-clippy`
[INFO] [stdout]  --> marked/build.rs:1:13
[INFO] [stdout]   |
[INFO] [stdout] 1 | #![cfg_attr(feature = "cargo-clippy", allow(clippy::all))]
[INFO] [stdout]   |             ^^^^^^^^^^^^^^^^^^^^^^^^
[INFO] [stdout]   |
[INFO] [stdout]   = note: expected values for `feature` are: `default`, `xml`, and `xml-rs`
[INFO] [stdout]   = help: consider adding `cargo-clippy` as a feature in `Cargo.toml`
[INFO] [stdout]   = note: see <https://doc.rust-lang.org/nightly/rustc/check-cfg/cargo-specifics.html> for more information about checking conditional configuration
[INFO] [stdout]   = note: `#[warn(unexpected_cfgs)]` on by default
[INFO] [stdout] 
[INFO] [stdout] 
[INFO] [stderr]    Compiling rand_core v0.5.1
[INFO] [stderr]    Compiling rand_pcg v0.2.1
[INFO] [stderr]    Compiling rand_chacha v0.2.2
[INFO] [stderr]    Compiling rand v0.7.3
[INFO] [stderr]    Compiling phf_generator v0.8.0
[INFO] [stderr]    Compiling phf_codegen v0.8.0
[INFO] [stderr]    Compiling string_cache_codegen v0.5.1
[INFO] [stderr]    Compiling markup5ever v0.10.0
[INFO] [stderr]    Compiling markup5ever_rcdom v0.1.0 (https://github.com/dekellum/html5ever?branch=rcdom#14e6e4be)
[INFO] [stderr]    Compiling html5ever v0.25.1
[INFO] [stderr]    Compiling marked v0.3.0 (/opt/rustwide/workdir/marked)
[INFO] [stderr]     Finished `test` profile [unoptimized + debuginfo] target(s) in 11.48s
[INFO] [stderr] warning: the following packages contain code that will be rejected by a future version of Rust: html5ever v0.25.1
[INFO] [stderr] note: to see what the problems were, use the option `--future-incompat-report`, or run `cargo report future-incompatibilities --id 2`
[INFO] running `Command { std: "docker" "inspect" "0f2f7ba64c7036b8780ef133cf6803b164cdbc879028311dd62443c403554170", kill_on_drop: false }`
[INFO] running `Command { std: "docker" "rm" "-f" "0f2f7ba64c7036b8780ef133cf6803b164cdbc879028311dd62443c403554170", kill_on_drop: false }`
[INFO] [stdout] 0f2f7ba64c7036b8780ef133cf6803b164cdbc879028311dd62443c403554170
[INFO] running `Command { std: "docker" "create" "-v" "/var/lib/crater-agent-workspace/builds/worker-2-tc1/target:/opt/rustwide/target:rw,Z" "-v" "/var/lib/crater-agent-workspace/builds/worker-2-tc1/source:/opt/rustwide/workdir:ro,Z" "-v" "/var/lib/crater-agent-workspace/cargo-home:/opt/rustwide/cargo-home:ro,Z" "-v" "/var/lib/crater-agent-workspace/rustup-home:/opt/rustwide/rustup-home:ro,Z" "-e" "SOURCE_DIR=/opt/rustwide/workdir" "-e" "CARGO_TARGET_DIR=/opt/rustwide/target" "-e" "CARGO_INCREMENTAL=0" "-e" "RUST_BACKTRACE=full" "-e" "RUSTFLAGS=--cap-lints=warn" "-e" "RUSTDOCFLAGS=--cap-lints=warn" "-e" "CARGO_HOME=/opt/rustwide/cargo-home" "-e" "RUSTUP_HOME=/opt/rustwide/rustup-home" "-w" "/opt/rustwide/workdir" "-m" "1610612736" "--user" "0:0" "--network" "none" "ghcr.io/rust-lang/crates-build-env/linux@sha256:f3a9d4ad9d972b27faf3965f35b62e55ba32bbce8f20bc8fe909558a86702fde" "/opt/rustwide/cargo-home/bin/cargo" "+1.83.0" "test" "--frozen", kill_on_drop: false }`
[INFO] [stdout] 569f1a47ae8c7287d133972086db295778fea4c3209142c4d7ceb2663e8b94b6
[INFO] running `Command { std: "docker" "start" "-a" "569f1a47ae8c7287d133972086db295778fea4c3209142c4d7ceb2663e8b94b6", kill_on_drop: false }`
[INFO] [stderr] warning: unexpected `cfg` condition value: `cargo-clippy`
[INFO] [stderr]  --> marked/build.rs:1:13
[INFO] [stderr]   |
[INFO] [stderr] 1 | #![cfg_attr(feature = "cargo-clippy", allow(clippy::all))]
[INFO] [stderr]   |             ^^^^^^^^^^^^^^^^^^^^^^^^
[INFO] [stderr]   |
[INFO] [stderr]   = note: expected values for `feature` are: `default`, `xml`, and `xml-rs`
[INFO] [stderr]   = help: consider adding `cargo-clippy` as a feature in `Cargo.toml`
[INFO] [stderr]   = note: see <https://doc.rust-lang.org/nightly/rustc/check-cfg/cargo-specifics.html> for more information about checking conditional configuration
[INFO] [stderr]   = note: `#[warn(unexpected_cfgs)]` on by default
[INFO] [stderr] 
[INFO] [stderr] warning: `marked` (build script) generated 1 warning
[INFO] [stderr]     Finished `test` profile [unoptimized + debuginfo] target(s) in 0.18s
[INFO] [stderr] warning: the following packages contain code that will be rejected by a future version of Rust: html5ever v0.25.1
[INFO] [stderr] note: to see what the problems were, use the option `--future-incompat-report`, or run `cargo report future-incompatibilities --id 2`
[INFO] [stderr]      Running unittests src/lib.rs (/opt/rustwide/target/debug/deps/marked-1cd78d4561c88cd7)
[INFO] [stdout] 
[INFO] [stdout] running 66 tests
[INFO] [stdout] test decode::encoding_hint::tests::could_read_from ... ok
[INFO] [stdout] test chars::tests::replace_multibyte ... ok
[INFO] [stdout] test chars::tests::replace_ctrl_only ... ok
[INFO] [stdout] test chars::tests::replace_trim_left ... ok
[INFO] [stdout] test chars::tests::test_char_class ... ok
[INFO] [stdout] test decode::encoding_hint::tests::test_not_send_nor_sync ... ok
[INFO] [stdout] test decode::tests::decode_koi8_u_encoding_rs ... ok
[INFO] [stdout] test decode::tests::decode_utf8_encoding_rs ... ok
[INFO] [stdout] test decode::tests::decode_windows_949_encoding_rs ... ok
[INFO] [stdout] test dom::tests::element_attrs ... ok
[INFO] [stdout] test dom::tests::element_attrs_dups ... ok
[INFO] [stdout] test dom::tests::empty_document ... ok
[INFO] [stdout] test dom::tests::mixed_text_no_root ... ok
[INFO] [stdout] test dom::tests::one_element ... ok
[INFO] [stdout] test chars::tests::replace ... ok
[INFO] [stdout] test chars::tests::replace_trim_right ... ok
[INFO] [stdout] test decode::encoding_hint::tests::encoding_hint ... ok
[INFO] [stdout] test dom::tests::test_deep_clone ... ok
[INFO] [stdout] test dom::tests::test_detach_attach_sib ... ok
[INFO] [stdout] test dom::tests::test_detach_fragment ... ok
[INFO] [stdout] test chars::tests::replace_trim ... ok
[INFO] [stdout] test decode::encoding_hint::tests::could_read_from_multi_byte ... ok
[INFO] [stdout] test decode::encoding_hint::tests::test_send_sync ... ok
[INFO] [stdout] test dom::tests::test_append_deep_clone ... ok
[INFO] [stdout] test dom::tests::test_detach_text ... ok
[INFO] [stdout] test dom::tests::test_detach_root ... ok
[INFO] [stdout] test dom::tests::test_detach_root_doctype ... ok
[INFO] [stdout] test dom::tests::test_documento_utf16le_bom ... ok
[INFO] [stdout] test dom::tests::test_documento_utf16be_bom ... ok
[INFO] [stdout] test dom::tests::test_detach_text_sib ... ok
[INFO] [stdout] test dom::tests::test_documento_utf16le ... ok
[INFO] [stdout] test dom::tests::test_documento_utf16le_meta_utf8 ... ok
[INFO] [stdout] test dom::tests::test_documento_utf16be_meta_utf16le ... ok
[INFO] [stdout] test dom::tests::test_documento_utf8_bom ... ok
[INFO] [stdout] test dom::tests::test_documento_utf8_meta ... ok
[INFO] [stdout] test dom::tests::test_documento_windows1252_meta ... ok
[INFO] [stdout] test dom::tests::test_documento_utf8 ... ok
[INFO] [stdout] test dom::tests::test_documento_utf8_meta_utf16 ... ok
[INFO] [stdout] test dom::tests::test_empty_fragment ... ok
[INFO] [stdout] test dom::tests::test_empty_inline ... ok
[INFO] [stdout] test dom::tests::test_empty_tag ... ok
[INFO] [stdout] test dom::tests::test_fold_filter ... ok
[INFO] [stdout] test dom::tests::test_fold_filter_breadth ... ok
[INFO] [stdout] test dom::tests::test_filter_chain ... ok
[INFO] [stdout] test dom::tests::redundant_document_node_asserted - should panic ... ok
[INFO] [stdout] test dom::tests::size_of ... FAILED
[INFO] [stdout] test dom::tests::suitable_parent_asserted - should panic ... ok
[INFO] [stdout] test dom::tests::test_html_attr ... ok
[INFO] [stdout] test dom::tests::test_img_decoding_unknown ... ok
[INFO] [stdout] test dom::tests::test_inline_fragment ... ok
[INFO] [stdout] test dom::tests::test_remove_filter_breadth ... ok
[INFO] [stdout] test dom::tests::test_parsed_attrs ... ok
[INFO] [stdout] test dom::tests::test_remove_filter ... ok
[INFO] [stdout] test dom::tests::test_select ... ok
[INFO] [stdout] test dom::tests::test_select_children ... ok
[INFO] [stdout] test dom::tests::test_shallow_fragment ... ok
[INFO] [stdout] test dom::tests::test_tag_metadata ... ok
[INFO] [stdout] test dom::tests::test_text_fragment ... ok
[INFO] [stdout] test dom::tests::test_xmp ... ok
[INFO] [stdout] test logger::tests::log_setup ... ok
[INFO] [stdout] test dom::tests::test_plaintext ... ok
[INFO] [stdout] test dom::tests::test_russez_windows1251_meta ... ok
[INFO] [stdout] test dom::tests::test_iro0094_shiftjis_meta ... ok
[INFO] [stdout] test dom::tests::test_matsunami_eucjp_meta ... ok
[INFO] [stdout] test dom::tests::test_filter_chain_large_sample ... ok
[INFO] [stdout] test dom::tests::test_filter_chain_large_sample_breadth ... ok
[INFO] [stdout] 
[INFO] [stdout] failures:
[INFO] [stdout] 
[INFO] [stdout] ---- dom::tests::size_of stdout ----
[INFO] [stdout] thread 'dom::tests::size_of' panicked at marked/src/dom/tests.rs:27:5:
[INFO] [stdout] assertion `left == right` failed
[INFO] [stdout]   left: 72
[INFO] [stdout]  right: 80
[INFO] [stdout] stack backtrace:
[INFO] [stdout]    0:     0x6520c0ce945a - std::backtrace_rs::backtrace::libunwind::trace::h5a5b8284f2d0c266
[INFO] [stdout]                                at /rustc/90b35a6239c3d8bdabc530a6a0816f7ff89a0aaf/library/std/src/../../backtrace/src/backtrace/libunwind.rs:116:5
[INFO] [stdout]    1:     0x6520c0ce945a - std::backtrace_rs::backtrace::trace_unsynchronized::h76d4f1c9b0b875e3
[INFO] [stdout]                                at /rustc/90b35a6239c3d8bdabc530a6a0816f7ff89a0aaf/library/std/src/../../backtrace/src/backtrace/mod.rs:66:5
[INFO] [stdout]    2:     0x6520c0ce945a - std::sys::backtrace::_print_fmt::hc4546b8364a537c6
[INFO] [stdout]                                at /rustc/90b35a6239c3d8bdabc530a6a0816f7ff89a0aaf/library/std/src/sys/backtrace.rs:66:9
[INFO] [stdout]    3:     0x6520c0ce945a - <std::sys::backtrace::BacktraceLock::print::DisplayBacktrace as core::fmt::Display>::fmt::h5b6bd5631a6d1f6b
[INFO] [stdout]                                at /rustc/90b35a6239c3d8bdabc530a6a0816f7ff89a0aaf/library/std/src/sys/backtrace.rs:39:26
[INFO] [stdout]    4:     0x6520c0d0f793 - core::fmt::rt::Argument::fmt::h270f6602a2b96f62
[INFO] [stdout]                                at /rustc/90b35a6239c3d8bdabc530a6a0816f7ff89a0aaf/library/core/src/fmt/rt.rs:177:76
[INFO] [stdout]    5:     0x6520c0d0f793 - core::fmt::write::h7550c97b06c86515
[INFO] [stdout]                                at /rustc/90b35a6239c3d8bdabc530a6a0816f7ff89a0aaf/library/core/src/fmt/mod.rs:1186:21
[INFO] [stdout]    6:     0x6520c0ce6623 - std::io::Write::write_fmt::h509ff860e5956e5e
[INFO] [stdout]                                at /rustc/90b35a6239c3d8bdabc530a6a0816f7ff89a0aaf/library/std/src/io/mod.rs:1839:15
[INFO] [stdout]    7:     0x6520c0ce92a2 - std::sys::backtrace::BacktraceLock::print::h2395ccd2c84ba3aa
[INFO] [stdout]                                at /rustc/90b35a6239c3d8bdabc530a6a0816f7ff89a0aaf/library/std/src/sys/backtrace.rs:42:9
[INFO] [stdout]    8:     0x6520c0cea8ba - std::panicking::default_hook::{{closure}}::he19d4c7230e07961
[INFO] [stdout]                                at /rustc/90b35a6239c3d8bdabc530a6a0816f7ff89a0aaf/library/std/src/panicking.rs:268:22
[INFO] [stdout]    9:     0x6520c0cea6c4 - std::panicking::default_hook::hf614597d3c67bbdb
[INFO] [stdout]                                at /rustc/90b35a6239c3d8bdabc530a6a0816f7ff89a0aaf/library/std/src/panicking.rs:292:9
[INFO] [stdout]   10:     0x6520c0c2aaa9 - <alloc::boxed::Box<F,A> as core::ops::function::Fn<Args>>::call::h39b51ce4599c23d1
[INFO] [stdout]                                at /rustc/90b35a6239c3d8bdabc530a6a0816f7ff89a0aaf/library/alloc/src/boxed.rs:2468:9
[INFO] [stdout]   11:     0x6520c0c2aaa9 - test::test_main::{{closure}}::he977ae839a582784
[INFO] [stdout]                                at /rustc/90b35a6239c3d8bdabc530a6a0816f7ff89a0aaf/library/test/src/lib.rs:133:21
[INFO] [stdout]   12:     0x6520c0ceaf58 - <alloc::boxed::Box<F,A> as core::ops::function::Fn<Args>>::call::h9455091b6b06f9fb
[INFO] [stdout]                                at /rustc/90b35a6239c3d8bdabc530a6a0816f7ff89a0aaf/library/alloc/src/boxed.rs:2468:9
[INFO] [stdout]   13:     0x6520c0ceaf58 - std::panicking::rust_panic_with_hook::h8942133a8b252070
[INFO] [stdout]                                at /rustc/90b35a6239c3d8bdabc530a6a0816f7ff89a0aaf/library/std/src/panicking.rs:809:13
[INFO] [stdout]   14:     0x6520c0cead1a - std::panicking::begin_panic_handler::{{closure}}::hb5f5963570096b29
[INFO] [stdout]                                at /rustc/90b35a6239c3d8bdabc530a6a0816f7ff89a0aaf/library/std/src/panicking.rs:674:13
[INFO] [stdout]   15:     0x6520c0ce9939 - std::sys::backtrace::__rust_end_short_backtrace::h6208cedc1922feda
[INFO] [stdout]                                at /rustc/90b35a6239c3d8bdabc530a6a0816f7ff89a0aaf/library/std/src/sys/backtrace.rs:170:18
[INFO] [stdout]   16:     0x6520c0cea9ac - rust_begin_unwind
[INFO] [stdout]                                at /rustc/90b35a6239c3d8bdabc530a6a0816f7ff89a0aaf/library/std/src/panicking.rs:665:5
[INFO] [stdout]   17:     0x6520c0b2c0e0 - core::panicking::panic_fmt::h0c3082644d1bf418
[INFO] [stdout]                                at /rustc/90b35a6239c3d8bdabc530a6a0816f7ff89a0aaf/library/core/src/panicking.rs:74:14
[INFO] [stdout]   18:     0x6520c0b2c4e4 - core::panicking::assert_failed_inner::h2ddf1fcc067fa858
[INFO] [stdout]   19:     0x6520c0c664ef - core::panicking::assert_failed::hc056588aa32b1d9b
[INFO] [stdout]                                at /rustc/90b35a6239c3d8bdabc530a6a0816f7ff89a0aaf/library/core/src/panicking.rs:367:5
[INFO] [stdout]   20:     0x6520c0ba1d9b - marked::dom::tests::size_of::h5e4fbfeea76ea4c0
[INFO] [stdout]                                at /opt/rustwide/workdir/marked/src/dom/tests.rs:27:5
[INFO] [stdout]   21:     0x6520c0ba1d17 - marked::dom::tests::size_of::{{closure}}::h65355ec77181acb2
[INFO] [stdout]                                at /opt/rustwide/workdir/marked/src/dom/tests.rs:25:13
[INFO] [stdout]   22:     0x6520c0bd4fa6 - core::ops::function::FnOnce::call_once::h64c78f145b4f2628
[INFO] [stdout]                                at /rustc/90b35a6239c3d8bdabc530a6a0816f7ff89a0aaf/library/core/src/ops/function.rs:250:5
[INFO] [stdout]   23:     0x6520c0c2f46b - core::ops::function::FnOnce::call_once::h109cf8051a59b34e
[INFO] [stdout]                                at /rustc/90b35a6239c3d8bdabc530a6a0816f7ff89a0aaf/library/core/src/ops/function.rs:250:5
[INFO] [stdout]   24:     0x6520c0c2f46b - test::__rust_begin_short_backtrace::hf4fff89d377446ba
[INFO] [stdout]                                at /rustc/90b35a6239c3d8bdabc530a6a0816f7ff89a0aaf/library/test/src/lib.rs:621:18
[INFO] [stdout]   25:     0x6520c0c2eca7 - test::run_test_in_process::{{closure}}::h0e39181dd7ee5a43
[INFO] [stdout]                                at /rustc/90b35a6239c3d8bdabc530a6a0816f7ff89a0aaf/library/test/src/lib.rs:644:60
[INFO] [stdout]   26:     0x6520c0c2eca7 - <core::panic::unwind_safe::AssertUnwindSafe<F> as core::ops::function::FnOnce<()>>::call_once::hc5a66a30f0bdfd1f
[INFO] [stdout]                                at /rustc/90b35a6239c3d8bdabc530a6a0816f7ff89a0aaf/library/core/src/panic/unwind_safe.rs:272:9
[INFO] [stdout]   27:     0x6520c0c2eca7 - std::panicking::try::do_call::h873b7cf639554a5e
[INFO] [stdout]                                at /rustc/90b35a6239c3d8bdabc530a6a0816f7ff89a0aaf/library/std/src/panicking.rs:557:40
[INFO] [stdout]   28:     0x6520c0c2eca7 - std::panicking::try::hdb19862fad9c8bd1
[INFO] [stdout]                                at /rustc/90b35a6239c3d8bdabc530a6a0816f7ff89a0aaf/library/std/src/panicking.rs:520:19
[INFO] [stdout]   29:     0x6520c0c2eca7 - std::panic::catch_unwind::h281fe732d236d260
[INFO] [stdout]                                at /rustc/90b35a6239c3d8bdabc530a6a0816f7ff89a0aaf/library/std/src/panic.rs:358:14
[INFO] [stdout]   30:     0x6520c0c2eca7 - test::run_test_in_process::h949b6df8457ed338
[INFO] [stdout]                                at /rustc/90b35a6239c3d8bdabc530a6a0816f7ff89a0aaf/library/test/src/lib.rs:644:27
[INFO] [stdout]   31:     0x6520c0c2eca7 - test::run_test::{{closure}}::h52c556a6d4740e10
[INFO] [stdout]                                at /rustc/90b35a6239c3d8bdabc530a6a0816f7ff89a0aaf/library/test/src/lib.rs:565:43
[INFO] [stdout]   32:     0x6520c0bf3f84 - test::run_test::{{closure}}::h4237f6381c45ccb9
[INFO] [stdout]                                at /rustc/90b35a6239c3d8bdabc530a6a0816f7ff89a0aaf/library/test/src/lib.rs:595:41
[INFO] [stdout]   33:     0x6520c0bf3f84 - std::sys::backtrace::__rust_begin_short_backtrace::h505c97a579eca628
[INFO] [stdout]                                at /rustc/90b35a6239c3d8bdabc530a6a0816f7ff89a0aaf/library/std/src/sys/backtrace.rs:154:18
[INFO] [stdout]   34:     0x6520c0bf764e - std::thread::Builder::spawn_unchecked_::{{closure}}::{{closure}}::h9e86b2e2bc107ea3
[INFO] [stdout]                                at /rustc/90b35a6239c3d8bdabc530a6a0816f7ff89a0aaf/library/std/src/thread/mod.rs:538:17
[INFO] [stdout]   35:     0x6520c0bf764e - <core::panic::unwind_safe::AssertUnwindSafe<F> as core::ops::function::FnOnce<()>>::call_once::h8b06ddb275ff4a25
[INFO] [stdout]                                at /rustc/90b35a6239c3d8bdabc530a6a0816f7ff89a0aaf/library/core/src/panic/unwind_safe.rs:272:9
[INFO] [stdout]   36:     0x6520c0bf764e - std::panicking::try::do_call::hb26ecd7cd9a9355d
[INFO] [stdout]                                at /rustc/90b35a6239c3d8bdabc530a6a0816f7ff89a0aaf/library/std/src/panicking.rs:557:40
[INFO] [stdout]   37:     0x6520c0bf764e - std::panicking::try::h8ddeca9d705f9069
[INFO] [stdout]                                at /rustc/90b35a6239c3d8bdabc530a6a0816f7ff89a0aaf/library/std/src/panicking.rs:520:19
[INFO] [stdout]   38:     0x6520c0bf764e - std::panic::catch_unwind::h49e1c33078844c46
[INFO] [stdout]                                at /rustc/90b35a6239c3d8bdabc530a6a0816f7ff89a0aaf/library/std/src/panic.rs:358:14
[INFO] [stdout]   39:     0x6520c0bf764e - std::thread::Builder::spawn_unchecked_::{{closure}}::h6073db6ff56ad35d
[INFO] [stdout]                                at /rustc/90b35a6239c3d8bdabc530a6a0816f7ff89a0aaf/library/std/src/thread/mod.rs:537:30
[INFO] [stdout]   40:     0x6520c0bf764e - core::ops::function::FnOnce::call_once{{vtable.shim}}::h2c5a5f3779c774f1
[INFO] [stdout]                                at /rustc/90b35a6239c3d8bdabc530a6a0816f7ff89a0aaf/library/core/src/ops/function.rs:250:5
[INFO] [stdout]   41:     0x6520c0ceecbb - <alloc::boxed::Box<F,A> as core::ops::function::FnOnce<Args>>::call_once::hf75717d9f28faebf
[INFO] [stdout]                                at /rustc/90b35a6239c3d8bdabc530a6a0816f7ff89a0aaf/library/alloc/src/boxed.rs:2454:9
[INFO] [stdout]   42:     0x6520c0ceecbb - <alloc::boxed::Box<F,A> as core::ops::function::FnOnce<Args>>::call_once::h7bd883a5f3c5f3c1
[INFO] [stdout]                                at /rustc/90b35a6239c3d8bdabc530a6a0816f7ff89a0aaf/library/alloc/src/boxed.rs:2454:9
[INFO] [stdout]   43:     0x6520c0ceecbb - std::sys::pal::unix::thread::Thread::new::thread_start::hcc78f3943333fa94
[INFO] [stdout]                                at /rustc/90b35a6239c3d8bdabc530a6a0816f7ff89a0aaf/library/std/src/sys/pal/unix/thread.rs:105:17
[INFO] [stdout]   44:     0x7da7a083aac3 - <unknown>
[INFO] [stdout]   45:     0x7da7a08cba04 - clone
[INFO] [stdout]   46:                0x0 - <unknown>
[INFO] [stdout] 
[INFO] [stdout] 
[INFO] [stdout] failures:
[INFO] [stdout]     dom::tests::size_of
[INFO] [stdout] 
[INFO] [stdout] test result: FAILED. 65 passed; 1 failed; 0 ignored; 0 measured; 0 filtered out; finished in 0.52s
[INFO] [stdout] 
[INFO] [stderr] error: test failed, to rerun pass `-p marked --lib`
[INFO] running `Command { std: "docker" "inspect" "569f1a47ae8c7287d133972086db295778fea4c3209142c4d7ceb2663e8b94b6", kill_on_drop: false }`
[INFO] running `Command { std: "docker" "rm" "-f" "569f1a47ae8c7287d133972086db295778fea4c3209142c4d7ceb2663e8b94b6", kill_on_drop: false }`
[INFO] [stdout] 569f1a47ae8c7287d133972086db295778fea4c3209142c4d7ceb2663e8b94b6
