[INFO] cloning repository https://github.com/deicon/workflowbrowser
[INFO] running `Command { std: "git" "-c" "credential.helper=" "-c" "credential.helper=/workspace/cargo-home/bin/git-credential-null" "clone" "--bare" "https://github.com/deicon/workflowbrowser" "/workspace/cache/git-repos/https%3A%2F%2Fgithub.com%2Fdeicon%2Fworkflowbrowser", kill_on_drop: false }`
[INFO] [stderr] Cloning into bare repository '/workspace/cache/git-repos/https%3A%2F%2Fgithub.com%2Fdeicon%2Fworkflowbrowser'...
[INFO] running `Command { std: "git" "rev-parse" "HEAD", kill_on_drop: false }`
[INFO] [stdout] 7892cfafa8c890cc8cc3b3c344afe6790752f959
[INFO] testing deicon/workflowbrowser against 1.83.0 for beta-1.84.0-4-retry
[INFO] running `Command { std: "git" "clone" "/workspace/cache/git-repos/https%3A%2F%2Fgithub.com%2Fdeicon%2Fworkflowbrowser" "/workspace/builds/worker-5-tc1/source", kill_on_drop: false }`
[INFO] [stderr] Cloning into '/workspace/builds/worker-5-tc1/source'...
[INFO] [stderr] done.
[INFO] validating manifest of git repo https://github.com/deicon/workflowbrowser on toolchain 1.83.0
[INFO] running `Command { std: CARGO_HOME="/workspace/cargo-home" RUSTUP_HOME="/workspace/rustup-home" "/workspace/cargo-home/bin/cargo" "+1.83.0" "metadata" "--manifest-path" "Cargo.toml" "--no-deps", kill_on_drop: false }`
[INFO] started tweaking git repo https://github.com/deicon/workflowbrowser
[INFO] finished tweaking git repo https://github.com/deicon/workflowbrowser
[INFO] tweaked toml for git repo https://github.com/deicon/workflowbrowser written to /workspace/builds/worker-5-tc1/source/Cargo.toml
[INFO] crate git repo https://github.com/deicon/workflowbrowser already has a lockfile, it will not be regenerated
[INFO] running `Command { std: CARGO_HOME="/workspace/cargo-home" RUSTUP_HOME="/workspace/rustup-home" "/workspace/cargo-home/bin/cargo" "+1.83.0" "fetch" "--manifest-path" "Cargo.toml", kill_on_drop: false }`
[INFO] [stderr]     Updating crates.io index
[INFO] [stderr]  Downloading crates ...
[INFO] [stderr]   Downloaded more-di-macros v3.1.0
[INFO] [stderr]   Downloaded more-di v3.1.0
[INFO] running `Command { std: "docker" "create" "-v" "/var/lib/crater-agent-workspace/builds/worker-5-tc1/target:/opt/rustwide/target:rw,Z" "-v" "/var/lib/crater-agent-workspace/builds/worker-5-tc1/source:/opt/rustwide/workdir:ro,Z" "-v" "/var/lib/crater-agent-workspace/cargo-home:/opt/rustwide/cargo-home:ro,Z" "-v" "/var/lib/crater-agent-workspace/rustup-home:/opt/rustwide/rustup-home:ro,Z" "-e" "SOURCE_DIR=/opt/rustwide/workdir" "-e" "CARGO_TARGET_DIR=/opt/rustwide/target" "-e" "CARGO_HOME=/opt/rustwide/cargo-home" "-e" "RUSTUP_HOME=/opt/rustwide/rustup-home" "-w" "/opt/rustwide/workdir" "-m" "1610612736" "--user" "0:0" "--network" "none" "ghcr.io/rust-lang/crates-build-env/linux@sha256:f3a9d4ad9d972b27faf3965f35b62e55ba32bbce8f20bc8fe909558a86702fde" "/opt/rustwide/cargo-home/bin/cargo" "+1.83.0" "metadata" "--no-deps" "--format-version=1", kill_on_drop: false }`
[INFO] [stdout] fdcb08f187d8a21f7255a2919ae6ea3bf82d3eaed5983d973f9ec2dc8a7d486c
[INFO] running `Command { std: "docker" "start" "-a" "fdcb08f187d8a21f7255a2919ae6ea3bf82d3eaed5983d973f9ec2dc8a7d486c", kill_on_drop: false }`
[INFO] running `Command { std: "docker" "inspect" "fdcb08f187d8a21f7255a2919ae6ea3bf82d3eaed5983d973f9ec2dc8a7d486c", kill_on_drop: false }`
[INFO] running `Command { std: "docker" "rm" "-f" "fdcb08f187d8a21f7255a2919ae6ea3bf82d3eaed5983d973f9ec2dc8a7d486c", kill_on_drop: false }`
[INFO] [stdout] fdcb08f187d8a21f7255a2919ae6ea3bf82d3eaed5983d973f9ec2dc8a7d486c
[INFO] running `Command { std: "docker" "create" "-v" "/var/lib/crater-agent-workspace/builds/worker-5-tc1/target:/opt/rustwide/target:rw,Z" "-v" "/var/lib/crater-agent-workspace/builds/worker-5-tc1/source:/opt/rustwide/workdir:ro,Z" "-v" "/var/lib/crater-agent-workspace/cargo-home:/opt/rustwide/cargo-home:ro,Z" "-v" "/var/lib/crater-agent-workspace/rustup-home:/opt/rustwide/rustup-home:ro,Z" "-e" "SOURCE_DIR=/opt/rustwide/workdir" "-e" "CARGO_TARGET_DIR=/opt/rustwide/target" "-e" "CARGO_INCREMENTAL=0" "-e" "RUST_BACKTRACE=full" "-e" "RUSTFLAGS=--cap-lints=warn" "-e" "RUSTDOCFLAGS=--cap-lints=warn" "-e" "CARGO_HOME=/opt/rustwide/cargo-home" "-e" "RUSTUP_HOME=/opt/rustwide/rustup-home" "-w" "/opt/rustwide/workdir" "-m" "1610612736" "--user" "0:0" "--network" "none" "ghcr.io/rust-lang/crates-build-env/linux@sha256:f3a9d4ad9d972b27faf3965f35b62e55ba32bbce8f20bc8fe909558a86702fde" "/opt/rustwide/cargo-home/bin/cargo" "+1.83.0" "build" "--frozen" "--message-format=json", kill_on_drop: false }`
[INFO] [stdout] dc93bf28431edf962d6effa58f43148822588e1c68e94b7888fbda53c4e1e235
[INFO] running `Command { std: "docker" "start" "-a" "dc93bf28431edf962d6effa58f43148822588e1c68e94b7888fbda53c4e1e235", kill_on_drop: false }`
[INFO] [stderr]    Compiling libc v0.2.153
[INFO] [stderr]    Compiling proc-macro2 v1.0.78
[INFO] [stderr]    Compiling unicode-ident v1.0.12
[INFO] [stderr]    Compiling pkg-config v0.3.29
[INFO] [stderr]    Compiling vcpkg v0.2.15
[INFO] [stderr]    Compiling cfg-if v1.0.0
[INFO] [stderr]    Compiling version_check v0.9.4
[INFO] [stderr]    Compiling rustversion v1.0.14
[INFO] [stderr]    Compiling zerocopy v0.7.32
[INFO] [stderr]    Compiling autocfg v1.1.0
[INFO] [stderr]    Compiling once_cell v1.19.0
[INFO] [stderr]    Compiling log v0.4.20
[INFO] [stderr]    Compiling signal-hook v0.3.17
[INFO] [stderr]    Compiling parking_lot_core v0.9.9
[INFO] [stderr]    Compiling heck v0.4.1
[INFO] [stderr]    Compiling tinyvec_macros v0.1.1
[INFO] [stderr]    Compiling allocator-api2 v0.2.16
[INFO] [stderr]    Compiling tinyvec v1.6.0
[INFO] [stderr]    Compiling scopeguard v1.2.0
[INFO] [stderr]    Compiling syn v1.0.109
[INFO] [stderr]    Compiling utf8parse v0.2.1
[INFO] [stderr]    Compiling smallvec v1.13.1
[INFO] [stderr]    Compiling anstyle-parse v0.2.3
[INFO] [stderr]    Compiling anstyle-query v1.0.2
[INFO] [stderr]    Compiling ahash v0.8.7
[INFO] [stderr]    Compiling bitflags v2.4.2
[INFO] [stderr]    Compiling serde v1.0.196
[INFO] [stderr]    Compiling anstyle v1.0.6
[INFO] [stderr]    Compiling paste v1.0.14
[INFO] [stderr]    Compiling colorchoice v1.0.0
[INFO] [stderr]    Compiling unicode-bidi v0.3.15
[INFO] [stderr]    Compiling percent-encoding v2.3.1
[INFO] [stderr]    Compiling itoa v1.0.10
[INFO] [stderr]    Compiling ryu v1.0.16
[INFO] [stderr]    Compiling clap_lex v0.6.0
[INFO] [stderr]    Compiling lock_api v0.4.11
[INFO] [stderr]    Compiling anstream v0.6.11
[INFO] [stderr]    Compiling static_assertions v1.1.0
[INFO] [stderr]    Compiling strsim v0.10.0
[INFO] [stderr]    Compiling form_urlencoded v1.2.1
[INFO] [stderr]    Compiling hashbrown v0.14.3
[INFO] [stderr]    Compiling either v1.9.0
[INFO] [stderr]    Compiling equivalent v1.0.1
[INFO] [stderr]    Compiling unicode-width v0.1.11
[INFO] [stderr]    Compiling unicode-segmentation v1.11.0
[INFO] [stderr]    Compiling openssl-probe v0.1.5
[INFO] [stderr]    Compiling itertools v0.12.1
[INFO] [stderr]    Compiling clap_builder v4.4.18
[INFO] [stderr]    Compiling indoc v2.0.4
[INFO] [stderr]    Compiling unsafe-libyaml v0.2.10
[INFO] [stderr]    Compiling jobserver v0.1.27
[INFO] [stderr]    Compiling signal-hook-registry v1.4.1
[INFO] [stderr]    Compiling quote v1.0.35
[INFO] [stderr]    Compiling mio v0.8.10
[INFO] [stderr]    Compiling cc v1.0.83
[INFO] [stderr]    Compiling syn v2.0.48
[INFO] [stderr]    Compiling unicode-normalization v0.1.22
[INFO] [stderr]    Compiling parking_lot v0.12.1
[INFO] [stderr]    Compiling signal-hook-mio v0.2.3
[INFO] [stderr]    Compiling castaway v0.2.2
[INFO] [stderr]    Compiling idna v0.5.0
[INFO] [stderr]    Compiling compact_str v0.7.1
[INFO] [stderr]    Compiling lru v0.12.2
[INFO] [stderr]    Compiling indexmap v2.2.2
[INFO] [stderr]    Compiling spin v0.9.8
[INFO] [stderr]    Compiling cassowary v0.3.0
[INFO] [stderr]    Compiling crossterm v0.27.0
[INFO] [stderr]    Compiling url v2.5.0
[INFO] [stderr]    Compiling libz-sys v1.1.15
[INFO] [stderr]    Compiling openssl-sys v0.9.99
[INFO] [stderr]    Compiling libssh2-sys v0.3.0
[INFO] [stderr]    Compiling libgit2-sys v0.16.1+1.7.1
[INFO] [stderr]    Compiling stability v0.1.1
[INFO] [stderr]    Compiling strum_macros v0.26.1
[INFO] [stderr]    Compiling serde_derive v1.0.196
[INFO] [stderr]    Compiling more-di-macros v3.1.0
[INFO] [stderr]    Compiling clap_derive v4.4.7
[INFO] [stderr]    Compiling more-di v3.1.0
[INFO] [stderr]    Compiling strum v0.26.1
[INFO] [stderr]    Compiling clap v4.4.18
[INFO] [stderr]    Compiling ratatui v0.26.0
[INFO] [stderr]    Compiling git2 v0.18.1
[INFO] [stderr]    Compiling serde_yaml v0.9.31
[INFO] [stderr]    Compiling workflowbrowser v0.1.0 (/opt/rustwide/workdir)
[INFO] [stdout] warning: unused import: `ratatui::buffer::Buffer`
[INFO] [stdout]  --> src/ui/components/command_list.rs:4:5
[INFO] [stdout]   |
[INFO] [stdout] 4 | use ratatui::buffer::Buffer;
[INFO] [stdout]   |     ^^^^^^^^^^^^^^^^^^^^^^^
[INFO] [stdout]   |
[INFO] [stdout]   = note: `#[warn(unused_imports)]` on by default
[INFO] [stdout] 
[INFO] [stdout] 
[INFO] [stdout] warning: unused import: `List`
[INFO] [stdout]  --> src/ui/components/command_list.rs:6:40
[INFO] [stdout]   |
[INFO] [stdout] 6 | use ratatui::widgets::{Block, Borders, List, Paragraph};
[INFO] [stdout]   |                                        ^^^^
[INFO] [stdout] 
[INFO] [stdout] 
[INFO] [stdout] warning: unused import: `Widget`
[INFO] [stdout]  --> src/ui/components/command_list.rs:8:32
[INFO] [stdout]   |
[INFO] [stdout] 8 | use ratatui::prelude::{Layout, Widget};
[INFO] [stdout]   |                                ^^^^^^
[INFO] [stdout] 
[INFO] [stdout] 
[INFO] [stdout] warning: unused import: `crate::main`
[INFO] [stdout]  --> src/ui/components/command_list.rs:9:5
[INFO] [stdout]   |
[INFO] [stdout] 9 | use crate::main;
[INFO] [stdout]   |     ^^^^^^^^^^^
[INFO] [stdout] 
[INFO] [stdout] 
[INFO] [stdout] warning: unused variable: `area`
[INFO] [stdout]   --> src/ui/components/command_list.rs:40:13
[INFO] [stdout]    |
[INFO] [stdout] 40 |         let area = area.inner(&Margin {
[INFO] [stdout]    |             ^^^^ help: if this is intentional, prefix it with an underscore: `_area`
[INFO] [stdout]    |
[INFO] [stdout]    = note: `#[warn(unused_variables)]` on by default
[INFO] [stdout] 
[INFO] [stdout] 
[INFO] [stdout] warning: unused variable: `area`
[INFO] [stdout]   --> src/ui/components/command_list.rs:22:60
[INFO] [stdout]    |
[INFO] [stdout] 22 |     fn render(&self, _state: &AppState, frame: &mut Frame, area: Rect) {
[INFO] [stdout]    |                                                            ^^^^ help: if this is intentional, prefix it with an underscore: `_area`
[INFO] [stdout] 
[INFO] [stdout] 
[INFO] [stdout] warning: method `handle` is never used
[INFO] [stdout]   --> src/command/mod.rs:26:8
[INFO] [stdout]    |
[INFO] [stdout] 25 | pub trait HandleCommand {
[INFO] [stdout]    |           ------------- method in this trait
[INFO] [stdout] 26 |     fn handle(&self, repo: &ServiceProvider);
[INFO] [stdout]    |        ^^^^^^
[INFO] [stdout]    |
[INFO] [stdout]    = note: `#[warn(dead_code)]` on by default
[INFO] [stdout] 
[INFO] [stdout] 
[INFO] [stdout] warning: field `0` is never read
[INFO] [stdout]  --> src/prelude/mod.rs:7:14
[INFO] [stdout]   |
[INFO] [stdout] 7 |     NotFound(String),
[INFO] [stdout]   |     -------- ^^^^^^
[INFO] [stdout]   |     |
[INFO] [stdout]   |     field in this variant
[INFO] [stdout]   |
[INFO] [stdout]   = note: `WorkflowError` has a derived impl for the trait `Debug`, but this is intentionally ignored during dead code analysis
[INFO] [stdout] help: consider changing the field to be of unit type to suppress this warning while preserving the field numbering, or remove the field
[INFO] [stdout]   |
[INFO] [stdout] 7 |     NotFound(()),
[INFO] [stdout]   |              ~~
[INFO] [stdout] 
[INFO] [stdout] 
[INFO] [stdout] warning: methods `init` and `update` are never used
[INFO] [stdout]   --> src/ui/components/mod.rs:15:8
[INFO] [stdout]    |
[INFO] [stdout] 14 | pub trait Component {
[INFO] [stdout]    |           --------- methods in this trait
[INFO] [stdout] 15 |     fn init(&mut self, _state: AppState) -> WorkflowResult<()> {
[INFO] [stdout]    |        ^^^^
[INFO] [stdout] ...
[INFO] [stdout] 32 |     fn update(&mut self, _state: &mut AppState, _action: Action) -> Action {
[INFO] [stdout]    |        ^^^^^^
[INFO] [stdout] 
[INFO] [stdout] 
[INFO] [stderr]     Finished `dev` profile [unoptimized + debuginfo] target(s) in 47.00s
[INFO] running `Command { std: "docker" "inspect" "dc93bf28431edf962d6effa58f43148822588e1c68e94b7888fbda53c4e1e235", kill_on_drop: false }`
[INFO] running `Command { std: "docker" "rm" "-f" "dc93bf28431edf962d6effa58f43148822588e1c68e94b7888fbda53c4e1e235", kill_on_drop: false }`
[INFO] [stdout] dc93bf28431edf962d6effa58f43148822588e1c68e94b7888fbda53c4e1e235
[INFO] running `Command { std: "docker" "create" "-v" "/var/lib/crater-agent-workspace/builds/worker-5-tc1/target:/opt/rustwide/target:rw,Z" "-v" "/var/lib/crater-agent-workspace/builds/worker-5-tc1/source:/opt/rustwide/workdir:ro,Z" "-v" "/var/lib/crater-agent-workspace/cargo-home:/opt/rustwide/cargo-home:ro,Z" "-v" "/var/lib/crater-agent-workspace/rustup-home:/opt/rustwide/rustup-home:ro,Z" "-e" "SOURCE_DIR=/opt/rustwide/workdir" "-e" "CARGO_TARGET_DIR=/opt/rustwide/target" "-e" "CARGO_INCREMENTAL=0" "-e" "RUST_BACKTRACE=full" "-e" "RUSTFLAGS=--cap-lints=warn" "-e" "RUSTDOCFLAGS=--cap-lints=warn" "-e" "CARGO_HOME=/opt/rustwide/cargo-home" "-e" "RUSTUP_HOME=/opt/rustwide/rustup-home" "-w" "/opt/rustwide/workdir" "-m" "1610612736" "--user" "0:0" "--network" "none" "ghcr.io/rust-lang/crates-build-env/linux@sha256:f3a9d4ad9d972b27faf3965f35b62e55ba32bbce8f20bc8fe909558a86702fde" "/opt/rustwide/cargo-home/bin/cargo" "+1.83.0" "test" "--frozen" "--no-run" "--message-format=json", kill_on_drop: false }`
[INFO] [stdout] 55b7b953da9beae8ce5308b109290d5b61fd0c74720614bc790248258fcf4457
[INFO] running `Command { std: "docker" "start" "-a" "55b7b953da9beae8ce5308b109290d5b61fd0c74720614bc790248258fcf4457", kill_on_drop: false }`
[INFO] [stderr]    Compiling workflowbrowser v0.1.0 (/opt/rustwide/workdir)
[INFO] [stdout] warning: unused import: `ratatui::buffer::Buffer`
[INFO] [stdout]  --> src/ui/components/command_list.rs:4:5
[INFO] [stdout]   |
[INFO] [stdout] 4 | use ratatui::buffer::Buffer;
[INFO] [stdout]   |     ^^^^^^^^^^^^^^^^^^^^^^^
[INFO] [stdout]   |
[INFO] [stdout]   = note: `#[warn(unused_imports)]` on by default
[INFO] [stdout] 
[INFO] [stdout] 
[INFO] [stdout] warning: unused import: `List`
[INFO] [stdout]  --> src/ui/components/command_list.rs:6:40
[INFO] [stdout]   |
[INFO] [stdout] 6 | use ratatui::widgets::{Block, Borders, List, Paragraph};
[INFO] [stdout]   |                                        ^^^^
[INFO] [stdout] 
[INFO] [stdout] 
[INFO] [stdout] warning: unused import: `Widget`
[INFO] [stdout]  --> src/ui/components/command_list.rs:8:32
[INFO] [stdout]   |
[INFO] [stdout] 8 | use ratatui::prelude::{Layout, Widget};
[INFO] [stdout]   |                                ^^^^^^
[INFO] [stdout] 
[INFO] [stdout] 
[INFO] [stdout] warning: unused import: `crate::main`
[INFO] [stdout]  --> src/ui/components/command_list.rs:9:5
[INFO] [stdout]   |
[INFO] [stdout] 9 | use crate::main;
[INFO] [stdout]   |     ^^^^^^^^^^^
[INFO] [stdout] 
[INFO] [stdout] 
[INFO] [stdout] warning: unused variable: `area`
[INFO] [stdout]   --> src/ui/components/command_list.rs:40:13
[INFO] [stdout]    |
[INFO] [stdout] 40 |         let area = area.inner(&Margin {
[INFO] [stdout]    |             ^^^^ help: if this is intentional, prefix it with an underscore: `_area`
[INFO] [stdout]    |
[INFO] [stdout]    = note: `#[warn(unused_variables)]` on by default
[INFO] [stdout] 
[INFO] [stdout] 
[INFO] [stdout] warning: unused variable: `area`
[INFO] [stdout]   --> src/ui/components/command_list.rs:22:60
[INFO] [stdout]    |
[INFO] [stdout] 22 |     fn render(&self, _state: &AppState, frame: &mut Frame, area: Rect) {
[INFO] [stdout]    |                                                            ^^^^ help: if this is intentional, prefix it with an underscore: `_area`
[INFO] [stdout] 
[INFO] [stdout] 
[INFO] [stdout] warning: method `handle` is never used
[INFO] [stdout]   --> src/command/mod.rs:26:8
[INFO] [stdout]    |
[INFO] [stdout] 25 | pub trait HandleCommand {
[INFO] [stdout]    |           ------------- method in this trait
[INFO] [stdout] 26 |     fn handle(&self, repo: &ServiceProvider);
[INFO] [stdout]    |        ^^^^^^
[INFO] [stdout]    |
[INFO] [stdout]    = note: `#[warn(dead_code)]` on by default
[INFO] [stdout] 
[INFO] [stdout] 
[INFO] [stdout] warning: field `0` is never read
[INFO] [stdout]  --> src/prelude/mod.rs:7:14
[INFO] [stdout]   |
[INFO] [stdout] 7 |     NotFound(String),
[INFO] [stdout]   |     -------- ^^^^^^
[INFO] [stdout]   |     |
[INFO] [stdout]   |     field in this variant
[INFO] [stdout]   |
[INFO] [stdout]   = note: `WorkflowError` has a derived impl for the trait `Debug`, but this is intentionally ignored during dead code analysis
[INFO] [stdout] help: consider changing the field to be of unit type to suppress this warning while preserving the field numbering, or remove the field
[INFO] [stdout]   |
[INFO] [stdout] 7 |     NotFound(()),
[INFO] [stdout]   |              ~~
[INFO] [stdout] 
[INFO] [stdout] 
[INFO] [stdout] warning: methods `init` and `update` are never used
[INFO] [stdout]   --> src/ui/components/mod.rs:15:8
[INFO] [stdout]    |
[INFO] [stdout] 14 | pub trait Component {
[INFO] [stdout]    |           --------- methods in this trait
[INFO] [stdout] 15 |     fn init(&mut self, _state: AppState) -> WorkflowResult<()> {
[INFO] [stdout]    |        ^^^^
[INFO] [stdout] ...
[INFO] [stdout] 32 |     fn update(&mut self, _state: &mut AppState, _action: Action) -> Action {
[INFO] [stdout]    |        ^^^^^^
[INFO] [stdout] 
[INFO] [stdout] 
[INFO] [stderr]     Finished `test` profile [unoptimized + debuginfo] target(s) in 2.69s
[INFO] running `Command { std: "docker" "inspect" "55b7b953da9beae8ce5308b109290d5b61fd0c74720614bc790248258fcf4457", kill_on_drop: false }`
[INFO] running `Command { std: "docker" "rm" "-f" "55b7b953da9beae8ce5308b109290d5b61fd0c74720614bc790248258fcf4457", kill_on_drop: false }`
[INFO] [stdout] 55b7b953da9beae8ce5308b109290d5b61fd0c74720614bc790248258fcf4457
[INFO] running `Command { std: "docker" "create" "-v" "/var/lib/crater-agent-workspace/builds/worker-5-tc1/target:/opt/rustwide/target:rw,Z" "-v" "/var/lib/crater-agent-workspace/builds/worker-5-tc1/source:/opt/rustwide/workdir:ro,Z" "-v" "/var/lib/crater-agent-workspace/cargo-home:/opt/rustwide/cargo-home:ro,Z" "-v" "/var/lib/crater-agent-workspace/rustup-home:/opt/rustwide/rustup-home:ro,Z" "-e" "SOURCE_DIR=/opt/rustwide/workdir" "-e" "CARGO_TARGET_DIR=/opt/rustwide/target" "-e" "CARGO_INCREMENTAL=0" "-e" "RUST_BACKTRACE=full" "-e" "RUSTFLAGS=--cap-lints=warn" "-e" "RUSTDOCFLAGS=--cap-lints=warn" "-e" "CARGO_HOME=/opt/rustwide/cargo-home" "-e" "RUSTUP_HOME=/opt/rustwide/rustup-home" "-w" "/opt/rustwide/workdir" "-m" "1610612736" "--user" "0:0" "--network" "none" "ghcr.io/rust-lang/crates-build-env/linux@sha256:f3a9d4ad9d972b27faf3965f35b62e55ba32bbce8f20bc8fe909558a86702fde" "/opt/rustwide/cargo-home/bin/cargo" "+1.83.0" "test" "--frozen", kill_on_drop: false }`
[INFO] [stdout] b907da6626f3f47c4aaa9d11df0fda7ff7505ef11fa610d15a6a8e31d1ae1a4b
[INFO] running `Command { std: "docker" "start" "-a" "b907da6626f3f47c4aaa9d11df0fda7ff7505ef11fa610d15a6a8e31d1ae1a4b", kill_on_drop: false }`
[INFO] [stderr] warning: unused import: `ratatui::buffer::Buffer`
[INFO] [stderr]  --> src/ui/components/command_list.rs:4:5
[INFO] [stderr]   |
[INFO] [stderr] 4 | use ratatui::buffer::Buffer;
[INFO] [stderr]   |     ^^^^^^^^^^^^^^^^^^^^^^^
[INFO] [stderr]   |
[INFO] [stderr]   = note: `#[warn(unused_imports)]` on by default
[INFO] [stderr] 
[INFO] [stderr] warning: unused import: `List`
[INFO] [stderr]  --> src/ui/components/command_list.rs:6:40
[INFO] [stderr]   |
[INFO] [stderr] 6 | use ratatui::widgets::{Block, Borders, List, Paragraph};
[INFO] [stderr]   |                                        ^^^^
[INFO] [stderr] 
[INFO] [stderr] warning: unused import: `Widget`
[INFO] [stderr]  --> src/ui/components/command_list.rs:8:32
[INFO] [stderr]   |
[INFO] [stderr] 8 | use ratatui::prelude::{Layout, Widget};
[INFO] [stderr]   |                                ^^^^^^
[INFO] [stderr] 
[INFO] [stderr] warning: unused import: `crate::main`
[INFO] [stderr]  --> src/ui/components/command_list.rs:9:5
[INFO] [stderr]   |
[INFO] [stderr] 9 | use crate::main;
[INFO] [stderr]   |     ^^^^^^^^^^^
[INFO] [stderr] 
[INFO] [stderr] warning: unused variable: `area`
[INFO] [stderr]   --> src/ui/components/command_list.rs:40:13
[INFO] [stderr]    |
[INFO] [stderr] 40 |         let area = area.inner(&Margin {
[INFO] [stderr]    |             ^^^^ help: if this is intentional, prefix it with an underscore: `_area`
[INFO] [stderr]    |
[INFO] [stderr]    = note: `#[warn(unused_variables)]` on by default
[INFO] [stderr] 
[INFO] [stderr] warning: unused variable: `area`
[INFO] [stderr]   --> src/ui/components/command_list.rs:22:60
[INFO] [stderr]    |
[INFO] [stderr] 22 |     fn render(&self, _state: &AppState, frame: &mut Frame, area: Rect) {
[INFO] [stderr]    |                                                            ^^^^ help: if this is intentional, prefix it with an underscore: `_area`
[INFO] [stderr] 
[INFO] [stderr] warning: method `handle` is never used
[INFO] [stderr]   --> src/command/mod.rs:26:8
[INFO] [stderr]    |
[INFO] [stderr] 25 | pub trait HandleCommand {
[INFO] [stderr]    |           ------------- method in this trait
[INFO] [stderr] 26 |     fn handle(&self, repo: &ServiceProvider);
[INFO] [stderr]    |        ^^^^^^
[INFO] [stderr]    |
[INFO] [stderr]    = note: `#[warn(dead_code)]` on by default
[INFO] [stderr] 
[INFO] [stderr] warning: field `0` is never read
[INFO] [stderr]  --> src/prelude/mod.rs:7:14
[INFO] [stderr]   |
[INFO] [stderr] 7 |     NotFound(String),
[INFO] [stderr]   |     -------- ^^^^^^
[INFO] [stderr]   |     |
[INFO] [stderr]   |     field in this variant
[INFO] [stderr]   |
[INFO] [stderr]   = note: `WorkflowError` has a derived impl for the trait `Debug`, but this is intentionally ignored during dead code analysis
[INFO] [stderr] help: consider changing the field to be of unit type to suppress this warning while preserving the field numbering, or remove the field
[INFO] [stderr]   |
[INFO] [stderr] 7 |     NotFound(()),
[INFO] [stderr]   |              ~~
[INFO] [stderr] 
[INFO] [stderr] warning: methods `init` and `update` are never used
[INFO] [stderr]   --> src/ui/components/mod.rs:15:8
[INFO] [stderr]    |
[INFO] [stderr] 14 | pub trait Component {
[INFO] [stderr]    |           --------- methods in this trait
[INFO] [stderr] 15 |     fn init(&mut self, _state: AppState) -> WorkflowResult<()> {
[INFO] [stderr]    |        ^^^^
[INFO] [stderr] ...
[INFO] [stderr] 32 |     fn update(&mut self, _state: &mut AppState, _action: Action) -> Action {
[INFO] [stderr]    |        ^^^^^^
[INFO] [stderr] 
[INFO] [stderr] warning: `workflowbrowser` (bin "workflowbrowser" test) generated 9 warnings (run `cargo fix --bin "workflowbrowser" --tests` to apply 4 suggestions)
[INFO] [stderr]     Finished `test` profile [unoptimized + debuginfo] target(s) in 0.10s
[INFO] [stderr]      Running unittests src/main.rs (/opt/rustwide/target/debug/deps/workflowbrowser-db79c31cf1a2f1bf)
[INFO] [stdout] 
[INFO] [stdout] running 6 tests
[INFO] [stdout] test workflow::repository::directory::tests::test_adding_should_add_new_workflow ... ok
[INFO] [stdout] test workflow::repository::directory::tests::test_load_from_dir ... ok
[INFO] [stdout] test workflow::repository::directory::tests::test_adding_and_delete_should_remove_workflow ... ok
[INFO] [stdout] test workflow::tests::test_load_workflow_from_yaml ... ok
[INFO] [stdout] test workflow::tests::test_render_workflow ... ok
[INFO] [stdout] test workflow::repository::git::tests::test_load_from_git ... FAILED
[INFO] [stdout] 
[INFO] [stdout] failures:
[INFO] [stdout] 
[INFO] [stdout] ---- workflow::repository::git::tests::test_load_from_git stdout ----
[INFO] [stdout] thread 'workflow::repository::git::tests::test_load_from_git' panicked at src/workflow/repository/directory.rs:16:55:
[INFO] [stdout] called `Result::unwrap()` on an `Err` value: NotFound("tests/fixtures/github/warpdotdevOs { code: 2, kind: NotFound, message: \"No such file or directory\" }")
[INFO] [stdout] stack backtrace:
[INFO] [stdout]    0:     0x55a73cd25cda - std::backtrace_rs::backtrace::libunwind::trace::h5a5b8284f2d0c266
[INFO] [stdout]                                at /rustc/90b35a6239c3d8bdabc530a6a0816f7ff89a0aaf/library/std/src/../../backtrace/src/backtrace/libunwind.rs:116:5
[INFO] [stdout]    1:     0x55a73cd25cda - std::backtrace_rs::backtrace::trace_unsynchronized::h76d4f1c9b0b875e3
[INFO] [stdout]                                at /rustc/90b35a6239c3d8bdabc530a6a0816f7ff89a0aaf/library/std/src/../../backtrace/src/backtrace/mod.rs:66:5
[INFO] [stdout]    2:     0x55a73cd25cda - std::sys::backtrace::_print_fmt::hc4546b8364a537c6
[INFO] [stdout]                                at /rustc/90b35a6239c3d8bdabc530a6a0816f7ff89a0aaf/library/std/src/sys/backtrace.rs:66:9
[INFO] [stdout]    3:     0x55a73cd25cda - <std::sys::backtrace::BacktraceLock::print::DisplayBacktrace as core::fmt::Display>::fmt::h5b6bd5631a6d1f6b
[INFO] [stdout]                                at /rustc/90b35a6239c3d8bdabc530a6a0816f7ff89a0aaf/library/std/src/sys/backtrace.rs:39:26
[INFO] [stdout]    4:     0x55a73cd4cf23 - core::fmt::rt::Argument::fmt::h270f6602a2b96f62
[INFO] [stdout]                                at /rustc/90b35a6239c3d8bdabc530a6a0816f7ff89a0aaf/library/core/src/fmt/rt.rs:177:76
[INFO] [stdout]    5:     0x55a73cd4cf23 - core::fmt::write::h7550c97b06c86515
[INFO] [stdout]                                at /rustc/90b35a6239c3d8bdabc530a6a0816f7ff89a0aaf/library/core/src/fmt/mod.rs:1186:21
[INFO] [stdout]    6:     0x55a73cd22c13 - std::io::Write::write_fmt::h509ff860e5956e5e
[INFO] [stdout]                                at /rustc/90b35a6239c3d8bdabc530a6a0816f7ff89a0aaf/library/std/src/io/mod.rs:1839:15
[INFO] [stdout]    7:     0x55a73cd25b22 - std::sys::backtrace::BacktraceLock::print::h2395ccd2c84ba3aa
[INFO] [stdout]                                at /rustc/90b35a6239c3d8bdabc530a6a0816f7ff89a0aaf/library/std/src/sys/backtrace.rs:42:9
[INFO] [stdout]    8:     0x55a73cd2713a - std::panicking::default_hook::{{closure}}::he19d4c7230e07961
[INFO] [stdout]                                at /rustc/90b35a6239c3d8bdabc530a6a0816f7ff89a0aaf/library/std/src/panicking.rs:268:22
[INFO] [stdout]    9:     0x55a73cd26f44 - std::panicking::default_hook::hf614597d3c67bbdb
[INFO] [stdout]                                at /rustc/90b35a6239c3d8bdabc530a6a0816f7ff89a0aaf/library/std/src/panicking.rs:292:9
[INFO] [stdout]   10:     0x55a73cb71339 - <alloc::boxed::Box<F,A> as core::ops::function::Fn<Args>>::call::h39b51ce4599c23d1
[INFO] [stdout]                                at /rustc/90b35a6239c3d8bdabc530a6a0816f7ff89a0aaf/library/alloc/src/boxed.rs:2468:9
[INFO] [stdout]   11:     0x55a73cb71339 - test::test_main::{{closure}}::he977ae839a582784
[INFO] [stdout]                                at /rustc/90b35a6239c3d8bdabc530a6a0816f7ff89a0aaf/library/test/src/lib.rs:133:21
[INFO] [stdout]   12:     0x55a73cd277d8 - <alloc::boxed::Box<F,A> as core::ops::function::Fn<Args>>::call::h9455091b6b06f9fb
[INFO] [stdout]                                at /rustc/90b35a6239c3d8bdabc530a6a0816f7ff89a0aaf/library/alloc/src/boxed.rs:2468:9
[INFO] [stdout]   13:     0x55a73cd277d8 - std::panicking::rust_panic_with_hook::h8942133a8b252070
[INFO] [stdout]                                at /rustc/90b35a6239c3d8bdabc530a6a0816f7ff89a0aaf/library/std/src/panicking.rs:809:13
[INFO] [stdout]   14:     0x55a73cd2759a - std::panicking::begin_panic_handler::{{closure}}::hb5f5963570096b29
[INFO] [stdout]                                at /rustc/90b35a6239c3d8bdabc530a6a0816f7ff89a0aaf/library/std/src/panicking.rs:674:13
[INFO] [stdout]   15:     0x55a73cd261b9 - std::sys::backtrace::__rust_end_short_backtrace::h6208cedc1922feda
[INFO] [stdout]                                at /rustc/90b35a6239c3d8bdabc530a6a0816f7ff89a0aaf/library/std/src/sys/backtrace.rs:170:18
[INFO] [stdout]   16:     0x55a73cd2722c - rust_begin_unwind
[INFO] [stdout]                                at /rustc/90b35a6239c3d8bdabc530a6a0816f7ff89a0aaf/library/std/src/panicking.rs:665:5
[INFO] [stdout]   17:     0x55a73cb11d20 - core::panicking::panic_fmt::h0c3082644d1bf418
[INFO] [stdout]                                at /rustc/90b35a6239c3d8bdabc530a6a0816f7ff89a0aaf/library/core/src/panicking.rs:74:14
[INFO] [stdout]   18:     0x55a73cb121c6 - core::result::unwrap_failed::hd20b4aa073bda1e2
[INFO] [stdout]                                at /rustc/90b35a6239c3d8bdabc530a6a0816f7ff89a0aaf/library/core/src/result.rs:1700:5
[INFO] [stdout]   19:     0x55a73cb1cb64 - core::result::Result<T,E>::unwrap::h4df219c36d85cd49
[INFO] [stdout]                                at /rustc/90b35a6239c3d8bdabc530a6a0816f7ff89a0aaf/library/core/src/result.rs:1104:23
[INFO] [stdout]   20:     0x55a73cb1cb64 - workflowbrowser::workflow::repository::directory::DirectoryRepository::new::hb93b3d993bcab303
[INFO] [stdout]                                at /opt/rustwide/workdir/src/workflow/repository/directory.rs:16:25
[INFO] [stdout]   21:     0x55a73cb1e076 - workflowbrowser::workflow::repository::git::GitRepository::new::h54cddc67a9f273b9
[INFO] [stdout]                                at /opt/rustwide/workdir/src/workflow/repository/git.rs:29:35
[INFO] [stdout]   22:     0x55a73cb1f0d2 - workflowbrowser::workflow::repository::git::tests::test_load_from_git::h31961587cf64e1e6
[INFO] [stdout]                                at /opt/rustwide/workdir/src/workflow/repository/git.rs:81:20
[INFO] [stdout]   23:     0x55a73cb1f067 - workflowbrowser::workflow::repository::git::tests::test_load_from_git::{{closure}}::h6b5c298e414ded63
[INFO] [stdout]                                at /opt/rustwide/workdir/src/workflow/repository/git.rs:80:28
[INFO] [stdout]   24:     0x55a73cb20066 - core::ops::function::FnOnce::call_once::h3aa9bb820dc831b5
[INFO] [stdout]                                at /rustc/90b35a6239c3d8bdabc530a6a0816f7ff89a0aaf/library/core/src/ops/function.rs:250:5
[INFO] [stdout]   25:     0x55a73cb75cfb - core::ops::function::FnOnce::call_once::h109cf8051a59b34e
[INFO] [stdout]                                at /rustc/90b35a6239c3d8bdabc530a6a0816f7ff89a0aaf/library/core/src/ops/function.rs:250:5
[INFO] [stdout]   26:     0x55a73cb75cfb - test::__rust_begin_short_backtrace::hf4fff89d377446ba
[INFO] [stdout]                                at /rustc/90b35a6239c3d8bdabc530a6a0816f7ff89a0aaf/library/test/src/lib.rs:621:18
[INFO] [stdout]   27:     0x55a73cb75537 - test::run_test_in_process::{{closure}}::h0e39181dd7ee5a43
[INFO] [stdout]                                at /rustc/90b35a6239c3d8bdabc530a6a0816f7ff89a0aaf/library/test/src/lib.rs:644:60
[INFO] [stdout]   28:     0x55a73cb75537 - <core::panic::unwind_safe::AssertUnwindSafe<F> as core::ops::function::FnOnce<()>>::call_once::hc5a66a30f0bdfd1f
[INFO] [stdout]                                at /rustc/90b35a6239c3d8bdabc530a6a0816f7ff89a0aaf/library/core/src/panic/unwind_safe.rs:272:9
[INFO] [stdout]   29:     0x55a73cb75537 - std::panicking::try::do_call::h873b7cf639554a5e
[INFO] [stdout]                                at /rustc/90b35a6239c3d8bdabc530a6a0816f7ff89a0aaf/library/std/src/panicking.rs:557:40
[INFO] [stdout]   30:     0x55a73cb75537 - std::panicking::try::hdb19862fad9c8bd1
[INFO] [stdout]                                at /rustc/90b35a6239c3d8bdabc530a6a0816f7ff89a0aaf/library/std/src/panicking.rs:520:19
[INFO] [stdout]   31:     0x55a73cb75537 - std::panic::catch_unwind::h281fe732d236d260
[INFO] [stdout]                                at /rustc/90b35a6239c3d8bdabc530a6a0816f7ff89a0aaf/library/std/src/panic.rs:358:14
[INFO] [stdout]   32:     0x55a73cb75537 - test::run_test_in_process::h949b6df8457ed338
[INFO] [stdout]                                at /rustc/90b35a6239c3d8bdabc530a6a0816f7ff89a0aaf/library/test/src/lib.rs:644:27
[INFO] [stdout]   33:     0x55a73cb75537 - test::run_test::{{closure}}::h52c556a6d4740e10
[INFO] [stdout]                                at /rustc/90b35a6239c3d8bdabc530a6a0816f7ff89a0aaf/library/test/src/lib.rs:565:43
[INFO] [stdout]   34:     0x55a73cb3a814 - test::run_test::{{closure}}::h4237f6381c45ccb9
[INFO] [stdout]                                at /rustc/90b35a6239c3d8bdabc530a6a0816f7ff89a0aaf/library/test/src/lib.rs:595:41
[INFO] [stdout]   35:     0x55a73cb3a814 - std::sys::backtrace::__rust_begin_short_backtrace::h505c97a579eca628
[INFO] [stdout]                                at /rustc/90b35a6239c3d8bdabc530a6a0816f7ff89a0aaf/library/std/src/sys/backtrace.rs:154:18
[INFO] [stdout]   36:     0x55a73cb3dede - std::thread::Builder::spawn_unchecked_::{{closure}}::{{closure}}::h9e86b2e2bc107ea3
[INFO] [stdout]                                at /rustc/90b35a6239c3d8bdabc530a6a0816f7ff89a0aaf/library/std/src/thread/mod.rs:538:17
[INFO] [stdout]   37:     0x55a73cb3dede - <core::panic::unwind_safe::AssertUnwindSafe<F> as core::ops::function::FnOnce<()>>::call_once::h8b06ddb275ff4a25
[INFO] [stdout]                                at /rustc/90b35a6239c3d8bdabc530a6a0816f7ff89a0aaf/library/core/src/panic/unwind_safe.rs:272:9
[INFO] [stdout]   38:     0x55a73cb3dede - std::panicking::try::do_call::hb26ecd7cd9a9355d
[INFO] [stdout]                                at /rustc/90b35a6239c3d8bdabc530a6a0816f7ff89a0aaf/library/std/src/panicking.rs:557:40
[INFO] [stdout]   39:     0x55a73cb3dede - std::panicking::try::h8ddeca9d705f9069
[INFO] [stdout]                                at /rustc/90b35a6239c3d8bdabc530a6a0816f7ff89a0aaf/library/std/src/panicking.rs:520:19
[INFO] [stdout]   40:     0x55a73cb3dede - std::panic::catch_unwind::h49e1c33078844c46
[INFO] [stdout]                                at /rustc/90b35a6239c3d8bdabc530a6a0816f7ff89a0aaf/library/std/src/panic.rs:358:14
[INFO] [stdout]   41:     0x55a73cb3dede - std::thread::Builder::spawn_unchecked_::{{closure}}::h6073db6ff56ad35d
[INFO] [stdout]                                at /rustc/90b35a6239c3d8bdabc530a6a0816f7ff89a0aaf/library/std/src/thread/mod.rs:537:30
[INFO] [stdout]   42:     0x55a73cb3dede - core::ops::function::FnOnce::call_once{{vtable.shim}}::h2c5a5f3779c774f1
[INFO] [stdout]                                at /rustc/90b35a6239c3d8bdabc530a6a0816f7ff89a0aaf/library/core/src/ops/function.rs:250:5
[INFO] [stdout]   43:     0x55a73cd2bd5b - <alloc::boxed::Box<F,A> as core::ops::function::FnOnce<Args>>::call_once::hf75717d9f28faebf
[INFO] [stdout]                                at /rustc/90b35a6239c3d8bdabc530a6a0816f7ff89a0aaf/library/alloc/src/boxed.rs:2454:9
[INFO] [stdout]   44:     0x55a73cd2bd5b - <alloc::boxed::Box<F,A> as core::ops::function::FnOnce<Args>>::call_once::h7bd883a5f3c5f3c1
[INFO] [stdout]                                at /rustc/90b35a6239c3d8bdabc530a6a0816f7ff89a0aaf/library/alloc/src/boxed.rs:2454:9
[INFO] [stdout]   45:     0x55a73cd2bd5b - std::sys::pal::unix::thread::Thread::new::thread_start::hcc78f3943333fa94
[INFO] [stdout]                                at /rustc/90b35a6239c3d8bdabc530a6a0816f7ff89a0aaf/library/std/src/sys/pal/unix/thread.rs:105:17
[INFO] [stdout]   46:     0x78c482f6dac3 - <unknown>
[INFO] [stdout]   47:     0x78c482ffea04 - clone
[INFO] [stdout]   48:                0x0 - <unknown>
[INFO] [stdout] 
[INFO] [stdout] 
[INFO] [stdout] failures:
[INFO] [stdout]     workflow::repository::git::tests::test_load_from_git
[INFO] [stdout] 
[INFO] [stdout] test result: FAILED. 5 passed; 1 failed; 0 ignored; 0 measured; 0 filtered out; finished in 0.16s
[INFO] [stdout] 
[INFO] [stderr] error: test failed, to rerun pass `--bin workflowbrowser`
[INFO] running `Command { std: "docker" "inspect" "b907da6626f3f47c4aaa9d11df0fda7ff7505ef11fa610d15a6a8e31d1ae1a4b", kill_on_drop: false }`
[INFO] running `Command { std: "docker" "rm" "-f" "b907da6626f3f47c4aaa9d11df0fda7ff7505ef11fa610d15a6a8e31d1ae1a4b", kill_on_drop: false }`
[INFO] [stdout] b907da6626f3f47c4aaa9d11df0fda7ff7505ef11fa610d15a6a8e31d1ae1a4b
