[INFO] cloning repository https://github.com/deedy/hamid_yeganah
[INFO] running `Command { std: "git" "-c" "credential.helper=" "-c" "credential.helper=/workspace/cargo-home/bin/git-credential-null" "clone" "--bare" "https://github.com/deedy/hamid_yeganah" "/workspace/cache/git-repos/https%3A%2F%2Fgithub.com%2Fdeedy%2Fhamid_yeganah", kill_on_drop: false }`
[INFO] [stderr] Cloning into bare repository '/workspace/cache/git-repos/https%3A%2F%2Fgithub.com%2Fdeedy%2Fhamid_yeganah'...
[INFO] running `Command { std: "git" "rev-parse" "HEAD", kill_on_drop: false }`
[INFO] [stdout] 36c9da47c069f7d665b76c7ccc7c8ae0dedb2d78
[INFO] testing deedy/hamid_yeganah against beta-2024-12-08 for beta-1.84.0-4-retry
[INFO] running `Command { std: "git" "clone" "/workspace/cache/git-repos/https%3A%2F%2Fgithub.com%2Fdeedy%2Fhamid_yeganah" "/workspace/builds/worker-2-tc2/source", kill_on_drop: false }`
[INFO] [stderr] Cloning into '/workspace/builds/worker-2-tc2/source'...
[INFO] [stderr] done.
[INFO] validating manifest of git repo https://github.com/deedy/hamid_yeganah on toolchain beta-2024-12-08
[INFO] running `Command { std: CARGO_HOME="/workspace/cargo-home" RUSTUP_HOME="/workspace/rustup-home" "/workspace/cargo-home/bin/cargo" "+beta-2024-12-08" "metadata" "--manifest-path" "Cargo.toml" "--no-deps", kill_on_drop: false }`
[INFO] started tweaking git repo https://github.com/deedy/hamid_yeganah
[INFO] finished tweaking git repo https://github.com/deedy/hamid_yeganah
[INFO] tweaked toml for git repo https://github.com/deedy/hamid_yeganah written to /workspace/builds/worker-2-tc2/source/Cargo.toml
[INFO] crate git repo https://github.com/deedy/hamid_yeganah already has a lockfile, it will not be regenerated
[INFO] running `Command { std: CARGO_HOME="/workspace/cargo-home" RUSTUP_HOME="/workspace/rustup-home" "/workspace/cargo-home/bin/cargo" "+beta-2024-12-08" "fetch" "--manifest-path" "Cargo.toml", kill_on_drop: false }`
[INFO] running `Command { std: "docker" "create" "-v" "/var/lib/crater-agent-workspace/builds/worker-2-tc2/target:/opt/rustwide/target:rw,Z" "-v" "/var/lib/crater-agent-workspace/builds/worker-2-tc2/source:/opt/rustwide/workdir:ro,Z" "-v" "/var/lib/crater-agent-workspace/cargo-home:/opt/rustwide/cargo-home:ro,Z" "-v" "/var/lib/crater-agent-workspace/rustup-home:/opt/rustwide/rustup-home:ro,Z" "-e" "SOURCE_DIR=/opt/rustwide/workdir" "-e" "CARGO_TARGET_DIR=/opt/rustwide/target" "-e" "CARGO_HOME=/opt/rustwide/cargo-home" "-e" "RUSTUP_HOME=/opt/rustwide/rustup-home" "-w" "/opt/rustwide/workdir" "-m" "1610612736" "--user" "0:0" "--network" "none" "ghcr.io/rust-lang/crates-build-env/linux@sha256:f3a9d4ad9d972b27faf3965f35b62e55ba32bbce8f20bc8fe909558a86702fde" "/opt/rustwide/cargo-home/bin/cargo" "+beta-2024-12-08" "metadata" "--no-deps" "--format-version=1", kill_on_drop: false }`
[INFO] [stdout] c5fb32298fe2df793a9ca17040c80cadd283efbd4a2bf9a9336339c6fb2c54ec
[INFO] running `Command { std: "docker" "start" "-a" "c5fb32298fe2df793a9ca17040c80cadd283efbd4a2bf9a9336339c6fb2c54ec", kill_on_drop: false }`
[INFO] running `Command { std: "docker" "inspect" "c5fb32298fe2df793a9ca17040c80cadd283efbd4a2bf9a9336339c6fb2c54ec", kill_on_drop: false }`
[INFO] running `Command { std: "docker" "rm" "-f" "c5fb32298fe2df793a9ca17040c80cadd283efbd4a2bf9a9336339c6fb2c54ec", kill_on_drop: false }`
[INFO] [stdout] c5fb32298fe2df793a9ca17040c80cadd283efbd4a2bf9a9336339c6fb2c54ec
[INFO] running `Command { std: "docker" "create" "-v" "/var/lib/crater-agent-workspace/builds/worker-2-tc2/target:/opt/rustwide/target:rw,Z" "-v" "/var/lib/crater-agent-workspace/builds/worker-2-tc2/source:/opt/rustwide/workdir:ro,Z" "-v" "/var/lib/crater-agent-workspace/cargo-home:/opt/rustwide/cargo-home:ro,Z" "-v" "/var/lib/crater-agent-workspace/rustup-home:/opt/rustwide/rustup-home:ro,Z" "-e" "SOURCE_DIR=/opt/rustwide/workdir" "-e" "CARGO_TARGET_DIR=/opt/rustwide/target" "-e" "CARGO_INCREMENTAL=0" "-e" "RUST_BACKTRACE=full" "-e" "RUSTFLAGS=--cap-lints=warn" "-e" "RUSTDOCFLAGS=--cap-lints=warn" "-e" "CARGO_HOME=/opt/rustwide/cargo-home" "-e" "RUSTUP_HOME=/opt/rustwide/rustup-home" "-w" "/opt/rustwide/workdir" "-m" "1610612736" "--user" "0:0" "--network" "none" "ghcr.io/rust-lang/crates-build-env/linux@sha256:f3a9d4ad9d972b27faf3965f35b62e55ba32bbce8f20bc8fe909558a86702fde" "/opt/rustwide/cargo-home/bin/cargo" "+beta-2024-12-08" "build" "--frozen" "--message-format=json", kill_on_drop: false }`
[INFO] [stdout] b8be1bfe1fb8af2a7b19c6fb434e8f7ceccaced8b07d157ff8b600553a61ccfb
[INFO] running `Command { std: "docker" "start" "-a" "b8be1bfe1fb8af2a7b19c6fb434e8f7ceccaced8b07d157ff8b600553a61ccfb", kill_on_drop: false }`
[INFO] [stderr]    Compiling crossbeam-utils v0.8.20
[INFO] [stderr]    Compiling autocfg v1.4.0
[INFO] [stderr]    Compiling rayon-core v1.12.1
[INFO] [stderr]    Compiling simd-adler32 v0.3.7
[INFO] [stderr]    Compiling cfg-if v1.0.0
[INFO] [stderr]    Compiling adler2 v2.0.0
[INFO] [stderr]    Compiling either v1.13.0
[INFO] [stderr]    Compiling weezl v0.1.8
[INFO] [stderr]    Compiling bytemuck v1.20.0
[INFO] [stderr]    Compiling lebe v0.5.2
[INFO] [stderr]    Compiling bit_field v0.10.2
[INFO] [stderr]    Compiling bitflags v1.3.2
[INFO] [stderr]    Compiling rawpointer v0.2.1
[INFO] [stderr]    Compiling color_quant v1.1.0
[INFO] [stderr]    Compiling smallvec v1.13.2
[INFO] [stderr]    Compiling byteorder v1.5.0
[INFO] [stderr]    Compiling crc32fast v1.4.2
[INFO] [stderr]    Compiling half v2.4.1
[INFO] [stderr]    Compiling qoi v0.4.1
[INFO] [stderr]    Compiling miniz_oxide v0.8.0
[INFO] [stderr]    Compiling zune-inflate v0.2.54
[INFO] [stderr]    Compiling fdeflate v0.3.6
[INFO] [stderr]    Compiling gif v0.13.1
[INFO] [stderr]    Compiling num-traits v0.2.19
[INFO] [stderr]    Compiling matrixmultiply v0.3.9
[INFO] [stderr]    Compiling crossbeam-epoch v0.9.18
[INFO] [stderr]    Compiling flate2 v1.0.35
[INFO] [stderr]    Compiling crossbeam-deque v0.8.5
[INFO] [stderr]    Compiling png v0.17.14
[INFO] [stderr]    Compiling num-complex v0.4.6
[INFO] [stderr]    Compiling num-integer v0.1.46
[INFO] [stderr]    Compiling rayon v1.10.0
[INFO] [stderr]    Compiling exr v1.73.0
[INFO] [stderr]    Compiling jpeg-decoder v0.3.1
[INFO] [stderr]    Compiling ndarray v0.15.6
[INFO] [stderr]    Compiling tiff v0.9.1
[INFO] [stderr]    Compiling image v0.24.9
[INFO] [stderr]    Compiling strawberry_pattern v0.1.0 (/opt/rustwide/workdir)
[INFO] [stdout] warning: unused import: `crate::pattern::meshgrid`
[INFO] [stdout]  --> src/utils.rs:1:5
[INFO] [stdout]   |
[INFO] [stdout] 1 | use crate::pattern::meshgrid;
[INFO] [stdout]   |     ^^^^^^^^^^^^^^^^^^^^^^^^
[INFO] [stdout]   |
[INFO] [stdout]   = note: `#[warn(unused_imports)]` on by default
[INFO] [stdout] 
[INFO] [stdout] 
[INFO] [stdout] warning: unused import: `Array1`
[INFO] [stdout]  --> src/utils.rs:2:15
[INFO] [stdout]   |
[INFO] [stdout] 2 | use ndarray::{Array1, Array2, Zip};
[INFO] [stdout]   |               ^^^^^^
[INFO] [stdout] 
[INFO] [stdout] 
[INFO] [stdout] warning: function `generate_strawberry_pattern_old` is never used
[INFO] [stdout]   --> src/pattern.rs:57:8
[INFO] [stdout]    |
[INFO] [stdout] 57 | pub fn generate_strawberry_pattern_old(width: u32, height: u32) -> ImageBuffer<Rgb<u8>, Vec<u8>> {
[INFO] [stdout]    |        ^^^^^^^^^^^^^^^^^^^^^^^^^^^^^^^
[INFO] [stdout]    |
[INFO] [stdout]    = note: `#[warn(dead_code)]` on by default
[INFO] [stdout] 
[INFO] [stdout] 
[INFO] [stdout] warning: function `f` is never used
[INFO] [stdout]   --> src/utils.rs:17:8
[INFO] [stdout]    |
[INFO] [stdout] 17 | pub fn f(x: f64) -> u8 {
[INFO] [stdout]    |        ^
[INFO] [stdout] 
[INFO] [stdout] 
[INFO] [stdout] warning: struct `HVCache` is never constructed
[INFO] [stdout]   --> src/utils.rs:24:12
[INFO] [stdout]    |
[INFO] [stdout] 24 | pub struct HVCache {
[INFO] [stdout]    |            ^^^^^^^
[INFO] [stdout] 
[INFO] [stdout] 
[INFO] [stdout] warning: associated function `new` is never used
[INFO] [stdout]   --> src/utils.rs:32:12
[INFO] [stdout]    |
[INFO] [stdout] 31 | impl HVCache {
[INFO] [stdout]    | ------------ associated function in this implementation
[INFO] [stdout] 32 |     pub fn new(x: &Array2<f64>, y: &Array2<f64>, max_s: usize) -> Self {
[INFO] [stdout]    |            ^^^
[INFO] [stdout] 
[INFO] [stdout] 
[INFO] [stdout] warning: function `h_v_optimized` is never used
[INFO] [stdout]   --> src/utils.rs:53:8
[INFO] [stdout]    |
[INFO] [stdout] 53 | pub fn h_v_optimized(x: &Array2<f64>, y: &Array2<f64>, v: f64, cache: &HVCache) -> Array2<f64> {
[INFO] [stdout]    |        ^^^^^^^^^^^^^
[INFO] [stdout] 
[INFO] [stdout] 
[INFO] [stderr]     Finished `dev` profile [unoptimized + debuginfo] target(s) in 25.45s
[INFO] running `Command { std: "docker" "inspect" "b8be1bfe1fb8af2a7b19c6fb434e8f7ceccaced8b07d157ff8b600553a61ccfb", kill_on_drop: false }`
[INFO] running `Command { std: "docker" "rm" "-f" "b8be1bfe1fb8af2a7b19c6fb434e8f7ceccaced8b07d157ff8b600553a61ccfb", kill_on_drop: false }`
[INFO] [stdout] b8be1bfe1fb8af2a7b19c6fb434e8f7ceccaced8b07d157ff8b600553a61ccfb
[INFO] running `Command { std: "docker" "create" "-v" "/var/lib/crater-agent-workspace/builds/worker-2-tc2/target:/opt/rustwide/target:rw,Z" "-v" "/var/lib/crater-agent-workspace/builds/worker-2-tc2/source:/opt/rustwide/workdir:ro,Z" "-v" "/var/lib/crater-agent-workspace/cargo-home:/opt/rustwide/cargo-home:ro,Z" "-v" "/var/lib/crater-agent-workspace/rustup-home:/opt/rustwide/rustup-home:ro,Z" "-e" "SOURCE_DIR=/opt/rustwide/workdir" "-e" "CARGO_TARGET_DIR=/opt/rustwide/target" "-e" "CARGO_INCREMENTAL=0" "-e" "RUST_BACKTRACE=full" "-e" "RUSTFLAGS=--cap-lints=warn" "-e" "RUSTDOCFLAGS=--cap-lints=warn" "-e" "CARGO_HOME=/opt/rustwide/cargo-home" "-e" "RUSTUP_HOME=/opt/rustwide/rustup-home" "-w" "/opt/rustwide/workdir" "-m" "1610612736" "--user" "0:0" "--network" "none" "ghcr.io/rust-lang/crates-build-env/linux@sha256:f3a9d4ad9d972b27faf3965f35b62e55ba32bbce8f20bc8fe909558a86702fde" "/opt/rustwide/cargo-home/bin/cargo" "+beta-2024-12-08" "test" "--frozen" "--no-run" "--message-format=json", kill_on_drop: false }`
[INFO] [stdout] 151d1422324f2a1cecb1e22d56ea0b6f4f0af8be03aaf227f1fb8ac6b3554f7e
[INFO] running `Command { std: "docker" "start" "-a" "151d1422324f2a1cecb1e22d56ea0b6f4f0af8be03aaf227f1fb8ac6b3554f7e", kill_on_drop: false }`
[INFO] [stderr]    Compiling approx v0.5.1
[INFO] [stderr]    Compiling strawberry_pattern v0.1.0 (/opt/rustwide/workdir)
[INFO] [stdout] warning: function `generate_strawberry_pattern_old` is never used
[INFO] [stdout]   --> src/pattern.rs:57:8
[INFO] [stdout]    |
[INFO] [stdout] 57 | pub fn generate_strawberry_pattern_old(width: u32, height: u32) -> ImageBuffer<Rgb<u8>, Vec<u8>> {
[INFO] [stdout]    |        ^^^^^^^^^^^^^^^^^^^^^^^^^^^^^^^
[INFO] [stdout]    |
[INFO] [stdout]    = note: `#[warn(dead_code)]` on by default
[INFO] [stdout] 
[INFO] [stdout] 
[INFO] [stderr]     Finished `test` profile [unoptimized + debuginfo] target(s) in 3.84s
[INFO] running `Command { std: "docker" "inspect" "151d1422324f2a1cecb1e22d56ea0b6f4f0af8be03aaf227f1fb8ac6b3554f7e", kill_on_drop: false }`
[INFO] running `Command { std: "docker" "rm" "-f" "151d1422324f2a1cecb1e22d56ea0b6f4f0af8be03aaf227f1fb8ac6b3554f7e", kill_on_drop: false }`
[INFO] [stdout] 151d1422324f2a1cecb1e22d56ea0b6f4f0af8be03aaf227f1fb8ac6b3554f7e
[INFO] running `Command { std: "docker" "create" "-v" "/var/lib/crater-agent-workspace/builds/worker-2-tc2/target:/opt/rustwide/target:rw,Z" "-v" "/var/lib/crater-agent-workspace/builds/worker-2-tc2/source:/opt/rustwide/workdir:ro,Z" "-v" "/var/lib/crater-agent-workspace/cargo-home:/opt/rustwide/cargo-home:ro,Z" "-v" "/var/lib/crater-agent-workspace/rustup-home:/opt/rustwide/rustup-home:ro,Z" "-e" "SOURCE_DIR=/opt/rustwide/workdir" "-e" "CARGO_TARGET_DIR=/opt/rustwide/target" "-e" "CARGO_INCREMENTAL=0" "-e" "RUST_BACKTRACE=full" "-e" "RUSTFLAGS=--cap-lints=warn" "-e" "RUSTDOCFLAGS=--cap-lints=warn" "-e" "CARGO_HOME=/opt/rustwide/cargo-home" "-e" "RUSTUP_HOME=/opt/rustwide/rustup-home" "-w" "/opt/rustwide/workdir" "-m" "1610612736" "--user" "0:0" "--network" "none" "ghcr.io/rust-lang/crates-build-env/linux@sha256:f3a9d4ad9d972b27faf3965f35b62e55ba32bbce8f20bc8fe909558a86702fde" "/opt/rustwide/cargo-home/bin/cargo" "+beta-2024-12-08" "test" "--frozen", kill_on_drop: false }`
[INFO] [stdout] 4a8284710156daebb0da3c45c3ab1795ef0d679b36a3b6329391e1a133e0d200
[INFO] running `Command { std: "docker" "start" "-a" "4a8284710156daebb0da3c45c3ab1795ef0d679b36a3b6329391e1a133e0d200", kill_on_drop: false }`
[INFO] [stderr] warning: function `generate_strawberry_pattern_old` is never used
[INFO] [stderr]   --> src/pattern.rs:57:8
[INFO] [stderr]    |
[INFO] [stderr] 57 | pub fn generate_strawberry_pattern_old(width: u32, height: u32) -> ImageBuffer<Rgb<u8>, Vec<u8>> {
[INFO] [stderr]    |        ^^^^^^^^^^^^^^^^^^^^^^^^^^^^^^^
[INFO] [stderr]    |
[INFO] [stderr]    = note: `#[warn(dead_code)]` on by default
[INFO] [stderr] 
[INFO] [stderr] warning: `strawberry_pattern` (bin "strawberry_pattern" test) generated 1 warning
[INFO] [stderr]     Finished `test` profile [unoptimized + debuginfo] target(s) in 0.05s
[INFO] [stderr]      Running unittests src/main.rs (/opt/rustwide/target/debug/deps/strawberry_pattern-f18415b5d8189577)
[INFO] [stdout] 
[INFO] [stdout] running 17 tests
[INFO] [stdout] test utils::tests::test_f ... ok
[INFO] [stdout] test utils::tests::test_a_v_s ... ok
[INFO] [stdout] test utils::tests::test_p_s ... ok
[INFO] [stdout] test utils::tests::test_w_values ... ok
[INFO] [stdout] test utils::tests::test_e_t_s ... ok
[INFO] [stdout] test utils::tests::test_r_t_s ... ok
[INFO] [stdout] test utils::tests::test_r_t_s_2 ... ok
[INFO] [stdout] test utils::tests::test_q_s ... ok
[INFO] [stdout] test utils::tests::test_u_s ... ok
[INFO] [stdout] test utils::tests::test_n_s ... ok
[INFO] [stdout] test utils::tests::test_m_s ... ok
[INFO] [stdout] test utils::tests::test_b_s ... ok
[INFO] [stdout] test utils::tests::test_c_v_s ... ok
[INFO] [stdout] test utils::tests::test_l_v_s ... ok
[INFO] [stdout] test utils::tests::test_combined_functions ... ok
[INFO] [stdout] test utils::tests::test_h_v_optimized ... FAILED
[INFO] [stdout] test utils::tests::test_h_v ... ok
[INFO] [stdout] 
[INFO] [stdout] failures:
[INFO] [stdout] 
[INFO] [stdout] ---- utils::tests::test_h_v_optimized stdout ----
[INFO] [stdout] 
[INFO] [stdout] Expected values:
[INFO] [stdout] [[0.64896535, 0.6587483, 0.72895193, 0.70749145, 0.10552709],
[INFO] [stdout]  [0.62254445, 0.57186737, 0.7381196, 0.68524103, 0.63553497],
[INFO] [stdout]  [0.14702198, 0.67405708, 0.3522309, 0.70226551, 0.58097669],
[INFO] [stdout]  [0.68475501, 0.7350397, 0.10276321, 0.6485094, 0.58708438],
[INFO] [stdout]  [0.61895038, 0.64118258, 0.63125632, 0.60637943, 0.58010723]], shape=[5, 5], strides=[5, 1], layout=Cc (0x5), const ndim=2
[INFO] [stdout] 
[INFO] [stdout] Calculated values:
[INFO] [stdout] [[0.6489653540743915, 1.9168804994957086e-13, 0.7289519267284225, 0.7074914527602376, 0.6207612590215472],
[INFO] [stdout]  [0.00172066853472091, 0.5718649625336772, 0.08664048085488613, 4.1487013021366633e-10, 0.6048062041787957],
[INFO] [stdout]  [0.6216408167721036, 1.6010342284737867e-5, 0.4309110517979966, 0.7022655085418843, 0.5809766927976943],
[INFO] [stdout]  [0.6847550072861714, 0.0, 0.46757404818321185, 0.6485094051556569, 0.5870843783985724],
[INFO] [stdout]  [0.0, 0.005848317695630903, 0.627594561416712, 0.6064171377394626, 0.7860153445158139]], shape=[5, 5], strides=[5, 1], layout=Cc (0x5), const ndim=2
[INFO] [stdout] 
[INFO] [stdout] Difference:
[INFO] [stdout] [[4.074391490860307e-9, -0.6587482999998082, -3.271577564412098e-9, 2.760237594046089e-9, 0.5152341690215472],
[INFO] [stdout]  [-0.6208237814652792, -2.407466322740248e-6, -0.6514791191451139, -0.6852410295851299, -0.030728765821204318],
[INFO] [stdout]  [0.4746188367721036, -0.6740410696577153, 0.07868015179799659, -1.4581157392612454e-9, 2.7976942984508923e-9],
[INFO] [stdout]  [-2.7138286062822203e-9, -0.7350397, 0.36481083818321186, 5.155656901401073e-9, -1.6014275461273542e-9],
[INFO] [stdout]  [-0.61895038, -0.6353342623043691, -0.0036617585832879884, 3.770773946254469e-5, 0.20590811451581392]], shape=[5, 5], strides=[5, 1], layout=Cc (0x5), const ndim=2
[INFO] [stdout] thread 'utils::tests::test_h_v_optimized' panicked at src/utils.rs:459:13:
[INFO] [stdout] Arrays differ at position [0, 1]: 0.00000000000019168804994957086 vs 0.6587483 (diff: 0.6587482999998082)
[INFO] [stdout] stack backtrace:
[INFO] [stdout]    0:     0x633058c31eaa - std::backtrace_rs::backtrace::libunwind::trace::h8810477743020387
[INFO] [stdout]                                at /rustc/202008a1b8de96d2e5b6bc02d379db03a877d34d/library/std/src/../../backtrace/src/backtrace/libunwind.rs:116:5
[INFO] [stdout]    1:     0x633058c31eaa - std::backtrace_rs::backtrace::trace_unsynchronized::h3aa55355dd6c54a6
[INFO] [stdout]                                at /rustc/202008a1b8de96d2e5b6bc02d379db03a877d34d/library/std/src/../../backtrace/src/backtrace/mod.rs:66:5
[INFO] [stdout]    2:     0x633058c31eaa - std::sys::backtrace::_print_fmt::h8588b0f62410823f
[INFO] [stdout]                                at /rustc/202008a1b8de96d2e5b6bc02d379db03a877d34d/library/std/src/sys/backtrace.rs:66:9
[INFO] [stdout]    3:     0x633058c31eaa - <std::sys::backtrace::BacktraceLock::print::DisplayBacktrace as core::fmt::Display>::fmt::h98c26ac25ffe89bb
[INFO] [stdout]                                at /rustc/202008a1b8de96d2e5b6bc02d379db03a877d34d/library/std/src/sys/backtrace.rs:39:26
[INFO] [stdout]    4:     0x633058c57f43 - core::fmt::rt::Argument::fmt::hf95377f4aebd453b
[INFO] [stdout]                                at /rustc/202008a1b8de96d2e5b6bc02d379db03a877d34d/library/core/src/fmt/rt.rs:177:76
[INFO] [stdout]    5:     0x633058c57f43 - core::fmt::write::h0dd5f6e2238c7982
[INFO] [stdout]                                at /rustc/202008a1b8de96d2e5b6bc02d379db03a877d34d/library/core/src/fmt/mod.rs:1189:21
[INFO] [stdout]    6:     0x633058c2efd3 - std::io::Write::write_fmt::h03bb0ca26e6faf8c
[INFO] [stdout]                                at /rustc/202008a1b8de96d2e5b6bc02d379db03a877d34d/library/std/src/io/mod.rs:1884:15
[INFO] [stdout]    7:     0x633058c31cf2 - std::sys::backtrace::BacktraceLock::print::h5c19c1c038ee186d
[INFO] [stdout]                                at /rustc/202008a1b8de96d2e5b6bc02d379db03a877d34d/library/std/src/sys/backtrace.rs:42:9
[INFO] [stdout]    8:     0x633058c3332d - std::panicking::default_hook::{{closure}}::h77172f079a1fcb13
[INFO] [stdout]                                at /rustc/202008a1b8de96d2e5b6bc02d379db03a877d34d/library/std/src/panicking.rs:268:22
[INFO] [stdout]    9:     0x633058c33137 - std::panicking::default_hook::he5f8e3b203ccddba
[INFO] [stdout]                                at /rustc/202008a1b8de96d2e5b6bc02d379db03a877d34d/library/std/src/panicking.rs:292:9
[INFO] [stdout]   10:     0x633058bca457 - <alloc::boxed::Box<F,A> as core::ops::function::Fn<Args>>::call::h7a3c7b4a1ae77f2f
[INFO] [stdout]                                at /rustc/202008a1b8de96d2e5b6bc02d379db03a877d34d/library/alloc/src/boxed.rs:1986:9
[INFO] [stdout]   11:     0x633058bca457 - test::test_main::{{closure}}::hf0d3b69ae9b353d1
[INFO] [stdout]                                at /rustc/202008a1b8de96d2e5b6bc02d379db03a877d34d/library/test/src/lib.rs:134:21
[INFO] [stdout]   12:     0x633058c339d8 - <alloc::boxed::Box<F,A> as core::ops::function::Fn<Args>>::call::h6332e82e7b189abd
[INFO] [stdout]                                at /rustc/202008a1b8de96d2e5b6bc02d379db03a877d34d/library/alloc/src/boxed.rs:1986:9
[INFO] [stdout]   13:     0x633058c339d8 - std::panicking::rust_panic_with_hook::h53863d4e9018df39
[INFO] [stdout]                                at /rustc/202008a1b8de96d2e5b6bc02d379db03a877d34d/library/std/src/panicking.rs:809:13
[INFO] [stdout]   14:     0x633058c3379a - std::panicking::begin_panic_handler::{{closure}}::h67280e6fa0757873
[INFO] [stdout]                                at /rustc/202008a1b8de96d2e5b6bc02d379db03a877d34d/library/std/src/panicking.rs:674:13
[INFO] [stdout]   15:     0x633058c32389 - std::sys::backtrace::__rust_end_short_backtrace::h1dac3f54d6fbbeb2
[INFO] [stdout]                                at /rustc/202008a1b8de96d2e5b6bc02d379db03a877d34d/library/std/src/sys/backtrace.rs:170:18
[INFO] [stdout]   16:     0x633058c3342c - rust_begin_unwind
[INFO] [stdout]                                at /rustc/202008a1b8de96d2e5b6bc02d379db03a877d34d/library/std/src/panicking.rs:665:5
[INFO] [stdout]   17:     0x633058aa7ab0 - core::panicking::panic_fmt::h6792bd1b2bf01041
[INFO] [stdout]                                at /rustc/202008a1b8de96d2e5b6bc02d379db03a877d34d/library/core/src/panicking.rs:76:14
[INFO] [stdout]   18:     0x633058b4b198 - strawberry_pattern::utils::tests::assert_array_almost_equal::h612ea2cd2e647dc8
[INFO] [stdout]                                at /opt/rustwide/workdir/src/utils.rs:459:13
[INFO] [stdout]   19:     0x633058b4cf13 - strawberry_pattern::utils::tests::test_h_v_optimized::hbf796f59cf31b1b3
[INFO] [stdout]                                at /opt/rustwide/workdir/src/utils.rs:560:9
[INFO] [stdout]   20:     0x633058b4c377 - strawberry_pattern::utils::tests::test_h_v_optimized::{{closure}}::h4a70e56701425e18
[INFO] [stdout]                                at /opt/rustwide/workdir/src/utils.rs:528:28
[INFO] [stdout]   21:     0x633058b8ea46 - core::ops::function::FnOnce::call_once::h9bc06968df697d87
[INFO] [stdout]                                at /rustc/202008a1b8de96d2e5b6bc02d379db03a877d34d/library/core/src/ops/function.rs:250:5
[INFO] [stdout]   22:     0x633058bcef7b - core::ops::function::FnOnce::call_once::h871bf86719ec9aa4
[INFO] [stdout]                                at /rustc/202008a1b8de96d2e5b6bc02d379db03a877d34d/library/core/src/ops/function.rs:250:5
[INFO] [stdout]   23:     0x633058bcef7b - test::__rust_begin_short_backtrace::h2167df1e2b7d76fd
[INFO] [stdout]                                at /rustc/202008a1b8de96d2e5b6bc02d379db03a877d34d/library/test/src/lib.rs:632:18
[INFO] [stdout]   24:     0x633058bce968 - test::run_test_in_process::{{closure}}::h15d92f75a3adfb79
[INFO] [stdout]                                at /rustc/202008a1b8de96d2e5b6bc02d379db03a877d34d/library/test/src/lib.rs:655:60
[INFO] [stdout]   25:     0x633058bce968 - <core::panic::unwind_safe::AssertUnwindSafe<F> as core::ops::function::FnOnce<()>>::call_once::hb6c8955835a8dbbb
[INFO] [stdout]                                at /rustc/202008a1b8de96d2e5b6bc02d379db03a877d34d/library/core/src/panic/unwind_safe.rs:272:9
[INFO] [stdout]   26:     0x633058bce968 - std::panicking::try::do_call::hc79d0fc888a0bd30
[INFO] [stdout]                                at /rustc/202008a1b8de96d2e5b6bc02d379db03a877d34d/library/std/src/panicking.rs:557:40
[INFO] [stdout]   27:     0x633058bce968 - std::panicking::try::hb8a7878e3a8589d6
[INFO] [stdout]                                at /rustc/202008a1b8de96d2e5b6bc02d379db03a877d34d/library/std/src/panicking.rs:520:19
[INFO] [stdout]   28:     0x633058bce968 - std::panic::catch_unwind::hb8e4600ff0ff5cfa
[INFO] [stdout]                                at /rustc/202008a1b8de96d2e5b6bc02d379db03a877d34d/library/std/src/panic.rs:358:14
[INFO] [stdout]   29:     0x633058bce968 - test::run_test_in_process::hc2900b0b18688dd6
[INFO] [stdout]                                at /rustc/202008a1b8de96d2e5b6bc02d379db03a877d34d/library/test/src/lib.rs:655:27
[INFO] [stdout]   30:     0x633058bce968 - test::run_test::{{closure}}::hac2a9cb07be3d48d
[INFO] [stdout]                                at /rustc/202008a1b8de96d2e5b6bc02d379db03a877d34d/library/test/src/lib.rs:576:43
[INFO] [stdout]   31:     0x633058b9240a - test::run_test::{{closure}}::h4a5b729e66a38cd8
[INFO] [stdout]                                at /rustc/202008a1b8de96d2e5b6bc02d379db03a877d34d/library/test/src/lib.rs:606:41
[INFO] [stdout]   32:     0x633058b9240a - std::sys::backtrace::__rust_begin_short_backtrace::h0496fb742492f573
[INFO] [stdout]                                at /rustc/202008a1b8de96d2e5b6bc02d379db03a877d34d/library/std/src/sys/backtrace.rs:154:18
[INFO] [stdout]   33:     0x633058b95d84 - std::thread::Builder::spawn_unchecked_::{{closure}}::{{closure}}::hbb6d257c550a54bd
[INFO] [stdout]                                at /rustc/202008a1b8de96d2e5b6bc02d379db03a877d34d/library/std/src/thread/mod.rs:561:17
[INFO] [stdout]   34:     0x633058b95d84 - <core::panic::unwind_safe::AssertUnwindSafe<F> as core::ops::function::FnOnce<()>>::call_once::h46696fe4a6832328
[INFO] [stdout]                                at /rustc/202008a1b8de96d2e5b6bc02d379db03a877d34d/library/core/src/panic/unwind_safe.rs:272:9
[INFO] [stdout]   35:     0x633058b95d84 - std::panicking::try::do_call::h2625a51b667bfb64
[INFO] [stdout]                                at /rustc/202008a1b8de96d2e5b6bc02d379db03a877d34d/library/std/src/panicking.rs:557:40
[INFO] [stdout]   36:     0x633058b95d84 - std::panicking::try::hb956a59a1973aa4c
[INFO] [stdout]                                at /rustc/202008a1b8de96d2e5b6bc02d379db03a877d34d/library/std/src/panicking.rs:520:19
[INFO] [stdout]   37:     0x633058b95d84 - std::panic::catch_unwind::h64f3b9d1067ef6a0
[INFO] [stdout]                                at /rustc/202008a1b8de96d2e5b6bc02d379db03a877d34d/library/std/src/panic.rs:358:14
[INFO] [stdout]   38:     0x633058b95d84 - std::thread::Builder::spawn_unchecked_::{{closure}}::h42b2841295b6c0b2
[INFO] [stdout]                                at /rustc/202008a1b8de96d2e5b6bc02d379db03a877d34d/library/std/src/thread/mod.rs:559:30
[INFO] [stdout]   39:     0x633058b95d84 - core::ops::function::FnOnce::call_once{{vtable.shim}}::h6127de71b8124639
[INFO] [stdout]                                at /rustc/202008a1b8de96d2e5b6bc02d379db03a877d34d/library/core/src/ops/function.rs:250:5
[INFO] [stdout]   40:     0x633058c37a1b - <alloc::boxed::Box<F,A> as core::ops::function::FnOnce<Args>>::call_once::h42f0ba71002a1b2c
[INFO] [stdout]                                at /rustc/202008a1b8de96d2e5b6bc02d379db03a877d34d/library/alloc/src/boxed.rs:1972:9
[INFO] [stdout]   41:     0x633058c37a1b - <alloc::boxed::Box<F,A> as core::ops::function::FnOnce<Args>>::call_once::had9e47d7a3dcecb8
[INFO] [stdout]                                at /rustc/202008a1b8de96d2e5b6bc02d379db03a877d34d/library/alloc/src/boxed.rs:1972:9
[INFO] [stdout]   42:     0x633058c37a1b - std::sys::pal::unix::thread::Thread::new::thread_start::h48cf765408f6f5f2
[INFO] [stdout]                                at /rustc/202008a1b8de96d2e5b6bc02d379db03a877d34d/library/std/src/sys/pal/unix/thread.rs:105:17
[INFO] [stdout]   43:     0x78f3cfc42ac3 - <unknown>
[INFO] [stdout]   44:     0x78f3cfcd3a04 - clone
[INFO] [stdout]   45:                0x0 - <unknown>
[INFO] [stdout] 
[INFO] [stdout] 
[INFO] [stdout] failures:
[INFO] [stdout]     utils::tests::test_h_v_optimized
[INFO] [stdout] 
[INFO] [stdout] test result: FAILED. 16 passed; 1 failed; 0 ignored; 0 measured; 0 filtered out; finished in 13.42s
[INFO] [stdout] 
[INFO] [stderr] error: test failed, to rerun pass `--bin strawberry_pattern`
[INFO] running `Command { std: "docker" "inspect" "4a8284710156daebb0da3c45c3ab1795ef0d679b36a3b6329391e1a133e0d200", kill_on_drop: false }`
[INFO] running `Command { std: "docker" "rm" "-f" "4a8284710156daebb0da3c45c3ab1795ef0d679b36a3b6329391e1a133e0d200", kill_on_drop: false }`
[INFO] [stdout] 4a8284710156daebb0da3c45c3ab1795ef0d679b36a3b6329391e1a133e0d200
