[INFO] cloning repository https://github.com/dcechano/sumatra
[INFO] running `Command { std: "git" "-c" "credential.helper=" "-c" "credential.helper=/workspace/cargo-home/bin/git-credential-null" "clone" "--bare" "https://github.com/dcechano/sumatra" "/workspace/cache/git-repos/https%3A%2F%2Fgithub.com%2Fdcechano%2Fsumatra", kill_on_drop: false }`
[INFO] [stderr] Cloning into bare repository '/workspace/cache/git-repos/https%3A%2F%2Fgithub.com%2Fdcechano%2Fsumatra'...
[INFO] running `Command { std: "git" "rev-parse" "HEAD", kill_on_drop: false }`
[INFO] [stdout] 83619f55bb4f3a9c8bd75bf750ce151cee1e2bd0
[INFO] testing dcechano/sumatra against beta-2024-12-08 for beta-1.84.0-4-retry
[INFO] running `Command { std: "git" "clone" "/workspace/cache/git-repos/https%3A%2F%2Fgithub.com%2Fdcechano%2Fsumatra" "/workspace/builds/worker-4-tc2/source", kill_on_drop: false }`
[INFO] [stderr] Cloning into '/workspace/builds/worker-4-tc2/source'...
[INFO] [stderr] done.
[INFO] [stderr] Updating files:  29% (8711/29233)
Updating files:  30% (8770/29233)
Updating files:  31% (9063/29233)
Updating files:  32% (9355/29233)
Updating files:  33% (9647/29233)
Updating files:  34% (9940/29233)
Updating files:  35% (10232/29233)
Updating files:  36% (10524/29233)
Updating files:  37% (10817/29233)
Updating files:  38% (11109/29233)
Updating files:  39% (11401/29233)
Updating files:  40% (11694/29233)
Updating files:  41% (11986/29233)
Updating files:  42% (12278/29233)
Updating files:  43% (12571/29233)
Updating files:  44% (12863/29233)
Updating files:  45% (13155/29233)
Updating files:  46% (13448/29233)
Updating files:  47% (13740/29233)
Updating files:  48% (14032/29233)
Updating files:  49% (14325/29233)
Updating files:  50% (14617/29233)
Updating files:  51% (14909/29233)
Updating files:  52% (15202/29233)
Updating files:  53% (15494/29233)
Updating files:  54% (15786/29233)
Updating files:  55% (16079/29233)
Updating files:  56% (16371/29233)
Updating files:  57% (16663/29233)
Updating files:  58% (16956/29233)
Updating files:  59% (17248/29233)
Updating files:  60% (17540/29233)
Updating files:  61% (17833/29233)
Updating files:  62% (18125/29233)
Updating files:  63% (18417/29233)
Updating files:  64% (18710/29233)
Updating files:  64% (18846/29233)
Updating files:  65% (19002/29233)
Updating files:  66% (19294/29233)
Updating files:  67% (19587/29233)
Updating files:  68% (19879/29233)
Updating files:  69% (20171/29233)
Updating files:  70% (20464/29233)
Updating files:  71% (20756/29233)
Updating files:  72% (21048/29233)
Updating files:  73% (21341/29233)
Updating files:  74% (21633/29233)
Updating files:  75% (21925/29233)
Updating files:  76% (22218/29233)
Updating files:  77% (22510/29233)
Updating files:  78% (22802/29233)
Updating files:  79% (23095/29233)
Updating files:  80% (23387/29233)
Updating files:  81% (23679/29233)
Updating files:  82% (23972/29233)
Updating files:  83% (24264/29233)
Updating files:  84% (24556/29233)
Updating files:  85% (24849/29233)
Updating files:  86% (25141/29233)
Updating files:  87% (25433/29233)
Updating files:  88% (25726/29233)
Updating files:  89% (26018/29233)
Updating files:  90% (26310/29233)
Updating files:  90% (26438/29233)
Updating files:  91% (26603/29233)
Updating files:  92% (26895/29233)
Updating files:  93% (27187/29233)
Updating files:  94% (27480/29233)
Updating files:  95% (27772/29233)
Updating files:  96% (28064/29233)
Updating files:  97% (28357/29233)
Updating files:  98% (28649/29233)
Updating files:  99% (28941/29233)
Updating files: 100% (29233/29233)
Updating files: 100% (29233/29233), done.
[INFO] validating manifest of git repo https://github.com/dcechano/sumatra on toolchain beta-2024-12-08
[INFO] running `Command { std: CARGO_HOME="/workspace/cargo-home" RUSTUP_HOME="/workspace/rustup-home" "/workspace/cargo-home/bin/cargo" "+beta-2024-12-08" "metadata" "--manifest-path" "Cargo.toml" "--no-deps", kill_on_drop: false }`
[INFO] started tweaking git repo https://github.com/dcechano/sumatra
[INFO] finished tweaking git repo https://github.com/dcechano/sumatra
[INFO] tweaked toml for git repo https://github.com/dcechano/sumatra written to /workspace/builds/worker-4-tc2/source/Cargo.toml
[INFO] crate git repo https://github.com/dcechano/sumatra already has a lockfile, it will not be regenerated
[INFO] running `Command { std: CARGO_HOME="/workspace/cargo-home" RUSTUP_HOME="/workspace/rustup-home" "/workspace/cargo-home/bin/cargo" "+beta-2024-12-08" "fetch" "--manifest-path" "Cargo.toml", kill_on_drop: false }`
[INFO] running `Command { std: "docker" "create" "-v" "/var/lib/crater-agent-workspace/builds/worker-4-tc2/target:/opt/rustwide/target:rw,Z" "-v" "/var/lib/crater-agent-workspace/builds/worker-4-tc2/source:/opt/rustwide/workdir:ro,Z" "-v" "/var/lib/crater-agent-workspace/cargo-home:/opt/rustwide/cargo-home:ro,Z" "-v" "/var/lib/crater-agent-workspace/rustup-home:/opt/rustwide/rustup-home:ro,Z" "-e" "SOURCE_DIR=/opt/rustwide/workdir" "-e" "CARGO_TARGET_DIR=/opt/rustwide/target" "-e" "CARGO_HOME=/opt/rustwide/cargo-home" "-e" "RUSTUP_HOME=/opt/rustwide/rustup-home" "-w" "/opt/rustwide/workdir" "-m" "1610612736" "--user" "0:0" "--network" "none" "ghcr.io/rust-lang/crates-build-env/linux@sha256:f3a9d4ad9d972b27faf3965f35b62e55ba32bbce8f20bc8fe909558a86702fde" "/opt/rustwide/cargo-home/bin/cargo" "+beta-2024-12-08" "metadata" "--no-deps" "--format-version=1", kill_on_drop: false }`
[INFO] [stdout] 25bb43414cffb92076fd6dea0f9484ebe7a3910fbe8c4c85246e971d76e8d281
[INFO] running `Command { std: "docker" "start" "-a" "25bb43414cffb92076fd6dea0f9484ebe7a3910fbe8c4c85246e971d76e8d281", kill_on_drop: false }`
[INFO] running `Command { std: "docker" "inspect" "25bb43414cffb92076fd6dea0f9484ebe7a3910fbe8c4c85246e971d76e8d281", kill_on_drop: false }`
[INFO] running `Command { std: "docker" "rm" "-f" "25bb43414cffb92076fd6dea0f9484ebe7a3910fbe8c4c85246e971d76e8d281", kill_on_drop: false }`
[INFO] [stdout] 25bb43414cffb92076fd6dea0f9484ebe7a3910fbe8c4c85246e971d76e8d281
[INFO] running `Command { std: "docker" "create" "-v" "/var/lib/crater-agent-workspace/builds/worker-4-tc2/target:/opt/rustwide/target:rw,Z" "-v" "/var/lib/crater-agent-workspace/builds/worker-4-tc2/source:/opt/rustwide/workdir:ro,Z" "-v" "/var/lib/crater-agent-workspace/cargo-home:/opt/rustwide/cargo-home:ro,Z" "-v" "/var/lib/crater-agent-workspace/rustup-home:/opt/rustwide/rustup-home:ro,Z" "-e" "SOURCE_DIR=/opt/rustwide/workdir" "-e" "CARGO_TARGET_DIR=/opt/rustwide/target" "-e" "CARGO_INCREMENTAL=0" "-e" "RUST_BACKTRACE=full" "-e" "RUSTFLAGS=--cap-lints=warn" "-e" "RUSTDOCFLAGS=--cap-lints=warn" "-e" "CARGO_HOME=/opt/rustwide/cargo-home" "-e" "RUSTUP_HOME=/opt/rustwide/rustup-home" "-w" "/opt/rustwide/workdir" "-m" "1610612736" "--user" "0:0" "--network" "none" "ghcr.io/rust-lang/crates-build-env/linux@sha256:f3a9d4ad9d972b27faf3965f35b62e55ba32bbce8f20bc8fe909558a86702fde" "/opt/rustwide/cargo-home/bin/cargo" "+beta-2024-12-08" "build" "--frozen" "--message-format=json", kill_on_drop: false }`
[INFO] [stdout] bb655e708d8fefde2176bdd2d068e8894fb8f5e3de4a8b894c493b6422e3ddd6
[INFO] running `Command { std: "docker" "start" "-a" "bb655e708d8fefde2176bdd2d068e8894fb8f5e3de4a8b894c493b6422e3ddd6", kill_on_drop: false }`
[INFO] [stderr]    Compiling libc v0.2.155
[INFO] [stderr]    Compiling once_cell v1.19.0
[INFO] [stderr]    Compiling pkg-config v0.3.30
[INFO] [stderr]    Compiling subtle v2.6.1
[INFO] [stderr]    Compiling zstd-safe v5.0.2+zstd.1.5.2
[INFO] [stderr]    Compiling adler v1.0.2
[INFO] [stderr]    Compiling rand_core v0.6.4
[INFO] [stderr]    Compiling base64ct v1.6.0
[INFO] [stderr]    Compiling anyhow v1.0.94
[INFO] [stderr]    Compiling crc32fast v1.4.2
[INFO] [stderr]    Compiling byteorder v1.5.0
[INFO] [stderr]    Compiling constant_time_eq v0.1.5
[INFO] [stderr]    Compiling bitflags v2.6.0
[INFO] [stderr]    Compiling time v0.3.36
[INFO] [stderr]    Compiling libloading v0.8.6
[INFO] [stderr]    Compiling inout v0.1.3
[INFO] [stderr]    Compiling miniz_oxide v0.7.4
[INFO] [stderr]    Compiling digest v0.10.7
[INFO] [stderr]    Compiling cipher v0.4.4
[INFO] [stderr]    Compiling sha2 v0.10.8
[INFO] [stderr]    Compiling hmac v0.12.1
[INFO] [stderr]    Compiling sha1 v0.10.6
[INFO] [stderr]    Compiling aes v0.8.4
[INFO] [stderr]    Compiling password-hash v0.4.2
[INFO] [stderr]    Compiling pbkdf2 v0.11.0
[INFO] [stderr]    Compiling flate2 v1.0.30
[INFO] [stderr]    Compiling jobserver v0.1.31
[INFO] [stderr]    Compiling num_cpus v1.16.0
[INFO] [stderr]    Compiling cc v1.0.104
[INFO] [stderr]    Compiling zstd-sys v2.0.11+zstd.1.5.6
[INFO] [stderr]    Compiling bzip2-sys v0.1.11+1.0.8
[INFO] [stderr]    Compiling bzip2 v0.4.4
[INFO] [stderr]    Compiling zstd v0.11.2+zstd.1.5.2
[INFO] [stderr]    Compiling zip v0.6.6
[INFO] [stderr]    Compiling sumatra_parser v0.1.0 (/opt/rustwide/workdir/parser)
[INFO] [stderr]    Compiling sumatra_vm v0.1.0 (/opt/rustwide/workdir/vm)
[INFO] [stderr]    Compiling registry v0.1.0 (/opt/rustwide/workdir/native/registry)
[INFO] [stderr]    Compiling libjdk v0.1.0 (/opt/rustwide/workdir/native/libjdk)
[INFO] [stderr]    Compiling sumatra_cli v0.1.0 (/opt/rustwide/workdir/cli)
[INFO] [stderr]    Compiling libjava v0.1.0 (/opt/rustwide/workdir/native/libjava)
[INFO] [stderr]     Finished `dev` profile [unoptimized + debuginfo] target(s) in 22.91s
[INFO] running `Command { std: "docker" "inspect" "bb655e708d8fefde2176bdd2d068e8894fb8f5e3de4a8b894c493b6422e3ddd6", kill_on_drop: false }`
[INFO] running `Command { std: "docker" "rm" "-f" "bb655e708d8fefde2176bdd2d068e8894fb8f5e3de4a8b894c493b6422e3ddd6", kill_on_drop: false }`
[INFO] [stdout] bb655e708d8fefde2176bdd2d068e8894fb8f5e3de4a8b894c493b6422e3ddd6
[INFO] running `Command { std: "docker" "create" "-v" "/var/lib/crater-agent-workspace/builds/worker-4-tc2/target:/opt/rustwide/target:rw,Z" "-v" "/var/lib/crater-agent-workspace/builds/worker-4-tc2/source:/opt/rustwide/workdir:ro,Z" "-v" "/var/lib/crater-agent-workspace/cargo-home:/opt/rustwide/cargo-home:ro,Z" "-v" "/var/lib/crater-agent-workspace/rustup-home:/opt/rustwide/rustup-home:ro,Z" "-e" "SOURCE_DIR=/opt/rustwide/workdir" "-e" "CARGO_TARGET_DIR=/opt/rustwide/target" "-e" "CARGO_INCREMENTAL=0" "-e" "RUST_BACKTRACE=full" "-e" "RUSTFLAGS=--cap-lints=warn" "-e" "RUSTDOCFLAGS=--cap-lints=warn" "-e" "CARGO_HOME=/opt/rustwide/cargo-home" "-e" "RUSTUP_HOME=/opt/rustwide/rustup-home" "-w" "/opt/rustwide/workdir" "-m" "1610612736" "--user" "0:0" "--network" "none" "ghcr.io/rust-lang/crates-build-env/linux@sha256:f3a9d4ad9d972b27faf3965f35b62e55ba32bbce8f20bc8fe909558a86702fde" "/opt/rustwide/cargo-home/bin/cargo" "+beta-2024-12-08" "test" "--frozen" "--no-run" "--message-format=json", kill_on_drop: false }`
[INFO] [stdout] 2db33859f4a57fdb859b0efdbd623949e3dbf3187187c95815319e119614afa7
[INFO] running `Command { std: "docker" "start" "-a" "2db33859f4a57fdb859b0efdbd623949e3dbf3187187c95815319e119614afa7", kill_on_drop: false }`
[INFO] [stderr]    Compiling sumatra_parser v0.1.0 (/opt/rustwide/workdir/parser)
[INFO] [stderr]    Compiling sumatra_vm v0.1.0 (/opt/rustwide/workdir/vm)
[INFO] [stderr]    Compiling sumatra_cli v0.1.0 (/opt/rustwide/workdir/cli)
[INFO] [stderr]    Compiling registry v0.1.0 (/opt/rustwide/workdir/native/registry)
[INFO] [stderr]    Compiling libjdk v0.1.0 (/opt/rustwide/workdir/native/libjdk)
[INFO] [stderr]    Compiling libjava v0.1.0 (/opt/rustwide/workdir/native/libjava)
[INFO] [stderr]     Finished `test` profile [unoptimized + debuginfo] target(s) in 4.18s
[INFO] running `Command { std: "docker" "inspect" "2db33859f4a57fdb859b0efdbd623949e3dbf3187187c95815319e119614afa7", kill_on_drop: false }`
[INFO] running `Command { std: "docker" "rm" "-f" "2db33859f4a57fdb859b0efdbd623949e3dbf3187187c95815319e119614afa7", kill_on_drop: false }`
[INFO] [stdout] 2db33859f4a57fdb859b0efdbd623949e3dbf3187187c95815319e119614afa7
[INFO] running `Command { std: "docker" "create" "-v" "/var/lib/crater-agent-workspace/builds/worker-4-tc2/target:/opt/rustwide/target:rw,Z" "-v" "/var/lib/crater-agent-workspace/builds/worker-4-tc2/source:/opt/rustwide/workdir:ro,Z" "-v" "/var/lib/crater-agent-workspace/cargo-home:/opt/rustwide/cargo-home:ro,Z" "-v" "/var/lib/crater-agent-workspace/rustup-home:/opt/rustwide/rustup-home:ro,Z" "-e" "SOURCE_DIR=/opt/rustwide/workdir" "-e" "CARGO_TARGET_DIR=/opt/rustwide/target" "-e" "CARGO_INCREMENTAL=0" "-e" "RUST_BACKTRACE=full" "-e" "RUSTFLAGS=--cap-lints=warn" "-e" "RUSTDOCFLAGS=--cap-lints=warn" "-e" "CARGO_HOME=/opt/rustwide/cargo-home" "-e" "RUSTUP_HOME=/opt/rustwide/rustup-home" "-w" "/opt/rustwide/workdir" "-m" "1610612736" "--user" "0:0" "--network" "none" "ghcr.io/rust-lang/crates-build-env/linux@sha256:f3a9d4ad9d972b27faf3965f35b62e55ba32bbce8f20bc8fe909558a86702fde" "/opt/rustwide/cargo-home/bin/cargo" "+beta-2024-12-08" "test" "--frozen", kill_on_drop: false }`
[INFO] [stdout] 60c1d2ec6869f1d98ef1149d15602ce7278cfe1d376589266c4f577ffd11badf
[INFO] running `Command { std: "docker" "start" "-a" "60c1d2ec6869f1d98ef1149d15602ce7278cfe1d376589266c4f577ffd11badf", kill_on_drop: false }`
[INFO] [stderr]     Finished `test` profile [unoptimized + debuginfo] target(s) in 0.06s
[INFO] [stderr]      Running unittests src/lib.rs (/opt/rustwide/target/debug/deps/java-7c38a0a1de9b85cf)
[INFO] [stdout] 
[INFO] [stdout] running 0 tests
[INFO] [stdout] 
[INFO] [stdout] test result: ok. 0 passed; 0 failed; 0 ignored; 0 measured; 0 filtered out; finished in 0.00s
[INFO] [stdout] 
[INFO] [stderr]      Running unittests src/lib.rs (/opt/rustwide/target/debug/deps/jdk-c4ec2e076bb07294)
[INFO] [stdout] 
[INFO] [stdout] running 0 tests
[INFO] [stdout] 
[INFO] [stdout] test result: ok. 0 passed; 0 failed; 0 ignored; 0 measured; 0 filtered out; finished in 0.00s
[INFO] [stdout] 
[INFO] [stderr]      Running unittests src/lib.rs (/opt/rustwide/target/debug/deps/native_registry-473660fe574ec3dc)
[INFO] [stdout] 
[INFO] [stdout] running 0 tests
[INFO] [stdout] 
[INFO] [stdout] test result: ok. 0 passed; 0 failed; 0 ignored; 0 measured; 0 filtered out; finished in 0.00s
[INFO] [stdout] 
[INFO] [stderr]      Running unittests src/main.rs (/opt/rustwide/target/debug/deps/sumatra_cli-9ba87acd61b63306)
[INFO] [stdout] 
[INFO] [stdout] running 0 tests
[INFO] [stdout] 
[INFO] [stdout] test result: ok. 0 passed; 0 failed; 0 ignored; 0 measured; 0 filtered out; finished in 0.00s
[INFO] [stdout] 
[INFO] [stderr]      Running unittests src/lib.rs (/opt/rustwide/target/debug/deps/sumatra_parser-3b4a8099d6ce0bae)
[INFO] [stdout] 
[INFO] [stdout] running 19 tests
[INFO] [stdout] test desc_types::tests::test_field_desc ... ok
[INFO] [stdout] test desc_types::tests::test_ftype_array_primitive ... ok
[INFO] [stdout] test desc_types::tests::test_method_desc2_non_void ... ok
[INFO] [stdout] test desc_types::tests::test_ftype_object ... ok
[INFO] [stdout] test desc_types::tests::test_return_desc_non_void ... ok
[INFO] [stdout] test desc_types::tests::test_return_desc_void ... ok
[INFO] [stdout] test desc_types::tests::test_method_desc_non_void ... ok
[INFO] [stdout] test desc_types::tests::test_method_desc3_non_void ... ok
[INFO] [stdout] test desc_types::tests::test_ftype_base ... ok
[INFO] [stdout] test desc_types::tests::test_ftype_array_object ... ok
[INFO] [stdout] test desc_types::tests::invalid_method_desc2 - should panic ... ok
[INFO] [stdout] test desc_types::tests::invalid_ftype_empty - should panic ... ok
[INFO] [stdout] test desc_types::tests::invalid_ftype - should panic ... ok
[INFO] [stdout] test desc_types::tests::invalid_field_desc_empty - should panic ... ok
[INFO] [stdout] test desc_types::tests::invalid_return_desc_empty - should panic ... ok
[INFO] [stdout] test desc_types::tests::invalid_return_desc_extra_text - should panic ... ok
[INFO] [stdout] test desc_types::tests::invalid_field_desc_array - should panic ... ok
[INFO] [stdout] test desc_types::tests::invalid_method_desc - should panic ... ok
[INFO] [stdout] test desc_types::tests::invalid_method_desc_empty - should panic ... ok
[INFO] [stdout] 
[INFO] [stdout] test result: ok. 19 passed; 0 failed; 0 ignored; 0 measured; 0 filtered out; finished in 0.05s
[INFO] [stdout] 
[INFO] [stderr]      Running tests/reader_test.rs (/opt/rustwide/target/debug/deps/reader_test-215cefb153144c87)
[INFO] [stdout] 
[INFO] [stdout] running 1 test
[INFO] [stdout] test test_no_panic ... ok
[INFO] [stderr]      Running unittests src/lib.rs (/opt/rustwide/target/debug/deps/sumatra_vm-4026f29d5175b2cf)
[INFO] [stdout] 
[INFO] [stdout] test result: ok. 1 passed; 0 failed; 0 ignored; 0 measured; 0 filtered out; finished in 8.98s
[INFO] [stdout] 
[INFO] [stdout] 
[INFO] [stdout] running 10 tests
[INFO] [stdout] test alloc::oop::test::create_array ... ok
[INFO] [stdout] test alloc::method_area::tests::get_retrieve_many ... ok
[INFO] [stdout] test data_types::array::tests::test_array_comp_prim ... ok
[INFO] [stdout] test alloc::method_area::tests::get_retrieve_miri ... ok
[INFO] [stdout] test alloc::method_area::tests::get_retrieve ... ok
[INFO] [stdout] test data_types::array::tests::test_array_comp_class ... ok
[INFO] [stdout] test data_types::array::tests::test_array_dimension ... ok
[INFO] [stdout] test data_types::array::tests::test_root_comp ... ok
[INFO] [stdout] test data_types::array::tests::test_parse_array ... ok
[INFO] [stdout] test alloc::oop::test::alloc ... FAILED
[INFO] [stdout] 
[INFO] [stdout] failures:
[INFO] [stdout] 
[INFO] [stdout] ---- alloc::oop::test::alloc stdout ----
[INFO] [stdout] /home/dylan/Documents/RustProjects/sumatra/java/out/production/sumatra/files/Main.class
[INFO] [stdout] thread 'alloc::oop::test::alloc' panicked at vm/src/alloc/oop.rs:297:60:
[INFO] [stdout] called `Result::unwrap()` on an `Err` value: No such file or directory (os error 2)
[INFO] [stdout] 
[INFO] [stdout] Stack backtrace:
[INFO] [stdout]    0: anyhow::error::<impl core::convert::From<E> for anyhow::Error>::from
[INFO] [stdout]              at /opt/rustwide/cargo-home/registry/src/index.crates.io-6f17d22bba15001f/anyhow-1.0.94/src/backtrace.rs:27:14
[INFO] [stdout]    1: <core::result::Result<T,F> as core::ops::try_trait::FromResidual<core::result::Result<core::convert::Infallible,E>>>::from_residual
[INFO] [stdout]              at /rustc/202008a1b8de96d2e5b6bc02d379db03a877d34d/library/core/src/result.rs:2009:27
[INFO] [stdout]    2: sumatra_parser::class_reader::ClassReader::new
[INFO] [stdout]              at /opt/rustwide/workdir/parser/src/class_reader.rs:82:24
[INFO] [stdout]    3: sumatra_parser::class_file::ClassFile::parse_class
[INFO] [stdout]              at /opt/rustwide/workdir/parser/src/class_file.rs:72:18
[INFO] [stdout]    4: sumatra_vm::alloc::oop::test::alloc
[INFO] [stdout]              at ./src/alloc/oop.rs:297:30
[INFO] [stdout]    5: sumatra_vm::alloc::oop::test::alloc::{{closure}}
[INFO] [stdout]              at ./src/alloc/oop.rs:294:15
[INFO] [stdout]    6: core::ops::function::FnOnce::call_once
[INFO] [stdout]              at /rustc/202008a1b8de96d2e5b6bc02d379db03a877d34d/library/core/src/ops/function.rs:250:5
[INFO] [stdout]    7: core::ops::function::FnOnce::call_once
[INFO] [stdout]              at /rustc/202008a1b8de96d2e5b6bc02d379db03a877d34d/library/core/src/ops/function.rs:250:5
[INFO] [stdout]    8: test::__rust_begin_short_backtrace
[INFO] [stdout]              at /rustc/202008a1b8de96d2e5b6bc02d379db03a877d34d/library/test/src/lib.rs:632:18
[INFO] [stdout]    9: test::run_test_in_process::{{closure}}
[INFO] [stdout]              at /rustc/202008a1b8de96d2e5b6bc02d379db03a877d34d/library/test/src/lib.rs:655:60
[INFO] [stdout]   10: <core::panic::unwind_safe::AssertUnwindSafe<F> as core::ops::function::FnOnce<()>>::call_once
[INFO] [stdout]              at /rustc/202008a1b8de96d2e5b6bc02d379db03a877d34d/library/core/src/panic/unwind_safe.rs:272:9
[INFO] [stdout]   11: std::panicking::try::do_call
[INFO] [stdout]              at /rustc/202008a1b8de96d2e5b6bc02d379db03a877d34d/library/std/src/panicking.rs:557:40
[INFO] [stdout]   12: std::panicking::try
[INFO] [stdout]              at /rustc/202008a1b8de96d2e5b6bc02d379db03a877d34d/library/std/src/panicking.rs:520:19
[INFO] [stdout]   13: std::panic::catch_unwind
[INFO] [stdout]              at /rustc/202008a1b8de96d2e5b6bc02d379db03a877d34d/library/std/src/panic.rs:358:14
[INFO] [stdout]   14: test::run_test_in_process
[INFO] [stdout]              at /rustc/202008a1b8de96d2e5b6bc02d379db03a877d34d/library/test/src/lib.rs:655:27
[INFO] [stdout]   15: test::run_test::{{closure}}
[INFO] [stdout]              at /rustc/202008a1b8de96d2e5b6bc02d379db03a877d34d/library/test/src/lib.rs:576:43
[INFO] [stdout]   16: test::run_test::{{closure}}
[INFO] [stdout]              at /rustc/202008a1b8de96d2e5b6bc02d379db03a877d34d/library/test/src/lib.rs:606:41
[INFO] [stdout]   17: std::sys::backtrace::__rust_begin_short_backtrace
[INFO] [stdout]              at /rustc/202008a1b8de96d2e5b6bc02d379db03a877d34d/library/std/src/sys/backtrace.rs:154:18
[INFO] [stdout]   18: std::thread::Builder::spawn_unchecked_::{{closure}}::{{closure}}
[INFO] [stdout]              at /rustc/202008a1b8de96d2e5b6bc02d379db03a877d34d/library/std/src/thread/mod.rs:561:17
[INFO] [stdout]   19: <core::panic::unwind_safe::AssertUnwindSafe<F> as core::ops::function::FnOnce<()>>::call_once
[INFO] [stdout]              at /rustc/202008a1b8de96d2e5b6bc02d379db03a877d34d/library/core/src/panic/unwind_safe.rs:272:9
[INFO] [stdout]   20: std::panicking::try::do_call
[INFO] [stdout]              at /rustc/202008a1b8de96d2e5b6bc02d379db03a877d34d/library/std/src/panicking.rs:557:40
[INFO] [stdout]   21: std::panicking::try
[INFO] [stdout]              at /rustc/202008a1b8de96d2e5b6bc02d379db03a877d34d/library/std/src/panicking.rs:520:19
[INFO] [stdout]   22: std::panic::catch_unwind
[INFO] [stdout]              at /rustc/202008a1b8de96d2e5b6bc02d379db03a877d34d/library/std/src/panic.rs:358:14
[INFO] [stdout]   23: std::thread::Builder::spawn_unchecked_::{{closure}}
[INFO] [stdout]              at /rustc/202008a1b8de96d2e5b6bc02d379db03a877d34d/library/std/src/thread/mod.rs:559:30
[INFO] [stdout]   24: core::ops::function::FnOnce::call_once{{vtable.shim}}
[INFO] [stdout]              at /rustc/202008a1b8de96d2e5b6bc02d379db03a877d34d/library/core/src/ops/function.rs:250:5
[INFO] [stdout]   25: <alloc::boxed::Box<F,A> as core::ops::function::FnOnce<Args>>::call_once
[INFO] [stdout]              at /rustc/202008a1b8de96d2e5b6bc02d379db03a877d34d/library/alloc/src/boxed.rs:1972:9
[INFO] [stdout]   26: <alloc::boxed::Box<F,A> as core::ops::function::FnOnce<Args>>::call_once
[INFO] [stdout]              at /rustc/202008a1b8de96d2e5b6bc02d379db03a877d34d/library/alloc/src/boxed.rs:1972:9
[INFO] [stdout]   27: std::sys::pal::unix::thread::Thread::new::thread_start
[INFO] [stdout]              at /rustc/202008a1b8de96d2e5b6bc02d379db03a877d34d/library/std/src/sys/pal/unix/thread.rs:105:17
[INFO] [stdout]   28: <unknown>
[INFO] [stdout]   29: clone
[INFO] [stdout] stack backtrace:
[INFO] [stdout]    0:     0x64415a93974a - std::backtrace_rs::backtrace::libunwind::trace::h8810477743020387
[INFO] [stdout]                                at /rustc/202008a1b8de96d2e5b6bc02d379db03a877d34d/library/std/src/../../backtrace/src/backtrace/libunwind.rs:116:5
[INFO] [stdout]    1:     0x64415a93974a - std::backtrace_rs::backtrace::trace_unsynchronized::h3aa55355dd6c54a6
[INFO] [stdout]                                at /rustc/202008a1b8de96d2e5b6bc02d379db03a877d34d/library/std/src/../../backtrace/src/backtrace/mod.rs:66:5
[INFO] [stdout]    2:     0x64415a93974a - std::sys::backtrace::_print_fmt::h8588b0f62410823f
[INFO] [stdout]                                at /rustc/202008a1b8de96d2e5b6bc02d379db03a877d34d/library/std/src/sys/backtrace.rs:66:9
[INFO] [stdout]    3:     0x64415a93974a - <std::sys::backtrace::BacktraceLock::print::DisplayBacktrace as core::fmt::Display>::fmt::h98c26ac25ffe89bb
[INFO] [stdout]                                at /rustc/202008a1b8de96d2e5b6bc02d379db03a877d34d/library/std/src/sys/backtrace.rs:39:26
[INFO] [stdout]    4:     0x64415a960343 - core::fmt::rt::Argument::fmt::hf95377f4aebd453b
[INFO] [stdout]                                at /rustc/202008a1b8de96d2e5b6bc02d379db03a877d34d/library/core/src/fmt/rt.rs:177:76
[INFO] [stdout]    5:     0x64415a960343 - core::fmt::write::h0dd5f6e2238c7982
[INFO] [stdout]                                at /rustc/202008a1b8de96d2e5b6bc02d379db03a877d34d/library/core/src/fmt/mod.rs:1189:21
[INFO] [stdout]    6:     0x64415a9365d3 - std::io::Write::write_fmt::h03bb0ca26e6faf8c
[INFO] [stdout]                                at /rustc/202008a1b8de96d2e5b6bc02d379db03a877d34d/library/std/src/io/mod.rs:1884:15
[INFO] [stdout]    7:     0x64415a939592 - std::sys::backtrace::BacktraceLock::print::h5c19c1c038ee186d
[INFO] [stdout]                                at /rustc/202008a1b8de96d2e5b6bc02d379db03a877d34d/library/std/src/sys/backtrace.rs:42:9
[INFO] [stdout]    8:     0x64415a93abcd - std::panicking::default_hook::{{closure}}::h77172f079a1fcb13
[INFO] [stdout]                                at /rustc/202008a1b8de96d2e5b6bc02d379db03a877d34d/library/std/src/panicking.rs:268:22
[INFO] [stdout]    9:     0x64415a93a9d7 - std::panicking::default_hook::he5f8e3b203ccddba
[INFO] [stdout]                                at /rustc/202008a1b8de96d2e5b6bc02d379db03a877d34d/library/std/src/panicking.rs:292:9
[INFO] [stdout]   10:     0x64415a888b57 - <alloc::boxed::Box<F,A> as core::ops::function::Fn<Args>>::call::h7a3c7b4a1ae77f2f
[INFO] [stdout]                                at /rustc/202008a1b8de96d2e5b6bc02d379db03a877d34d/library/alloc/src/boxed.rs:1986:9
[INFO] [stdout]   11:     0x64415a888b57 - test::test_main::{{closure}}::hf0d3b69ae9b353d1
[INFO] [stdout]                                at /rustc/202008a1b8de96d2e5b6bc02d379db03a877d34d/library/test/src/lib.rs:134:21
[INFO] [stdout]   12:     0x64415a93b278 - <alloc::boxed::Box<F,A> as core::ops::function::Fn<Args>>::call::h6332e82e7b189abd
[INFO] [stdout]                                at /rustc/202008a1b8de96d2e5b6bc02d379db03a877d34d/library/alloc/src/boxed.rs:1986:9
[INFO] [stdout]   13:     0x64415a93b278 - std::panicking::rust_panic_with_hook::h53863d4e9018df39
[INFO] [stdout]                                at /rustc/202008a1b8de96d2e5b6bc02d379db03a877d34d/library/std/src/panicking.rs:809:13
[INFO] [stdout]   14:     0x64415a93b03a - std::panicking::begin_panic_handler::{{closure}}::h67280e6fa0757873
[INFO] [stdout]                                at /rustc/202008a1b8de96d2e5b6bc02d379db03a877d34d/library/std/src/panicking.rs:674:13
[INFO] [stdout]   15:     0x64415a939c29 - std::sys::backtrace::__rust_end_short_backtrace::h1dac3f54d6fbbeb2
[INFO] [stdout]                                at /rustc/202008a1b8de96d2e5b6bc02d379db03a877d34d/library/std/src/sys/backtrace.rs:170:18
[INFO] [stdout]   16:     0x64415a93accc - rust_begin_unwind
[INFO] [stdout]                                at /rustc/202008a1b8de96d2e5b6bc02d379db03a877d34d/library/std/src/panicking.rs:665:5
[INFO] [stdout]   17:     0x64415a7feaa0 - core::panicking::panic_fmt::h6792bd1b2bf01041
[INFO] [stdout]                                at /rustc/202008a1b8de96d2e5b6bc02d379db03a877d34d/library/core/src/panicking.rs:76:14
[INFO] [stdout]   18:     0x64415a7fef26 - core::result::unwrap_failed::h05e0602ed34287c5
[INFO] [stdout]                                at /rustc/202008a1b8de96d2e5b6bc02d379db03a877d34d/library/core/src/result.rs:1699:5
[INFO] [stdout]   19:     0x64415a848b16 - core::result::Result<T,E>::unwrap::h14413b92ecedc347
[INFO] [stdout]                                at /rustc/202008a1b8de96d2e5b6bc02d379db03a877d34d/library/core/src/result.rs:1104:23
[INFO] [stdout]   20:     0x64415a848b16 - sumatra_vm::alloc::oop::test::alloc::h81c385b94d95f62e
[INFO] [stdout]                                at /opt/rustwide/workdir/vm/src/alloc/oop.rs:297:30
[INFO] [stdout]   21:     0x64415a8488b7 - sumatra_vm::alloc::oop::test::alloc::{{closure}}::h3c46df4b89bea131
[INFO] [stdout]                                at /opt/rustwide/workdir/vm/src/alloc/oop.rs:294:15
[INFO] [stdout]   22:     0x64415a8405b6 - core::ops::function::FnOnce::call_once::h604c2ab0f40a5915
[INFO] [stdout]                                at /rustc/202008a1b8de96d2e5b6bc02d379db03a877d34d/library/core/src/ops/function.rs:250:5
[INFO] [stdout]   23:     0x64415a88d67b - core::ops::function::FnOnce::call_once::h871bf86719ec9aa4
[INFO] [stdout]                                at /rustc/202008a1b8de96d2e5b6bc02d379db03a877d34d/library/core/src/ops/function.rs:250:5
[INFO] [stdout]   24:     0x64415a88d67b - test::__rust_begin_short_backtrace::h2167df1e2b7d76fd
[INFO] [stdout]                                at /rustc/202008a1b8de96d2e5b6bc02d379db03a877d34d/library/test/src/lib.rs:632:18
[INFO] [stdout]   25:     0x64415a88d068 - test::run_test_in_process::{{closure}}::h15d92f75a3adfb79
[INFO] [stdout]                                at /rustc/202008a1b8de96d2e5b6bc02d379db03a877d34d/library/test/src/lib.rs:655:60
[INFO] [stdout]   26:     0x64415a88d068 - <core::panic::unwind_safe::AssertUnwindSafe<F> as core::ops::function::FnOnce<()>>::call_once::hb6c8955835a8dbbb
[INFO] [stdout]                                at /rustc/202008a1b8de96d2e5b6bc02d379db03a877d34d/library/core/src/panic/unwind_safe.rs:272:9
[INFO] [stdout]   27:     0x64415a88d068 - std::panicking::try::do_call::hc79d0fc888a0bd30
[INFO] [stdout]                                at /rustc/202008a1b8de96d2e5b6bc02d379db03a877d34d/library/std/src/panicking.rs:557:40
[INFO] [stdout]   28:     0x64415a88d068 - std::panicking::try::hb8a7878e3a8589d6
[INFO] [stdout]                                at /rustc/202008a1b8de96d2e5b6bc02d379db03a877d34d/library/std/src/panicking.rs:520:19
[INFO] [stdout]   29:     0x64415a88d068 - std::panic::catch_unwind::hb8e4600ff0ff5cfa
[INFO] [stdout]                                at /rustc/202008a1b8de96d2e5b6bc02d379db03a877d34d/library/std/src/panic.rs:358:14
[INFO] [stdout]   30:     0x64415a88d068 - test::run_test_in_process::hc2900b0b18688dd6
[INFO] [stdout]                                at /rustc/202008a1b8de96d2e5b6bc02d379db03a877d34d/library/test/src/lib.rs:655:27
[INFO] [stdout]   31:     0x64415a88d068 - test::run_test::{{closure}}::hac2a9cb07be3d48d
[INFO] [stdout]                                at /rustc/202008a1b8de96d2e5b6bc02d379db03a877d34d/library/test/src/lib.rs:576:43
[INFO] [stdout]   32:     0x64415a850b0a - test::run_test::{{closure}}::h4a5b729e66a38cd8
[INFO] [stdout]                                at /rustc/202008a1b8de96d2e5b6bc02d379db03a877d34d/library/test/src/lib.rs:606:41
[INFO] [stdout]   33:     0x64415a850b0a - std::sys::backtrace::__rust_begin_short_backtrace::h0496fb742492f573
[INFO] [stdout]                                at /rustc/202008a1b8de96d2e5b6bc02d379db03a877d34d/library/std/src/sys/backtrace.rs:154:18
[INFO] [stdout]   34:     0x64415a854484 - std::thread::Builder::spawn_unchecked_::{{closure}}::{{closure}}::hbb6d257c550a54bd
[INFO] [stdout]                                at /rustc/202008a1b8de96d2e5b6bc02d379db03a877d34d/library/std/src/thread/mod.rs:561:17
[INFO] [stdout]   35:     0x64415a854484 - <core::panic::unwind_safe::AssertUnwindSafe<F> as core::ops::function::FnOnce<()>>::call_once::h46696fe4a6832328
[INFO] [stdout]                                at /rustc/202008a1b8de96d2e5b6bc02d379db03a877d34d/library/core/src/panic/unwind_safe.rs:272:9
[INFO] [stdout]   36:     0x64415a854484 - std::panicking::try::do_call::h2625a51b667bfb64
[INFO] [stdout]                                at /rustc/202008a1b8de96d2e5b6bc02d379db03a877d34d/library/std/src/panicking.rs:557:40
[INFO] [stdout]   37:     0x64415a854484 - std::panicking::try::hb956a59a1973aa4c
[INFO] [stdout]                                at /rustc/202008a1b8de96d2e5b6bc02d379db03a877d34d/library/std/src/panicking.rs:520:19
[INFO] [stdout]   38:     0x64415a854484 - std::panic::catch_unwind::h64f3b9d1067ef6a0
[INFO] [stdout]                                at /rustc/202008a1b8de96d2e5b6bc02d379db03a877d34d/library/std/src/panic.rs:358:14
[INFO] [stdout]   39:     0x64415a854484 - std::thread::Builder::spawn_unchecked_::{{closure}}::h42b2841295b6c0b2
[INFO] [stdout]                                at /rustc/202008a1b8de96d2e5b6bc02d379db03a877d34d/library/std/src/thread/mod.rs:559:30
[INFO] [stdout]   40:     0x64415a854484 - core::ops::function::FnOnce::call_once{{vtable.shim}}::h6127de71b8124639
[INFO] [stdout]                                at /rustc/202008a1b8de96d2e5b6bc02d379db03a877d34d/library/core/src/ops/function.rs:250:5
[INFO] [stdout]   41:     0x64415a93f1cb - <alloc::boxed::Box<F,A> as core::ops::function::FnOnce<Args>>::call_once::h42f0ba71002a1b2c
[INFO] [stdout]                                at /rustc/202008a1b8de96d2e5b6bc02d379db03a877d34d/library/alloc/src/boxed.rs:1972:9
[INFO] [stdout]   42:     0x64415a93f1cb - <alloc::boxed::Box<F,A> as core::ops::function::FnOnce<Args>>::call_once::had9e47d7a3dcecb8
[INFO] [stdout]                                at /rustc/202008a1b8de96d2e5b6bc02d379db03a877d34d/library/alloc/src/boxed.rs:1972:9
[INFO] [stdout]   43:     0x64415a93f1cb - std::sys::pal::unix::thread::Thread::new::thread_start::h48cf765408f6f5f2
[INFO] [stdout]                                at /rustc/202008a1b8de96d2e5b6bc02d379db03a877d34d/library/std/src/sys/pal/unix/thread.rs:105:17
[INFO] [stdout]   44:     0x7de556dd0ac3 - <unknown>
[INFO] [stdout]   45:     0x7de556e61a04 - clone
[INFO] [stdout]   46:                0x0 - <unknown>
[INFO] [stdout] 
[INFO] [stdout] 
[INFO] [stdout] failures:
[INFO] [stdout]     alloc::oop::test::alloc
[INFO] [stdout] 
[INFO] [stdout] test result: FAILED. 9 passed; 1 failed; 0 ignored; 0 measured; 0 filtered out; finished in 0.17s
[INFO] [stdout] 
[INFO] [stderr] error: test failed, to rerun pass `-p sumatra_vm --lib`
[INFO] running `Command { std: "docker" "inspect" "60c1d2ec6869f1d98ef1149d15602ce7278cfe1d376589266c4f577ffd11badf", kill_on_drop: false }`
[INFO] running `Command { std: "docker" "rm" "-f" "60c1d2ec6869f1d98ef1149d15602ce7278cfe1d376589266c4f577ffd11badf", kill_on_drop: false }`
[INFO] [stdout] 60c1d2ec6869f1d98ef1149d15602ce7278cfe1d376589266c4f577ffd11badf
