[INFO] cloning repository https://github.com/dbr/vidl-rs
[INFO] running `Command { std: "git" "-c" "credential.helper=" "-c" "credential.helper=/workspace/cargo-home/bin/git-credential-null" "clone" "--bare" "https://github.com/dbr/vidl-rs" "/workspace/cache/git-repos/https%3A%2F%2Fgithub.com%2Fdbr%2Fvidl-rs", kill_on_drop: false }`
[INFO] [stderr] Cloning into bare repository '/workspace/cache/git-repos/https%3A%2F%2Fgithub.com%2Fdbr%2Fvidl-rs'...
[INFO] running `Command { std: "git" "rev-parse" "HEAD", kill_on_drop: false }`
[INFO] [stdout] 9ab74c5e4710ba7085f74f1ece07257c5310f64d
[INFO] testing dbr/vidl-rs against 1.83.0 for beta-1.84.0-4-retry
[INFO] running `Command { std: "git" "clone" "/workspace/cache/git-repos/https%3A%2F%2Fgithub.com%2Fdbr%2Fvidl-rs" "/workspace/builds/worker-4-tc1/source", kill_on_drop: false }`
[INFO] [stderr] Cloning into '/workspace/builds/worker-4-tc1/source'...
[INFO] [stderr] done.
[INFO] validating manifest of git repo https://github.com/dbr/vidl-rs on toolchain 1.83.0
[INFO] running `Command { std: CARGO_HOME="/workspace/cargo-home" RUSTUP_HOME="/workspace/rustup-home" "/workspace/cargo-home/bin/cargo" "+1.83.0" "metadata" "--manifest-path" "Cargo.toml" "--no-deps", kill_on_drop: false }`
[INFO] started tweaking git repo https://github.com/dbr/vidl-rs
[INFO] finished tweaking git repo https://github.com/dbr/vidl-rs
[INFO] tweaked toml for git repo https://github.com/dbr/vidl-rs written to /workspace/builds/worker-4-tc1/source/Cargo.toml
[INFO] crate git repo https://github.com/dbr/vidl-rs already has a lockfile, it will not be regenerated
[INFO] running `Command { std: CARGO_HOME="/workspace/cargo-home" RUSTUP_HOME="/workspace/rustup-home" "/workspace/cargo-home/bin/cargo" "+1.83.0" "fetch" "--manifest-path" "Cargo.toml", kill_on_drop: false }`
[INFO] [stderr]     Updating crates.io index
[INFO] [stderr]  Downloading crates ...
[INFO] [stderr]   Downloaded os_pipe v1.1.4
[INFO] [stderr]   Downloaded snapbox-macros v0.3.5
[INFO] [stderr]   Downloaded trycmd v0.14.17
[INFO] [stderr]   Downloaded nonzero_ext v0.1.5
[INFO] [stderr]   Downloaded evmap v6.0.1
[INFO] [stderr]   Downloaded basic-toml v0.1.4
[INFO] [stderr]   Downloaded mockito v0.32.5
[INFO] [stderr]   Downloaded snapbox v0.4.12
[INFO] [stderr]   Downloaded ratelimit_meter v5.0.0
[INFO] [stderr]   Downloaded rouille v3.6.2
[INFO] running `Command { std: "docker" "create" "-v" "/var/lib/crater-agent-workspace/builds/worker-4-tc1/target:/opt/rustwide/target:rw,Z" "-v" "/var/lib/crater-agent-workspace/builds/worker-4-tc1/source:/opt/rustwide/workdir:ro,Z" "-v" "/var/lib/crater-agent-workspace/cargo-home:/opt/rustwide/cargo-home:ro,Z" "-v" "/var/lib/crater-agent-workspace/rustup-home:/opt/rustwide/rustup-home:ro,Z" "-e" "SOURCE_DIR=/opt/rustwide/workdir" "-e" "CARGO_TARGET_DIR=/opt/rustwide/target" "-e" "CARGO_HOME=/opt/rustwide/cargo-home" "-e" "RUSTUP_HOME=/opt/rustwide/rustup-home" "-w" "/opt/rustwide/workdir" "-m" "1610612736" "--user" "0:0" "--network" "none" "ghcr.io/rust-lang/crates-build-env/linux@sha256:f3a9d4ad9d972b27faf3965f35b62e55ba32bbce8f20bc8fe909558a86702fde" "/opt/rustwide/cargo-home/bin/cargo" "+1.83.0" "metadata" "--no-deps" "--format-version=1", kill_on_drop: false }`
[INFO] [stdout] 36cbda009d0e7185dd3488641d221453732ea3fd9e3f714cf3a9b9ef7bb7a892
[INFO] running `Command { std: "docker" "start" "-a" "36cbda009d0e7185dd3488641d221453732ea3fd9e3f714cf3a9b9ef7bb7a892", kill_on_drop: false }`
[INFO] running `Command { std: "docker" "inspect" "36cbda009d0e7185dd3488641d221453732ea3fd9e3f714cf3a9b9ef7bb7a892", kill_on_drop: false }`
[INFO] running `Command { std: "docker" "rm" "-f" "36cbda009d0e7185dd3488641d221453732ea3fd9e3f714cf3a9b9ef7bb7a892", kill_on_drop: false }`
[INFO] [stdout] 36cbda009d0e7185dd3488641d221453732ea3fd9e3f714cf3a9b9ef7bb7a892
[INFO] running `Command { std: "docker" "create" "-v" "/var/lib/crater-agent-workspace/builds/worker-4-tc1/target:/opt/rustwide/target:rw,Z" "-v" "/var/lib/crater-agent-workspace/builds/worker-4-tc1/source:/opt/rustwide/workdir:ro,Z" "-v" "/var/lib/crater-agent-workspace/cargo-home:/opt/rustwide/cargo-home:ro,Z" "-v" "/var/lib/crater-agent-workspace/rustup-home:/opt/rustwide/rustup-home:ro,Z" "-e" "SOURCE_DIR=/opt/rustwide/workdir" "-e" "CARGO_TARGET_DIR=/opt/rustwide/target" "-e" "CARGO_INCREMENTAL=0" "-e" "RUST_BACKTRACE=full" "-e" "RUSTFLAGS=--cap-lints=warn" "-e" "RUSTDOCFLAGS=--cap-lints=warn" "-e" "CARGO_HOME=/opt/rustwide/cargo-home" "-e" "RUSTUP_HOME=/opt/rustwide/rustup-home" "-w" "/opt/rustwide/workdir" "-m" "1610612736" "--user" "0:0" "--network" "none" "ghcr.io/rust-lang/crates-build-env/linux@sha256:f3a9d4ad9d972b27faf3965f35b62e55ba32bbce8f20bc8fe909558a86702fde" "/opt/rustwide/cargo-home/bin/cargo" "+1.83.0" "build" "--frozen" "--message-format=json", kill_on_drop: false }`
[INFO] [stdout] 302c305ddddf6de188f50c7b7438b4f3317a0728316c0a9aeeb8b0b401d54b02
[INFO] running `Command { std: "docker" "start" "-a" "302c305ddddf6de188f50c7b7438b4f3317a0728316c0a9aeeb8b0b401d54b02", kill_on_drop: false }`
[INFO] [stderr]    Compiling libc v0.2.147
[INFO] [stderr]    Compiling cfg-if v1.0.0
[INFO] [stderr]    Compiling proc-macro2 v1.0.66
[INFO] [stderr]    Compiling unicode-ident v1.0.11
[INFO] [stderr]    Compiling version_check v0.9.4
[INFO] [stderr]    Compiling autocfg v1.1.0
[INFO] [stderr]    Compiling serde v1.0.188
[INFO] [stderr]    Compiling vcpkg v0.2.15
[INFO] [stderr]    Compiling pkg-config v0.3.27
[INFO] [stderr]    Compiling memchr v2.6.3
[INFO] [stderr]    Compiling bitflags v2.4.0
[INFO] [stderr]    Compiling once_cell v1.18.0
[INFO] [stderr]    Compiling unicase v2.7.0
[INFO] [stderr]    Compiling semver-parser v0.7.0
[INFO] [stderr]    Compiling ahash v0.8.3
[INFO] [stderr]    Compiling scopeguard v1.2.0
[INFO] [stderr]    Compiling crossbeam-utils v0.8.16
[INFO] [stderr]    Compiling semver v0.9.0
[INFO] [stderr]    Compiling memoffset v0.9.0
[INFO] [stderr]    Compiling rustix v0.38.13
[INFO] [stderr]    Compiling utf8parse v0.2.1
[INFO] [stderr]    Compiling quote v1.0.33
[INFO] [stderr]    Compiling rustc_version v0.2.3
[INFO] [stderr]    Compiling crc32fast v1.3.2
[INFO] [stderr]    Compiling anstyle-parse v0.2.1
[INFO] [stderr]    Compiling mime_guess v2.0.4
[INFO] [stderr]    Compiling syn v2.0.32
[INFO] [stderr]    Compiling crossbeam-epoch v0.9.15
[INFO] [stderr]    Compiling num-traits v0.2.16
[INFO] [stderr]    Compiling log v0.4.20
[INFO] [stderr]    Compiling anstyle v1.0.3
[INFO] [stderr]    Compiling anstyle-query v1.0.0
[INFO] [stderr]    Compiling linux-raw-sys v0.4.7
[INFO] [stderr]    Compiling tinyvec_macros v0.1.1
[INFO] [stderr]    Compiling colorchoice v1.0.0
[INFO] [stderr]    Compiling allocator-api2 v0.2.16
[INFO] [stderr]    Compiling tinyvec v1.6.0
[INFO] [stderr]    Compiling anstream v0.5.0
[INFO] [stderr]    Compiling hashbrown v0.14.0
[INFO] [stderr]    Compiling percent-encoding v2.3.0
[INFO] [stderr]    Compiling mime v0.3.17
[INFO] [stderr]    Compiling fastrand v2.0.0
[INFO] [stderr]    Compiling cc v1.0.83
[INFO] [stderr]    Compiling getrandom v0.2.10
[INFO] [stderr]    Compiling num_cpus v1.16.0
[INFO] [stderr]    Compiling rand_core v0.6.4
[INFO] [stderr]    Compiling smallvec v0.6.14
[INFO] [stderr]    Compiling unicode-normalization v0.1.22
[INFO] [stderr]    Compiling parking_lot_core v0.6.3
[INFO] [stderr]    Compiling alloc-no-stdlib v2.0.4
[INFO] [stderr]    Compiling libm v0.2.7
[INFO] [stderr]    Compiling openssl v0.10.57
[INFO] [stderr]    Compiling itoa v1.0.9
[INFO] [stderr]    Compiling foreign-types-shared v0.1.1
[INFO] [stderr]    Compiling rayon-core v1.11.0
[INFO] [stderr]    Compiling httparse v1.8.0
[INFO] [stderr]    Compiling unicode-bidi v0.3.13
[INFO] [stderr]    Compiling ppv-lite86 v0.2.17
[INFO] [stderr]    Compiling foreign-types v0.3.2
[INFO] [stderr]    Compiling alloc-stdlib v0.2.2
[INFO] [stderr]    Compiling idna v0.4.0
[INFO] [stderr]    Compiling crossbeam-deque v0.8.3
[INFO] [stderr]    Compiling openssl-sys v0.9.93
[INFO] [stderr]    Compiling libsqlite3-sys v0.26.0
[INFO] [stderr]    Compiling form_urlencoded v1.2.0
[INFO] [stderr]    Compiling rand_chacha v0.3.1
[INFO] [stderr]    Compiling filetime v0.2.22
[INFO] [stderr]    Compiling crossbeam-channel v0.5.8
[INFO] [stderr]    Compiling parking_lot v0.9.0
[INFO] [stderr]    Compiling adler v1.0.2
[INFO] [stderr]    Compiling native-tls v0.2.11
[INFO] [stderr]    Compiling tempfile v3.8.0
[INFO] [stderr]    Compiling equivalent v1.0.1
[INFO] [stderr]    Compiling serde_json v1.0.106
[INFO] [stderr]    Compiling same-file v1.0.6
[INFO] [stderr]    Compiling minimal-lexical v0.2.1
[INFO] [stderr]    Compiling iana-time-zone v0.1.57
[INFO] [stderr]    Compiling walkdir v2.4.0
[INFO] [stderr]    Compiling nom v7.1.3
[INFO] [stderr]    Compiling chrono v0.4.30
[INFO] [stderr]    Compiling buf_redux v0.8.4
[INFO] [stderr]    Compiling indexmap v2.0.0
[INFO] [stderr]    Compiling miniz_oxide v0.7.1
[INFO] [stderr]    Compiling rand v0.8.5
[INFO] [stderr]    Compiling url v2.4.1
[INFO] [stderr]    Compiling brotli-decompressor v2.3.4
[INFO] [stderr]    Compiling serde_derive v1.0.188
[INFO] [stderr]    Compiling openssl-macros v0.1.1
[INFO] [stderr]    Compiling os_pipe v1.1.4
[INFO] [stderr]    Compiling wait-timeout v0.2.0
[INFO] [stderr]    Compiling gzip-header v1.0.0
[INFO] [stderr]    Compiling snapbox-macros v0.3.5
[INFO] [stderr]    Compiling twoway v0.1.8
[INFO] [stderr]    Compiling content_inspector v0.2.4
[INFO] [stderr]    Compiling lock_api v0.3.4
[INFO] [stderr]    Compiling openssl-probe v0.1.5
[INFO] [stderr]    Compiling dunce v1.0.4
[INFO] [stderr]    Compiling ryu v1.0.15
[INFO] [stderr]    Compiling bytes v1.5.0
[INFO] [stderr]    Compiling anyhow v1.0.75
[INFO] [stderr]    Compiling ascii v1.1.0
[INFO] [stderr]    Compiling deranged v0.3.8
[INFO] [stderr]    Compiling time-core v0.1.1
[INFO] [stderr]    Compiling num_threads v0.1.6
[INFO] [stderr]    Compiling thiserror v1.0.48
[INFO] [stderr]    Compiling clap_lex v0.5.1
[INFO] [stderr]    Compiling httpdate v1.0.3
[INFO] [stderr]    Compiling adler32 v1.2.0
[INFO] [stderr]    Compiling option-ext v0.2.0
[INFO] [stderr]    Compiling heck v0.4.1
[INFO] [stderr]    Compiling chunked_transfer v1.4.1
[INFO] [stderr]    Compiling either v1.9.0
[INFO] [stderr]    Compiling strsim v0.10.0
[INFO] [stderr]    Compiling normalize-line-endings v0.3.0
[INFO] [stderr]    Compiling similar v2.2.1
[INFO] [stderr]    Compiling hashbrown v0.5.0
[INFO] [stderr]    Compiling winnow v0.5.15
[INFO] [stderr]    Compiling humantime v2.1.0
[INFO] [stderr]    Compiling evmap v6.0.1
[INFO] [stderr]    Compiling snapbox v0.4.12
[INFO] [stderr]    Compiling clap_derive v4.4.2
[INFO] [stderr]    Compiling multipart v0.18.0
[INFO] [stderr]    Compiling clap_builder v4.4.2
[INFO] [stderr]    Compiling rayon v1.7.0
[INFO] [stderr]    Compiling tiny_http v0.12.0
[INFO] [stderr]    Compiling dirs-sys v0.4.1
[INFO] [stderr]    Compiling deflate v1.0.0
[INFO] [stderr]    Compiling http v0.2.9
[INFO] [stderr]    Compiling time v0.3.28
[INFO] [stderr]    Compiling humansize v2.1.3
[INFO] [stderr]    Compiling brotli v3.3.4
[INFO] [stderr]    Compiling thiserror-impl v1.0.48
[INFO] [stderr]    Compiling flate2 v1.0.27
[INFO] [stderr]    Compiling hashlink v0.8.4
[INFO] [stderr]    Compiling threadpool v1.8.1
[INFO] [stderr]    Compiling askama_escape v0.10.3
[INFO] [stderr]    Compiling base64 v0.13.1
[INFO] [stderr]    Compiling nonzero_ext v0.1.5
[INFO] [stderr]    Compiling sha1_smol v1.0.0
[INFO] [stderr]    Compiling fallible-streaming-iterator v0.1.9
[INFO] [stderr]    Compiling glob v0.3.1
[INFO] [stderr]    Compiling shlex v1.2.0
[INFO] [stderr]    Compiling smallvec v1.11.0
[INFO] [stderr]    Compiling fallible-iterator v0.2.0
[INFO] [stderr]    Compiling ratelimit_meter v5.0.0
[INFO] [stderr]    Compiling attohttpc v0.26.1
[INFO] [stderr]    Compiling rusqlite v0.29.0
[INFO] [stderr]    Compiling clap v4.4.2
[INFO] [stderr]    Compiling directories v5.0.1
[INFO] [stderr]    Compiling fern v0.6.2
[INFO] [stderr]    Compiling basic-toml v0.1.4
[INFO] [stderr]    Compiling serde_spanned v0.6.3
[INFO] [stderr]    Compiling toml_datetime v0.6.3
[INFO] [stderr]    Compiling toml_edit v0.19.15
[INFO] [stderr]    Compiling humantime-serde v1.1.1
[INFO] [stderr]    Compiling askama_derive v0.12.1
[INFO] [stderr]    Compiling rouille v3.6.2
[INFO] [stderr]    Compiling trycmd v0.14.17
[INFO] [stderr]    Compiling askama v0.12.0
[INFO] [stderr]    Compiling vidl v0.1.0 (/opt/rustwide/workdir)
[INFO] [stdout] warning: use of deprecated method `chrono::TimeZone::timestamp`: use `timestamp_opt()` instead
[INFO] [stdout]    --> src/source/invidious.rs:189:47
[INFO] [stdout]     |
[INFO] [stdout] 189 |                     published_at: chrono::Utc.timestamp(d.published, 0),
[INFO] [stdout]     |                                               ^^^^^^^^^
[INFO] [stdout]     |
[INFO] [stdout]     = note: `#[warn(deprecated)]` on by default
[INFO] [stdout] 
[INFO] [stdout] 
[INFO] [stdout] warning: use of deprecated method `chrono::DateTime::<Tz>::date`: Use `date_naive()` instead
[INFO] [stdout]    --> src/web.rs:261:45
[INFO] [stdout]     |
[INFO] [stdout] 261 |         let timestamp = v.info.published_at.date().format("%Y-%m-%d").to_string();
[INFO] [stdout]     |                                             ^^^^
[INFO] [stdout] 
[INFO] [stdout] 
[INFO] [stdout] warning: field `num_workers` is never read
[INFO] [stdout]   --> src/config.rs:11:9
[INFO] [stdout]    |
[INFO] [stdout] 4  | pub struct Config {
[INFO] [stdout]    |            ------ field in this struct
[INFO] [stdout] ...
[INFO] [stdout] 11 |     pub num_workers: usize,
[INFO] [stdout]    |         ^^^^^^^^^^^
[INFO] [stdout]    |
[INFO] [stdout]    = note: `#[warn(dead_code)]` on by default
[INFO] [stdout] 
[INFO] [stdout] 
[INFO] [stdout] warning: field `date_added` is never read
[INFO] [stdout]   --> src/db.rs:40:9
[INFO] [stdout]    |
[INFO] [stdout] 26 | pub struct DBVideoInfo {
[INFO] [stdout]    |            ----------- field in this struct
[INFO] [stdout] ...
[INFO] [stdout] 40 |     pub date_added: chrono::DateTime<chrono::Utc>,
[INFO] [stdout]    |         ^^^^^^^^^^
[INFO] [stdout]    |
[INFO] [stdout]    = note: `DBVideoInfo` has a derived impl for the trait `Debug`, but this is intentionally ignored during dead code analysis
[INFO] [stdout] 
[INFO] [stdout] 
[INFO] [stdout] warning: method `get_name` is never used
[INFO] [stdout]   --> src/libmig.rs:15:8
[INFO] [stdout]    |
[INFO] [stdout] 13 | pub trait Migration: std::fmt::Debug {
[INFO] [stdout]    |           --------- method in this trait
[INFO] [stdout] 14 |     fn get_version(&self) -> i64;
[INFO] [stdout] 15 |     fn get_name(&self) -> &str;
[INFO] [stdout]    |        ^^^^^^^^
[INFO] [stdout] 
[INFO] [stdout] 
[INFO] [stdout] warning: field `description` is never read
[INFO] [stdout]  --> src/source/base.rs:8:9
[INFO] [stdout]   |
[INFO] [stdout] 5 | pub struct ChannelMetadata {
[INFO] [stdout]   |            --------------- field in this struct
[INFO] [stdout] ...
[INFO] [stdout] 8 |     pub description: String,
[INFO] [stdout]   |         ^^^^^^^^^^^
[INFO] [stdout]   |
[INFO] [stdout]   = note: `ChannelMetadata` has a derived impl for the trait `Debug`, but this is intentionally ignored during dead code analysis
[INFO] [stdout] 
[INFO] [stdout] 
[INFO] [stderr]     Finished `dev` profile [unoptimized + debuginfo] target(s) in 2m 06s
[INFO] [stderr] warning: the following packages contain code that will be rejected by a future version of Rust: buf_redux v0.8.4, multipart v0.18.0
[INFO] [stderr] note: to see what the problems were, use the option `--future-incompat-report`, or run `cargo report future-incompatibilities --id 1`
[INFO] running `Command { std: "docker" "inspect" "302c305ddddf6de188f50c7b7438b4f3317a0728316c0a9aeeb8b0b401d54b02", kill_on_drop: false }`
[INFO] running `Command { std: "docker" "rm" "-f" "302c305ddddf6de188f50c7b7438b4f3317a0728316c0a9aeeb8b0b401d54b02", kill_on_drop: false }`
[INFO] [stdout] 302c305ddddf6de188f50c7b7438b4f3317a0728316c0a9aeeb8b0b401d54b02
[INFO] running `Command { std: "docker" "create" "-v" "/var/lib/crater-agent-workspace/builds/worker-4-tc1/target:/opt/rustwide/target:rw,Z" "-v" "/var/lib/crater-agent-workspace/builds/worker-4-tc1/source:/opt/rustwide/workdir:ro,Z" "-v" "/var/lib/crater-agent-workspace/cargo-home:/opt/rustwide/cargo-home:ro,Z" "-v" "/var/lib/crater-agent-workspace/rustup-home:/opt/rustwide/rustup-home:ro,Z" "-e" "SOURCE_DIR=/opt/rustwide/workdir" "-e" "CARGO_TARGET_DIR=/opt/rustwide/target" "-e" "CARGO_INCREMENTAL=0" "-e" "RUST_BACKTRACE=full" "-e" "RUSTFLAGS=--cap-lints=warn" "-e" "RUSTDOCFLAGS=--cap-lints=warn" "-e" "CARGO_HOME=/opt/rustwide/cargo-home" "-e" "RUSTUP_HOME=/opt/rustwide/rustup-home" "-w" "/opt/rustwide/workdir" "-m" "1610612736" "--user" "0:0" "--network" "none" "ghcr.io/rust-lang/crates-build-env/linux@sha256:f3a9d4ad9d972b27faf3965f35b62e55ba32bbce8f20bc8fe909558a86702fde" "/opt/rustwide/cargo-home/bin/cargo" "+1.83.0" "test" "--frozen" "--no-run" "--message-format=json", kill_on_drop: false }`
[INFO] [stdout] 21ee134d13f7ee6a7cb676e2d16a7cea92050e175a561f7986be93f323e7746b
[INFO] running `Command { std: "docker" "start" "-a" "21ee134d13f7ee6a7cb676e2d16a7cea92050e175a561f7986be93f323e7746b", kill_on_drop: false }`
[INFO] [stderr]    Compiling futures-core v0.3.28
[INFO] [stderr]    Compiling pin-project-lite v0.2.13
[INFO] [stderr]    Compiling slab v0.4.9
[INFO] [stderr]    Compiling lock_api v0.4.10
[INFO] [stderr]    Compiling futures-channel v0.3.28
[INFO] [stderr]    Compiling futures-sink v0.3.28
[INFO] [stderr]    Compiling futures-task v0.3.28
[INFO] [stderr]    Compiling parking_lot_core v0.9.8
[INFO] [stderr]    Compiling futures-util v0.3.28
[INFO] [stderr]    Compiling futures-macro v0.3.28
[INFO] [stderr]    Compiling futures-io v0.3.28
[INFO] [stderr]    Compiling tracing-core v0.1.31
[INFO] [stderr]    Compiling tokio-macros v2.1.0
[INFO] [stderr]    Compiling indexmap v1.9.3
[INFO] [stderr]    Compiling signal-hook-registry v1.4.1
[INFO] [stderr]    Compiling mio v0.8.8
[INFO] [stderr]    Compiling parking_lot v0.12.1
[INFO] [stderr]    Compiling socket2 v0.5.4
[INFO] [stderr]    Compiling tracing v0.1.37
[INFO] [stderr]    Compiling aho-corasick v1.0.5
[INFO] [stderr]    Compiling hashbrown v0.12.3
[INFO] [stderr]    Compiling regex-syntax v0.7.5
[INFO] [stderr]    Compiling is-terminal v0.4.9
[INFO] [stderr]    Compiling try-lock v0.2.4
[INFO] [stderr]    Compiling want v0.3.1
[INFO] [stderr]    Compiling http-body v0.4.5
[INFO] [stderr]    Compiling socket2 v0.4.9
[INFO] [stderr]    Compiling tower-service v0.3.2
[INFO] [stderr]    Compiling colored v2.0.4
[INFO] [stderr]    Compiling assert-json-diff v2.0.2
[INFO] [stderr]    Compiling tokio v1.32.0
[INFO] [stderr]    Compiling serde_urlencoded v0.7.1
[INFO] [stderr]    Compiling termcolor v1.2.0
[INFO] [stdout] warning: use of deprecated method `chrono::TimeZone::timestamp`: use `timestamp_opt()` instead
[INFO] [stdout]    --> src/source/invidious.rs:189:47
[INFO] [stdout]     |
[INFO] [stdout] 189 |                     published_at: chrono::Utc.timestamp(d.published, 0),
[INFO] [stdout]     |                                               ^^^^^^^^^
[INFO] [stdout]     |
[INFO] [stdout]     = note: `#[warn(deprecated)]` on by default
[INFO] [stdout] 
[INFO] [stdout] 
[INFO] [stdout] warning: use of deprecated method `chrono::DateTime::<Tz>::date`: Use `date_naive()` instead
[INFO] [stdout]    --> src/web.rs:261:45
[INFO] [stdout]     |
[INFO] [stdout] 261 |         let timestamp = v.info.published_at.date().format("%Y-%m-%d").to_string();
[INFO] [stdout]     |                                             ^^^^
[INFO] [stdout] 
[INFO] [stdout] 
[INFO] [stdout] warning: field `num_workers` is never read
[INFO] [stdout]   --> src/config.rs:11:9
[INFO] [stdout]    |
[INFO] [stdout] 4  | pub struct Config {
[INFO] [stdout]    |            ------ field in this struct
[INFO] [stdout] ...
[INFO] [stdout] 11 |     pub num_workers: usize,
[INFO] [stdout]    |         ^^^^^^^^^^^
[INFO] [stdout]    |
[INFO] [stdout]    = note: `#[warn(dead_code)]` on by default
[INFO] [stdout] 
[INFO] [stdout] 
[INFO] [stdout] warning: field `date_added` is never read
[INFO] [stdout]   --> src/db.rs:40:9
[INFO] [stdout]    |
[INFO] [stdout] 26 | pub struct DBVideoInfo {
[INFO] [stdout]    |            ----------- field in this struct
[INFO] [stdout] ...
[INFO] [stdout] 40 |     pub date_added: chrono::DateTime<chrono::Utc>,
[INFO] [stdout]    |         ^^^^^^^^^^
[INFO] [stdout]    |
[INFO] [stdout]    = note: `DBVideoInfo` has a derived impl for the trait `Debug`, but this is intentionally ignored during dead code analysis
[INFO] [stdout] 
[INFO] [stdout] 
[INFO] [stdout] warning: method `get_name` is never used
[INFO] [stdout]   --> src/libmig.rs:15:8
[INFO] [stdout]    |
[INFO] [stdout] 13 | pub trait Migration: std::fmt::Debug {
[INFO] [stdout]    |           --------- method in this trait
[INFO] [stdout] 14 |     fn get_version(&self) -> i64;
[INFO] [stdout] 15 |     fn get_name(&self) -> &str;
[INFO] [stdout]    |        ^^^^^^^^
[INFO] [stdout] 
[INFO] [stdout] 
[INFO] [stdout] warning: field `description` is never read
[INFO] [stdout]  --> src/source/base.rs:8:9
[INFO] [stdout]   |
[INFO] [stdout] 5 | pub struct ChannelMetadata {
[INFO] [stdout]   |            --------------- field in this struct
[INFO] [stdout] ...
[INFO] [stdout] 8 |     pub description: String,
[INFO] [stdout]   |         ^^^^^^^^^^^
[INFO] [stdout]   |
[INFO] [stdout]   = note: `ChannelMetadata` has a derived impl for the trait `Debug`, but this is intentionally ignored during dead code analysis
[INFO] [stdout] 
[INFO] [stdout] 
[INFO] [stderr]    Compiling regex-automata v0.3.8
[INFO] [stderr]    Compiling futures-executor v0.3.28
[INFO] [stderr]    Compiling futures v0.3.28
[INFO] [stderr]    Compiling regex v1.9.5
[INFO] [stderr]    Compiling env_logger v0.10.0
[INFO] [stderr]    Compiling tokio-util v0.7.8
[INFO] [stderr]    Compiling h2 v0.3.21
[INFO] [stderr]    Compiling hyper v0.14.27
[INFO] [stderr]    Compiling mockito v0.32.5
[INFO] [stderr]    Compiling vidl v0.1.0 (/opt/rustwide/workdir)
[INFO] [stdout] warning: use of deprecated function `mockito::server_url`: Use `Server::url` instead
[INFO] [stdout]   --> src/source/invidious.rs:15:35
[INFO] [stdout]    |
[INFO] [stdout] 15 |     let prefix: String = mockito::server_url();
[INFO] [stdout]    |                                   ^^^^^^^^^^
[INFO] [stdout]    |
[INFO] [stdout]    = note: `#[warn(deprecated)]` on by default
[INFO] [stdout] 
[INFO] [stdout] 
[INFO] [stdout] warning: use of deprecated function `mockito::mock`: Use `Server::mock` instead
[INFO] [stdout]    --> src/source/invidious.rs:344:28
[INFO] [stdout]     |
[INFO] [stdout] 344 |         let _m1 = mockito::mock("GET", "/api/v1/channels/thegreatsd")
[INFO] [stdout]     |                            ^^^^
[INFO] [stdout] 
[INFO] [stdout] 
[INFO] [stdout] warning: use of deprecated function `mockito::mock`: Use `Server::mock` instead
[INFO] [stdout]    --> src/source/invidious.rs:347:28
[INFO] [stdout]     |
[INFO] [stdout] 347 |         let _m2 = mockito::mock("GET", "/api/v1/channels/UCUBfKCp83QT19JCUekEdxOQ")
[INFO] [stdout]     |                            ^^^^
[INFO] [stdout] 
[INFO] [stdout] 
[INFO] [stdout] warning: use of deprecated function `mockito::mock`: Use `Server::mock` instead
[INFO] [stdout]    --> src/source/invidious.rs:364:32
[INFO] [stdout]     |
[INFO] [stdout] 364 |         let mock_p1 = mockito::mock(
[INFO] [stdout]     |                                ^^^^
[INFO] [stdout] 
[INFO] [stdout] 
[INFO] [stdout] warning: use of deprecated function `mockito::mock`: Use `Server::mock` instead
[INFO] [stdout]    --> src/source/invidious.rs:371:32
[INFO] [stdout]     |
[INFO] [stdout] 371 |         let mock_p2 = mockito::mock(
[INFO] [stdout]     |                                ^^^^
[INFO] [stdout] 
[INFO] [stdout] 
[INFO] [stdout] warning: use of deprecated function `mockito::mock`: Use `Server::mock` instead
[INFO] [stdout]    --> src/source/invidious.rs:409:32
[INFO] [stdout]     |
[INFO] [stdout] 409 |         let mock_p1 = mockito::mock(
[INFO] [stdout]     |                                ^^^^
[INFO] [stdout] 
[INFO] [stdout] 
[INFO] [stdout] warning: use of deprecated function `mockito::mock`: Use `Server::mock` instead
[INFO] [stdout]    --> src/source/invidious.rs:429:28
[INFO] [stdout]     |
[INFO] [stdout] 429 |         let _m1 = mockito::mock("GET", "/api/v1/channels/UCUBfKCp83QT19JCUekEdxOQ")
[INFO] [stdout]     |                            ^^^^
[INFO] [stdout] 
[INFO] [stdout] 
[INFO] [stdout] warning: use of deprecated method `chrono::TimeZone::timestamp`: use `timestamp_opt()` instead
[INFO] [stdout]    --> src/source/invidious.rs:189:47
[INFO] [stdout]     |
[INFO] [stdout] 189 |                     published_at: chrono::Utc.timestamp(d.published, 0),
[INFO] [stdout]     |                                               ^^^^^^^^^
[INFO] [stdout] 
[INFO] [stdout] 
[INFO] [stdout] warning: use of deprecated method `chrono::DateTime::<Tz>::date`: Use `date_naive()` instead
[INFO] [stdout]    --> src/web.rs:261:45
[INFO] [stdout]     |
[INFO] [stdout] 261 |         let timestamp = v.info.published_at.date().format("%Y-%m-%d").to_string();
[INFO] [stdout]     |                                             ^^^^
[INFO] [stdout] 
[INFO] [stdout] 
[INFO] [stdout] warning: field `num_workers` is never read
[INFO] [stdout]   --> src/config.rs:11:9
[INFO] [stdout]    |
[INFO] [stdout] 4  | pub struct Config {
[INFO] [stdout]    |            ------ field in this struct
[INFO] [stdout] ...
[INFO] [stdout] 11 |     pub num_workers: usize,
[INFO] [stdout]    |         ^^^^^^^^^^^
[INFO] [stdout]    |
[INFO] [stdout]    = note: `#[warn(dead_code)]` on by default
[INFO] [stdout] 
[INFO] [stdout] 
[INFO] [stdout] warning: field `date_added` is never read
[INFO] [stdout]   --> src/db.rs:40:9
[INFO] [stdout]    |
[INFO] [stdout] 26 | pub struct DBVideoInfo {
[INFO] [stdout]    |            ----------- field in this struct
[INFO] [stdout] ...
[INFO] [stdout] 40 |     pub date_added: chrono::DateTime<chrono::Utc>,
[INFO] [stdout]    |         ^^^^^^^^^^
[INFO] [stdout]    |
[INFO] [stdout]    = note: `DBVideoInfo` has a derived impl for the trait `Debug`, but this is intentionally ignored during dead code analysis
[INFO] [stdout] 
[INFO] [stdout] 
[INFO] [stdout] warning: method `get_name` is never used
[INFO] [stdout]   --> src/libmig.rs:15:8
[INFO] [stdout]    |
[INFO] [stdout] 13 | pub trait Migration: std::fmt::Debug {
[INFO] [stdout]    |           --------- method in this trait
[INFO] [stdout] 14 |     fn get_version(&self) -> i64;
[INFO] [stdout] 15 |     fn get_name(&self) -> &str;
[INFO] [stdout]    |        ^^^^^^^^
[INFO] [stdout] 
[INFO] [stdout] 
[INFO] [stdout] warning: field `description` is never read
[INFO] [stdout]  --> src/source/base.rs:8:9
[INFO] [stdout]   |
[INFO] [stdout] 5 | pub struct ChannelMetadata {
[INFO] [stdout]   |            --------------- field in this struct
[INFO] [stdout] ...
[INFO] [stdout] 8 |     pub description: String,
[INFO] [stdout]   |         ^^^^^^^^^^^
[INFO] [stdout]   |
[INFO] [stdout]   = note: `ChannelMetadata` has a derived impl for the trait `Debug`, but this is intentionally ignored during dead code analysis
[INFO] [stdout] 
[INFO] [stdout] 
[INFO] [stderr]     Finished `test` profile [unoptimized + debuginfo] target(s) in 59.61s
[INFO] [stderr] warning: the following packages contain code that will be rejected by a future version of Rust: buf_redux v0.8.4, multipart v0.18.0
[INFO] [stderr] note: to see what the problems were, use the option `--future-incompat-report`, or run `cargo report future-incompatibilities --id 1`
[INFO] running `Command { std: "docker" "inspect" "21ee134d13f7ee6a7cb676e2d16a7cea92050e175a561f7986be93f323e7746b", kill_on_drop: false }`
[INFO] running `Command { std: "docker" "rm" "-f" "21ee134d13f7ee6a7cb676e2d16a7cea92050e175a561f7986be93f323e7746b", kill_on_drop: false }`
[INFO] [stdout] 21ee134d13f7ee6a7cb676e2d16a7cea92050e175a561f7986be93f323e7746b
[INFO] running `Command { std: "docker" "create" "-v" "/var/lib/crater-agent-workspace/builds/worker-4-tc1/target:/opt/rustwide/target:rw,Z" "-v" "/var/lib/crater-agent-workspace/builds/worker-4-tc1/source:/opt/rustwide/workdir:ro,Z" "-v" "/var/lib/crater-agent-workspace/cargo-home:/opt/rustwide/cargo-home:ro,Z" "-v" "/var/lib/crater-agent-workspace/rustup-home:/opt/rustwide/rustup-home:ro,Z" "-e" "SOURCE_DIR=/opt/rustwide/workdir" "-e" "CARGO_TARGET_DIR=/opt/rustwide/target" "-e" "CARGO_INCREMENTAL=0" "-e" "RUST_BACKTRACE=full" "-e" "RUSTFLAGS=--cap-lints=warn" "-e" "RUSTDOCFLAGS=--cap-lints=warn" "-e" "CARGO_HOME=/opt/rustwide/cargo-home" "-e" "RUSTUP_HOME=/opt/rustwide/rustup-home" "-w" "/opt/rustwide/workdir" "-m" "1610612736" "--user" "0:0" "--network" "none" "ghcr.io/rust-lang/crates-build-env/linux@sha256:f3a9d4ad9d972b27faf3965f35b62e55ba32bbce8f20bc8fe909558a86702fde" "/opt/rustwide/cargo-home/bin/cargo" "+1.83.0" "test" "--frozen", kill_on_drop: false }`
[INFO] [stdout] 66806c6e73dfd175ed8e7022cc5dd4b81b9ddaa0b678c62a6233445a5f4934d9
[INFO] running `Command { std: "docker" "start" "-a" "66806c6e73dfd175ed8e7022cc5dd4b81b9ddaa0b678c62a6233445a5f4934d9", kill_on_drop: false }`
[INFO] [stderr] warning: use of deprecated method `chrono::TimeZone::timestamp`: use `timestamp_opt()` instead
[INFO] [stderr]    --> src/source/invidious.rs:189:47
[INFO] [stderr]     |
[INFO] [stderr] 189 |                     published_at: chrono::Utc.timestamp(d.published, 0),
[INFO] [stderr]     |                                               ^^^^^^^^^
[INFO] [stderr]     |
[INFO] [stderr]     = note: `#[warn(deprecated)]` on by default
[INFO] [stderr] 
[INFO] [stderr] warning: use of deprecated method `chrono::DateTime::<Tz>::date`: Use `date_naive()` instead
[INFO] [stderr]    --> src/web.rs:261:45
[INFO] [stderr]     |
[INFO] [stderr] 261 |         let timestamp = v.info.published_at.date().format("%Y-%m-%d").to_string();
[INFO] [stderr]     |                                             ^^^^
[INFO] [stderr] 
[INFO] [stderr] warning: field `num_workers` is never read
[INFO] [stderr]   --> src/config.rs:11:9
[INFO] [stderr]    |
[INFO] [stderr] 4  | pub struct Config {
[INFO] [stderr]    |            ------ field in this struct
[INFO] [stderr] ...
[INFO] [stderr] 11 |     pub num_workers: usize,
[INFO] [stderr]    |         ^^^^^^^^^^^
[INFO] [stderr]    |
[INFO] [stderr]    = note: `#[warn(dead_code)]` on by default
[INFO] [stderr] 
[INFO] [stderr] warning: field `date_added` is never read
[INFO] [stderr]   --> src/db.rs:40:9
[INFO] [stderr]    |
[INFO] [stderr] 26 | pub struct DBVideoInfo {
[INFO] [stderr]    |            ----------- field in this struct
[INFO] [stderr] ...
[INFO] [stderr] 40 |     pub date_added: chrono::DateTime<chrono::Utc>,
[INFO] [stderr]    |         ^^^^^^^^^^
[INFO] [stderr]    |
[INFO] [stderr]    = note: `DBVideoInfo` has a derived impl for the trait `Debug`, but this is intentionally ignored during dead code analysis
[INFO] [stderr] 
[INFO] [stderr] warning: method `get_name` is never used
[INFO] [stderr]   --> src/libmig.rs:15:8
[INFO] [stderr]    |
[INFO] [stderr] 13 | pub trait Migration: std::fmt::Debug {
[INFO] [stderr]    |           --------- method in this trait
[INFO] [stderr] 14 |     fn get_version(&self) -> i64;
[INFO] [stderr] 15 |     fn get_name(&self) -> &str;
[INFO] [stderr]    |        ^^^^^^^^
[INFO] [stderr] 
[INFO] [stderr] warning: field `description` is never read
[INFO] [stderr]  --> src/source/base.rs:8:9
[INFO] [stderr]   |
[INFO] [stderr] 5 | pub struct ChannelMetadata {
[INFO] [stderr]   |            --------------- field in this struct
[INFO] [stderr] ...
[INFO] [stderr] 8 |     pub description: String,
[INFO] [stderr]   |         ^^^^^^^^^^^
[INFO] [stderr]   |
[INFO] [stderr]   = note: `ChannelMetadata` has a derived impl for the trait `Debug`, but this is intentionally ignored during dead code analysis
[INFO] [stderr] 
[INFO] [stderr] warning: `vidl` (bin "vidl") generated 6 warnings
[INFO] [stderr] warning: use of deprecated function `mockito::server_url`: Use `Server::url` instead
[INFO] [stderr]   --> src/source/invidious.rs:15:35
[INFO] [stderr]    |
[INFO] [stderr] 15 |     let prefix: String = mockito::server_url();
[INFO] [stderr]    |                                   ^^^^^^^^^^
[INFO] [stderr]    |
[INFO] [stderr]    = note: `#[warn(deprecated)]` on by default
[INFO] [stderr] 
[INFO] [stderr] warning: use of deprecated function `mockito::mock`: Use `Server::mock` instead
[INFO] [stderr]    --> src/source/invidious.rs:344:28
[INFO] [stderr]     |
[INFO] [stderr] 344 |         let _m1 = mockito::mock("GET", "/api/v1/channels/thegreatsd")
[INFO] [stderr]     |                            ^^^^
[INFO] [stderr] 
[INFO] [stderr] warning: use of deprecated function `mockito::mock`: Use `Server::mock` instead
[INFO] [stderr]    --> src/source/invidious.rs:347:28
[INFO] [stderr]     |
[INFO] [stderr] 347 |         let _m2 = mockito::mock("GET", "/api/v1/channels/UCUBfKCp83QT19JCUekEdxOQ")
[INFO] [stderr]     |                            ^^^^
[INFO] [stderr] 
[INFO] [stderr] warning: use of deprecated function `mockito::mock`: Use `Server::mock` instead
[INFO] [stderr]    --> src/source/invidious.rs:364:32
[INFO] [stderr]     |
[INFO] [stderr] 364 |         let mock_p1 = mockito::mock(
[INFO] [stderr]     |                                ^^^^
[INFO] [stderr] 
[INFO] [stderr] warning: use of deprecated function `mockito::mock`: Use `Server::mock` instead
[INFO] [stderr]    --> src/source/invidious.rs:371:32
[INFO] [stderr]     |
[INFO] [stderr] 371 |         let mock_p2 = mockito::mock(
[INFO] [stderr]     |                                ^^^^
[INFO] [stderr] 
[INFO] [stderr] warning: use of deprecated function `mockito::mock`: Use `Server::mock` instead
[INFO] [stderr]    --> src/source/invidious.rs:409:32
[INFO] [stderr]     |
[INFO] [stderr] 409 |         let mock_p1 = mockito::mock(
[INFO] [stderr]     |                                ^^^^
[INFO] [stderr] 
[INFO] [stderr] warning: use of deprecated function `mockito::mock`: Use `Server::mock` instead
[INFO] [stderr]    --> src/source/invidious.rs:429:28
[INFO] [stderr]     |
[INFO] [stderr] 429 |         let _m1 = mockito::mock("GET", "/api/v1/channels/UCUBfKCp83QT19JCUekEdxOQ")
[INFO] [stderr]     |                            ^^^^
[INFO] [stderr] 
[INFO] [stderr] warning: use of deprecated method `chrono::TimeZone::timestamp`: use `timestamp_opt()` instead
[INFO] [stderr]    --> src/source/invidious.rs:189:47
[INFO] [stderr]     |
[INFO] [stderr] 189 |                     published_at: chrono::Utc.timestamp(d.published, 0),
[INFO] [stderr]     |                                               ^^^^^^^^^
[INFO] [stderr] 
[INFO] [stderr] warning: `vidl` (bin "vidl" test) generated 13 warnings (5 duplicates)
[INFO] [stderr]     Finished `test` profile [unoptimized + debuginfo] target(s) in 0.46s
[INFO] [stderr] warning: the following packages contain code that will be rejected by a future version of Rust: buf_redux v0.8.4, multipart v0.18.0
[INFO] [stderr] note: to see what the problems were, use the option `--future-incompat-report`, or run `cargo report future-incompatibilities --id 1`
[INFO] [stderr]      Running unittests src/main.rs (/opt/rustwide/target/debug/deps/vidl-b754ab8107abff5b)
[INFO] [stdout] 
[INFO] [stdout] running 9 tests
[INFO] [stdout] test db::tests::test_deleting ... ok
[INFO] [stdout] test libmig::test_migration ... ok
[INFO] [stdout] test db::tests::test_filter ... ok
[INFO] [stdout] test source::invidious::test::test_basic_find ... FAILED
[INFO] [stdout] test source::invidious::test::test_metadata ... FAILED
[INFO] [stdout] test db::tests::test_list_channels ... ok
[INFO] [stdout] test source::invidious::test::test_video_list_error ... ok
[INFO] [stdout] test source::invidious::test_basic ... FAILED
[INFO] [stdout] test source::invidious::test::test_video_list ... FAILED
[INFO] [stdout] 
[INFO] [stdout] failures:
[INFO] [stdout] 
[INFO] [stdout] ---- source::invidious::test::test_basic_find stdout ----
[INFO] [stdout] Error: Failed to find any of ["https://www.youtube.com/@thegreatsd", "https://www.youtube.com/user/thegreatsd", "https://www.youtube.com/c/thegreatsd"]
[INFO] [stdout] 
[INFO] [stdout] ---- source::invidious::test::test_metadata stdout ----
[INFO] [stdout] Error: Failed to parse response from http://127.0.0.1:37561/api/v1/channels/UCUBfKCp83QT19JCUekEdxOQ?fields=author,authorId,description,authorThumbnails,authorBanners
[INFO] [stdout] 
[INFO] [stdout] Caused by:
[INFO] [stdout]     EOF while parsing a value at line 1 column 0
[INFO] [stdout] 
[INFO] [stdout] ---- source::invidious::test_basic stdout ----
[INFO] [stdout] thread 'source::invidious::test_basic' panicked at src/source/invidious.rs:314:55:
[INFO] [stdout] called `Result::unwrap()` on an `Err` value: Failed to find any of ["https://www.youtube.com/@onceuponaclimb", "https://www.youtube.com/user/onceuponaclimb", "https://www.youtube.com/c/onceuponaclimb"]
[INFO] [stdout] stack backtrace:
[INFO] [stdout]    0:     0x640c7923230a - std::backtrace_rs::backtrace::libunwind::trace::h5a5b8284f2d0c266
[INFO] [stdout]                                at /rustc/90b35a6239c3d8bdabc530a6a0816f7ff89a0aaf/library/std/src/../../backtrace/src/backtrace/libunwind.rs:116:5
[INFO] [stdout]    1:     0x640c7923230a - std::backtrace_rs::backtrace::trace_unsynchronized::h76d4f1c9b0b875e3
[INFO] [stdout]                                at /rustc/90b35a6239c3d8bdabc530a6a0816f7ff89a0aaf/library/std/src/../../backtrace/src/backtrace/mod.rs:66:5
[INFO] [stdout]    2:     0x640c7923230a - std::sys::backtrace::_print_fmt::hc4546b8364a537c6
[INFO] [stdout]                                at /rustc/90b35a6239c3d8bdabc530a6a0816f7ff89a0aaf/library/std/src/sys/backtrace.rs:66:9
[INFO] [stdout]    3:     0x640c7923230a - <std::sys::backtrace::BacktraceLock::print::DisplayBacktrace as core::fmt::Display>::fmt::h5b6bd5631a6d1f6b
[INFO] [stdout]                                at /rustc/90b35a6239c3d8bdabc530a6a0816f7ff89a0aaf/library/std/src/sys/backtrace.rs:39:26
[INFO] [stdout]    4:     0x640c7925c323 - core::fmt::rt::Argument::fmt::h270f6602a2b96f62
[INFO] [stdout]                                at /rustc/90b35a6239c3d8bdabc530a6a0816f7ff89a0aaf/library/core/src/fmt/rt.rs:177:76
[INFO] [stdout]    5:     0x640c7925c323 - core::fmt::write::h7550c97b06c86515
[INFO] [stdout]                                at /rustc/90b35a6239c3d8bdabc530a6a0816f7ff89a0aaf/library/core/src/fmt/mod.rs:1186:21
[INFO] [stdout]    6:     0x640c7922e383 - std::io::Write::write_fmt::h509ff860e5956e5e
[INFO] [stdout]                                at /rustc/90b35a6239c3d8bdabc530a6a0816f7ff89a0aaf/library/std/src/io/mod.rs:1839:15
[INFO] [stdout]    7:     0x640c79232152 - std::sys::backtrace::BacktraceLock::print::h2395ccd2c84ba3aa
[INFO] [stdout]                                at /rustc/90b35a6239c3d8bdabc530a6a0816f7ff89a0aaf/library/std/src/sys/backtrace.rs:42:9
[INFO] [stdout]    8:     0x640c7923376a - std::panicking::default_hook::{{closure}}::he19d4c7230e07961
[INFO] [stdout]                                at /rustc/90b35a6239c3d8bdabc530a6a0816f7ff89a0aaf/library/std/src/panicking.rs:268:22
[INFO] [stdout]    9:     0x640c79233574 - std::panicking::default_hook::hf614597d3c67bbdb
[INFO] [stdout]                                at /rustc/90b35a6239c3d8bdabc530a6a0816f7ff89a0aaf/library/std/src/panicking.rs:292:9
[INFO] [stdout]   10:     0x640c78f812b9 - <alloc::boxed::Box<F,A> as core::ops::function::Fn<Args>>::call::h39b51ce4599c23d1
[INFO] [stdout]                                at /rustc/90b35a6239c3d8bdabc530a6a0816f7ff89a0aaf/library/alloc/src/boxed.rs:2468:9
[INFO] [stdout]   11:     0x640c78f812b9 - test::test_main::{{closure}}::he977ae839a582784
[INFO] [stdout]                                at /rustc/90b35a6239c3d8bdabc530a6a0816f7ff89a0aaf/library/test/src/lib.rs:133:21
[INFO] [stdout]   12:     0x640c79233e08 - <alloc::boxed::Box<F,A> as core::ops::function::Fn<Args>>::call::h9455091b6b06f9fb
[INFO] [stdout]                                at /rustc/90b35a6239c3d8bdabc530a6a0816f7ff89a0aaf/library/alloc/src/boxed.rs:2468:9
[INFO] [stdout]   13:     0x640c79233e08 - std::panicking::rust_panic_with_hook::h8942133a8b252070
[INFO] [stdout]                                at /rustc/90b35a6239c3d8bdabc530a6a0816f7ff89a0aaf/library/std/src/panicking.rs:809:13
[INFO] [stdout]   14:     0x640c79233bca - std::panicking::begin_panic_handler::{{closure}}::hb5f5963570096b29
[INFO] [stdout]                                at /rustc/90b35a6239c3d8bdabc530a6a0816f7ff89a0aaf/library/std/src/panicking.rs:674:13
[INFO] [stdout]   15:     0x640c792327e9 - std::sys::backtrace::__rust_end_short_backtrace::h6208cedc1922feda
[INFO] [stdout]                                at /rustc/90b35a6239c3d8bdabc530a6a0816f7ff89a0aaf/library/std/src/sys/backtrace.rs:170:18
[INFO] [stdout]   16:     0x640c7923385c - rust_begin_unwind
[INFO] [stdout]                                at /rustc/90b35a6239c3d8bdabc530a6a0816f7ff89a0aaf/library/std/src/panicking.rs:665:5
[INFO] [stdout]   17:     0x640c789b1520 - core::panicking::panic_fmt::h0c3082644d1bf418
[INFO] [stdout]                                at /rustc/90b35a6239c3d8bdabc530a6a0816f7ff89a0aaf/library/core/src/panicking.rs:74:14
[INFO] [stdout]   18:     0x640c789b1a06 - core::result::unwrap_failed::hd20b4aa073bda1e2
[INFO] [stdout]                                at /rustc/90b35a6239c3d8bdabc530a6a0816f7ff89a0aaf/library/core/src/result.rs:1700:5
[INFO] [stdout]   19:     0x640c789cd0ea - core::result::Result<T,E>::unwrap::hfba43a40a7c40ee8
[INFO] [stdout]                                at /rustc/90b35a6239c3d8bdabc530a6a0816f7ff89a0aaf/library/core/src/result.rs:1104:23
[INFO] [stdout]   20:     0x640c789cd0ea - vidl::source::invidious::test_basic::h71e7794e417fd890
[INFO] [stdout]                                at /opt/rustwide/workdir/src/source/invidious.rs:314:10
[INFO] [stdout]   21:     0x640c789ccee7 - vidl::source::invidious::test_basic::{{closure}}::hc5a1ff710c8e38b6
[INFO] [stdout]                                at /opt/rustwide/workdir/src/source/invidious.rs:306:16
[INFO] [stdout]   22:     0x640c78a007f6 - core::ops::function::FnOnce::call_once::ha955de4a751989e1
[INFO] [stdout]                                at /rustc/90b35a6239c3d8bdabc530a6a0816f7ff89a0aaf/library/core/src/ops/function.rs:250:5
[INFO] [stdout]   23:     0x640c78f85c7b - core::ops::function::FnOnce::call_once::h109cf8051a59b34e
[INFO] [stdout]                                at /rustc/90b35a6239c3d8bdabc530a6a0816f7ff89a0aaf/library/core/src/ops/function.rs:250:5
[INFO] [stdout]   24:     0x640c78f85c7b - test::__rust_begin_short_backtrace::hf4fff89d377446ba
[INFO] [stdout]                                at /rustc/90b35a6239c3d8bdabc530a6a0816f7ff89a0aaf/library/test/src/lib.rs:621:18
[INFO] [stdout]   25:     0x640c78f854b7 - test::run_test_in_process::{{closure}}::h0e39181dd7ee5a43
[INFO] [stdout]                                at /rustc/90b35a6239c3d8bdabc530a6a0816f7ff89a0aaf/library/test/src/lib.rs:644:60
[INFO] [stdout]   26:     0x640c78f854b7 - <core::panic::unwind_safe::AssertUnwindSafe<F> as core::ops::function::FnOnce<()>>::call_once::hc5a66a30f0bdfd1f
[INFO] [stdout]                                at /rustc/90b35a6239c3d8bdabc530a6a0816f7ff89a0aaf/library/core/src/panic/unwind_safe.rs:272:9
[INFO] [stdout]   27:     0x640c78f854b7 - std::panicking::try::do_call::h873b7cf639554a5e
[INFO] [stdout]                                at /rustc/90b35a6239c3d8bdabc530a6a0816f7ff89a0aaf/library/std/src/panicking.rs:557:40
[INFO] [stdout]   28:     0x640c78f854b7 - std::panicking::try::hdb19862fad9c8bd1
[INFO] [stdout]                                at /rustc/90b35a6239c3d8bdabc530a6a0816f7ff89a0aaf/library/std/src/panicking.rs:520:19
[INFO] [stdout]   29:     0x640c78f854b7 - std::panic::catch_unwind::h281fe732d236d260
[INFO] [stdout]                                at /rustc/90b35a6239c3d8bdabc530a6a0816f7ff89a0aaf/library/std/src/panic.rs:358:14
[INFO] [stdout]   30:     0x640c78f854b7 - test::run_test_in_process::h949b6df8457ed338
[INFO] [stdout]                                at /rustc/90b35a6239c3d8bdabc530a6a0816f7ff89a0aaf/library/test/src/lib.rs:644:27
[INFO] [stdout]   31:     0x640c78f854b7 - test::run_test::{{closure}}::h52c556a6d4740e10
[INFO] [stdout]                                at /rustc/90b35a6239c3d8bdabc530a6a0816f7ff89a0aaf/library/test/src/lib.rs:565:43
[INFO] [stdout]   32:     0x640c78f4a794 - test::run_test::{{closure}}::h4237f6381c45ccb9
[INFO] [stdout]                                at /rustc/90b35a6239c3d8bdabc530a6a0816f7ff89a0aaf/library/test/src/lib.rs:595:41
[INFO] [stdout]   33:     0x640c78f4a794 - std::sys::backtrace::__rust_begin_short_backtrace::h505c97a579eca628
[INFO] [stdout]                                at /rustc/90b35a6239c3d8bdabc530a6a0816f7ff89a0aaf/library/std/src/sys/backtrace.rs:154:18
[INFO] [stdout]   34:     0x640c78f4de5e - std::thread::Builder::spawn_unchecked_::{{closure}}::{{closure}}::h9e86b2e2bc107ea3
[INFO] [stdout]                                at /rustc/90b35a6239c3d8bdabc530a6a0816f7ff89a0aaf/library/std/src/thread/mod.rs:538:17
[INFO] [stdout]   35:     0x640c78f4de5e - <core::panic::unwind_safe::AssertUnwindSafe<F> as core::ops::function::FnOnce<()>>::call_once::h8b06ddb275ff4a25
[INFO] [stdout]                                at /rustc/90b35a6239c3d8bdabc530a6a0816f7ff89a0aaf/library/core/src/panic/unwind_safe.rs:272:9
[INFO] [stdout]   36:     0x640c78f4de5e - std::panicking::try::do_call::hb26ecd7cd9a9355d
[INFO] [stdout]                                at /rustc/90b35a6239c3d8bdabc530a6a0816f7ff89a0aaf/library/std/src/panicking.rs:557:40
[INFO] [stdout]   37:     0x640c78f4de5e - std::panicking::try::h8ddeca9d705f9069
[INFO] [stdout]                                at /rustc/90b35a6239c3d8bdabc530a6a0816f7ff89a0aaf/library/std/src/panicking.rs:520:19
[INFO] [stdout]   38:     0x640c78f4de5e - std::panic::catch_unwind::h49e1c33078844c46
[INFO] [stdout]                                at /rustc/90b35a6239c3d8bdabc530a6a0816f7ff89a0aaf/library/std/src/panic.rs:358:14
[INFO] [stdout]   39:     0x640c78f4de5e - std::thread::Builder::spawn_unchecked_::{{closure}}::h6073db6ff56ad35d
[INFO] [stdout]                                at /rustc/90b35a6239c3d8bdabc530a6a0816f7ff89a0aaf/library/std/src/thread/mod.rs:537:30
[INFO] [stdout]   40:     0x640c78f4de5e - core::ops::function::FnOnce::call_once{{vtable.shim}}::h2c5a5f3779c774f1
[INFO] [stdout]                                at /rustc/90b35a6239c3d8bdabc530a6a0816f7ff89a0aaf/library/core/src/ops/function.rs:250:5
[INFO] [stdout]   41:     0x640c7923814b - <alloc::boxed::Box<F,A> as core::ops::function::FnOnce<Args>>::call_once::hf75717d9f28faebf
[INFO] [stdout]                                at /rustc/90b35a6239c3d8bdabc530a6a0816f7ff89a0aaf/library/alloc/src/boxed.rs:2454:9
[INFO] [stdout]   42:     0x640c7923814b - <alloc::boxed::Box<F,A> as core::ops::function::FnOnce<Args>>::call_once::h7bd883a5f3c5f3c1
[INFO] [stdout]                                at /rustc/90b35a6239c3d8bdabc530a6a0816f7ff89a0aaf/library/alloc/src/boxed.rs:2454:9
[INFO] [stdout]   43:     0x640c7923814b - std::sys::pal::unix::thread::Thread::new::thread_start::hcc78f3943333fa94
[INFO] [stdout]                                at /rustc/90b35a6239c3d8bdabc530a6a0816f7ff89a0aaf/library/std/src/sys/pal/unix/thread.rs:105:17
[INFO] [stdout]   44:     0x7a55e3cb0ac3 - <unknown>
[INFO] [stdout]   45:     0x7a55e3d41a04 - clone
[INFO] [stdout]   46:                0x0 - <unknown>
[INFO] [stdout] 
[INFO] [stdout] ---- source::invidious::test::test_video_list stdout ----
[INFO] [stdout] [src/source/invidious.rs:389:9] &result = []
[INFO] [stdout] thread 'source::invidious::test::test_video_list' panicked at src/source/invidious.rs:391:26:
[INFO] [stdout] index out of bounds: the len is 0 but the index is 0
[INFO] [stdout] stack backtrace:
[INFO] [stdout]    0:     0x640c7923230a - std::backtrace_rs::backtrace::libunwind::trace::h5a5b8284f2d0c266
[INFO] [stdout]                                at /rustc/90b35a6239c3d8bdabc530a6a0816f7ff89a0aaf/library/std/src/../../backtrace/src/backtrace/libunwind.rs:116:5
[INFO] [stdout]    1:     0x640c7923230a - std::backtrace_rs::backtrace::trace_unsynchronized::h76d4f1c9b0b875e3
[INFO] [stdout]                                at /rustc/90b35a6239c3d8bdabc530a6a0816f7ff89a0aaf/library/std/src/../../backtrace/src/backtrace/mod.rs:66:5
[INFO] [stdout]    2:     0x640c7923230a - std::sys::backtrace::_print_fmt::hc4546b8364a537c6
[INFO] [stdout]                                at /rustc/90b35a6239c3d8bdabc530a6a0816f7ff89a0aaf/library/std/src/sys/backtrace.rs:66:9
[INFO] [stdout]    3:     0x640c7923230a - <std::sys::backtrace::BacktraceLock::print::DisplayBacktrace as core::fmt::Display>::fmt::h5b6bd5631a6d1f6b
[INFO] [stdout]                                at /rustc/90b35a6239c3d8bdabc530a6a0816f7ff89a0aaf/library/std/src/sys/backtrace.rs:39:26
[INFO] [stdout]    4:     0x640c7925c323 - core::fmt::rt::Argument::fmt::h270f6602a2b96f62
[INFO] [stdout]                                at /rustc/90b35a6239c3d8bdabc530a6a0816f7ff89a0aaf/library/core/src/fmt/rt.rs:177:76
[INFO] [stdout]    5:     0x640c7925c323 - core::fmt::write::h7550c97b06c86515
[INFO] [stdout]                                at /rustc/90b35a6239c3d8bdabc530a6a0816f7ff89a0aaf/library/core/src/fmt/mod.rs:1186:21
[INFO] [stdout]    6:     0x640c7922e383 - std::io::Write::write_fmt::h509ff860e5956e5e
[INFO] [stdout]                                at /rustc/90b35a6239c3d8bdabc530a6a0816f7ff89a0aaf/library/std/src/io/mod.rs:1839:15
[INFO] [stdout]    7:     0x640c79232152 - std::sys::backtrace::BacktraceLock::print::h2395ccd2c84ba3aa
[INFO] [stdout]                                at /rustc/90b35a6239c3d8bdabc530a6a0816f7ff89a0aaf/library/std/src/sys/backtrace.rs:42:9
[INFO] [stdout]    8:     0x640c7923376a - std::panicking::default_hook::{{closure}}::he19d4c7230e07961
[INFO] [stdout]                                at /rustc/90b35a6239c3d8bdabc530a6a0816f7ff89a0aaf/library/std/src/panicking.rs:268:22
[INFO] [stdout]    9:     0x640c79233574 - std::panicking::default_hook::hf614597d3c67bbdb
[INFO] [stdout]                                at /rustc/90b35a6239c3d8bdabc530a6a0816f7ff89a0aaf/library/std/src/panicking.rs:292:9
[INFO] [stdout]   10:     0x640c78f812b9 - <alloc::boxed::Box<F,A> as core::ops::function::Fn<Args>>::call::h39b51ce4599c23d1
[INFO] [stdout]                                at /rustc/90b35a6239c3d8bdabc530a6a0816f7ff89a0aaf/library/alloc/src/boxed.rs:2468:9
[INFO] [stdout]   11:     0x640c78f812b9 - test::test_main::{{closure}}::he977ae839a582784
[INFO] [stdout]                                at /rustc/90b35a6239c3d8bdabc530a6a0816f7ff89a0aaf/library/test/src/lib.rs:133:21
[INFO] [stdout]   12:     0x640c79233e08 - <alloc::boxed::Box<F,A> as core::ops::function::Fn<Args>>::call::h9455091b6b06f9fb
[INFO] [stdout]                                at /rustc/90b35a6239c3d8bdabc530a6a0816f7ff89a0aaf/library/alloc/src/boxed.rs:2468:9
[INFO] [stdout]   13:     0x640c79233e08 - std::panicking::rust_panic_with_hook::h8942133a8b252070
[INFO] [stdout]                                at /rustc/90b35a6239c3d8bdabc530a6a0816f7ff89a0aaf/library/std/src/panicking.rs:809:13
[INFO] [stdout]   14:     0x640c79233bca - std::panicking::begin_panic_handler::{{closure}}::hb5f5963570096b29
[INFO] [stdout]                                at /rustc/90b35a6239c3d8bdabc530a6a0816f7ff89a0aaf/library/std/src/panicking.rs:674:13
[INFO] [stdout]   15:     0x640c792327e9 - std::sys::backtrace::__rust_end_short_backtrace::h6208cedc1922feda
[INFO] [stdout]                                at /rustc/90b35a6239c3d8bdabc530a6a0816f7ff89a0aaf/library/std/src/sys/backtrace.rs:170:18
[INFO] [stdout]   16:     0x640c7923385c - rust_begin_unwind
[INFO] [stdout]                                at /rustc/90b35a6239c3d8bdabc530a6a0816f7ff89a0aaf/library/std/src/panicking.rs:665:5
[INFO] [stdout]   17:     0x640c789b1520 - core::panicking::panic_fmt::h0c3082644d1bf418
[INFO] [stdout]                                at /rustc/90b35a6239c3d8bdabc530a6a0816f7ff89a0aaf/library/core/src/panicking.rs:74:14
[INFO] [stdout]   18:     0x640c789b1702 - core::panicking::panic_bounds_check::h8307ccead484a122
[INFO] [stdout]                                at /rustc/90b35a6239c3d8bdabc530a6a0816f7ff89a0aaf/library/core/src/panicking.rs:276:5
[INFO] [stdout]   19:     0x640c789e925a - <usize as core::slice::index::SliceIndex<[T]>>::index::h138c1b1633234adc
[INFO] [stdout]                                at /rustc/90b35a6239c3d8bdabc530a6a0816f7ff89a0aaf/library/core/src/slice/index.rs:301:10
[INFO] [stdout]   20:     0x640c789d03b4 - core::slice::index::<impl core::ops::index::Index<I> for [T]>::index::h640b6b07714407b3
[INFO] [stdout]                                at /rustc/90b35a6239c3d8bdabc530a6a0816f7ff89a0aaf/library/core/src/slice/index.rs:16:9
[INFO] [stdout]   21:     0x640c789d03b4 - <alloc::vec::Vec<T,A> as core::ops::index::Index<I>>::index::hffd3ecc06dae29d1
[INFO] [stdout]                                at /rustc/90b35a6239c3d8bdabc530a6a0816f7ff89a0aaf/library/alloc/src/vec/mod.rs:3323:9
[INFO] [stdout]   22:     0x640c789f71e9 - vidl::source::invidious::test::test_video_list::h3ff89d9cee1b290c
[INFO] [stdout]                                at /opt/rustwide/workdir/src/source/invidious.rs:391:26
[INFO] [stdout]   23:     0x640c789f6bf7 - vidl::source::invidious::test::test_video_list::{{closure}}::h2426aea52e180a04
[INFO] [stdout]                                at /opt/rustwide/workdir/src/source/invidious.rs:363:29
[INFO] [stdout]   24:     0x640c78a008f6 - core::ops::function::FnOnce::call_once::hc423c875b37c40eb
[INFO] [stdout]                                at /rustc/90b35a6239c3d8bdabc530a6a0816f7ff89a0aaf/library/core/src/ops/function.rs:250:5
[INFO] [stdout]   25:     0x640c78f85c7b - core::ops::function::FnOnce::call_once::h109cf8051a59b34e
[INFO] [stdout]                                at /rustc/90b35a6239c3d8bdabc530a6a0816f7ff89a0aaf/library/core/src/ops/function.rs:250:5
[INFO] [stdout]   26:     0x640c78f85c7b - test::__rust_begin_short_backtrace::hf4fff89d377446ba
[INFO] [stdout]                                at /rustc/90b35a6239c3d8bdabc530a6a0816f7ff89a0aaf/library/test/src/lib.rs:621:18
[INFO] [stdout]   27:     0x640c78f854b7 - test::run_test_in_process::{{closure}}::h0e39181dd7ee5a43
[INFO] [stdout]                                at /rustc/90b35a6239c3d8bdabc530a6a0816f7ff89a0aaf/library/test/src/lib.rs:644:60
[INFO] [stdout]   28:     0x640c78f854b7 - <core::panic::unwind_safe::AssertUnwindSafe<F> as core::ops::function::FnOnce<()>>::call_once::hc5a66a30f0bdfd1f
[INFO] [stdout]                                at /rustc/90b35a6239c3d8bdabc530a6a0816f7ff89a0aaf/library/core/src/panic/unwind_safe.rs:272:9
[INFO] [stdout]   29:     0x640c78f854b7 - std::panicking::try::do_call::h873b7cf639554a5e
[INFO] [stdout]                                at /rustc/90b35a6239c3d8bdabc530a6a0816f7ff89a0aaf/library/std/src/panicking.rs:557:40
[INFO] [stdout]   30:     0x640c78f854b7 - std::panicking::try::hdb19862fad9c8bd1
[INFO] [stdout]                                at /rustc/90b35a6239c3d8bdabc530a6a0816f7ff89a0aaf/library/std/src/panicking.rs:520:19
[INFO] [stdout]   31:     0x640c78f854b7 - std::panic::catch_unwind::h281fe732d236d260
[INFO] [stdout]                                at /rustc/90b35a6239c3d8bdabc530a6a0816f7ff89a0aaf/library/std/src/panic.rs:358:14
[INFO] [stdout]   32:     0x640c78f854b7 - test::run_test_in_process::h949b6df8457ed338
[INFO] [stdout]                                at /rustc/90b35a6239c3d8bdabc530a6a0816f7ff89a0aaf/library/test/src/lib.rs:644:27
[INFO] [stdout]   33:     0x640c78f854b7 - test::run_test::{{closure}}::h52c556a6d4740e10
[INFO] [stdout]                                at /rustc/90b35a6239c3d8bdabc530a6a0816f7ff89a0aaf/library/test/src/lib.rs:565:43
[INFO] [stdout]   34:     0x640c78f4a794 - test::run_test::{{closure}}::h4237f6381c45ccb9
[INFO] [stdout]                                at /rustc/90b35a6239c3d8bdabc530a6a0816f7ff89a0aaf/library/test/src/lib.rs:595:41
[INFO] [stdout]   35:     0x640c78f4a794 - std::sys::backtrace::__rust_begin_short_backtrace::h505c97a579eca628
[INFO] [stdout]                                at /rustc/90b35a6239c3d8bdabc530a6a0816f7ff89a0aaf/library/std/src/sys/backtrace.rs:154:18
[INFO] [stdout]   36:     0x640c78f4de5e - std::thread::Builder::spawn_unchecked_::{{closure}}::{{closure}}::h9e86b2e2bc107ea3
[INFO] [stdout]                                at /rustc/90b35a6239c3d8bdabc530a6a0816f7ff89a0aaf/library/std/src/thread/mod.rs:538:17
[INFO] [stdout]   37:     0x640c78f4de5e - <core::panic::unwind_safe::AssertUnwindSafe<F> as core::ops::function::FnOnce<()>>::call_once::h8b06ddb275ff4a25
[INFO] [stdout]                                at /rustc/90b35a6239c3d8bdabc530a6a0816f7ff89a0aaf/library/core/src/panic/unwind_safe.rs:272:9
[INFO] [stdout]   38:     0x640c78f4de5e - std::panicking::try::do_call::hb26ecd7cd9a9355d
[INFO] [stdout]                                at /rustc/90b35a6239c3d8bdabc530a6a0816f7ff89a0aaf/library/std/src/panicking.rs:557:40
[INFO] [stdout]   39:     0x640c78f4de5e - std::panicking::try::h8ddeca9d705f9069
[INFO] [stdout]                                at /rustc/90b35a6239c3d8bdabc530a6a0816f7ff89a0aaf/library/std/src/panicking.rs:520:19
[INFO] [stdout]   40:     0x640c78f4de5e - std::panic::catch_unwind::h49e1c33078844c46
[INFO] [stdout]                                at /rustc/90b35a6239c3d8bdabc530a6a0816f7ff89a0aaf/library/std/src/panic.rs:358:14
[INFO] [stdout]   41:     0x640c78f4de5e - std::thread::Builder::spawn_unchecked_::{{closure}}::h6073db6ff56ad35d
[INFO] [stdout]                                at /rustc/90b35a6239c3d8bdabc530a6a0816f7ff89a0aaf/library/std/src/thread/mod.rs:537:30
[INFO] [stdout]   42:     0x640c78f4de5e - core::ops::function::FnOnce::call_once{{vtable.shim}}::h2c5a5f3779c774f1
[INFO] [stdout]                                at /rustc/90b35a6239c3d8bdabc530a6a0816f7ff89a0aaf/library/core/src/ops/function.rs:250:5
[INFO] [stdout]   43:     0x640c7923814b - <alloc::boxed::Box<F,A> as core::ops::function::FnOnce<Args>>::call_once::hf75717d9f28faebf
[INFO] [stdout]                                at /rustc/90b35a6239c3d8bdabc530a6a0816f7ff89a0aaf/library/alloc/src/boxed.rs:2454:9
[INFO] [stdout]   44:     0x640c7923814b - <alloc::boxed::Box<F,A> as core::ops::function::FnOnce<Args>>::call_once::h7bd883a5f3c5f3c1
[INFO] [stdout]                                at /rustc/90b35a6239c3d8bdabc530a6a0816f7ff89a0aaf/library/alloc/src/boxed.rs:2454:9
[INFO] [stdout]   45:     0x640c7923814b - std::sys::pal::unix::thread::Thread::new::thread_start::hcc78f3943333fa94
[INFO] [stdout]                                at /rustc/90b35a6239c3d8bdabc530a6a0816f7ff89a0aaf/library/std/src/sys/pal/unix/thread.rs:105:17
[INFO] [stdout]   46:     0x7a55e3cb0ac3 - <unknown>
[INFO] [stdout]   47:     0x7a55e3d41a04 - clone
[INFO] [stdout]   48:                0x0 - <unknown>
[INFO] [stdout] 
[INFO] [stdout] 
[INFO] [stdout] failures:
[INFO] [stdout]     source::invidious::test::test_basic_find
[INFO] [stdout]     source::invidious::test::test_metadata
[INFO] [stdout]     source::invidious::test::test_video_list
[INFO] [stdout]     source::invidious::test_basic
[INFO] [stdout] 
[INFO] [stdout] test result: FAILED. 5 passed; 4 failed; 0 ignored; 0 measured; 0 filtered out; finished in 0.16s
[INFO] [stdout] 
[INFO] [stderr] error: test failed, to rerun pass `--bin vidl`
[INFO] running `Command { std: "docker" "inspect" "66806c6e73dfd175ed8e7022cc5dd4b81b9ddaa0b678c62a6233445a5f4934d9", kill_on_drop: false }`
[INFO] running `Command { std: "docker" "rm" "-f" "66806c6e73dfd175ed8e7022cc5dd4b81b9ddaa0b678c62a6233445a5f4934d9", kill_on_drop: false }`
[INFO] [stdout] 66806c6e73dfd175ed8e7022cc5dd4b81b9ddaa0b678c62a6233445a5f4934d9
