[INFO] cloning repository https://github.com/davidpdrsn/juniper-variable-bug
[INFO] running `Command { std: "git" "-c" "credential.helper=" "-c" "credential.helper=/workspace/cargo-home/bin/git-credential-null" "clone" "--bare" "https://github.com/davidpdrsn/juniper-variable-bug" "/workspace/cache/git-repos/https%3A%2F%2Fgithub.com%2Fdavidpdrsn%2Fjuniper-variable-bug", kill_on_drop: false }`
[INFO] [stderr] Cloning into bare repository '/workspace/cache/git-repos/https%3A%2F%2Fgithub.com%2Fdavidpdrsn%2Fjuniper-variable-bug'...
[INFO] running `Command { std: "git" "rev-parse" "HEAD", kill_on_drop: false }`
[INFO] [stdout] 06bd14a9b68cc3d74e7bd4ab7fbca66859abf9b2
[INFO] testing davidpdrsn/juniper-variable-bug against beta-2024-12-08 for beta-1.84.0-4-retry
[INFO] running `Command { std: "git" "clone" "/workspace/cache/git-repos/https%3A%2F%2Fgithub.com%2Fdavidpdrsn%2Fjuniper-variable-bug" "/workspace/builds/worker-6-tc2/source", kill_on_drop: false }`
[INFO] [stderr] Cloning into '/workspace/builds/worker-6-tc2/source'...
[INFO] [stderr] done.
[INFO] validating manifest of git repo https://github.com/davidpdrsn/juniper-variable-bug on toolchain beta-2024-12-08
[INFO] running `Command { std: CARGO_HOME="/workspace/cargo-home" RUSTUP_HOME="/workspace/rustup-home" "/workspace/cargo-home/bin/cargo" "+beta-2024-12-08" "metadata" "--manifest-path" "Cargo.toml" "--no-deps", kill_on_drop: false }`
[INFO] started tweaking git repo https://github.com/davidpdrsn/juniper-variable-bug
[INFO] finished tweaking git repo https://github.com/davidpdrsn/juniper-variable-bug
[INFO] tweaked toml for git repo https://github.com/davidpdrsn/juniper-variable-bug written to /workspace/builds/worker-6-tc2/source/Cargo.toml
[INFO] crate git repo https://github.com/davidpdrsn/juniper-variable-bug already has a lockfile, it will not be regenerated
[INFO] running `Command { std: CARGO_HOME="/workspace/cargo-home" RUSTUP_HOME="/workspace/rustup-home" "/workspace/cargo-home/bin/cargo" "+beta-2024-12-08" "fetch" "--manifest-path" "Cargo.toml", kill_on_drop: false }`
[INFO] running `Command { std: "docker" "create" "-v" "/var/lib/crater-agent-workspace/builds/worker-6-tc2/target:/opt/rustwide/target:rw,Z" "-v" "/var/lib/crater-agent-workspace/builds/worker-6-tc2/source:/opt/rustwide/workdir:ro,Z" "-v" "/var/lib/crater-agent-workspace/cargo-home:/opt/rustwide/cargo-home:ro,Z" "-v" "/var/lib/crater-agent-workspace/rustup-home:/opt/rustwide/rustup-home:ro,Z" "-e" "SOURCE_DIR=/opt/rustwide/workdir" "-e" "CARGO_TARGET_DIR=/opt/rustwide/target" "-e" "CARGO_HOME=/opt/rustwide/cargo-home" "-e" "RUSTUP_HOME=/opt/rustwide/rustup-home" "-w" "/opt/rustwide/workdir" "-m" "1610612736" "--user" "0:0" "--network" "none" "ghcr.io/rust-lang/crates-build-env/linux@sha256:f3a9d4ad9d972b27faf3965f35b62e55ba32bbce8f20bc8fe909558a86702fde" "/opt/rustwide/cargo-home/bin/cargo" "+beta-2024-12-08" "metadata" "--no-deps" "--format-version=1", kill_on_drop: false }`
[INFO] [stdout] 7d0fe27ea5ad24f1af55a1f456055ca154ddf46ab499e2057bfc996eda2a5103
[INFO] running `Command { std: "docker" "start" "-a" "7d0fe27ea5ad24f1af55a1f456055ca154ddf46ab499e2057bfc996eda2a5103", kill_on_drop: false }`
[INFO] running `Command { std: "docker" "inspect" "7d0fe27ea5ad24f1af55a1f456055ca154ddf46ab499e2057bfc996eda2a5103", kill_on_drop: false }`
[INFO] running `Command { std: "docker" "rm" "-f" "7d0fe27ea5ad24f1af55a1f456055ca154ddf46ab499e2057bfc996eda2a5103", kill_on_drop: false }`
[INFO] [stdout] 7d0fe27ea5ad24f1af55a1f456055ca154ddf46ab499e2057bfc996eda2a5103
[INFO] running `Command { std: "docker" "create" "-v" "/var/lib/crater-agent-workspace/builds/worker-6-tc2/target:/opt/rustwide/target:rw,Z" "-v" "/var/lib/crater-agent-workspace/builds/worker-6-tc2/source:/opt/rustwide/workdir:ro,Z" "-v" "/var/lib/crater-agent-workspace/cargo-home:/opt/rustwide/cargo-home:ro,Z" "-v" "/var/lib/crater-agent-workspace/rustup-home:/opt/rustwide/rustup-home:ro,Z" "-e" "SOURCE_DIR=/opt/rustwide/workdir" "-e" "CARGO_TARGET_DIR=/opt/rustwide/target" "-e" "CARGO_INCREMENTAL=0" "-e" "RUST_BACKTRACE=full" "-e" "RUSTFLAGS=--cap-lints=warn" "-e" "RUSTDOCFLAGS=--cap-lints=warn" "-e" "CARGO_HOME=/opt/rustwide/cargo-home" "-e" "RUSTUP_HOME=/opt/rustwide/rustup-home" "-w" "/opt/rustwide/workdir" "-m" "1610612736" "--user" "0:0" "--network" "none" "ghcr.io/rust-lang/crates-build-env/linux@sha256:f3a9d4ad9d972b27faf3965f35b62e55ba32bbce8f20bc8fe909558a86702fde" "/opt/rustwide/cargo-home/bin/cargo" "+beta-2024-12-08" "build" "--frozen" "--message-format=json", kill_on_drop: false }`
[INFO] [stdout] f218d6c7a45773321e8531d5a7f527a8d877302fc1bd6394b0b99d63ab82ee59
[INFO] running `Command { std: "docker" "start" "-a" "f218d6c7a45773321e8531d5a7f527a8d877302fc1bd6394b0b99d63ab82ee59", kill_on_drop: false }`
[INFO] [stderr]    Compiling proc-macro2 v0.4.29
[INFO] [stderr]    Compiling unicode-xid v0.1.0
[INFO] [stderr]    Compiling memchr v2.2.0
[INFO] [stderr]    Compiling libc v0.2.53
[INFO] [stderr]    Compiling num-traits v0.2.6
[INFO] [stderr]    Compiling serde v1.0.90
[INFO] [stderr]    Compiling syn v0.15.33
[INFO] [stderr]    Compiling num-integer v0.1.39
[INFO] [stderr]    Compiling matches v0.1.8
[INFO] [stderr]    Compiling regex v1.1.6
[INFO] [stderr]    Compiling lazy_static v1.3.0
[INFO] [stderr]    Compiling smallvec v0.6.9
[INFO] [stderr]    Compiling ucd-util v0.1.3
[INFO] [stderr]    Compiling thread_local v0.3.6
[INFO] [stderr]    Compiling regex-syntax v0.6.6
[INFO] [stderr]    Compiling unicode-normalization v0.1.8
[INFO] [stderr]    Compiling unicode-bidi v0.3.4
[INFO] [stderr]    Compiling utf8-ranges v1.0.2
[INFO] [stderr]    Compiling aho-corasick v0.7.3
[INFO] [stderr]    Compiling quote v0.6.12
[INFO] [stderr]    Compiling syn v0.14.9
[INFO] [stderr]    Compiling time v0.1.42
[INFO] [stderr]    Compiling percent-encoding v1.0.1
[INFO] [stderr]    Compiling uuid v0.7.4
[INFO] [stderr]    Compiling chrono v0.4.6
[INFO] [stderr]    Compiling fnv v1.0.6
[INFO] [stderr]    Compiling idna v0.1.5
[INFO] [stderr]    Compiling url v1.7.2
[INFO] [stderr]    Compiling serde_derive v1.0.90
[INFO] [stderr]    Compiling indexmap v1.0.2
[INFO] [stderr]    Compiling juniper_codegen v0.11.1
[INFO] [stderr]    Compiling juniper v0.11.1
[INFO] [stderr]    Compiling juniper-variable-bug v0.1.0 (/opt/rustwide/workdir)
[INFO] [stdout] warning: type alias `Schema` is never used
[INFO] [stdout]   --> src/main.rs:27:6
[INFO] [stdout]    |
[INFO] [stdout] 27 | type Schema = juniper::RootNode<'static, Query, EmptyMutation<Context>>;
[INFO] [stdout]    |      ^^^^^^
[INFO] [stdout]    |
[INFO] [stdout]    = note: `#[warn(dead_code)]` on by default
[INFO] [stdout] 
[INFO] [stdout] 
[INFO] [stderr]     Finished `dev` profile [unoptimized + debuginfo] target(s) in 38.15s
[INFO] [stderr] warning: the following packages contain code that will be rejected by a future version of Rust: syn v0.14.9
[INFO] [stderr] note: to see what the problems were, use the option `--future-incompat-report`, or run `cargo report future-incompatibilities --id 1`
[INFO] running `Command { std: "docker" "inspect" "f218d6c7a45773321e8531d5a7f527a8d877302fc1bd6394b0b99d63ab82ee59", kill_on_drop: false }`
[INFO] running `Command { std: "docker" "rm" "-f" "f218d6c7a45773321e8531d5a7f527a8d877302fc1bd6394b0b99d63ab82ee59", kill_on_drop: false }`
[INFO] [stdout] f218d6c7a45773321e8531d5a7f527a8d877302fc1bd6394b0b99d63ab82ee59
[INFO] running `Command { std: "docker" "create" "-v" "/var/lib/crater-agent-workspace/builds/worker-6-tc2/target:/opt/rustwide/target:rw,Z" "-v" "/var/lib/crater-agent-workspace/builds/worker-6-tc2/source:/opt/rustwide/workdir:ro,Z" "-v" "/var/lib/crater-agent-workspace/cargo-home:/opt/rustwide/cargo-home:ro,Z" "-v" "/var/lib/crater-agent-workspace/rustup-home:/opt/rustwide/rustup-home:ro,Z" "-e" "SOURCE_DIR=/opt/rustwide/workdir" "-e" "CARGO_TARGET_DIR=/opt/rustwide/target" "-e" "CARGO_INCREMENTAL=0" "-e" "RUST_BACKTRACE=full" "-e" "RUSTFLAGS=--cap-lints=warn" "-e" "RUSTDOCFLAGS=--cap-lints=warn" "-e" "CARGO_HOME=/opt/rustwide/cargo-home" "-e" "RUSTUP_HOME=/opt/rustwide/rustup-home" "-w" "/opt/rustwide/workdir" "-m" "1610612736" "--user" "0:0" "--network" "none" "ghcr.io/rust-lang/crates-build-env/linux@sha256:f3a9d4ad9d972b27faf3965f35b62e55ba32bbce8f20bc8fe909558a86702fde" "/opt/rustwide/cargo-home/bin/cargo" "+beta-2024-12-08" "test" "--frozen" "--no-run" "--message-format=json", kill_on_drop: false }`
[INFO] [stdout] f707b28675bd4d6bf3f5a37c9be21dca1bffc868542a5ddacc247ff9a5393a84
[INFO] running `Command { std: "docker" "start" "-a" "f707b28675bd4d6bf3f5a37c9be21dca1bffc868542a5ddacc247ff9a5393a84", kill_on_drop: false }`
[INFO] [stderr]    Compiling juniper-variable-bug v0.1.0 (/opt/rustwide/workdir)
[INFO] [stderr]     Finished `test` profile [unoptimized + debuginfo] target(s) in 4.52s
[INFO] [stderr] warning: the following packages contain code that will be rejected by a future version of Rust: syn v0.14.9
[INFO] [stderr] note: to see what the problems were, use the option `--future-incompat-report`, or run `cargo report future-incompatibilities --id 1`
[INFO] running `Command { std: "docker" "inspect" "f707b28675bd4d6bf3f5a37c9be21dca1bffc868542a5ddacc247ff9a5393a84", kill_on_drop: false }`
[INFO] running `Command { std: "docker" "rm" "-f" "f707b28675bd4d6bf3f5a37c9be21dca1bffc868542a5ddacc247ff9a5393a84", kill_on_drop: false }`
[INFO] [stdout] f707b28675bd4d6bf3f5a37c9be21dca1bffc868542a5ddacc247ff9a5393a84
[INFO] running `Command { std: "docker" "create" "-v" "/var/lib/crater-agent-workspace/builds/worker-6-tc2/target:/opt/rustwide/target:rw,Z" "-v" "/var/lib/crater-agent-workspace/builds/worker-6-tc2/source:/opt/rustwide/workdir:ro,Z" "-v" "/var/lib/crater-agent-workspace/cargo-home:/opt/rustwide/cargo-home:ro,Z" "-v" "/var/lib/crater-agent-workspace/rustup-home:/opt/rustwide/rustup-home:ro,Z" "-e" "SOURCE_DIR=/opt/rustwide/workdir" "-e" "CARGO_TARGET_DIR=/opt/rustwide/target" "-e" "CARGO_INCREMENTAL=0" "-e" "RUST_BACKTRACE=full" "-e" "RUSTFLAGS=--cap-lints=warn" "-e" "RUSTDOCFLAGS=--cap-lints=warn" "-e" "CARGO_HOME=/opt/rustwide/cargo-home" "-e" "RUSTUP_HOME=/opt/rustwide/rustup-home" "-w" "/opt/rustwide/workdir" "-m" "1610612736" "--user" "0:0" "--network" "none" "ghcr.io/rust-lang/crates-build-env/linux@sha256:f3a9d4ad9d972b27faf3965f35b62e55ba32bbce8f20bc8fe909558a86702fde" "/opt/rustwide/cargo-home/bin/cargo" "+beta-2024-12-08" "test" "--frozen", kill_on_drop: false }`
[INFO] [stdout] bebf4f5f1b5e58e967b95a622dff8055d2bf2392fa9749508774cbff62c9f134
[INFO] running `Command { std: "docker" "start" "-a" "bebf4f5f1b5e58e967b95a622dff8055d2bf2392fa9749508774cbff62c9f134", kill_on_drop: false }`
[INFO] [stderr]     Finished `test` profile [unoptimized + debuginfo] target(s) in 0.04s
[INFO] [stderr] warning: the following packages contain code that will be rejected by a future version of Rust: syn v0.14.9
[INFO] [stderr] note: to see what the problems were, use the option `--future-incompat-report`, or run `cargo report future-incompatibilities --id 1`
[INFO] [stderr]      Running unittests src/main.rs (/opt/rustwide/target/debug/deps/juniper_variable_bug-19bc59dbf632b074)
[INFO] [stdout] 
[INFO] [stdout] running 2 tests
[INFO] [stdout] test test::query_with_null ... ok
[INFO] [stdout] test test::query_without_setting_variable ... FAILED
[INFO] [stdout] 
[INFO] [stdout] failures:
[INFO] [stdout] 
[INFO] [stdout] ---- test::query_without_setting_variable stdout ----
[INFO] [stdout] thread 'test::query_without_setting_variable' panicked at /opt/rustwide/cargo-home/registry/src/index.crates.io-6f17d22bba15001f/juniper-0.11.1/src/executor/look_ahead.rs:42:79:
[INFO] [stdout] called `Option::unwrap()` on a `None` value
[INFO] [stdout] stack backtrace:
[INFO] [stdout]    0:     0x56331c839a7a - std::backtrace_rs::backtrace::libunwind::trace::h8810477743020387
[INFO] [stdout]                                at /rustc/202008a1b8de96d2e5b6bc02d379db03a877d34d/library/std/src/../../backtrace/src/backtrace/libunwind.rs:116:5
[INFO] [stdout]    1:     0x56331c839a7a - std::backtrace_rs::backtrace::trace_unsynchronized::h3aa55355dd6c54a6
[INFO] [stdout]                                at /rustc/202008a1b8de96d2e5b6bc02d379db03a877d34d/library/std/src/../../backtrace/src/backtrace/mod.rs:66:5
[INFO] [stdout]    2:     0x56331c839a7a - std::sys::backtrace::_print_fmt::h8588b0f62410823f
[INFO] [stdout]                                at /rustc/202008a1b8de96d2e5b6bc02d379db03a877d34d/library/std/src/sys/backtrace.rs:66:9
[INFO] [stdout]    3:     0x56331c839a7a - <std::sys::backtrace::BacktraceLock::print::DisplayBacktrace as core::fmt::Display>::fmt::h98c26ac25ffe89bb
[INFO] [stdout]                                at /rustc/202008a1b8de96d2e5b6bc02d379db03a877d34d/library/std/src/sys/backtrace.rs:39:26
[INFO] [stdout]    4:     0x56331c860733 - core::fmt::rt::Argument::fmt::hf95377f4aebd453b
[INFO] [stdout]                                at /rustc/202008a1b8de96d2e5b6bc02d379db03a877d34d/library/core/src/fmt/rt.rs:177:76
[INFO] [stdout]    5:     0x56331c860733 - core::fmt::write::h0dd5f6e2238c7982
[INFO] [stdout]                                at /rustc/202008a1b8de96d2e5b6bc02d379db03a877d34d/library/core/src/fmt/mod.rs:1189:21
[INFO] [stdout]    6:     0x56331c836c13 - std::io::Write::write_fmt::h03bb0ca26e6faf8c
[INFO] [stdout]                                at /rustc/202008a1b8de96d2e5b6bc02d379db03a877d34d/library/std/src/io/mod.rs:1884:15
[INFO] [stdout]    7:     0x56331c8398c2 - std::sys::backtrace::BacktraceLock::print::h5c19c1c038ee186d
[INFO] [stdout]                                at /rustc/202008a1b8de96d2e5b6bc02d379db03a877d34d/library/std/src/sys/backtrace.rs:42:9
[INFO] [stdout]    8:     0x56331c83aefd - std::panicking::default_hook::{{closure}}::h77172f079a1fcb13
[INFO] [stdout]                                at /rustc/202008a1b8de96d2e5b6bc02d379db03a877d34d/library/std/src/panicking.rs:268:22
[INFO] [stdout]    9:     0x56331c83ad07 - std::panicking::default_hook::he5f8e3b203ccddba
[INFO] [stdout]                                at /rustc/202008a1b8de96d2e5b6bc02d379db03a877d34d/library/std/src/panicking.rs:292:9
[INFO] [stdout]   10:     0x56331c7cd5d7 - <alloc::boxed::Box<F,A> as core::ops::function::Fn<Args>>::call::h7a3c7b4a1ae77f2f
[INFO] [stdout]                                at /rustc/202008a1b8de96d2e5b6bc02d379db03a877d34d/library/alloc/src/boxed.rs:1986:9
[INFO] [stdout]   11:     0x56331c7cd5d7 - test::test_main::{{closure}}::hf0d3b69ae9b353d1
[INFO] [stdout]                                at /rustc/202008a1b8de96d2e5b6bc02d379db03a877d34d/library/test/src/lib.rs:134:21
[INFO] [stdout]   12:     0x56331c83b5a8 - <alloc::boxed::Box<F,A> as core::ops::function::Fn<Args>>::call::h6332e82e7b189abd
[INFO] [stdout]                                at /rustc/202008a1b8de96d2e5b6bc02d379db03a877d34d/library/alloc/src/boxed.rs:1986:9
[INFO] [stdout]   13:     0x56331c83b5a8 - std::panicking::rust_panic_with_hook::h53863d4e9018df39
[INFO] [stdout]                                at /rustc/202008a1b8de96d2e5b6bc02d379db03a877d34d/library/std/src/panicking.rs:809:13
[INFO] [stdout]   14:     0x56331c83b336 - std::panicking::begin_panic_handler::{{closure}}::h67280e6fa0757873
[INFO] [stdout]                                at /rustc/202008a1b8de96d2e5b6bc02d379db03a877d34d/library/std/src/panicking.rs:667:13
[INFO] [stdout]   15:     0x56331c839f59 - std::sys::backtrace::__rust_end_short_backtrace::h1dac3f54d6fbbeb2
[INFO] [stdout]                                at /rustc/202008a1b8de96d2e5b6bc02d379db03a877d34d/library/std/src/sys/backtrace.rs:170:18
[INFO] [stdout]   16:     0x56331c83affc - rust_begin_unwind
[INFO] [stdout]                                at /rustc/202008a1b8de96d2e5b6bc02d379db03a877d34d/library/std/src/panicking.rs:665:5
[INFO] [stdout]   17:     0x56331c680b50 - core::panicking::panic_fmt::h6792bd1b2bf01041
[INFO] [stdout]                                at /rustc/202008a1b8de96d2e5b6bc02d379db03a877d34d/library/core/src/panicking.rs:76:14
[INFO] [stdout]   18:     0x56331c680bdc - core::panicking::panic::hbb5c236a846c507c
[INFO] [stdout]                                at /rustc/202008a1b8de96d2e5b6bc02d379db03a877d34d/library/core/src/panicking.rs:148:5
[INFO] [stdout]   19:     0x56331c680ac9 - core::option::unwrap_failed::hc5b7b0e3b50bafe9
[INFO] [stdout]                                at /rustc/202008a1b8de96d2e5b6bc02d379db03a877d34d/library/core/src/option.rs:2009:5
[INFO] [stdout]   20:     0x56331c6d277f - core::option::Option<T>::unwrap::h6ad82b7baf809abf
[INFO] [stdout]                                at /rustc/202008a1b8de96d2e5b6bc02d379db03a877d34d/library/core/src/option.rs:972:21
[INFO] [stdout]   21:     0x56331c6d277f - juniper::executor::look_ahead::LookAheadValue<S>::from_input_value::h0f1faedb212099a6
[INFO] [stdout]                                at /opt/rustwide/cargo-home/registry/src/index.crates.io-6f17d22bba15001f/juniper-0.11.1/src/executor/look_ahead.rs:42:67
[INFO] [stdout]   22:     0x56331c6d29c7 - juniper::executor::look_ahead::LookAheadArgument<S>::new::h6df84cef1cdfce0a
[INFO] [stdout]                                at /opt/rustwide/cargo-home/registry/src/index.crates.io-6f17d22bba15001f/juniper-0.11.1/src/executor/look_ahead.rs:78:20
[INFO] [stdout]   23:     0x56331c6d3bfe - juniper::executor::look_ahead::LookAheadSelection<S>::build_from_selection_with_parent::{{closure}}::{{closure}}::hb06b0bbf3300a23d
[INFO] [stdout]                                at /opt/rustwide/cargo-home/registry/src/index.crates.io-6f17d22bba15001f/juniper-0.11.1/src/executor/look_ahead.rs:193:38
[INFO] [stdout]   24:     0x56331c73e165 - core::iter::adapters::map::map_fold::{{closure}}::ha127e881ada19002
[INFO] [stdout]                                at /rustc/202008a1b8de96d2e5b6bc02d379db03a877d34d/library/core/src/iter/adapters/map.rs:88:28
[INFO] [stdout]   25:     0x56331c6c4f6a - <core::slice::iter::Iter<T> as core::iter::traits::iterator::Iterator>::fold::hda14a844e8b418c1
[INFO] [stdout]                                at /rustc/202008a1b8de96d2e5b6bc02d379db03a877d34d/library/core/src/slice/iter/macros.rs:232:27
[INFO] [stdout]   26:     0x56331c73a833 - <core::iter::adapters::map::Map<I,F> as core::iter::traits::iterator::Iterator>::fold::h1657b4bfc2fc05ab
[INFO] [stdout]                                at /rustc/202008a1b8de96d2e5b6bc02d379db03a877d34d/library/core/src/iter/adapters/map.rs:128:9
[INFO] [stdout]   27:     0x56331c73d305 - core::iter::traits::iterator::Iterator::for_each::h7e2a3096acf9d249
[INFO] [stdout]                                at /rustc/202008a1b8de96d2e5b6bc02d379db03a877d34d/library/core/src/iter/traits/iterator.rs:800:9
[INFO] [stdout]   28:     0x56331c6b3e68 - alloc::vec::Vec<T,A>::extend_trusted::h0cfa75e56aada1f8
[INFO] [stdout]                                at /rustc/202008a1b8de96d2e5b6bc02d379db03a877d34d/library/alloc/src/vec/mod.rs:3553:17
[INFO] [stdout]   29:     0x56331c6c046a - <alloc::vec::Vec<T,A> as alloc::vec::spec_extend::SpecExtend<T,I>>::spec_extend::hb2511bbc0df6999c
[INFO] [stdout]                                at /rustc/202008a1b8de96d2e5b6bc02d379db03a877d34d/library/alloc/src/vec/spec_extend.rs:29:9
[INFO] [stdout]   30:     0x56331c6af9b3 - <alloc::vec::Vec<T> as alloc::vec::spec_from_iter_nested::SpecFromIterNested<T,I>>::from_iter::h3825484c237d7830
[INFO] [stdout]                                at /rustc/202008a1b8de96d2e5b6bc02d379db03a877d34d/library/alloc/src/vec/spec_from_iter_nested.rs:62:9
[INFO] [stdout]   31:     0x56331c6c060d - <alloc::vec::Vec<T> as alloc::vec::spec_from_iter::SpecFromIter<T,I>>::from_iter::h79e99f71163e0227
[INFO] [stdout]                                at /rustc/202008a1b8de96d2e5b6bc02d379db03a877d34d/library/alloc/src/vec/spec_from_iter.rs:34:9
[INFO] [stdout]   32:     0x56331c6bfc91 - <alloc::vec::Vec<T> as core::iter::traits::collect::FromIterator<T>>::from_iter::h4e437492c308d182
[INFO] [stdout]                                at /rustc/202008a1b8de96d2e5b6bc02d379db03a877d34d/library/alloc/src/vec/mod.rs:3412:9
[INFO] [stdout]   33:     0x56331c73ce74 - core::iter::traits::iterator::Iterator::collect::h5f188592ee99d270
[INFO] [stdout]                                at /rustc/202008a1b8de96d2e5b6bc02d379db03a877d34d/library/core/src/iter/traits/iterator.rs:1971:9
[INFO] [stdout]   34:     0x56331c6d3b76 - juniper::executor::look_ahead::LookAheadSelection<S>::build_from_selection_with_parent::{{closure}}::h4a61f6a89f08541f
[INFO] [stdout]                                at /opt/rustwide/cargo-home/registry/src/index.crates.io-6f17d22bba15001f/juniper-0.11.1/src/executor/look_ahead.rs:191:25
[INFO] [stdout]   35:     0x56331c76ff12 - core::option::Option<T>::map::h0df275f57bdfd54f
[INFO] [stdout]                                at /rustc/202008a1b8de96d2e5b6bc02d379db03a877d34d/library/core/src/option.rs:1113:29
[INFO] [stdout]   36:     0x56331c6d3106 - juniper::executor::look_ahead::LookAheadSelection<S>::build_from_selection_with_parent::h33c437dacd27b91c
[INFO] [stdout]                                at /opt/rustwide/cargo-home/registry/src/index.crates.io-6f17d22bba15001f/juniper-0.11.1/src/executor/look_ahead.rs:186:33
[INFO] [stdout]   37:     0x56331c6d2e81 - juniper::executor::look_ahead::LookAheadSelection<S>::build_from_selection::h2f42552cba90f037
[INFO] [stdout]                                at /opt/rustwide/cargo-home/registry/src/index.crates.io-6f17d22bba15001f/juniper-0.11.1/src/executor/look_ahead.rs:167:9
[INFO] [stdout]   38:     0x56331c71bbf4 - juniper::executor::Executor<CtxT,S>::look_ahead::{{closure}}::h929fe81ab45922cc
[INFO] [stdout]                                at /opt/rustwide/cargo-home/registry/src/index.crates.io-6f17d22bba15001f/juniper-0.11.1/src/executor/mod.rs:517:17
[INFO] [stdout]   39:     0x56331c771d8f - core::option::Option<T>::map::hc5fab032c7978257
[INFO] [stdout]                                at /rustc/202008a1b8de96d2e5b6bc02d379db03a877d34d/library/core/src/option.rs:1113:29
[INFO] [stdout]   40:     0x56331c71ba2e - juniper::executor::Executor<CtxT,S>::look_ahead::h3f2d1c11ebb1a27c
[INFO] [stdout]                                at /opt/rustwide/cargo-home/registry/src/index.crates.io-6f17d22bba15001f/juniper-0.11.1/src/executor/mod.rs:515:9
[INFO] [stdout]   41:     0x56331c6ffea2 - <juniper_variable_bug::Query as juniper::types::base::GraphQLType>::resolve_field::{{closure}}::h2655480d08a82cf1
[INFO] [stdout]                                at /opt/rustwide/workdir/src/main.rs:17:9
[INFO] [stdout]   42:     0x56331c6ffc6e - <juniper_variable_bug::Query as juniper::types::base::GraphQLType>::resolve_field::hdac3fef0ea4f3b21
[INFO] [stdout]                                at /opt/rustwide/cargo-home/registry/src/index.crates.io-6f17d22bba15001f/juniper-0.11.1/src/macros/object.rs:406:54
[INFO] [stdout]   43:     0x56331c6fec9c - juniper::schema::schema::<impl juniper::types::base::GraphQLType<S> for juniper::schema::model::RootNode<QueryT,MutationT,S>>::resolve_field::h73656717744881ba
[INFO] [stdout]                                at /opt/rustwide/cargo-home/registry/src/index.crates.io-6f17d22bba15001f/juniper-0.11.1/src/schema/schema.rs:51:18
[INFO] [stdout]   44:     0x56331c74ca4a - juniper::types::base::resolve_selection_set_into::h2ff7d0fa8bdf386e
[INFO] [stdout]                                at /opt/rustwide/cargo-home/registry/src/index.crates.io-6f17d22bba15001f/juniper-0.11.1/src/types/base.rs:398:36
[INFO] [stdout]   45:     0x56331c6fefc0 - juniper::schema::schema::<impl juniper::types::base::GraphQLType<S> for juniper::schema::model::RootNode<QueryT,MutationT,S>>::resolve::h10f7cc50bfa206d9
[INFO] [stdout]                                at /opt/rustwide/cargo-home/registry/src/index.crates.io-6f17d22bba15001f/juniper-0.11.1/src/schema/schema.rs:65:16
[INFO] [stdout]   46:     0x56331c6f298d - juniper::types::pointers::<impl juniper::types::base::GraphQLType<S> for &T>::resolve::h980d6f47c7ce7eb2
[INFO] [stdout]                                at /opt/rustwide/cargo-home/registry/src/index.crates.io-6f17d22bba15001f/juniper-0.11.1/src/types/pointers.rs:134:9
[INFO] [stdout]   47:     0x56331c720c3c - juniper::executor::Executor<CtxT,S>::resolve::hba275aea6aefd778
[INFO] [stdout]                                at /opt/rustwide/cargo-home/registry/src/index.crates.io-6f17d22bba15001f/juniper-0.11.1/src/executor/mod.rs:370:12
[INFO] [stdout]   48:     0x56331c71f218 - juniper::executor::Executor<CtxT,S>::resolve_into_value::h2b465b8747854c2a
[INFO] [stdout]                                at /opt/rustwide/cargo-home/registry/src/index.crates.io-6f17d22bba15001f/juniper-0.11.1/src/executor/mod.rs:380:15
[INFO] [stdout]   49:     0x56331c71af7b - juniper::executor::execute_validated_query::he02bbed36d0f8ecc
[INFO] [stdout]                                at /opt/rustwide/cargo-home/registry/src/index.crates.io-6f17d22bba15001f/juniper-0.11.1/src/executor/mod.rs:674:37
[INFO] [stdout]   50:     0x56331c6d263a - juniper::execute::h64585618258cb3a9
[INFO] [stdout]                                at /opt/rustwide/cargo-home/registry/src/index.crates.io-6f17d22bba15001f/juniper-0.11.1/src/lib.rs:219:5
[INFO] [stdout]   51:     0x56331c744355 - juniper_variable_bug::test::query_without_setting_variable::h70865be334383d4d
[INFO] [stdout]                                at /opt/rustwide/workdir/src/main.rs:67:30
[INFO] [stdout]   52:     0x56331c744297 - juniper_variable_bug::test::query_without_setting_variable::{{closure}}::h270a21b80c67015e
[INFO] [stdout]                                at /opt/rustwide/workdir/src/main.rs:62:40
[INFO] [stdout]   53:     0x56331c7891c6 - core::ops::function::FnOnce::call_once::h269ccdaca72351d1
[INFO] [stdout]                                at /rustc/202008a1b8de96d2e5b6bc02d379db03a877d34d/library/core/src/ops/function.rs:250:5
[INFO] [stdout]   54:     0x56331c7d20fb - core::ops::function::FnOnce::call_once::h871bf86719ec9aa4
[INFO] [stdout]                                at /rustc/202008a1b8de96d2e5b6bc02d379db03a877d34d/library/core/src/ops/function.rs:250:5
[INFO] [stdout]   55:     0x56331c7d20fb - test::__rust_begin_short_backtrace::h2167df1e2b7d76fd
[INFO] [stdout]                                at /rustc/202008a1b8de96d2e5b6bc02d379db03a877d34d/library/test/src/lib.rs:632:18
[INFO] [stdout]   56:     0x56331c7d1ae8 - test::run_test_in_process::{{closure}}::h15d92f75a3adfb79
[INFO] [stdout]                                at /rustc/202008a1b8de96d2e5b6bc02d379db03a877d34d/library/test/src/lib.rs:655:60
[INFO] [stdout]   57:     0x56331c7d1ae8 - <core::panic::unwind_safe::AssertUnwindSafe<F> as core::ops::function::FnOnce<()>>::call_once::hb6c8955835a8dbbb
[INFO] [stdout]                                at /rustc/202008a1b8de96d2e5b6bc02d379db03a877d34d/library/core/src/panic/unwind_safe.rs:272:9
[INFO] [stdout]   58:     0x56331c7d1ae8 - std::panicking::try::do_call::hc79d0fc888a0bd30
[INFO] [stdout]                                at /rustc/202008a1b8de96d2e5b6bc02d379db03a877d34d/library/std/src/panicking.rs:557:40
[INFO] [stdout]   59:     0x56331c7d1ae8 - std::panicking::try::hb8a7878e3a8589d6
[INFO] [stdout]                                at /rustc/202008a1b8de96d2e5b6bc02d379db03a877d34d/library/std/src/panicking.rs:520:19
[INFO] [stdout]   60:     0x56331c7d1ae8 - std::panic::catch_unwind::hb8e4600ff0ff5cfa
[INFO] [stdout]                                at /rustc/202008a1b8de96d2e5b6bc02d379db03a877d34d/library/std/src/panic.rs:358:14
[INFO] [stdout]   61:     0x56331c7d1ae8 - test::run_test_in_process::hc2900b0b18688dd6
[INFO] [stdout]                                at /rustc/202008a1b8de96d2e5b6bc02d379db03a877d34d/library/test/src/lib.rs:655:27
[INFO] [stdout]   62:     0x56331c7d1ae8 - test::run_test::{{closure}}::hac2a9cb07be3d48d
[INFO] [stdout]                                at /rustc/202008a1b8de96d2e5b6bc02d379db03a877d34d/library/test/src/lib.rs:576:43
[INFO] [stdout]   63:     0x56331c79558a - test::run_test::{{closure}}::h4a5b729e66a38cd8
[INFO] [stdout]                                at /rustc/202008a1b8de96d2e5b6bc02d379db03a877d34d/library/test/src/lib.rs:606:41
[INFO] [stdout]   64:     0x56331c79558a - std::sys::backtrace::__rust_begin_short_backtrace::h0496fb742492f573
[INFO] [stdout]                                at /rustc/202008a1b8de96d2e5b6bc02d379db03a877d34d/library/std/src/sys/backtrace.rs:154:18
[INFO] [stdout]   65:     0x56331c798f04 - std::thread::Builder::spawn_unchecked_::{{closure}}::{{closure}}::hbb6d257c550a54bd
[INFO] [stdout]                                at /rustc/202008a1b8de96d2e5b6bc02d379db03a877d34d/library/std/src/thread/mod.rs:561:17
[INFO] [stdout]   66:     0x56331c798f04 - <core::panic::unwind_safe::AssertUnwindSafe<F> as core::ops::function::FnOnce<()>>::call_once::h46696fe4a6832328
[INFO] [stdout]                                at /rustc/202008a1b8de96d2e5b6bc02d379db03a877d34d/library/core/src/panic/unwind_safe.rs:272:9
[INFO] [stdout]   67:     0x56331c798f04 - std::panicking::try::do_call::h2625a51b667bfb64
[INFO] [stdout]                                at /rustc/202008a1b8de96d2e5b6bc02d379db03a877d34d/library/std/src/panicking.rs:557:40
[INFO] [stdout]   68:     0x56331c798f04 - std::panicking::try::hb956a59a1973aa4c
[INFO] [stdout]                                at /rustc/202008a1b8de96d2e5b6bc02d379db03a877d34d/library/std/src/panicking.rs:520:19
[INFO] [stdout]   69:     0x56331c798f04 - std::panic::catch_unwind::h64f3b9d1067ef6a0
[INFO] [stdout]                                at /rustc/202008a1b8de96d2e5b6bc02d379db03a877d34d/library/std/src/panic.rs:358:14
[INFO] [stdout]   70:     0x56331c798f04 - std::thread::Builder::spawn_unchecked_::{{closure}}::h42b2841295b6c0b2
[INFO] [stdout]                                at /rustc/202008a1b8de96d2e5b6bc02d379db03a877d34d/library/std/src/thread/mod.rs:559:30
[INFO] [stdout]   71:     0x56331c798f04 - core::ops::function::FnOnce::call_once{{vtable.shim}}::h6127de71b8124639
[INFO] [stdout]                                at /rustc/202008a1b8de96d2e5b6bc02d379db03a877d34d/library/core/src/ops/function.rs:250:5
[INFO] [stdout]   72:     0x56331c83f4eb - <alloc::boxed::Box<F,A> as core::ops::function::FnOnce<Args>>::call_once::h42f0ba71002a1b2c
[INFO] [stdout]                                at /rustc/202008a1b8de96d2e5b6bc02d379db03a877d34d/library/alloc/src/boxed.rs:1972:9
[INFO] [stdout]   73:     0x56331c83f4eb - <alloc::boxed::Box<F,A> as core::ops::function::FnOnce<Args>>::call_once::had9e47d7a3dcecb8
[INFO] [stdout]                                at /rustc/202008a1b8de96d2e5b6bc02d379db03a877d34d/library/alloc/src/boxed.rs:1972:9
[INFO] [stdout]   74:     0x56331c83f4eb - std::sys::pal::unix::thread::Thread::new::thread_start::h48cf765408f6f5f2
[INFO] [stdout]                                at /rustc/202008a1b8de96d2e5b6bc02d379db03a877d34d/library/std/src/sys/pal/unix/thread.rs:105:17
[INFO] [stdout]   75:     0x7a4ceecd1ac3 - <unknown>
[INFO] [stdout]   76:     0x7a4ceed62a04 - clone
[INFO] [stdout]   77:                0x0 - <unknown>
[INFO] [stdout] 
[INFO] [stdout] 
[INFO] [stdout] failures:
[INFO] [stdout]     test::query_without_setting_variable
[INFO] [stdout] 
[INFO] [stdout] test result: FAILED. 1 passed; 1 failed; 0 ignored; 0 measured; 0 filtered out; finished in 0.08s
[INFO] [stdout] 
[INFO] [stderr] error: test failed, to rerun pass `--bin juniper-variable-bug`
[INFO] running `Command { std: "docker" "inspect" "bebf4f5f1b5e58e967b95a622dff8055d2bf2392fa9749508774cbff62c9f134", kill_on_drop: false }`
[INFO] running `Command { std: "docker" "rm" "-f" "bebf4f5f1b5e58e967b95a622dff8055d2bf2392fa9749508774cbff62c9f134", kill_on_drop: false }`
[INFO] [stdout] bebf4f5f1b5e58e967b95a622dff8055d2bf2392fa9749508774cbff62c9f134
