[INFO] cloning repository https://github.com/davidedelpapa/noorm
[INFO] running `Command { std: "git" "-c" "credential.helper=" "-c" "credential.helper=/workspace/cargo-home/bin/git-credential-null" "clone" "--bare" "https://github.com/davidedelpapa/noorm" "/workspace/cache/git-repos/https%3A%2F%2Fgithub.com%2Fdavidedelpapa%2Fnoorm", kill_on_drop: false }`
[INFO] [stderr] Cloning into bare repository '/workspace/cache/git-repos/https%3A%2F%2Fgithub.com%2Fdavidedelpapa%2Fnoorm'...
[INFO] running `Command { std: "git" "rev-parse" "HEAD", kill_on_drop: false }`
[INFO] [stdout] b6e9bbf54b70b7312bbdde69b8f89bbfb92749d9
[INFO] testing davidedelpapa/noorm against 1.83.0 for beta-1.84.0-4-retry
[INFO] running `Command { std: "git" "clone" "/workspace/cache/git-repos/https%3A%2F%2Fgithub.com%2Fdavidedelpapa%2Fnoorm" "/workspace/builds/worker-0-tc1/source", kill_on_drop: false }`
[INFO] [stderr] Cloning into '/workspace/builds/worker-0-tc1/source'...
[INFO] [stderr] done.
[INFO] validating manifest of git repo https://github.com/davidedelpapa/noorm on toolchain 1.83.0
[INFO] running `Command { std: CARGO_HOME="/workspace/cargo-home" RUSTUP_HOME="/workspace/rustup-home" "/workspace/cargo-home/bin/cargo" "+1.83.0" "metadata" "--manifest-path" "Cargo.toml" "--no-deps", kill_on_drop: false }`
[INFO] started tweaking git repo https://github.com/davidedelpapa/noorm
[INFO] finished tweaking git repo https://github.com/davidedelpapa/noorm
[INFO] tweaked toml for git repo https://github.com/davidedelpapa/noorm written to /workspace/builds/worker-0-tc1/source/Cargo.toml
[INFO] crate git repo https://github.com/davidedelpapa/noorm already has a lockfile, it will not be regenerated
[INFO] running `Command { std: CARGO_HOME="/workspace/cargo-home" RUSTUP_HOME="/workspace/rustup-home" "/workspace/cargo-home/bin/cargo" "+1.83.0" "fetch" "--manifest-path" "Cargo.toml", kill_on_drop: false }`
[INFO] [stderr]     Updating crates.io index
[INFO] [stderr]  Downloading crates ...
[INFO] [stderr]   Downloaded swc_ecma_ast v1.0.0
[INFO] [stderr]   Downloaded swc_eq_ignore_macros v1.0.0
[INFO] [stderr]   Downloaded swc_visit v1.0.0
[INFO] [stderr]   Downloaded swc_macros_common v1.0.0
[INFO] [stderr]   Downloaded swc_ecma_codegen_macros v1.0.0
[INFO] [stderr]   Downloaded ast_node v2.0.0
[INFO] [stderr]   Downloaded string_enum v1.0.0
[INFO] [stderr]   Downloaded is-macro v0.3.6
[INFO] [stderr]   Downloaded swc_allocator v1.0.0
[INFO] [stderr]   Downloaded sourcemap v9.0.0
[INFO] [stderr]   Downloaded hstr v0.2.12
[INFO] [stderr]   Downloaded unicode-id-start v1.3.1
[INFO] [stderr]   Downloaded swc_ecma_codegen v1.0.0
[INFO] [stderr]   Downloaded from_variant v2.0.0
[INFO] [stderr]   Downloaded better_scoped_tls v1.0.0
[INFO] [stderr]   Downloaded swc_atoms v2.0.0
[INFO] [stderr]   Downloaded swc_common v1.0.0
[INFO] [stderr]   Downloaded sqlparser v0.51.0
[INFO] running `Command { std: "docker" "create" "-v" "/var/lib/crater-agent-workspace/builds/worker-0-tc1/target:/opt/rustwide/target:rw,Z" "-v" "/var/lib/crater-agent-workspace/builds/worker-0-tc1/source:/opt/rustwide/workdir:ro,Z" "-v" "/var/lib/crater-agent-workspace/cargo-home:/opt/rustwide/cargo-home:ro,Z" "-v" "/var/lib/crater-agent-workspace/rustup-home:/opt/rustwide/rustup-home:ro,Z" "-e" "SOURCE_DIR=/opt/rustwide/workdir" "-e" "CARGO_TARGET_DIR=/opt/rustwide/target" "-e" "CARGO_HOME=/opt/rustwide/cargo-home" "-e" "RUSTUP_HOME=/opt/rustwide/rustup-home" "-w" "/opt/rustwide/workdir" "-m" "1610612736" "--user" "0:0" "--network" "none" "ghcr.io/rust-lang/crates-build-env/linux@sha256:f3a9d4ad9d972b27faf3965f35b62e55ba32bbce8f20bc8fe909558a86702fde" "/opt/rustwide/cargo-home/bin/cargo" "+1.83.0" "metadata" "--no-deps" "--format-version=1", kill_on_drop: false }`
[INFO] [stdout] 1bf49c57a2f8f65cf9e08803a5de2fac25689875dd495667d01eafb34a0fa549
[INFO] running `Command { std: "docker" "start" "-a" "1bf49c57a2f8f65cf9e08803a5de2fac25689875dd495667d01eafb34a0fa549", kill_on_drop: false }`
[INFO] running `Command { std: "docker" "inspect" "1bf49c57a2f8f65cf9e08803a5de2fac25689875dd495667d01eafb34a0fa549", kill_on_drop: false }`
[INFO] running `Command { std: "docker" "rm" "-f" "1bf49c57a2f8f65cf9e08803a5de2fac25689875dd495667d01eafb34a0fa549", kill_on_drop: false }`
[INFO] [stdout] 1bf49c57a2f8f65cf9e08803a5de2fac25689875dd495667d01eafb34a0fa549
[INFO] running `Command { std: "docker" "create" "-v" "/var/lib/crater-agent-workspace/builds/worker-0-tc1/target:/opt/rustwide/target:rw,Z" "-v" "/var/lib/crater-agent-workspace/builds/worker-0-tc1/source:/opt/rustwide/workdir:ro,Z" "-v" "/var/lib/crater-agent-workspace/cargo-home:/opt/rustwide/cargo-home:ro,Z" "-v" "/var/lib/crater-agent-workspace/rustup-home:/opt/rustwide/rustup-home:ro,Z" "-e" "SOURCE_DIR=/opt/rustwide/workdir" "-e" "CARGO_TARGET_DIR=/opt/rustwide/target" "-e" "CARGO_INCREMENTAL=0" "-e" "RUST_BACKTRACE=full" "-e" "RUSTFLAGS=--cap-lints=warn" "-e" "RUSTDOCFLAGS=--cap-lints=warn" "-e" "CARGO_HOME=/opt/rustwide/cargo-home" "-e" "RUSTUP_HOME=/opt/rustwide/rustup-home" "-w" "/opt/rustwide/workdir" "-m" "1610612736" "--user" "0:0" "--network" "none" "ghcr.io/rust-lang/crates-build-env/linux@sha256:f3a9d4ad9d972b27faf3965f35b62e55ba32bbce8f20bc8fe909558a86702fde" "/opt/rustwide/cargo-home/bin/cargo" "+1.83.0" "build" "--frozen" "--message-format=json", kill_on_drop: false }`
[INFO] [stdout] 976869041f9c76eecb4bbaaaf002c5962cdd332296f68e632f1846606f438a38
[INFO] running `Command { std: "docker" "start" "-a" "976869041f9c76eecb4bbaaaf002c5962cdd332296f68e632f1846606f438a38", kill_on_drop: false }`
[INFO] [stderr]    Compiling proc-macro2 v1.0.88
[INFO] [stderr]    Compiling unicode-ident v1.0.13
[INFO] [stderr]    Compiling serde v1.0.210
[INFO] [stderr]    Compiling siphasher v0.3.11
[INFO] [stderr]    Compiling once_cell v1.20.2
[INFO] [stderr]    Compiling version_check v0.9.5
[INFO] [stderr]    Compiling rand_core v0.6.4
[INFO] [stderr]    Compiling autocfg v1.4.0
[INFO] [stderr]    Compiling zerocopy v0.7.35
[INFO] [stderr]    Compiling allocator-api2 v0.2.18
[INFO] [stderr]    Compiling syn v1.0.109
[INFO] [stderr]    Compiling tinyvec_macros v0.1.1
[INFO] [stderr]    Compiling stable_deref_trait v1.2.0
[INFO] [stderr]    Compiling rustc-hash v1.1.0
[INFO] [stderr]    Compiling percent-encoding v2.3.1
[INFO] [stderr]    Compiling memchr v2.7.4
[INFO] [stderr]    Compiling tinyvec v1.8.0
[INFO] [stderr]    Compiling new_debug_unreachable v1.0.6
[INFO] [stderr]    Compiling unicode-bidi v0.3.17
[INFO] [stderr]    Compiling radium v0.7.0
[INFO] [stderr]    Compiling scoped-tls v1.0.1
[INFO] [stderr]    Compiling rand v0.8.5
[INFO] [stderr]    Compiling phf_shared v0.11.2
[INFO] [stderr]    Compiling form_urlencoded v1.2.1
[INFO] [stderr]    Compiling tracing-core v0.1.32
[INFO] [stderr]    Compiling bumpalo v3.16.0
[INFO] [stderr]    Compiling pin-project-lite v0.2.14
[INFO] [stderr]    Compiling either v1.13.0
[INFO] [stderr]    Compiling serde_json v1.0.128
[INFO] [stderr]    Compiling outref v0.1.0
[INFO] [stderr]    Compiling tap v1.0.1
[INFO] [stderr]    Compiling better_scoped_tls v1.0.0
[INFO] [stderr]    Compiling simd-abstraction v0.7.1
[INFO] [stderr]    Compiling itoa v1.0.11
[INFO] [stderr]    Compiling equivalent v1.0.1
[INFO] [stderr]    Compiling ahash v0.8.11
[INFO] [stderr]    Compiling num-traits v0.2.19
[INFO] [stderr]    Compiling wyz v0.5.1
[INFO] [stderr]    Compiling aho-corasick v1.1.3
[INFO] [stderr]    Compiling funty v2.0.0
[INFO] [stderr]    Compiling swc_visit v1.0.0
[INFO] [stderr]    Compiling ryu v1.0.18
[INFO] [stderr]    Compiling regex-syntax v0.8.5
[INFO] [stderr]    Compiling unicode-width v0.1.14
[INFO] [stderr]    Compiling hashbrown v0.15.0
[INFO] [stderr]    Compiling unicode-normalization v0.1.24
[INFO] [stderr]    Compiling Inflector v0.11.4
[INFO] [stderr]    Compiling unicode-id-start v1.3.1
[INFO] [stderr]    Compiling uuid v1.11.0
[INFO] [stderr]    Compiling base64-simd v0.7.0
[INFO] [stderr]    Compiling hashbrown v0.14.5
[INFO] [stderr]    Compiling bitvec v1.0.1
[INFO] [stderr]    Compiling phf_generator v0.11.2
[INFO] [stderr]    Compiling quote v1.0.37
[INFO] [stderr]    Compiling data-encoding v2.6.0
[INFO] [stderr]    Compiling winnow v0.6.20
[INFO] [stderr]    Compiling bitflags v2.6.0
[INFO] [stderr]    Compiling thiserror v1.0.64
[INFO] [stderr]    Compiling if_chain v1.0.2
[INFO] [stderr]    Compiling log v0.4.22
[INFO] [stderr]    Compiling syn v2.0.79
[INFO] [stderr]    Compiling idna v0.5.0
[INFO] [stderr]    Compiling indexmap v2.6.0
[INFO] [stderr]    Compiling url v2.5.2
[INFO] [stderr]    Compiling num-integer v0.1.46
[INFO] [stderr]    Compiling regex-automata v0.4.8
[INFO] [stderr]    Compiling ptr_meta_derive v0.1.4
[INFO] [stderr]    Compiling ptr_meta v0.1.4
[INFO] [stderr]    Compiling regex v1.11.0
[INFO] [stderr]    Compiling swc_macros_common v1.0.0
[INFO] [stderr]    Compiling serde_derive v1.0.210
[INFO] [stderr]    Compiling phf_macros v0.11.2
[INFO] [stderr]    Compiling tracing-attributes v0.1.27
[INFO] [stderr]    Compiling from_variant v2.0.0
[INFO] [stderr]    Compiling swc_eq_ignore_macros v1.0.0
[INFO] [stderr]    Compiling ast_node v2.0.0
[INFO] [stderr]    Compiling string_enum v1.0.0
[INFO] [stderr]    Compiling is-macro v0.3.6
[INFO] [stderr]    Compiling swc_ecma_codegen_macros v1.0.0
[INFO] [stderr]    Compiling thiserror-impl v1.0.64
[INFO] [stderr]    Compiling phf v0.11.2
[INFO] [stderr]    Compiling tracing v0.1.40
[INFO] [stderr]    Compiling triomphe v0.1.14
[INFO] [stderr]    Compiling num-bigint v0.4.6
[INFO] [stderr]    Compiling toml_datetime v0.6.8
[INFO] [stderr]    Compiling serde_spanned v0.6.8
[INFO] [stderr]    Compiling debugid v0.8.0
[INFO] [stderr]    Compiling sqlparser v0.51.0
[INFO] [stderr]    Compiling toml_edit v0.22.22
[INFO] [stderr]    Compiling hstr v0.2.12
[INFO] [stderr]    Compiling swc_allocator v1.0.0
[INFO] [stderr]    Compiling swc_atoms v2.0.0
[INFO] [stderr]    Compiling sourcemap v9.0.0
[INFO] [stderr]    Compiling swc_common v1.0.0
[INFO] [stderr]    Compiling toml v0.8.19
[INFO] [stderr]    Compiling swc_ecma_ast v1.0.0
[INFO] [stderr]    Compiling swc_ecma_codegen v1.0.0
[INFO] [stderr]    Compiling noorm v0.1.0 (/opt/rustwide/workdir)
[INFO] [stderr]     Finished `dev` profile [unoptimized + debuginfo] target(s) in 1m 12s
[INFO] running `Command { std: "docker" "inspect" "976869041f9c76eecb4bbaaaf002c5962cdd332296f68e632f1846606f438a38", kill_on_drop: false }`
[INFO] running `Command { std: "docker" "rm" "-f" "976869041f9c76eecb4bbaaaf002c5962cdd332296f68e632f1846606f438a38", kill_on_drop: false }`
[INFO] [stdout] 976869041f9c76eecb4bbaaaf002c5962cdd332296f68e632f1846606f438a38
[INFO] running `Command { std: "docker" "create" "-v" "/var/lib/crater-agent-workspace/builds/worker-0-tc1/target:/opt/rustwide/target:rw,Z" "-v" "/var/lib/crater-agent-workspace/builds/worker-0-tc1/source:/opt/rustwide/workdir:ro,Z" "-v" "/var/lib/crater-agent-workspace/cargo-home:/opt/rustwide/cargo-home:ro,Z" "-v" "/var/lib/crater-agent-workspace/rustup-home:/opt/rustwide/rustup-home:ro,Z" "-e" "SOURCE_DIR=/opt/rustwide/workdir" "-e" "CARGO_TARGET_DIR=/opt/rustwide/target" "-e" "CARGO_INCREMENTAL=0" "-e" "RUST_BACKTRACE=full" "-e" "RUSTFLAGS=--cap-lints=warn" "-e" "RUSTDOCFLAGS=--cap-lints=warn" "-e" "CARGO_HOME=/opt/rustwide/cargo-home" "-e" "RUSTUP_HOME=/opt/rustwide/rustup-home" "-w" "/opt/rustwide/workdir" "-m" "1610612736" "--user" "0:0" "--network" "none" "ghcr.io/rust-lang/crates-build-env/linux@sha256:f3a9d4ad9d972b27faf3965f35b62e55ba32bbce8f20bc8fe909558a86702fde" "/opt/rustwide/cargo-home/bin/cargo" "+1.83.0" "test" "--frozen" "--no-run" "--message-format=json", kill_on_drop: false }`
[INFO] [stdout] 6e8913143272d8666c6f710de9758f130f5e147a8c5049c85f6da4bec3d7cf5d
[INFO] running `Command { std: "docker" "start" "-a" "6e8913143272d8666c6f710de9758f130f5e147a8c5049c85f6da4bec3d7cf5d", kill_on_drop: false }`
[INFO] [stderr]    Compiling serde v1.0.210
[INFO] [stderr]    Compiling num-traits v0.2.19
[INFO] [stderr]    Compiling crossbeam-utils v0.8.20
[INFO] [stderr]    Compiling libc v0.2.159
[INFO] [stderr]    Compiling rayon-core v1.12.1
[INFO] [stderr]    Compiling half v2.4.1
[INFO] [stderr]    Compiling plotters-backend v0.3.7
[INFO] [stderr]    Compiling anstyle v1.0.8
[INFO] [stderr]    Compiling clap_lex v0.7.2
[INFO] [stderr]    Compiling ciborium-io v0.2.2
[INFO] [stderr]    Compiling itertools v0.10.5
[INFO] [stderr]    Compiling cast v0.3.0
[INFO] [stderr]    Compiling same-file v1.0.6
[INFO] [stderr]    Compiling oorandom v11.1.4
[INFO] [stderr]    Compiling anes v0.1.6
[INFO] [stderr]    Compiling walkdir v2.5.0
[INFO] [stderr]    Compiling clap_builder v4.5.20
[INFO] [stderr]    Compiling plotters-svg v0.3.7
[INFO] [stderr]    Compiling ciborium-ll v0.2.2
[INFO] [stderr]    Compiling crossbeam-epoch v0.9.18
[INFO] [stderr]    Compiling num-integer v0.1.46
[INFO] [stderr]    Compiling plotters v0.3.7
[INFO] [stderr]    Compiling crossbeam-deque v0.8.5
[INFO] [stderr]    Compiling is-terminal v0.4.13
[INFO] [stderr]    Compiling criterion-plot v0.5.0
[INFO] [stderr]    Compiling rayon v1.10.0
[INFO] [stderr]    Compiling clap v4.5.20
[INFO] [stderr]    Compiling triomphe v0.1.14
[INFO] [stderr]    Compiling serde_json v1.0.128
[INFO] [stderr]    Compiling num-bigint v0.4.6
[INFO] [stderr]    Compiling debugid v0.8.0
[INFO] [stderr]    Compiling toml_datetime v0.6.8
[INFO] [stderr]    Compiling serde_spanned v0.6.8
[INFO] [stderr]    Compiling ciborium v0.2.2
[INFO] [stderr]    Compiling sqlparser v0.51.0
[INFO] [stderr]    Compiling toml_edit v0.22.22
[INFO] [stderr]    Compiling hstr v0.2.12
[INFO] [stderr]    Compiling swc_allocator v1.0.0
[INFO] [stderr]    Compiling swc_atoms v2.0.0
[INFO] [stderr]    Compiling sourcemap v9.0.0
[INFO] [stderr]    Compiling tinytemplate v1.2.1
[INFO] [stderr]    Compiling criterion v0.5.1
[INFO] [stderr]    Compiling toml v0.8.19
[INFO] [stderr]    Compiling swc_common v1.0.0
[INFO] [stderr]    Compiling swc_ecma_ast v1.0.0
[INFO] [stderr]    Compiling swc_ecma_codegen v1.0.0
[INFO] [stderr]    Compiling noorm v0.1.0 (/opt/rustwide/workdir)
[INFO] [stderr]     Finished `test` profile [unoptimized + debuginfo] target(s) in 53.07s
[INFO] running `Command { std: "docker" "inspect" "6e8913143272d8666c6f710de9758f130f5e147a8c5049c85f6da4bec3d7cf5d", kill_on_drop: false }`
[INFO] running `Command { std: "docker" "rm" "-f" "6e8913143272d8666c6f710de9758f130f5e147a8c5049c85f6da4bec3d7cf5d", kill_on_drop: false }`
[INFO] [stdout] 6e8913143272d8666c6f710de9758f130f5e147a8c5049c85f6da4bec3d7cf5d
[INFO] running `Command { std: "docker" "create" "-v" "/var/lib/crater-agent-workspace/builds/worker-0-tc1/target:/opt/rustwide/target:rw,Z" "-v" "/var/lib/crater-agent-workspace/builds/worker-0-tc1/source:/opt/rustwide/workdir:ro,Z" "-v" "/var/lib/crater-agent-workspace/cargo-home:/opt/rustwide/cargo-home:ro,Z" "-v" "/var/lib/crater-agent-workspace/rustup-home:/opt/rustwide/rustup-home:ro,Z" "-e" "SOURCE_DIR=/opt/rustwide/workdir" "-e" "CARGO_TARGET_DIR=/opt/rustwide/target" "-e" "CARGO_INCREMENTAL=0" "-e" "RUST_BACKTRACE=full" "-e" "RUSTFLAGS=--cap-lints=warn" "-e" "RUSTDOCFLAGS=--cap-lints=warn" "-e" "CARGO_HOME=/opt/rustwide/cargo-home" "-e" "RUSTUP_HOME=/opt/rustwide/rustup-home" "-w" "/opt/rustwide/workdir" "-m" "1610612736" "--user" "0:0" "--network" "none" "ghcr.io/rust-lang/crates-build-env/linux@sha256:f3a9d4ad9d972b27faf3965f35b62e55ba32bbce8f20bc8fe909558a86702fde" "/opt/rustwide/cargo-home/bin/cargo" "+1.83.0" "test" "--frozen", kill_on_drop: false }`
[INFO] [stdout] 1bb6fc640702a48c06cef600983ce6b77eefd5dc9aea9755096ac8113f66eef2
[INFO] running `Command { std: "docker" "start" "-a" "1bb6fc640702a48c06cef600983ce6b77eefd5dc9aea9755096ac8113f66eef2", kill_on_drop: false }`
[INFO] [stderr]     Finished `test` profile [unoptimized + debuginfo] target(s) in 0.25s
[INFO] [stderr]      Running unittests src/lib.rs (/opt/rustwide/target/debug/deps/noorm-0c6cfc501df7f7a5)
[INFO] [stdout] 
[INFO] [stderr]      Running tests/integraion_tests.rs (/opt/rustwide/target/debug/deps/integraion_tests-41073b60e7acda47)
[INFO] [stdout] running 0 tests
[INFO] [stdout] 
[INFO] [stdout] test result: ok. 0 passed; 0 failed; 0 ignored; 0 measured; 0 filtered out; finished in 0.00s
[INFO] [stdout] 
[INFO] [stdout] 
[INFO] [stdout] running 1 test
[INFO] [stdout] test test_parser_builder ... ok
[INFO] [stdout] 
[INFO] [stdout] test result: ok. 1 passed; 0 failed; 0 ignored; 0 measured; 0 filtered out; finished in 0.00s
[INFO] [stdout] 
[INFO] [stderr]    Doc-tests noorm
[INFO] [stdout] 
[INFO] [stdout] running 7 tests
[INFO] [stdout] test src/parser/parser.rs - parser::parser::Parser::parse (line 177) - compile ... ok
[INFO] [stdout] test src/parser/parser.rs - parser::parser::Parser::get_config (line 139) ... FAILED
[INFO] [stdout] test src/parser/parser.rs - parser::parser::ParserConfig::from_toml (line 66) ... FAILED
[INFO] [stdout] test src/parser/parser.rs - parser::parser::Parser::set_config (line 120) ... ok
[INFO] [stdout] test src/parser/parser.rs - parser::parser::Parser::statement (line 158) ... ok
[INFO] [stdout] test src/parser/parser.rs - parser::parser::ParserConfig::new (line 40) ... ok
[INFO] [stdout] test src/parser/parser.rs - parser::parser::Parser::new (line 99) ... ok
[INFO] [stdout] 
[INFO] [stdout] failures:
[INFO] [stdout] 
[INFO] [stdout] ---- src/parser/parser.rs - parser::parser::Parser::get_config (line 139) stdout ----
[INFO] [stdout] error: linking with `cc` failed: exit status: 1
[INFO] [stdout]   |
[INFO] [stdout]   = note: LC_ALL="C" PATH="/opt/rustwide/rustup-home/toolchains/1.83.0-x86_64-unknown-linux-gnu/lib/rustlib/x86_64-unknown-linux-gnu/bin:/opt/rustwide/cargo-home/bin:/usr/local/sbin:/usr/local/bin:/usr/sbin:/usr/bin:/sbin:/bin" VSLANG="1033" "cc" "-m64" "/tmp/rustcbP9hSk/symbols.o" "/tmp/rustdoctestRGKGsE/rust_out.rust_out.cb03291d53e4e161-cgu.0.rcgu.o" "/tmp/rustdoctestRGKGsE/rust_out.1s7umcihpz0t7nkz1uc2ifee9.rcgu.o" "-Wl,--as-needed" "-Wl,-Bstatic" "/opt/rustwide/target/debug/deps/libnoorm-d812fb5aeeb84e3a.rlib" "/opt/rustwide/target/debug/deps/libswc_ecma_codegen-0bc436a029ab3a34.rlib" "/opt/rustwide/target/debug/deps/libregex-836e7cda268402d9.rlib" "/opt/rustwide/target/debug/deps/libregex_automata-0b16463a9bcebd02.rlib" "/opt/rustwide/target/debug/deps/libaho_corasick-ca3c2ec2e6ffa0c6.rlib" "/opt/rustwide/target/debug/deps/libregex_syntax-155e812807b49638.rlib" "/opt/rustwide/target/debug/deps/libmemchr-a61794c77f52d343.rlib" "/opt/rustwide/target/debug/deps/libswc_ecma_ast-5b670448605b659e.rlib" "/opt/rustwide/target/debug/deps/libunicode_id_start-c85208b2c6db7953.rlib" "/opt/rustwide/target/debug/deps/libbitflags-53c76c4f639396f9.rlib" "/opt/rustwide/target/debug/deps/libphf-ac1f720431c73a48.rlib" "/opt/rustwide/target/debug/deps/libphf_shared-f65c24852a10dcd2.rlib" "/opt/rustwide/target/debug/deps/libswc_common-e70da9d9cecb656a.rlib" "/opt/rustwide/target/debug/deps/libbetter_scoped_tls-48815578c5e0e064.rlib" "/opt/rustwide/target/debug/deps/libscoped_tls-47bf6ff3944dd2fa.rlib" "/opt/rustwide/target/debug/deps/libunicode_width-5585deccba236fb6.rlib" "/opt/rustwide/target/debug/deps/liburl-947c281904c02483.rlib" "/opt/rustwide/target/debug/deps/libidna-19737b3a3c5ab393.rlib" "/opt/rustwide/target/debug/deps/libunicode_normalization-597357b71f4c2d3e.rlib" "/opt/rustwide/target/debug/deps/libtinyvec-ae8d3c8ddfe5386c.rlib" "/opt/rustwide/target/debug/deps/libtinyvec_macros-bb1333ecdeeba2ad.rlib" "/opt/rustwide/target/debug/deps/libunicode_bidi-bf47b57c3332bce2.rlib" "/opt/rustwide/target/debug/deps/libform_urlencoded-533db7122d3ddfc5.rlib" "/opt/rustwide/target/debug/deps/libpercent_encoding-88cba40a7181d984.rlib" "/opt/rustwide/target/debug/deps/libsiphasher-9a0e888a6230d9ab.rlib" "/opt/rustwide/target/debug/deps/libtracing-153e039f77b9e845.rlib" "/opt/rustwide/target/debug/deps/libpin_project_lite-04d37b8eb510eecb.rlib" "/opt/rustwide/target/debug/deps/libtracing_core-f8f0b4af6c34417e.rlib" "/opt/rustwide/target/debug/deps/libswc_allocator-88a912d7d80e6c16.rlib" "/opt/rustwide/target/debug/deps/libbumpalo-2d8f09d7f83e489e.rlib" "/opt/rustwide/target/debug/deps/libswc_atoms-63668ec86cb02ed1.rlib" "/opt/rustwide/target/debug/deps/libhstr-e5945442c90aa99e.rlib" "/opt/rustwide/target/debug/deps/libhashbrown-553ad42070bff7db.rlib" "/opt/rustwide/target/debug/deps/libahash-414f2e9fcf3b21eb.rlib" "/opt/rustwide/target/debug/deps/libcfg_if-8217498f8667ada9.rlib" "/opt/rustwide/target/debug/deps/libzerocopy-9a2912bb2fae3461.rlib" "/opt/rustwide/target/debug/deps/liballocator_api2-4a565f1f81f969a3.rlib" "/opt/rustwide/target/debug/deps/libtriomphe-adc62cf1e8caba9b.rlib" "/opt/rustwide/target/debug/deps/libstable_deref_trait-c1755e9fdd1efda8.rlib" "/opt/rustwide/target/debug/deps/libonce_cell-6f631f2a5f71cecc.rlib" "/opt/rustwide/target/debug/deps/librustc_hash-c9f1ca6ac0c62e13.rlib" "/opt/rustwide/target/debug/deps/libswc_visit-a196055d3f6899e1.rlib" "/opt/rustwide/target/debug/deps/libdebug_unreachable-4507fd018f69d5a7.rlib" "/opt/rustwide/target/debug/deps/libeither-f8e74052d764b867.rlib" "/opt/rustwide/target/debug/deps/libnum_bigint-1f0e90ff676dfbcb.rlib" "/opt/rustwide/target/debug/deps/libnum_integer-f0d13f80b56d91d3.rlib" "/opt/rustwide/target/debug/deps/libnum_traits-15e1fbffc26ebd9a.rlib" "/opt/rustwide/target/debug/deps/libsyn-94e03f14723905d9.rlib" "/opt/rustwide/target/debug/deps/libquote-12b5ebf7079d4eae.rlib" "/opt/rustwide/target/debug/deps/libproc_macro2-f601f59c683f9f8f.rlib" "/opt/rustwide/target/debug/deps/libunicode_ident-f6d8bd002fa1f276.rlib" "/opt/rustwide/rustup-home/toolchains/1.83.0-x86_64-unknown-linux-gnu/lib/rustlib/x86_64-unknown-linux-gnu/lib/libproc_macro-a2fc9021817a412b.rlib" "/opt/rustwide/target/debug/deps/libsqlparser-87eeba69ecd83aee.rlib" "/opt/rustwide/target/debug/deps/liblog-2579a5a2dbce8c4d.rlib" "/opt/rustwide/target/debug/deps/libthiserror-fec511162eeed901.rlib" "/opt/rustwide/target/debug/deps/libtoml-7adb92b7d36c315e.rlib" "/opt/rustwide/target/debug/deps/libtoml_edit-1c88b619dda44e8d.rlib" "/opt/rustwide/target/debug/deps/libserde_spanned-dc82dc3e508843d4.rlib" "/opt/rustwide/target/debug/deps/libindexmap-3b61befb0fcbe039.rlib" "/opt/rustwide/target/debug/deps/libequivalent-4d5cfde55792e26d.rlib" "/opt/rustwide/target/debug/deps/libhashbrown-6289f19fff399cbf.rlib" "/opt/rustwide/target/debug/deps/libwinnow-44486a17e70ec525.rlib" "/opt/rustwide/target/debug/deps/libtoml_datetime-fb21918d0ffc0582.rlib" "/opt/rustwide/target/debug/deps/libserde-9e075e85399726c0.rlib" "/opt/rustwide/rustup-home/toolchains/1.83.0-x86_64-unknown-linux-gnu/lib/rustlib/x86_64-unknown-linux-gnu/lib/libstd-ca74a2d9c5166d9f.rlib" "/opt/rustwide/rustup-home/toolchains/1.83.0-x86_64-unknown-linux-gnu/lib/rustlib/x86_64-unknown-linux-gnu/lib/libpanic_unwind-e31ab23316ed5080.rlib" "/opt/rustwide/rustup-home/toolchains/1.83.0-x86_64-unknown-linux-gnu/lib/rustlib/x86_64-unknown-linux-gnu/lib/libobject-27dc4aa955912662.rlib" "/opt/rustwide/rustup-home/toolchains/1.83.0-x86_64-unknown-linux-gnu/lib/rustlib/x86_64-unknown-linux-gnu/lib/libmemchr-bd0d6cccce077b99.rlib" "/opt/rustwide/rustup-home/toolchains/1.83.0-x86_64-unknown-linux-gnu/lib/rustlib/x86_64-unknown-linux-gnu/lib/libaddr2line-8d001680935b5e3c.rlib" "/opt/rustwide/rustup-home/toolchains/1.83.0-x86_64-unknown-linux-gnu/lib/rustlib/x86_64-unknown-linux-gnu/lib/libgimli-ba8ce71964f984f4.rlib" "/opt/rustwide/rustup-home/toolchains/1.83.0-x86_64-unknown-linux-gnu/lib/rustlib/x86_64-unknown-linux-gnu/lib/librustc_demangle-99a73526abcec14b.rlib" "/opt/rustwide/rustup-home/toolchains/1.83.0-x86_64-unknown-linux-gnu/lib/rustlib/x86_64-unknown-linux-gnu/lib/libstd_detect-63ac0d22cff92579.rlib" "/opt/rustwide/rustup-home/toolchains/1.83.0-x86_64-unknown-linux-gnu/lib/rustlib/x86_64-unknown-linux-gnu/lib/libhashbrown-9057355c92c922d5.rlib" "/opt/rustwide/rustup-home/toolchains/1.83.0-x86_64-unknown-linux-gnu/lib/rustlib/x86_64-unknown-linux-gnu/lib/librustc_std_workspace_alloc-358be9bc1f6bab04.rlib" "/opt/rustwide/rustup-home/toolchains/1.83.0-x86_64-unknown-linux-gnu/lib/rustlib/x86_64-unknown-linux-gnu/lib/libminiz_oxide-aca15549d5bff974.rlib" "/opt/rustwide/rustup-home/toolchains/1.83.0-x86_64-unknown-linux-gnu/lib/rustlib/x86_64-unknown-linux-gnu/lib/libadler-8251d2cef7072448.rlib" "/opt/rustwide/rustup-home/toolchains/1.83.0-x86_64-unknown-linux-gnu/lib/rustlib/x86_64-unknown-linux-gnu/lib/libunwind-7d50b86011c66411.rlib" "/opt/rustwide/rustup-home/toolchains/1.83.0-x86_64-unknown-linux-gnu/lib/rustlib/x86_64-unknown-linux-gnu/lib/libcfg_if-51ea098fce5006bf.rlib" "/opt/rustwide/rustup-home/toolchains/1.83.0-x86_64-unknown-linux-gnu/lib/rustlib/x86_64-unknown-linux-gnu/lib/liblibc-5a14e0d0b712e731.rlib" "/opt/rustwide/rustup-home/toolchains/1.83.0-x86_64-unknown-linux-gnu/lib/rustlib/x86_64-unknown-linux-gnu/lib/liballoc-8b83dbf3a7b8f999.rlib" "/opt/rustwide/rustup-home/toolchains/1.83.0-x86_64-unknown-linux-gnu/lib/rustlib/x86_64-unknown-linux-gnu/lib/librustc_std_workspace_core-c6fd227bdc7b39ff.rlib" "/opt/rustwide/rustup-home/toolchains/1.83.0-x86_64-unknown-linux-gnu/lib/rustlib/x86_64-unknown-linux-gnu/lib/libcore-959d3389fa3da8a5.rlib" "/opt/rustwide/rustup-home/toolchains/1.83.0-x86_64-unknown-linux-gnu/lib/rustlib/x86_64-unknown-linux-gnu/lib/libcompiler_builtins-abe05db089cc2c62.rlib" "-Wl,-Bdynamic" "-lgcc_s" "-lutil" "-lrt" "-lpthread" "-lm" "-ldl" "-lc" "-Wl,--eh-frame-hdr" "-Wl,-z,noexecstack" "-L" "/opt/rustwide/rustup-home/toolchains/1.83.0-x86_64-unknown-linux-gnu/lib/rustlib/x86_64-unknown-linux-gnu/lib" "-o" "/tmp/rustdoctestRGKGsE/rust_out" "-Wl,--gc-sections" "-pie" "-Wl,-z,relro,-z,now" "-nodefaultlibs"
[INFO] [stdout]   = note: collect2: fatal error: ld terminated with signal 9 [Killed]
[INFO] [stdout]           compilation terminated.
[INFO] [stdout]           
[INFO] [stdout] 
[INFO] [stdout] error: aborting due to 1 previous error
[INFO] [stdout] 
[INFO] [stdout] Couldn't compile the test.
[INFO] [stdout] ---- src/parser/parser.rs - parser::parser::ParserConfig::from_toml (line 66) stdout ----
[INFO] [stdout] error: linking with `cc` failed: exit status: 1
[INFO] [stdout]   |
[INFO] [stdout]   = note: LC_ALL="C" PATH="/opt/rustwide/rustup-home/toolchains/1.83.0-x86_64-unknown-linux-gnu/lib/rustlib/x86_64-unknown-linux-gnu/bin:/opt/rustwide/cargo-home/bin:/usr/local/sbin:/usr/local/bin:/usr/sbin:/usr/bin:/sbin:/bin" VSLANG="1033" "cc" "-m64" "/tmp/rustc1ukEch/symbols.o" "/tmp/rustdoctestVY1rjQ/rust_out.rust_out.cb03291d53e4e161-cgu.0.rcgu.o" "/tmp/rustdoctestVY1rjQ/rust_out.1s7umcihpz0t7nkz1uc2ifee9.rcgu.o" "-Wl,--as-needed" "-Wl,-Bstatic" "/opt/rustwide/target/debug/deps/libnoorm-d812fb5aeeb84e3a.rlib" "/opt/rustwide/target/debug/deps/libswc_ecma_codegen-0bc436a029ab3a34.rlib" "/opt/rustwide/target/debug/deps/libregex-836e7cda268402d9.rlib" "/opt/rustwide/target/debug/deps/libregex_automata-0b16463a9bcebd02.rlib" "/opt/rustwide/target/debug/deps/libaho_corasick-ca3c2ec2e6ffa0c6.rlib" "/opt/rustwide/target/debug/deps/libregex_syntax-155e812807b49638.rlib" "/opt/rustwide/target/debug/deps/libmemchr-a61794c77f52d343.rlib" "/opt/rustwide/target/debug/deps/libswc_ecma_ast-5b670448605b659e.rlib" "/opt/rustwide/target/debug/deps/libunicode_id_start-c85208b2c6db7953.rlib" "/opt/rustwide/target/debug/deps/libbitflags-53c76c4f639396f9.rlib" "/opt/rustwide/target/debug/deps/libphf-ac1f720431c73a48.rlib" "/opt/rustwide/target/debug/deps/libphf_shared-f65c24852a10dcd2.rlib" "/opt/rustwide/target/debug/deps/libswc_common-e70da9d9cecb656a.rlib" "/opt/rustwide/target/debug/deps/libbetter_scoped_tls-48815578c5e0e064.rlib" "/opt/rustwide/target/debug/deps/libscoped_tls-47bf6ff3944dd2fa.rlib" "/opt/rustwide/target/debug/deps/libunicode_width-5585deccba236fb6.rlib" "/opt/rustwide/target/debug/deps/liburl-947c281904c02483.rlib" "/opt/rustwide/target/debug/deps/libidna-19737b3a3c5ab393.rlib" "/opt/rustwide/target/debug/deps/libunicode_normalization-597357b71f4c2d3e.rlib" "/opt/rustwide/target/debug/deps/libtinyvec-ae8d3c8ddfe5386c.rlib" "/opt/rustwide/target/debug/deps/libtinyvec_macros-bb1333ecdeeba2ad.rlib" "/opt/rustwide/target/debug/deps/libunicode_bidi-bf47b57c3332bce2.rlib" "/opt/rustwide/target/debug/deps/libform_urlencoded-533db7122d3ddfc5.rlib" "/opt/rustwide/target/debug/deps/libpercent_encoding-88cba40a7181d984.rlib" "/opt/rustwide/target/debug/deps/libsiphasher-9a0e888a6230d9ab.rlib" "/opt/rustwide/target/debug/deps/libtracing-153e039f77b9e845.rlib" "/opt/rustwide/target/debug/deps/libpin_project_lite-04d37b8eb510eecb.rlib" "/opt/rustwide/target/debug/deps/libtracing_core-f8f0b4af6c34417e.rlib" "/opt/rustwide/target/debug/deps/libswc_allocator-88a912d7d80e6c16.rlib" "/opt/rustwide/target/debug/deps/libbumpalo-2d8f09d7f83e489e.rlib" "/opt/rustwide/target/debug/deps/libswc_atoms-63668ec86cb02ed1.rlib" "/opt/rustwide/target/debug/deps/libhstr-e5945442c90aa99e.rlib" "/opt/rustwide/target/debug/deps/libhashbrown-553ad42070bff7db.rlib" "/opt/rustwide/target/debug/deps/libahash-414f2e9fcf3b21eb.rlib" "/opt/rustwide/target/debug/deps/libcfg_if-8217498f8667ada9.rlib" "/opt/rustwide/target/debug/deps/libzerocopy-9a2912bb2fae3461.rlib" "/opt/rustwide/target/debug/deps/liballocator_api2-4a565f1f81f969a3.rlib" "/opt/rustwide/target/debug/deps/libtriomphe-adc62cf1e8caba9b.rlib" "/opt/rustwide/target/debug/deps/libstable_deref_trait-c1755e9fdd1efda8.rlib" "/opt/rustwide/target/debug/deps/libonce_cell-6f631f2a5f71cecc.rlib" "/opt/rustwide/target/debug/deps/librustc_hash-c9f1ca6ac0c62e13.rlib" "/opt/rustwide/target/debug/deps/libswc_visit-a196055d3f6899e1.rlib" "/opt/rustwide/target/debug/deps/libdebug_unreachable-4507fd018f69d5a7.rlib" "/opt/rustwide/target/debug/deps/libeither-f8e74052d764b867.rlib" "/opt/rustwide/target/debug/deps/libnum_bigint-1f0e90ff676dfbcb.rlib" "/opt/rustwide/target/debug/deps/libnum_integer-f0d13f80b56d91d3.rlib" "/opt/rustwide/target/debug/deps/libnum_traits-15e1fbffc26ebd9a.rlib" "/opt/rustwide/target/debug/deps/libsyn-94e03f14723905d9.rlib" "/opt/rustwide/target/debug/deps/libquote-12b5ebf7079d4eae.rlib" "/opt/rustwide/target/debug/deps/libproc_macro2-f601f59c683f9f8f.rlib" "/opt/rustwide/target/debug/deps/libunicode_ident-f6d8bd002fa1f276.rlib" "/opt/rustwide/rustup-home/toolchains/1.83.0-x86_64-unknown-linux-gnu/lib/rustlib/x86_64-unknown-linux-gnu/lib/libproc_macro-a2fc9021817a412b.rlib" "/opt/rustwide/target/debug/deps/libsqlparser-87eeba69ecd83aee.rlib" "/opt/rustwide/target/debug/deps/liblog-2579a5a2dbce8c4d.rlib" "/opt/rustwide/target/debug/deps/libthiserror-fec511162eeed901.rlib" "/opt/rustwide/target/debug/deps/libtoml-7adb92b7d36c315e.rlib" "/opt/rustwide/target/debug/deps/libtoml_edit-1c88b619dda44e8d.rlib" "/opt/rustwide/target/debug/deps/libserde_spanned-dc82dc3e508843d4.rlib" "/opt/rustwide/target/debug/deps/libindexmap-3b61befb0fcbe039.rlib" "/opt/rustwide/target/debug/deps/libequivalent-4d5cfde55792e26d.rlib" "/opt/rustwide/target/debug/deps/libhashbrown-6289f19fff399cbf.rlib" "/opt/rustwide/target/debug/deps/libwinnow-44486a17e70ec525.rlib" "/opt/rustwide/target/debug/deps/libtoml_datetime-fb21918d0ffc0582.rlib" "/opt/rustwide/target/debug/deps/libserde-9e075e85399726c0.rlib" "/opt/rustwide/rustup-home/toolchains/1.83.0-x86_64-unknown-linux-gnu/lib/rustlib/x86_64-unknown-linux-gnu/lib/libstd-ca74a2d9c5166d9f.rlib" "/opt/rustwide/rustup-home/toolchains/1.83.0-x86_64-unknown-linux-gnu/lib/rustlib/x86_64-unknown-linux-gnu/lib/libpanic_unwind-e31ab23316ed5080.rlib" "/opt/rustwide/rustup-home/toolchains/1.83.0-x86_64-unknown-linux-gnu/lib/rustlib/x86_64-unknown-linux-gnu/lib/libobject-27dc4aa955912662.rlib" "/opt/rustwide/rustup-home/toolchains/1.83.0-x86_64-unknown-linux-gnu/lib/rustlib/x86_64-unknown-linux-gnu/lib/libmemchr-bd0d6cccce077b99.rlib" "/opt/rustwide/rustup-home/toolchains/1.83.0-x86_64-unknown-linux-gnu/lib/rustlib/x86_64-unknown-linux-gnu/lib/libaddr2line-8d001680935b5e3c.rlib" "/opt/rustwide/rustup-home/toolchains/1.83.0-x86_64-unknown-linux-gnu/lib/rustlib/x86_64-unknown-linux-gnu/lib/libgimli-ba8ce71964f984f4.rlib" "/opt/rustwide/rustup-home/toolchains/1.83.0-x86_64-unknown-linux-gnu/lib/rustlib/x86_64-unknown-linux-gnu/lib/librustc_demangle-99a73526abcec14b.rlib" "/opt/rustwide/rustup-home/toolchains/1.83.0-x86_64-unknown-linux-gnu/lib/rustlib/x86_64-unknown-linux-gnu/lib/libstd_detect-63ac0d22cff92579.rlib" "/opt/rustwide/rustup-home/toolchains/1.83.0-x86_64-unknown-linux-gnu/lib/rustlib/x86_64-unknown-linux-gnu/lib/libhashbrown-9057355c92c922d5.rlib" "/opt/rustwide/rustup-home/toolchains/1.83.0-x86_64-unknown-linux-gnu/lib/rustlib/x86_64-unknown-linux-gnu/lib/librustc_std_workspace_alloc-358be9bc1f6bab04.rlib" "/opt/rustwide/rustup-home/toolchains/1.83.0-x86_64-unknown-linux-gnu/lib/rustlib/x86_64-unknown-linux-gnu/lib/libminiz_oxide-aca15549d5bff974.rlib" "/opt/rustwide/rustup-home/toolchains/1.83.0-x86_64-unknown-linux-gnu/lib/rustlib/x86_64-unknown-linux-gnu/lib/libadler-8251d2cef7072448.rlib" "/opt/rustwide/rustup-home/toolchains/1.83.0-x86_64-unknown-linux-gnu/lib/rustlib/x86_64-unknown-linux-gnu/lib/libunwind-7d50b86011c66411.rlib" "/opt/rustwide/rustup-home/toolchains/1.83.0-x86_64-unknown-linux-gnu/lib/rustlib/x86_64-unknown-linux-gnu/lib/libcfg_if-51ea098fce5006bf.rlib" "/opt/rustwide/rustup-home/toolchains/1.83.0-x86_64-unknown-linux-gnu/lib/rustlib/x86_64-unknown-linux-gnu/lib/liblibc-5a14e0d0b712e731.rlib" "/opt/rustwide/rustup-home/toolchains/1.83.0-x86_64-unknown-linux-gnu/lib/rustlib/x86_64-unknown-linux-gnu/lib/liballoc-8b83dbf3a7b8f999.rlib" "/opt/rustwide/rustup-home/toolchains/1.83.0-x86_64-unknown-linux-gnu/lib/rustlib/x86_64-unknown-linux-gnu/lib/librustc_std_workspace_core-c6fd227bdc7b39ff.rlib" "/opt/rustwide/rustup-home/toolchains/1.83.0-x86_64-unknown-linux-gnu/lib/rustlib/x86_64-unknown-linux-gnu/lib/libcore-959d3389fa3da8a5.rlib" "/opt/rustwide/rustup-home/toolchains/1.83.0-x86_64-unknown-linux-gnu/lib/rustlib/x86_64-unknown-linux-gnu/lib/libcompiler_builtins-abe05db089cc2c62.rlib" "-Wl,-Bdynamic" "-lgcc_s" "-lutil" "-lrt" "-lpthread" "-lm" "-ldl" "-lc" "-Wl,--eh-frame-hdr" "-Wl,-z,noexecstack" "-L" "/opt/rustwide/rustup-home/toolchains/1.83.0-x86_64-unknown-linux-gnu/lib/rustlib/x86_64-unknown-linux-gnu/lib" "-o" "/tmp/rustdoctestVY1rjQ/rust_out" "-Wl,--gc-sections" "-pie" "-Wl,-z,relro,-z,now" "-nodefaultlibs"
[INFO] [stdout]   = note: collect2: fatal error: ld terminated with signal 9 [Killed]
[INFO] [stdout]           compilation terminated.
[INFO] [stdout]           
[INFO] [stdout] 
[INFO] [stdout] error: aborting due to 1 previous error
[INFO] [stdout] 
[INFO] [stdout] Couldn't compile the test.
[INFO] [stdout] 
[INFO] [stdout] failures:
[INFO] [stdout]     src/parser/parser.rs - parser::parser::Parser::get_config (line 139)
[INFO] [stdout]     src/parser/parser.rs - parser::parser::ParserConfig::from_toml (line 66)
[INFO] [stdout] 
[INFO] [stdout] test result: FAILED. 5 passed; 2 failed; 0 ignored; 0 measured; 0 filtered out; finished in 7.79s
[INFO] [stdout] 
[INFO] [stderr] error: doctest failed, to rerun pass `--doc`
[INFO] running `Command { std: "docker" "inspect" "1bb6fc640702a48c06cef600983ce6b77eefd5dc9aea9755096ac8113f66eef2", kill_on_drop: false }`
[INFO] running `Command { std: "docker" "rm" "-f" "1bb6fc640702a48c06cef600983ce6b77eefd5dc9aea9755096ac8113f66eef2", kill_on_drop: false }`
[INFO] [stdout] 1bb6fc640702a48c06cef600983ce6b77eefd5dc9aea9755096ac8113f66eef2
