[INFO] cloning repository https://github.com/davawen/raylib-bindings
[INFO] running `Command { std: "git" "-c" "credential.helper=" "-c" "credential.helper=/workspace/cargo-home/bin/git-credential-null" "clone" "--bare" "https://github.com/davawen/raylib-bindings" "/workspace/cache/git-repos/https%3A%2F%2Fgithub.com%2Fdavawen%2Fraylib-bindings", kill_on_drop: false }`
[INFO] [stderr] Cloning into bare repository '/workspace/cache/git-repos/https%3A%2F%2Fgithub.com%2Fdavawen%2Fraylib-bindings'...
[INFO] running `Command { std: "git" "rev-parse" "HEAD", kill_on_drop: false }`
[INFO] [stdout] 5ffd4213642f5fa9c61c02a7ef5d8d805ec36add
[INFO] testing davawen/raylib-bindings against beta-2024-12-08 for beta-1.84.0-4-retry
[INFO] running `Command { std: "git" "clone" "/workspace/cache/git-repos/https%3A%2F%2Fgithub.com%2Fdavawen%2Fraylib-bindings" "/workspace/builds/worker-5-tc2/source", kill_on_drop: false }`
[INFO] [stderr] Cloning into '/workspace/builds/worker-5-tc2/source'...
[INFO] [stderr] done.
[INFO] validating manifest of git repo https://github.com/davawen/raylib-bindings on toolchain beta-2024-12-08
[INFO] running `Command { std: CARGO_HOME="/workspace/cargo-home" RUSTUP_HOME="/workspace/rustup-home" "/workspace/cargo-home/bin/cargo" "+beta-2024-12-08" "metadata" "--manifest-path" "Cargo.toml" "--no-deps", kill_on_drop: false }`
[INFO] started tweaking git repo https://github.com/davawen/raylib-bindings
[INFO] finished tweaking git repo https://github.com/davawen/raylib-bindings
[INFO] tweaked toml for git repo https://github.com/davawen/raylib-bindings written to /workspace/builds/worker-5-tc2/source/Cargo.toml
[INFO] crate git repo https://github.com/davawen/raylib-bindings already has a lockfile, it will not be regenerated
[INFO] running `Command { std: CARGO_HOME="/workspace/cargo-home" RUSTUP_HOME="/workspace/rustup-home" "/workspace/cargo-home/bin/cargo" "+beta-2024-12-08" "fetch" "--manifest-path" "Cargo.toml", kill_on_drop: false }`
[INFO] running `Command { std: "docker" "create" "-v" "/var/lib/crater-agent-workspace/builds/worker-5-tc2/target:/opt/rustwide/target:rw,Z" "-v" "/var/lib/crater-agent-workspace/builds/worker-5-tc2/source:/opt/rustwide/workdir:ro,Z" "-v" "/var/lib/crater-agent-workspace/cargo-home:/opt/rustwide/cargo-home:ro,Z" "-v" "/var/lib/crater-agent-workspace/rustup-home:/opt/rustwide/rustup-home:ro,Z" "-e" "SOURCE_DIR=/opt/rustwide/workdir" "-e" "CARGO_TARGET_DIR=/opt/rustwide/target" "-e" "CARGO_HOME=/opt/rustwide/cargo-home" "-e" "RUSTUP_HOME=/opt/rustwide/rustup-home" "-w" "/opt/rustwide/workdir" "-m" "1610612736" "--user" "0:0" "--network" "none" "ghcr.io/rust-lang/crates-build-env/linux@sha256:f3a9d4ad9d972b27faf3965f35b62e55ba32bbce8f20bc8fe909558a86702fde" "/opt/rustwide/cargo-home/bin/cargo" "+beta-2024-12-08" "metadata" "--no-deps" "--format-version=1", kill_on_drop: false }`
[INFO] [stdout] c90e576717ca28ce1405f96125a46a27d126b0418ec660214e5a3f1c8fc31869
[INFO] running `Command { std: "docker" "start" "-a" "c90e576717ca28ce1405f96125a46a27d126b0418ec660214e5a3f1c8fc31869", kill_on_drop: false }`
[INFO] running `Command { std: "docker" "inspect" "c90e576717ca28ce1405f96125a46a27d126b0418ec660214e5a3f1c8fc31869", kill_on_drop: false }`
[INFO] running `Command { std: "docker" "rm" "-f" "c90e576717ca28ce1405f96125a46a27d126b0418ec660214e5a3f1c8fc31869", kill_on_drop: false }`
[INFO] [stdout] c90e576717ca28ce1405f96125a46a27d126b0418ec660214e5a3f1c8fc31869
[INFO] running `Command { std: "docker" "create" "-v" "/var/lib/crater-agent-workspace/builds/worker-5-tc2/target:/opt/rustwide/target:rw,Z" "-v" "/var/lib/crater-agent-workspace/builds/worker-5-tc2/source:/opt/rustwide/workdir:ro,Z" "-v" "/var/lib/crater-agent-workspace/cargo-home:/opt/rustwide/cargo-home:ro,Z" "-v" "/var/lib/crater-agent-workspace/rustup-home:/opt/rustwide/rustup-home:ro,Z" "-e" "SOURCE_DIR=/opt/rustwide/workdir" "-e" "CARGO_TARGET_DIR=/opt/rustwide/target" "-e" "CARGO_INCREMENTAL=0" "-e" "RUST_BACKTRACE=full" "-e" "RUSTFLAGS=--cap-lints=warn" "-e" "RUSTDOCFLAGS=--cap-lints=warn" "-e" "CARGO_HOME=/opt/rustwide/cargo-home" "-e" "RUSTUP_HOME=/opt/rustwide/rustup-home" "-w" "/opt/rustwide/workdir" "-m" "1610612736" "--user" "0:0" "--network" "none" "ghcr.io/rust-lang/crates-build-env/linux@sha256:f3a9d4ad9d972b27faf3965f35b62e55ba32bbce8f20bc8fe909558a86702fde" "/opt/rustwide/cargo-home/bin/cargo" "+beta-2024-12-08" "build" "--frozen" "--message-format=json", kill_on_drop: false }`
[INFO] [stdout] 2d381a4214c08cd9415fdb0037da597f7e48e57fb41181e195816d736ae121e2
[INFO] running `Command { std: "docker" "start" "-a" "2d381a4214c08cd9415fdb0037da597f7e48e57fb41181e195816d736ae121e2", kill_on_drop: false }`
[INFO] [stderr]    Compiling version_check v0.9.4
[INFO] [stderr]    Compiling cc v1.0.98
[INFO] [stderr]    Compiling once_cell v1.19.0
[INFO] [stderr]    Compiling zerocopy v0.7.32
[INFO] [stderr]    Compiling allocator-api2 v0.2.16
[INFO] [stderr]    Compiling ttf-parser v0.20.0
[INFO] [stderr]    Compiling num-traits v0.2.18
[INFO] [stderr]    Compiling half v2.4.0
[INFO] [stderr]    Compiling bitflags v2.6.0
[INFO] [stderr]    Compiling va_list v0.1.4
[INFO] [stderr]    Compiling ahash v0.8.10
[INFO] [stderr]    Compiling hashbrown v0.14.3
[INFO] [stderr]    Compiling cmake v0.1.50
[INFO] [stderr]    Compiling raylib-bindings v0.3.1 (/opt/rustwide/workdir)
[INFO] [stderr]    Compiling float-cmp v0.9.0
[INFO] [stderr]    Compiling fontdue v0.8.0
[INFO] [stderr]     Finished `dev` profile [unoptimized + debuginfo] target(s) in 31.68s
[INFO] running `Command { std: "docker" "inspect" "2d381a4214c08cd9415fdb0037da597f7e48e57fb41181e195816d736ae121e2", kill_on_drop: false }`
[INFO] running `Command { std: "docker" "rm" "-f" "2d381a4214c08cd9415fdb0037da597f7e48e57fb41181e195816d736ae121e2", kill_on_drop: false }`
[INFO] [stdout] 2d381a4214c08cd9415fdb0037da597f7e48e57fb41181e195816d736ae121e2
[INFO] running `Command { std: "docker" "create" "-v" "/var/lib/crater-agent-workspace/builds/worker-5-tc2/target:/opt/rustwide/target:rw,Z" "-v" "/var/lib/crater-agent-workspace/builds/worker-5-tc2/source:/opt/rustwide/workdir:ro,Z" "-v" "/var/lib/crater-agent-workspace/cargo-home:/opt/rustwide/cargo-home:ro,Z" "-v" "/var/lib/crater-agent-workspace/rustup-home:/opt/rustwide/rustup-home:ro,Z" "-e" "SOURCE_DIR=/opt/rustwide/workdir" "-e" "CARGO_TARGET_DIR=/opt/rustwide/target" "-e" "CARGO_INCREMENTAL=0" "-e" "RUST_BACKTRACE=full" "-e" "RUSTFLAGS=--cap-lints=warn" "-e" "RUSTDOCFLAGS=--cap-lints=warn" "-e" "CARGO_HOME=/opt/rustwide/cargo-home" "-e" "RUSTUP_HOME=/opt/rustwide/rustup-home" "-w" "/opt/rustwide/workdir" "-m" "1610612736" "--user" "0:0" "--network" "none" "ghcr.io/rust-lang/crates-build-env/linux@sha256:f3a9d4ad9d972b27faf3965f35b62e55ba32bbce8f20bc8fe909558a86702fde" "/opt/rustwide/cargo-home/bin/cargo" "+beta-2024-12-08" "test" "--frozen" "--no-run" "--message-format=json", kill_on_drop: false }`
[INFO] [stdout] d2c6e66ca301197f6980100e300f1f17b1f145c243203f95de8628adf64f5a3d
[INFO] running `Command { std: "docker" "start" "-a" "d2c6e66ca301197f6980100e300f1f17b1f145c243203f95de8628adf64f5a3d", kill_on_drop: false }`
[INFO] [stderr]    Compiling raylib-bindings v0.3.1 (/opt/rustwide/workdir)
[INFO] [stderr]     Finished `test` profile [unoptimized + debuginfo] target(s) in 11.01s
[INFO] running `Command { std: "docker" "inspect" "d2c6e66ca301197f6980100e300f1f17b1f145c243203f95de8628adf64f5a3d", kill_on_drop: false }`
[INFO] running `Command { std: "docker" "rm" "-f" "d2c6e66ca301197f6980100e300f1f17b1f145c243203f95de8628adf64f5a3d", kill_on_drop: false }`
[INFO] [stdout] d2c6e66ca301197f6980100e300f1f17b1f145c243203f95de8628adf64f5a3d
[INFO] running `Command { std: "docker" "create" "-v" "/var/lib/crater-agent-workspace/builds/worker-5-tc2/target:/opt/rustwide/target:rw,Z" "-v" "/var/lib/crater-agent-workspace/builds/worker-5-tc2/source:/opt/rustwide/workdir:ro,Z" "-v" "/var/lib/crater-agent-workspace/cargo-home:/opt/rustwide/cargo-home:ro,Z" "-v" "/var/lib/crater-agent-workspace/rustup-home:/opt/rustwide/rustup-home:ro,Z" "-e" "SOURCE_DIR=/opt/rustwide/workdir" "-e" "CARGO_TARGET_DIR=/opt/rustwide/target" "-e" "CARGO_INCREMENTAL=0" "-e" "RUST_BACKTRACE=full" "-e" "RUSTFLAGS=--cap-lints=warn" "-e" "RUSTDOCFLAGS=--cap-lints=warn" "-e" "CARGO_HOME=/opt/rustwide/cargo-home" "-e" "RUSTUP_HOME=/opt/rustwide/rustup-home" "-w" "/opt/rustwide/workdir" "-m" "1610612736" "--user" "0:0" "--network" "none" "ghcr.io/rust-lang/crates-build-env/linux@sha256:f3a9d4ad9d972b27faf3965f35b62e55ba32bbce8f20bc8fe909558a86702fde" "/opt/rustwide/cargo-home/bin/cargo" "+beta-2024-12-08" "test" "--frozen", kill_on_drop: false }`
[INFO] [stdout] 3bce9e00feeef55745debed57f583cbd1d6c623a38d484a50f5113be9f55f90a
[INFO] running `Command { std: "docker" "start" "-a" "3bce9e00feeef55745debed57f583cbd1d6c623a38d484a50f5113be9f55f90a", kill_on_drop: false }`
[INFO] [stderr]    Compiling raylib-bindings v0.3.1 (/opt/rustwide/workdir)
[INFO] [stderr]     Finished `test` profile [unoptimized + debuginfo] target(s) in 10.74s
[INFO] [stderr]      Running unittests src/lib.rs (/opt/rustwide/target/debug/deps/raylib-71475ab2a041aff8)
[INFO] [stderr]    Doc-tests raylib
[INFO] [stdout] 
[INFO] [stdout] running 0 tests
[INFO] [stdout] 
[INFO] [stdout] test result: ok. 0 passed; 0 failed; 0 ignored; 0 measured; 0 filtered out; finished in 0.00s
[INFO] [stdout] 
[INFO] [stdout] 
[INFO] [stdout] running 27 tests
[INFO] [stdout] test src/core/draw.rs - core::draw::begin_drawing (line 19) ... FAILED
[INFO] [stdout] test src/core/other.rs - core::other::Raylib::set_random_seed (line 64) ... FAILED
[INFO] [stdout] test src/core/input.rs - core::input::is_gamepad_available (line 81) ... FAILED
[INFO] [stdout] test src/core/input.rs - core::input::get_touch_pos (line 285) ... FAILED
[INFO] [stdout] test src/cstr_macro.rs - cstr_macro::cstr (line 13) - compile fail ... ok
[INFO] [stdout] test src/core/draw.rs - core::draw::begin_texture_mode (line 36) ... FAILED
[INFO] [stdout] test src/core/input.rs - core::input::get_gamepad_name_cstr (line 116) ... FAILED
[INFO] [stdout] test src/core/window.rs - core::window::init_window (line 59) ... FAILED
[INFO] [stdout] test src/core/input.rs - core::input::get_touch_positions (line 310) ... FAILED
[INFO] [stdout] test src/cstr_macro.rs - cstr_macro::cstr (line 8) - compile fail ... ok
[INFO] [stdout] test src/core/input.rs - core::input::get_touch_positions (line 322) ... FAILED
[INFO] [stdout] test src/cstr_macro.rs - cstr_macro::cstr (line 3) ... ok
[INFO] [stdout] test src/core/shader.rs - core::shader::Shader::load (line 19) ... FAILED
[INFO] [stdout] test src/math/vector2.rs - math::vector2::Vector2::normalize (line 76) ... ok
[INFO] [stdout] test src/math/vector3.rs - math::vector3::Vector3::clamp_magnitude (line 86) ... ok
[INFO] [stdout] test src/math/quaternion.rs - math::quaternion::Quaternion::inverse (line 114) ... ok
[INFO] [stdout] test src/core/window.rs - core::window::is_window_state (line 119) ... FAILED
[INFO] [stdout] test src/text/font.rs - text::font::load_font (line 70) ... FAILED
[INFO] [stdout] test src/text/font.rs - text::font::TrueTypeFont::from_bytes (line 16) ... FAILED
[INFO] [stdout] test src/text/font.rs - text::font::load_font_bytes (line 94) ... FAILED
[INFO] [stdout] test src/math/vector2.rs - math::vector2::Vector2::clamp_magnitude (line 94) ... ok
[INFO] [stdout] test src/math/vector3.rs - math::vector3::Vector3::barycenter (line 188) ... ok
[INFO] [stdout] test src/model/mesh.rs - model::mesh::MeshBuilder::new (line 103) ... FAILED
[INFO] [stdout] test src/lib.rs - (line 5) ... FAILED
[INFO] [stdout] test src/model/mod.rs - model::DrawHandle3D (line 11) ... FAILED
[INFO] [stdout] test src/model/material.rs - model::material::Material<'a>::load_default (line 47) ... FAILED
[INFO] [stdout] test src/textures/image.rs - textures::image::Image::load_raw (line 242) ... FAILED
[INFO] [stderr] error: doctest failed, to rerun pass `--doc`
[INFO] [stdout] 
[INFO] [stdout] failures:
[INFO] [stdout] 
[INFO] [stdout] ---- src/core/draw.rs - core::draw::begin_drawing (line 19) stdout ----
[INFO] [stdout] Test executable failed (signal: 11 (SIGSEGV) (core dumped)).
[INFO] [stdout] 
[INFO] [stdout] stdout:
[INFO] [stdout] INFO: Initializing raylib 5.1-dev
[INFO] [stdout] INFO: Platform backend: DESKTOP (GLFW)
[INFO] [stdout] INFO: Supported raylib modules:
[INFO] [stdout] INFO:     > rcore:..... loaded (mandatory)
[INFO] [stdout] INFO:     > rlgl:...... loaded (mandatory)
[INFO] [stdout] INFO:     > rshapes:... loaded (optional)
[INFO] [stdout] INFO:     > rtextures:. loaded (optional)
[INFO] [stdout] INFO:     > rtext:..... loaded (optional)
[INFO] [stdout] INFO:     > rmodels:... loaded (optional)
[INFO] [stdout] INFO:     > raudio:.... loaded (optional)
[INFO] [stdout] WARNING: GLFW: Error: 65550 Description: Failed to detect any supported platform
[INFO] [stdout] WARNING: GLFW: Failed to initialize GLFW
[INFO] [stdout] 
[INFO] [stdout] stderr:
[INFO] [stdout] error: XDG_RUNTIME_DIR not set in the environment.
[INFO] [stdout] 
[INFO] [stdout] 
[INFO] [stdout] ---- src/core/other.rs - core::other::Raylib::set_random_seed (line 64) stdout ----
[INFO] [stdout] Test executable failed (signal: 11 (SIGSEGV) (core dumped)).
[INFO] [stdout] 
[INFO] [stdout] stdout:
[INFO] [stdout] INFO: Initializing raylib 5.1-dev
[INFO] [stdout] INFO: Platform backend: DESKTOP (GLFW)
[INFO] [stdout] INFO: Supported raylib modules:
[INFO] [stdout] INFO:     > rcore:..... loaded (mandatory)
[INFO] [stdout] INFO:     > rlgl:...... loaded (mandatory)
[INFO] [stdout] INFO:     > rshapes:... loaded (optional)
[INFO] [stdout] INFO:     > rtextures:. loaded (optional)
[INFO] [stdout] INFO:     > rtext:..... loaded (optional)
[INFO] [stdout] INFO:     > rmodels:... loaded (optional)
[INFO] [stdout] INFO:     > raudio:.... loaded (optional)
[INFO] [stdout] WARNING: GLFW: Error: 65550 Description: Failed to detect any supported platform
[INFO] [stdout] WARNING: GLFW: Failed to initialize GLFW
[INFO] [stdout] 
[INFO] [stdout] stderr:
[INFO] [stdout] error: XDG_RUNTIME_DIR not set in the environment.
[INFO] [stdout] 
[INFO] [stdout] 
[INFO] [stdout] ---- src/core/input.rs - core::input::is_gamepad_available (line 81) stdout ----
[INFO] [stdout] Test executable failed (signal: 11 (SIGSEGV) (core dumped)).
[INFO] [stdout] 
[INFO] [stdout] stdout:
[INFO] [stdout] INFO: Initializing raylib 5.1-dev
[INFO] [stdout] INFO: Platform backend: DESKTOP (GLFW)
[INFO] [stdout] INFO: Supported raylib modules:
[INFO] [stdout] INFO:     > rcore:..... loaded (mandatory)
[INFO] [stdout] INFO:     > rlgl:...... loaded (mandatory)
[INFO] [stdout] INFO:     > rshapes:... loaded (optional)
[INFO] [stdout] INFO:     > rtextures:. loaded (optional)
[INFO] [stdout] INFO:     > rtext:..... loaded (optional)
[INFO] [stdout] INFO:     > rmodels:... loaded (optional)
[INFO] [stdout] INFO:     > raudio:.... loaded (optional)
[INFO] [stdout] WARNING: GLFW: Error: 65550 Description: Failed to detect any supported platform
[INFO] [stdout] WARNING: GLFW: Failed to initialize GLFW
[INFO] [stdout] 
[INFO] [stdout] stderr:
[INFO] [stdout] error: XDG_RUNTIME_DIR not set in the environment.
[INFO] [stdout] 
[INFO] [stdout] 
[INFO] [stdout] ---- src/core/input.rs - core::input::get_touch_pos (line 285) stdout ----
[INFO] [stdout] Test executable failed (signal: 11 (SIGSEGV) (core dumped)).
[INFO] [stdout] 
[INFO] [stdout] stdout:
[INFO] [stdout] INFO: Initializing raylib 5.1-dev
[INFO] [stdout] INFO: Platform backend: DESKTOP (GLFW)
[INFO] [stdout] INFO: Supported raylib modules:
[INFO] [stdout] INFO:     > rcore:..... loaded (mandatory)
[INFO] [stdout] INFO:     > rlgl:...... loaded (mandatory)
[INFO] [stdout] INFO:     > rshapes:... loaded (optional)
[INFO] [stdout] INFO:     > rtextures:. loaded (optional)
[INFO] [stdout] INFO:     > rtext:..... loaded (optional)
[INFO] [stdout] INFO:     > rmodels:... loaded (optional)
[INFO] [stdout] INFO:     > raudio:.... loaded (optional)
[INFO] [stdout] WARNING: GLFW: Error: 65550 Description: Failed to detect any supported platform
[INFO] [stdout] WARNING: GLFW: Failed to initialize GLFW
[INFO] [stdout] 
[INFO] [stdout] stderr:
[INFO] [stdout] error: XDG_RUNTIME_DIR not set in the environment.
[INFO] [stdout] 
[INFO] [stdout] 
[INFO] [stdout] ---- src/core/draw.rs - core::draw::begin_texture_mode (line 36) stdout ----
[INFO] [stdout] Test executable failed (signal: 11 (SIGSEGV) (core dumped)).
[INFO] [stdout] 
[INFO] [stdout] stdout:
[INFO] [stdout] INFO: Initializing raylib 5.1-dev
[INFO] [stdout] INFO: Platform backend: DESKTOP (GLFW)
[INFO] [stdout] INFO: Supported raylib modules:
[INFO] [stdout] INFO:     > rcore:..... loaded (mandatory)
[INFO] [stdout] INFO:     > rlgl:...... loaded (mandatory)
[INFO] [stdout] INFO:     > rshapes:... loaded (optional)
[INFO] [stdout] INFO:     > rtextures:. loaded (optional)
[INFO] [stdout] INFO:     > rtext:..... loaded (optional)
[INFO] [stdout] INFO:     > rmodels:... loaded (optional)
[INFO] [stdout] INFO:     > raudio:.... loaded (optional)
[INFO] [stdout] WARNING: GLFW: Error: 65550 Description: Failed to detect any supported platform
[INFO] [stdout] WARNING: GLFW: Failed to initialize GLFW
[INFO] [stdout] 
[INFO] [stdout] stderr:
[INFO] [stdout] error: XDG_RUNTIME_DIR not set in the environment.
[INFO] [stdout] 
[INFO] [stdout] 
[INFO] [stdout] ---- src/core/input.rs - core::input::get_gamepad_name_cstr (line 116) stdout ----
[INFO] [stdout] Test executable failed (signal: 11 (SIGSEGV) (core dumped)).
[INFO] [stdout] 
[INFO] [stdout] stdout:
[INFO] [stdout] INFO: Initializing raylib 5.1-dev
[INFO] [stdout] INFO: Platform backend: DESKTOP (GLFW)
[INFO] [stdout] INFO: Supported raylib modules:
[INFO] [stdout] INFO:     > rcore:..... loaded (mandatory)
[INFO] [stdout] INFO:     > rlgl:...... loaded (mandatory)
[INFO] [stdout] INFO:     > rshapes:... loaded (optional)
[INFO] [stdout] INFO:     > rtextures:. loaded (optional)
[INFO] [stdout] INFO:     > rtext:..... loaded (optional)
[INFO] [stdout] INFO:     > rmodels:... loaded (optional)
[INFO] [stdout] INFO:     > raudio:.... loaded (optional)
[INFO] [stdout] WARNING: GLFW: Error: 65550 Description: Failed to detect any supported platform
[INFO] [stdout] WARNING: GLFW: Failed to initialize GLFW
[INFO] [stdout] 
[INFO] [stdout] stderr:
[INFO] [stdout] error: XDG_RUNTIME_DIR not set in the environment.
[INFO] [stdout] 
[INFO] [stdout] 
[INFO] [stdout] ---- src/core/window.rs - core::window::init_window (line 59) stdout ----
[INFO] [stdout] Test executable failed (signal: 11 (SIGSEGV) (core dumped)).
[INFO] [stdout] 
[INFO] [stdout] stdout:
[INFO] [stdout] INFO: Initializing raylib 5.1-dev
[INFO] [stdout] INFO: Platform backend: DESKTOP (GLFW)
[INFO] [stdout] INFO: Supported raylib modules:
[INFO] [stdout] INFO:     > rcore:..... loaded (mandatory)
[INFO] [stdout] INFO:     > rlgl:...... loaded (mandatory)
[INFO] [stdout] INFO:     > rshapes:... loaded (optional)
[INFO] [stdout] INFO:     > rtextures:. loaded (optional)
[INFO] [stdout] INFO:     > rtext:..... loaded (optional)
[INFO] [stdout] INFO:     > rmodels:... loaded (optional)
[INFO] [stdout] INFO:     > raudio:.... loaded (optional)
[INFO] [stdout] WARNING: GLFW: Error: 65550 Description: Failed to detect any supported platform
[INFO] [stdout] WARNING: GLFW: Failed to initialize GLFW
[INFO] [stdout] 
[INFO] [stdout] stderr:
[INFO] [stdout] error: XDG_RUNTIME_DIR not set in the environment.
[INFO] [stdout] 
[INFO] [stdout] 
[INFO] [stdout] ---- src/core/input.rs - core::input::get_touch_positions (line 310) stdout ----
[INFO] [stdout] Test executable failed (signal: 11 (SIGSEGV) (core dumped)).
[INFO] [stdout] 
[INFO] [stdout] stdout:
[INFO] [stdout] INFO: Initializing raylib 5.1-dev
[INFO] [stdout] INFO: Platform backend: DESKTOP (GLFW)
[INFO] [stdout] INFO: Supported raylib modules:
[INFO] [stdout] INFO:     > rcore:..... loaded (mandatory)
[INFO] [stdout] INFO:     > rlgl:...... loaded (mandatory)
[INFO] [stdout] INFO:     > rshapes:... loaded (optional)
[INFO] [stdout] INFO:     > rtextures:. loaded (optional)
[INFO] [stdout] INFO:     > rtext:..... loaded (optional)
[INFO] [stdout] INFO:     > rmodels:... loaded (optional)
[INFO] [stdout] INFO:     > raudio:.... loaded (optional)
[INFO] [stdout] WARNING: GLFW: Error: 65550 Description: Failed to detect any supported platform
[INFO] [stdout] WARNING: GLFW: Failed to initialize GLFW
[INFO] [stdout] 
[INFO] [stdout] stderr:
[INFO] [stdout] error: XDG_RUNTIME_DIR not set in the environment.
[INFO] [stdout] 
[INFO] [stdout] 
[INFO] [stdout] ---- src/core/input.rs - core::input::get_touch_positions (line 322) stdout ----
[INFO] [stdout] Test executable failed (signal: 11 (SIGSEGV) (core dumped)).
[INFO] [stdout] 
[INFO] [stdout] stdout:
[INFO] [stdout] INFO: Initializing raylib 5.1-dev
[INFO] [stdout] INFO: Platform backend: DESKTOP (GLFW)
[INFO] [stdout] INFO: Supported raylib modules:
[INFO] [stdout] INFO:     > rcore:..... loaded (mandatory)
[INFO] [stdout] INFO:     > rlgl:...... loaded (mandatory)
[INFO] [stdout] INFO:     > rshapes:... loaded (optional)
[INFO] [stdout] INFO:     > rtextures:. loaded (optional)
[INFO] [stdout] INFO:     > rtext:..... loaded (optional)
[INFO] [stdout] INFO:     > rmodels:... loaded (optional)
[INFO] [stdout] INFO:     > raudio:.... loaded (optional)
[INFO] [stdout] WARNING: GLFW: Error: 65550 Description: Failed to detect any supported platform
[INFO] [stdout] WARNING: GLFW: Failed to initialize GLFW
[INFO] [stdout] 
[INFO] [stdout] stderr:
[INFO] [stdout] error: XDG_RUNTIME_DIR not set in the environment.
[INFO] [stdout] 
[INFO] [stdout] 
[INFO] [stdout] ---- src/core/shader.rs - core::shader::Shader::load (line 19) stdout ----
[INFO] [stdout] Test executable failed (signal: 11 (SIGSEGV) (core dumped)).
[INFO] [stdout] 
[INFO] [stdout] stdout:
[INFO] [stdout] INFO: Initializing raylib 5.1-dev
[INFO] [stdout] INFO: Platform backend: DESKTOP (GLFW)
[INFO] [stdout] INFO: Supported raylib modules:
[INFO] [stdout] INFO:     > rcore:..... loaded (mandatory)
[INFO] [stdout] INFO:     > rlgl:...... loaded (mandatory)
[INFO] [stdout] INFO:     > rshapes:... loaded (optional)
[INFO] [stdout] INFO:     > rtextures:. loaded (optional)
[INFO] [stdout] INFO:     > rtext:..... loaded (optional)
[INFO] [stdout] INFO:     > rmodels:... loaded (optional)
[INFO] [stdout] INFO:     > raudio:.... loaded (optional)
[INFO] [stdout] WARNING: GLFW: Error: 65550 Description: Failed to detect any supported platform
[INFO] [stdout] WARNING: GLFW: Failed to initialize GLFW
[INFO] [stdout] 
[INFO] [stdout] stderr:
[INFO] [stdout] error: XDG_RUNTIME_DIR not set in the environment.
[INFO] [stdout] 
[INFO] [stdout] 
[INFO] [stdout] ---- src/core/window.rs - core::window::is_window_state (line 119) stdout ----
[INFO] [stdout] Test executable failed (signal: 11 (SIGSEGV) (core dumped)).
[INFO] [stdout] 
[INFO] [stdout] stdout:
[INFO] [stdout] INFO: Initializing raylib 5.1-dev
[INFO] [stdout] INFO: Platform backend: DESKTOP (GLFW)
[INFO] [stdout] INFO: Supported raylib modules:
[INFO] [stdout] INFO:     > rcore:..... loaded (mandatory)
[INFO] [stdout] INFO:     > rlgl:...... loaded (mandatory)
[INFO] [stdout] INFO:     > rshapes:... loaded (optional)
[INFO] [stdout] INFO:     > rtextures:. loaded (optional)
[INFO] [stdout] INFO:     > rtext:..... loaded (optional)
[INFO] [stdout] INFO:     > rmodels:... loaded (optional)
[INFO] [stdout] INFO:     > raudio:.... loaded (optional)
[INFO] [stdout] WARNING: GLFW: Error: 65550 Description: Failed to detect any supported platform
[INFO] [stdout] WARNING: GLFW: Failed to initialize GLFW
[INFO] [stdout] 
[INFO] [stdout] stderr:
[INFO] [stdout] error: XDG_RUNTIME_DIR not set in the environment.
[INFO] [stdout] 
[INFO] [stdout] 
[INFO] [stdout] ---- src/text/font.rs - text::font::load_font (line 70) stdout ----
[INFO] [stdout] error[E0061]: this function takes 6 arguments but 5 arguments were supplied
[INFO] [stdout]    --> src/text/font.rs:76:5
[INFO] [stdout]     |
[INFO] [stdout] 9   |     draw_text(rl, &font, "Hello, world!", vec2(20.0, 60.0), Color::BLACK);
[INFO] [stdout]     |     ^^^^^^^^^                                               ------------ argument #5 of type `f32` is missing
[INFO] [stdout]     |
[INFO] [stdout] note: function defined here
[INFO] [stdout]    --> /opt/rustwide/workdir/src/text/cache.rs:112:8
[INFO] [stdout]     |
[INFO] [stdout] 112 | pub fn draw_text<F: FontCache>(rl: &DrawHandle, cache: &F, text: &str, mut pos: Vector2, size: f32, color: Color) -> Vector2 {
[INFO] [stdout]     |        ^^^^^^^^^
[INFO] [stdout] help: provide the argument
[INFO] [stdout]     |
[INFO] [stdout] 9   |     draw_text(rl, &font, "Hello, world!", vec2(20.0, 60.0), /* f32 */, Color::BLACK);
[INFO] [stdout]     |              ~~~~~~~~~~~~~~~~~~~~~~~~~~~~~~~~~~~~~~~~~~~~~~~~~~~~~~~~~~~~~~~~~~~~~~~
[INFO] [stdout] 
[INFO] [stdout] error: aborting due to 1 previous error
[INFO] [stdout] 
[INFO] [stdout] For more information about this error, try `rustc --explain E0061`.
[INFO] [stdout] Couldn't compile the test.
[INFO] [stdout] ---- src/text/font.rs - text::font::TrueTypeFont::from_bytes (line 16) stdout ----
[INFO] [stdout] error[E0061]: this function takes 3 arguments but 2 arguments were supplied
[INFO] [stdout]    --> src/text/font.rs:21:12
[INFO] [stdout]     |
[INFO] [stdout] 8   | let font = load_font_ex(rl, font);
[INFO] [stdout]     |            ^^^^^^^^^^^^---------- argument #3 of type `FontParams` is missing
[INFO] [stdout]     |
[INFO] [stdout] note: function defined here
[INFO] [stdout]    --> /opt/rustwide/workdir/src/text/font.rs:108:8
[INFO] [stdout]     |
[INFO] [stdout] 108 | pub fn load_font_ex(_rl: &Raylib, font: TrueTypeFont, params: FontParams) -> TrueTypeFontCache {
[INFO] [stdout]     |        ^^^^^^^^^^^^
[INFO] [stdout] help: provide the argument
[INFO] [stdout]     |
[INFO] [stdout] 8   | let font = load_font_ex(rl, font, /* FontParams */);
[INFO] [stdout]     |                        ~~~~~~~~~~~~~~~~~~~~~~~~~~~~
[INFO] [stdout] 
[INFO] [stdout] error: aborting due to 1 previous error
[INFO] [stdout] 
[INFO] [stdout] For more information about this error, try `rustc --explain E0061`.
[INFO] [stdout] Couldn't compile the test.
[INFO] [stdout] ---- src/text/font.rs - text::font::load_font_bytes (line 94) stdout ----
[INFO] [stdout] error: couldn't read `src/text/assets/TerminusTTF.ttf`: No such file or directory (os error 2)
[INFO] [stdout]  --> src/text/font.rs:98:32
[INFO] [stdout]   |
[INFO] [stdout] 7 | let font = load_font_bytes(rl, include_bytes!("assets/TerminusTTF.ttf").as_slice());
[INFO] [stdout]   |                                ^^^^^^^^^^^^^^^^^^^^^^^^^^^^^^^^^^^^^^^^
[INFO] [stdout]   |
[INFO] [stdout]   = note: this error originates in the macro `include_bytes` (in Nightly builds, run with -Z macro-backtrace for more info)
[INFO] [stdout] help: there is a file with the same name in a different directory
[INFO] [stdout]   |
[INFO] [stdout] 7 | let font = load_font_bytes(rl, include_bytes!("../../assets/TerminusTTF.ttf").as_slice());
[INFO] [stdout]   |                                               ~~~~~~~~~~~~~~~~~~~~~~~~~~~~~~
[INFO] [stdout] 
[INFO] [stdout] error[E0061]: this function takes 4 arguments but 3 arguments were supplied
[INFO] [stdout]   --> src/text/font.rs:97:19
[INFO] [stdout]    |
[INFO] [stdout] 6  | let mut rl = &mut init_window(100, 100, "font from bytes");
[INFO] [stdout]    |                   ^^^^^^^^^^^----------------------------- argument #4 of type `i32` is missing
[INFO] [stdout]    |
[INFO] [stdout] note: function defined here
[INFO] [stdout]   --> /opt/rustwide/workdir/src/core/window.rs:71:8
[INFO] [stdout]    |
[INFO] [stdout] 71 | pub fn init_window(width: i32, height: i32, title: &str, target_fps: i32) -> Raylib {
[INFO] [stdout]    |        ^^^^^^^^^^^
[INFO] [stdout] help: provide the argument
[INFO] [stdout]    |
[INFO] [stdout] 6  | let mut rl = &mut init_window(100, 100, "font from bytes", /* i32 */);
[INFO] [stdout]    |                              ~~~~~~~~~~~~~~~~~~~~~~~~~~~~~~~~~~~~~~~~
[INFO] [stdout] 
[INFO] [stdout] error: aborting due to 2 previous errors
[INFO] [stdout] 
[INFO] [stdout] For more information about this error, try `rustc --explain E0061`.
[INFO] [stdout] Couldn't compile the test.
[INFO] [stdout] ---- src/model/mesh.rs - model::mesh::MeshBuilder::new (line 103) stdout ----
[INFO] [stdout] Test executable failed (signal: 11 (SIGSEGV) (core dumped)).
[INFO] [stdout] 
[INFO] [stdout] stdout:
[INFO] [stdout] INFO: Initializing raylib 5.1-dev
[INFO] [stdout] INFO: Platform backend: DESKTOP (GLFW)
[INFO] [stdout] INFO: Supported raylib modules:
[INFO] [stdout] INFO:     > rcore:..... loaded (mandatory)
[INFO] [stdout] INFO:     > rlgl:...... loaded (mandatory)
[INFO] [stdout] INFO:     > rshapes:... loaded (optional)
[INFO] [stdout] INFO:     > rtextures:. loaded (optional)
[INFO] [stdout] INFO:     > rtext:..... loaded (optional)
[INFO] [stdout] INFO:     > rmodels:... loaded (optional)
[INFO] [stdout] INFO:     > raudio:.... loaded (optional)
[INFO] [stdout] WARNING: GLFW: Error: 65550 Description: Failed to detect any supported platform
[INFO] [stdout] WARNING: GLFW: Failed to initialize GLFW
[INFO] [stdout] 
[INFO] [stdout] stderr:
[INFO] [stdout] error: XDG_RUNTIME_DIR not set in the environment.
[INFO] [stdout] 
[INFO] [stdout] 
[INFO] [stdout] ---- src/lib.rs - (line 5) stdout ----
[INFO] [stdout] Test executable failed (signal: 11 (SIGSEGV) (core dumped)).
[INFO] [stdout] 
[INFO] [stdout] stdout:
[INFO] [stdout] INFO: Initializing raylib 5.1-dev
[INFO] [stdout] INFO: Platform backend: DESKTOP (GLFW)
[INFO] [stdout] INFO: Supported raylib modules:
[INFO] [stdout] INFO:     > rcore:..... loaded (mandatory)
[INFO] [stdout] INFO:     > rlgl:...... loaded (mandatory)
[INFO] [stdout] INFO:     > rshapes:... loaded (optional)
[INFO] [stdout] INFO:     > rtextures:. loaded (optional)
[INFO] [stdout] INFO:     > rtext:..... loaded (optional)
[INFO] [stdout] INFO:     > rmodels:... loaded (optional)
[INFO] [stdout] INFO:     > raudio:.... loaded (optional)
[INFO] [stdout] WARNING: GLFW: Error: 65550 Description: Failed to detect any supported platform
[INFO] [stdout] WARNING: GLFW: Failed to initialize GLFW
[INFO] [stdout] 
[INFO] [stdout] stderr:
[INFO] [stdout] error: XDG_RUNTIME_DIR not set in the environment.
[INFO] [stdout] 
[INFO] [stdout] 
[INFO] [stdout] ---- src/model/mod.rs - model::DrawHandle3D (line 11) stdout ----
[INFO] [stdout] Test executable failed (signal: 11 (SIGSEGV) (core dumped)).
[INFO] [stdout] 
[INFO] [stdout] stdout:
[INFO] [stdout] INFO: Initializing raylib 5.1-dev
[INFO] [stdout] INFO: Platform backend: DESKTOP (GLFW)
[INFO] [stdout] INFO: Supported raylib modules:
[INFO] [stdout] INFO:     > rcore:..... loaded (mandatory)
[INFO] [stdout] INFO:     > rlgl:...... loaded (mandatory)
[INFO] [stdout] INFO:     > rshapes:... loaded (optional)
[INFO] [stdout] INFO:     > rtextures:. loaded (optional)
[INFO] [stdout] INFO:     > rtext:..... loaded (optional)
[INFO] [stdout] INFO:     > rmodels:... loaded (optional)
[INFO] [stdout] INFO:     > raudio:.... loaded (optional)
[INFO] [stdout] WARNING: GLFW: Error: 65550 Description: Failed to detect any supported platform
[INFO] [stdout] WARNING: GLFW: Failed to initialize GLFW
[INFO] [stdout] 
[INFO] [stdout] stderr:
[INFO] [stdout] error: XDG_RUNTIME_DIR not set in the environment.
[INFO] [stdout] 
[INFO] [stdout] 
[INFO] [stdout] ---- src/model/material.rs - model::material::Material<'a>::load_default (line 47) stdout ----
[INFO] [stdout] Test executable failed (signal: 11 (SIGSEGV) (core dumped)).
[INFO] [stdout] 
[INFO] [stdout] stdout:
[INFO] [stdout] INFO: Initializing raylib 5.1-dev
[INFO] [stdout] INFO: Platform backend: DESKTOP (GLFW)
[INFO] [stdout] INFO: Supported raylib modules:
[INFO] [stdout] INFO:     > rcore:..... loaded (mandatory)
[INFO] [stdout] INFO:     > rlgl:...... loaded (mandatory)
[INFO] [stdout] INFO:     > rshapes:... loaded (optional)
[INFO] [stdout] INFO:     > rtextures:. loaded (optional)
[INFO] [stdout] INFO:     > rtext:..... loaded (optional)
[INFO] [stdout] INFO:     > rmodels:... loaded (optional)
[INFO] [stdout] INFO:     > raudio:.... loaded (optional)
[INFO] [stdout] WARNING: GLFW: Error: 65550 Description: Failed to detect any supported platform
[INFO] [stdout] WARNING: GLFW: Failed to initialize GLFW
[INFO] [stdout] 
[INFO] [stdout] stderr:
[INFO] [stdout] error: XDG_RUNTIME_DIR not set in the environment.
[INFO] [stdout] 
[INFO] [stdout] 
[INFO] [stdout] ---- src/textures/image.rs - textures::image::Image::load_raw (line 242) stdout ----
[INFO] [stdout] Test executable failed (signal: 11 (SIGSEGV) (core dumped)).
[INFO] [stdout] 
[INFO] [stdout] stdout:
[INFO] [stdout] INFO: Initializing raylib 5.1-dev
[INFO] [stdout] INFO: Platform backend: DESKTOP (GLFW)
[INFO] [stdout] INFO: Supported raylib modules:
[INFO] [stdout] INFO:     > rcore:..... loaded (mandatory)
[INFO] [stdout] INFO:     > rlgl:...... loaded (mandatory)
[INFO] [stdout] INFO:     > rshapes:... loaded (optional)
[INFO] [stdout] INFO:     > rtextures:. loaded (optional)
[INFO] [stdout] INFO:     > rtext:..... loaded (optional)
[INFO] [stdout] INFO:     > rmodels:... loaded (optional)
[INFO] [stdout] INFO:     > raudio:.... loaded (optional)
[INFO] [stdout] WARNING: GLFW: Error: 65550 Description: Failed to detect any supported platform
[INFO] [stdout] WARNING: GLFW: Failed to initialize GLFW
[INFO] [stdout] 
[INFO] [stdout] stderr:
[INFO] [stdout] error: XDG_RUNTIME_DIR not set in the environment.
[INFO] [stdout] 
[INFO] [stdout] 
[INFO] [stdout] 
[INFO] [stdout] failures:
[INFO] [stdout]     src/core/draw.rs - core::draw::begin_drawing (line 19)
[INFO] [stdout]     src/core/draw.rs - core::draw::begin_texture_mode (line 36)
[INFO] [stdout]     src/core/input.rs - core::input::get_gamepad_name_cstr (line 116)
[INFO] [stdout]     src/core/input.rs - core::input::get_touch_pos (line 285)
[INFO] [stdout]     src/core/input.rs - core::input::get_touch_positions (line 310)
[INFO] [stdout]     src/core/input.rs - core::input::get_touch_positions (line 322)
[INFO] [stdout]     src/core/input.rs - core::input::is_gamepad_available (line 81)
[INFO] [stdout]     src/core/other.rs - core::other::Raylib::set_random_seed (line 64)
[INFO] [stdout]     src/core/shader.rs - core::shader::Shader::load (line 19)
[INFO] [stdout]     src/core/window.rs - core::window::init_window (line 59)
[INFO] [stdout]     src/core/window.rs - core::window::is_window_state (line 119)
[INFO] [stdout]     src/lib.rs - (line 5)
[INFO] [stdout]     src/model/material.rs - model::material::Material<'a>::load_default (line 47)
[INFO] [stdout]     src/model/mesh.rs - model::mesh::MeshBuilder::new (line 103)
[INFO] [stdout]     src/model/mod.rs - model::DrawHandle3D (line 11)
[INFO] [stdout]     src/text/font.rs - text::font::TrueTypeFont::from_bytes (line 16)
[INFO] [stdout]     src/text/font.rs - text::font::load_font (line 70)
[INFO] [stdout]     src/text/font.rs - text::font::load_font_bytes (line 94)
[INFO] [stdout]     src/textures/image.rs - textures::image::Image::load_raw (line 242)
[INFO] [stdout] 
[INFO] [stdout] test result: FAILED. 8 passed; 19 failed; 0 ignored; 0 measured; 0 filtered out; finished in 9.62s
[INFO] [stdout] 
[INFO] running `Command { std: "docker" "inspect" "3bce9e00feeef55745debed57f583cbd1d6c623a38d484a50f5113be9f55f90a", kill_on_drop: false }`
[INFO] running `Command { std: "docker" "rm" "-f" "3bce9e00feeef55745debed57f583cbd1d6c623a38d484a50f5113be9f55f90a", kill_on_drop: false }`
[INFO] [stdout] 3bce9e00feeef55745debed57f583cbd1d6c623a38d484a50f5113be9f55f90a
