[INFO] cloning repository https://github.com/dav-wolff/cache_bust
[INFO] running `Command { std: "git" "-c" "credential.helper=" "-c" "credential.helper=/workspace/cargo-home/bin/git-credential-null" "clone" "--bare" "https://github.com/dav-wolff/cache_bust" "/workspace/cache/git-repos/https%3A%2F%2Fgithub.com%2Fdav-wolff%2Fcache_bust", kill_on_drop: false }`
[INFO] [stderr] Cloning into bare repository '/workspace/cache/git-repos/https%3A%2F%2Fgithub.com%2Fdav-wolff%2Fcache_bust'...
[INFO] running `Command { std: "git" "rev-parse" "HEAD", kill_on_drop: false }`
[INFO] [stdout] 9dfc21f588f7beef516e0d74dd4f9e89b755f695
[INFO] testing dav-wolff/cache_bust against 1.83.0 for beta-1.84.0-4-retry
[INFO] running `Command { std: "git" "clone" "/workspace/cache/git-repos/https%3A%2F%2Fgithub.com%2Fdav-wolff%2Fcache_bust" "/workspace/builds/worker-1-tc1/source", kill_on_drop: false }`
[INFO] [stderr] Cloning into '/workspace/builds/worker-1-tc1/source'...
[INFO] [stderr] done.
[INFO] validating manifest of git repo https://github.com/dav-wolff/cache_bust on toolchain 1.83.0
[INFO] running `Command { std: CARGO_HOME="/workspace/cargo-home" RUSTUP_HOME="/workspace/rustup-home" "/workspace/cargo-home/bin/cargo" "+1.83.0" "metadata" "--manifest-path" "Cargo.toml" "--no-deps", kill_on_drop: false }`
[INFO] started tweaking git repo https://github.com/dav-wolff/cache_bust
[INFO] finished tweaking git repo https://github.com/dav-wolff/cache_bust
[INFO] tweaked toml for git repo https://github.com/dav-wolff/cache_bust written to /workspace/builds/worker-1-tc1/source/Cargo.toml
[INFO] crate git repo https://github.com/dav-wolff/cache_bust already has a lockfile, it will not be regenerated
[INFO] running `Command { std: CARGO_HOME="/workspace/cargo-home" RUSTUP_HOME="/workspace/rustup-home" "/workspace/cargo-home/bin/cargo" "+1.83.0" "fetch" "--manifest-path" "Cargo.toml", kill_on_drop: false }`
[INFO] running `Command { std: "docker" "create" "-v" "/var/lib/crater-agent-workspace/builds/worker-1-tc1/target:/opt/rustwide/target:rw,Z" "-v" "/var/lib/crater-agent-workspace/builds/worker-1-tc1/source:/opt/rustwide/workdir:ro,Z" "-v" "/var/lib/crater-agent-workspace/cargo-home:/opt/rustwide/cargo-home:ro,Z" "-v" "/var/lib/crater-agent-workspace/rustup-home:/opt/rustwide/rustup-home:ro,Z" "-e" "SOURCE_DIR=/opt/rustwide/workdir" "-e" "CARGO_TARGET_DIR=/opt/rustwide/target" "-e" "CARGO_HOME=/opt/rustwide/cargo-home" "-e" "RUSTUP_HOME=/opt/rustwide/rustup-home" "-w" "/opt/rustwide/workdir" "-m" "1610612736" "--user" "0:0" "--network" "none" "ghcr.io/rust-lang/crates-build-env/linux@sha256:f3a9d4ad9d972b27faf3965f35b62e55ba32bbce8f20bc8fe909558a86702fde" "/opt/rustwide/cargo-home/bin/cargo" "+1.83.0" "metadata" "--no-deps" "--format-version=1", kill_on_drop: false }`
[INFO] [stdout] cc7767f74aa0bfe89ad9798c0b5d6b779dc2823b243f910131acd7b91915a289
[INFO] running `Command { std: "docker" "start" "-a" "cc7767f74aa0bfe89ad9798c0b5d6b779dc2823b243f910131acd7b91915a289", kill_on_drop: false }`
[INFO] running `Command { std: "docker" "inspect" "cc7767f74aa0bfe89ad9798c0b5d6b779dc2823b243f910131acd7b91915a289", kill_on_drop: false }`
[INFO] running `Command { std: "docker" "rm" "-f" "cc7767f74aa0bfe89ad9798c0b5d6b779dc2823b243f910131acd7b91915a289", kill_on_drop: false }`
[INFO] [stdout] cc7767f74aa0bfe89ad9798c0b5d6b779dc2823b243f910131acd7b91915a289
[INFO] running `Command { std: "docker" "create" "-v" "/var/lib/crater-agent-workspace/builds/worker-1-tc1/target:/opt/rustwide/target:rw,Z" "-v" "/var/lib/crater-agent-workspace/builds/worker-1-tc1/source:/opt/rustwide/workdir:ro,Z" "-v" "/var/lib/crater-agent-workspace/cargo-home:/opt/rustwide/cargo-home:ro,Z" "-v" "/var/lib/crater-agent-workspace/rustup-home:/opt/rustwide/rustup-home:ro,Z" "-e" "SOURCE_DIR=/opt/rustwide/workdir" "-e" "CARGO_TARGET_DIR=/opt/rustwide/target" "-e" "CARGO_INCREMENTAL=0" "-e" "RUST_BACKTRACE=full" "-e" "RUSTFLAGS=--cap-lints=warn" "-e" "RUSTDOCFLAGS=--cap-lints=warn" "-e" "CARGO_HOME=/opt/rustwide/cargo-home" "-e" "RUSTUP_HOME=/opt/rustwide/rustup-home" "-w" "/opt/rustwide/workdir" "-m" "1610612736" "--user" "0:0" "--network" "none" "ghcr.io/rust-lang/crates-build-env/linux@sha256:f3a9d4ad9d972b27faf3965f35b62e55ba32bbce8f20bc8fe909558a86702fde" "/opt/rustwide/cargo-home/bin/cargo" "+1.83.0" "build" "--frozen" "--message-format=json", kill_on_drop: false }`
[INFO] [stdout] 747ff8fdfc6aeee6f7481b8dfe5a7460ccadb1a0c73ed7049d81594a9e052949
[INFO] running `Command { std: "docker" "start" "-a" "747ff8fdfc6aeee6f7481b8dfe5a7460ccadb1a0c73ed7049d81594a9e052949", kill_on_drop: false }`
[INFO] [stderr]    Compiling typenum v1.17.0
[INFO] [stderr]    Compiling version_check v0.9.4
[INFO] [stderr]    Compiling proc-macro2 v1.0.84
[INFO] [stderr]    Compiling unicode-ident v1.0.12
[INFO] [stderr]    Compiling cpufeatures v0.2.12
[INFO] [stderr]    Compiling utf8parse v0.2.1
[INFO] [stderr]    Compiling cfg-if v1.0.0
[INFO] [stderr]    Compiling colorchoice v1.0.1
[INFO] [stderr]    Compiling anstyle-query v1.0.3
[INFO] [stderr]    Compiling anstyle-parse v0.2.4
[INFO] [stderr]    Compiling is_terminal_polyfill v1.70.0
[INFO] [stderr]    Compiling anstyle v1.0.7
[INFO] [stderr]    Compiling hex v0.4.3
[INFO] [stderr]    Compiling same-file v1.0.6
[INFO] [stderr]    Compiling clap_lex v0.7.0
[INFO] [stderr]    Compiling heck v0.5.0
[INFO] [stderr]    Compiling strsim v0.11.1
[INFO] [stderr]    Compiling anstream v0.6.14
[INFO] [stderr]    Compiling walkdir v2.5.0
[INFO] [stderr]    Compiling generic-array v0.14.7
[INFO] [stderr]    Compiling clap_builder v4.5.2
[INFO] [stderr]    Compiling quote v1.0.36
[INFO] [stderr]    Compiling litrs v0.4.1
[INFO] [stderr]    Compiling syn v2.0.66
[INFO] [stderr]    Compiling crypto-common v0.1.6
[INFO] [stderr]    Compiling block-buffer v0.10.4
[INFO] [stderr]    Compiling digest v0.10.7
[INFO] [stderr]    Compiling sha2 v0.10.8
[INFO] [stderr]    Compiling cache_bust_core v0.2.0 (/opt/rustwide/workdir/cache_bust_core)
[INFO] [stderr]    Compiling cache_bust_macro v0.2.0 (/opt/rustwide/workdir/cache_bust_macro)
[INFO] [stderr]    Compiling cache_bust v0.2.0 (/opt/rustwide/workdir/cache_bust)
[INFO] [stderr]    Compiling clap_derive v4.5.4
[INFO] [stderr]    Compiling clap v4.5.4
[INFO] [stderr]    Compiling cache_bust_cli v0.2.0 (/opt/rustwide/workdir/cache_bust_cli)
[INFO] [stderr]     Finished `dev` profile [unoptimized + debuginfo] target(s) in 22.48s
[INFO] running `Command { std: "docker" "inspect" "747ff8fdfc6aeee6f7481b8dfe5a7460ccadb1a0c73ed7049d81594a9e052949", kill_on_drop: false }`
[INFO] running `Command { std: "docker" "rm" "-f" "747ff8fdfc6aeee6f7481b8dfe5a7460ccadb1a0c73ed7049d81594a9e052949", kill_on_drop: false }`
[INFO] [stdout] 747ff8fdfc6aeee6f7481b8dfe5a7460ccadb1a0c73ed7049d81594a9e052949
[INFO] running `Command { std: "docker" "create" "-v" "/var/lib/crater-agent-workspace/builds/worker-1-tc1/target:/opt/rustwide/target:rw,Z" "-v" "/var/lib/crater-agent-workspace/builds/worker-1-tc1/source:/opt/rustwide/workdir:ro,Z" "-v" "/var/lib/crater-agent-workspace/cargo-home:/opt/rustwide/cargo-home:ro,Z" "-v" "/var/lib/crater-agent-workspace/rustup-home:/opt/rustwide/rustup-home:ro,Z" "-e" "SOURCE_DIR=/opt/rustwide/workdir" "-e" "CARGO_TARGET_DIR=/opt/rustwide/target" "-e" "CARGO_INCREMENTAL=0" "-e" "RUST_BACKTRACE=full" "-e" "RUSTFLAGS=--cap-lints=warn" "-e" "RUSTDOCFLAGS=--cap-lints=warn" "-e" "CARGO_HOME=/opt/rustwide/cargo-home" "-e" "RUSTUP_HOME=/opt/rustwide/rustup-home" "-w" "/opt/rustwide/workdir" "-m" "1610612736" "--user" "0:0" "--network" "none" "ghcr.io/rust-lang/crates-build-env/linux@sha256:f3a9d4ad9d972b27faf3965f35b62e55ba32bbce8f20bc8fe909558a86702fde" "/opt/rustwide/cargo-home/bin/cargo" "+1.83.0" "test" "--frozen" "--no-run" "--message-format=json", kill_on_drop: false }`
[INFO] [stdout] 492ab56e5fa2942d8017be7cbc9e2d70694bff3841f8882f5c255b77b4b5b3f5
[INFO] running `Command { std: "docker" "start" "-a" "492ab56e5fa2942d8017be7cbc9e2d70694bff3841f8882f5c255b77b4b5b3f5", kill_on_drop: false }`
[INFO] [stderr]    Compiling proc-macro2 v1.0.84
[INFO] [stderr]    Compiling unicode-ident v1.0.12
[INFO] [stderr]    Compiling cache_bust_core v0.2.0 (/opt/rustwide/workdir/cache_bust_core)
[INFO] [stderr]    Compiling litrs v0.4.1
[INFO] [stderr]    Compiling quote v1.0.36
[INFO] [stderr]    Compiling syn v2.0.66
[INFO] [stderr]    Compiling cache_bust_macro v0.2.0 (/opt/rustwide/workdir/cache_bust_macro)
[INFO] [stderr]    Compiling cache_bust v0.2.0 (/opt/rustwide/workdir/cache_bust)
[INFO] [stderr]    Compiling clap_derive v4.5.4
[INFO] [stderr]    Compiling clap v4.5.4
[INFO] [stderr]    Compiling cache_bust_cli v0.2.0 (/opt/rustwide/workdir/cache_bust_cli)
[INFO] [stderr]     Finished `test` profile [unoptimized + debuginfo] target(s) in 13.08s
[INFO] running `Command { std: "docker" "inspect" "492ab56e5fa2942d8017be7cbc9e2d70694bff3841f8882f5c255b77b4b5b3f5", kill_on_drop: false }`
[INFO] running `Command { std: "docker" "rm" "-f" "492ab56e5fa2942d8017be7cbc9e2d70694bff3841f8882f5c255b77b4b5b3f5", kill_on_drop: false }`
[INFO] [stdout] 492ab56e5fa2942d8017be7cbc9e2d70694bff3841f8882f5c255b77b4b5b3f5
[INFO] running `Command { std: "docker" "create" "-v" "/var/lib/crater-agent-workspace/builds/worker-1-tc1/target:/opt/rustwide/target:rw,Z" "-v" "/var/lib/crater-agent-workspace/builds/worker-1-tc1/source:/opt/rustwide/workdir:ro,Z" "-v" "/var/lib/crater-agent-workspace/cargo-home:/opt/rustwide/cargo-home:ro,Z" "-v" "/var/lib/crater-agent-workspace/rustup-home:/opt/rustwide/rustup-home:ro,Z" "-e" "SOURCE_DIR=/opt/rustwide/workdir" "-e" "CARGO_TARGET_DIR=/opt/rustwide/target" "-e" "CARGO_INCREMENTAL=0" "-e" "RUST_BACKTRACE=full" "-e" "RUSTFLAGS=--cap-lints=warn" "-e" "RUSTDOCFLAGS=--cap-lints=warn" "-e" "CARGO_HOME=/opt/rustwide/cargo-home" "-e" "RUSTUP_HOME=/opt/rustwide/rustup-home" "-w" "/opt/rustwide/workdir" "-m" "1610612736" "--user" "0:0" "--network" "none" "ghcr.io/rust-lang/crates-build-env/linux@sha256:f3a9d4ad9d972b27faf3965f35b62e55ba32bbce8f20bc8fe909558a86702fde" "/opt/rustwide/cargo-home/bin/cargo" "+1.83.0" "test" "--frozen", kill_on_drop: false }`
[INFO] [stdout] 81ef2d3a37ecc6b15d82b70e5d7f90ecd063c89db6216d8b99e044ebf00313b1
[INFO] running `Command { std: "docker" "start" "-a" "81ef2d3a37ecc6b15d82b70e5d7f90ecd063c89db6216d8b99e044ebf00313b1", kill_on_drop: false }`
[INFO] [stderr]     Finished `test` profile [unoptimized + debuginfo] target(s) in 0.05s
[INFO] [stderr]      Running unittests src/lib.rs (/opt/rustwide/target/debug/deps/cache_bust-f67c741997fe6ee8)
[INFO] [stdout] 
[INFO] [stdout] running 0 tests
[INFO] [stdout] 
[INFO] [stdout] test result: ok. 0 passed; 0 failed; 0 ignored; 0 measured; 0 filtered out; finished in 0.00s
[INFO] [stdout] 
[INFO] [stderr]      Running tests/test.rs (/opt/rustwide/target/debug/deps/test-10273cef6fe0c417)
[INFO] [stdout] 
[INFO] [stdout] running 11 tests
[INFO] [stdout] test absolute_file_to_out_dir ... ok
[INFO] [stdout] test file_in_place ... ok
[INFO] [stdout] test absolute_file_in_place ... ok
[INFO] [stdout] test file_to_out_dir ... ok
[INFO] [stdout] test file_out_dir_not_cleared ... ok
[INFO] [stdout] test in_to_out_dir ... ok
[INFO] [stdout] test in_place ... ok
[INFO] [stdout] test in_place_with_out_dir ... ok
[INFO] [stdout] test out_dir_is_cleared ... ok
[INFO] [stdout] test in_dir_not_a_dir - should panic ... ok
[INFO] [stdout] test no_out_dir - should panic ... ok
[INFO] [stdout] 
[INFO] [stdout] test result: ok. 11 passed; 0 failed; 0 ignored; 0 measured; 0 filtered out; finished in 0.07s
[INFO] [stdout] 
[INFO] [stderr]      Running unittests src/main.rs (/opt/rustwide/target/debug/deps/cachebust-250be686ec170d13)
[INFO] [stdout] 
[INFO] [stdout] running 0 tests
[INFO] [stdout] 
[INFO] [stdout] test result: ok. 0 passed; 0 failed; 0 ignored; 0 measured; 0 filtered out; finished in 0.00s
[INFO] [stdout] 
[INFO] [stderr]      Running unittests src/lib.rs (/opt/rustwide/target/debug/deps/cache_bust_core-05f18b7318b6817f)
[INFO] [stdout] 
[INFO] [stdout] running 0 tests
[INFO] [stdout] 
[INFO] [stdout] test result: ok. 0 passed; 0 failed; 0 ignored; 0 measured; 0 filtered out; finished in 0.00s
[INFO] [stdout] 
[INFO] [stderr]      Running tests/test.rs (/opt/rustwide/target/debug/deps/test-d431ffa1c2fb1b7b)
[INFO] [stdout] 
[INFO] [stdout] running 2 tests
[INFO] [stdout] test test_hello ... ok
[INFO] [stdout] test test_hello_txt ... ok
[INFO] [stdout] 
[INFO] [stdout] test result: ok. 2 passed; 0 failed; 0 ignored; 0 measured; 0 filtered out; finished in 0.00s
[INFO] [stdout] 
[INFO] [stderr]      Running unittests src/lib.rs (/opt/rustwide/target/debug/deps/cache_bust_macro-ad92fbb3b7eaa452)
[INFO] [stdout] 
[INFO] [stdout] running 0 tests
[INFO] [stdout] 
[INFO] [stderr]      Running tests/test.rs (/opt/rustwide/target/debug/deps/test-11e9c6ee72044deb)
[INFO] [stdout] test result: ok. 0 passed; 0 failed; 0 ignored; 0 measured; 0 filtered out; finished in 0.00s
[INFO] [stdout] 
[INFO] [stdout] 
[INFO] [stdout] running 2 tests
[INFO] [stdout] test test_macro ... ok
[INFO] [stdout] test test_macro_nested_dir ... ok
[INFO] [stdout] 
[INFO] [stdout] test result: ok. 2 passed; 0 failed; 0 ignored; 0 measured; 0 filtered out; finished in 0.01s
[INFO] [stdout] 
[INFO] [stderr]    Doc-tests cache_bust
[INFO] [stdout] 
[INFO] [stdout] running 3 tests
[INFO] [stdout] test cache_bust/src/lib.rs - (line 82) ... FAILED
[INFO] [stdout] test cache_bust/src/lib.rs - (line 21) ... ok
[INFO] [stdout] test cache_bust/src/lib.rs - (line 48) ... FAILED
[INFO] [stdout] 
[INFO] [stdout] failures:
[INFO] [stdout] 
[INFO] [stdout] ---- cache_bust/src/lib.rs - (line 82) stdout ----
[INFO] [stdout] Test executable failed (exit status: 1).
[INFO] [stdout] 
[INFO] [stdout] stdout:
[INFO] [stdout] cargo::rerun-if-changed=/opt/rustwide/workdir/cache_bust/assets/generated/script.js
[INFO] [stdout] 
[INFO] [stdout] stderr:
[INFO] [stdout] Error: Os { code: 30, kind: ReadOnlyFilesystem, message: "Read-only file system" }
[INFO] [stdout] 
[INFO] [stdout] 
[INFO] [stdout] ---- cache_bust/src/lib.rs - (line 48) stdout ----
[INFO] [stdout] Test executable failed (exit status: 1).
[INFO] [stdout] 
[INFO] [stdout] stdout:
[INFO] [stdout] cargo::rerun-if-changed=/opt/rustwide/workdir/cache_bust/assets
[INFO] [stdout] 
[INFO] [stdout] stderr:
[INFO] [stdout] Error: Os { code: 30, kind: ReadOnlyFilesystem, message: "Read-only file system" }
[INFO] [stdout] 
[INFO] [stdout] 
[INFO] [stdout] 
[INFO] [stdout] failures:
[INFO] [stdout]     cache_bust/src/lib.rs - (line 48)
[INFO] [stdout]     cache_bust/src/lib.rs - (line 82)
[INFO] [stdout] 
[INFO] [stdout] test result: FAILED. 1 passed; 2 failed; 0 ignored; 0 measured; 0 filtered out; finished in 0.87s
[INFO] [stdout] 
[INFO] [stderr] error: doctest failed, to rerun pass `-p cache_bust --doc`
[INFO] running `Command { std: "docker" "inspect" "81ef2d3a37ecc6b15d82b70e5d7f90ecd063c89db6216d8b99e044ebf00313b1", kill_on_drop: false }`
[INFO] running `Command { std: "docker" "rm" "-f" "81ef2d3a37ecc6b15d82b70e5d7f90ecd063c89db6216d8b99e044ebf00313b1", kill_on_drop: false }`
[INFO] [stdout] 81ef2d3a37ecc6b15d82b70e5d7f90ecd063c89db6216d8b99e044ebf00313b1
