[INFO] cloning repository https://github.com/dauid64/tutorIA_back
[INFO] running `Command { std: "git" "-c" "credential.helper=" "-c" "credential.helper=/workspace/cargo-home/bin/git-credential-null" "clone" "--bare" "https://github.com/dauid64/tutorIA_back" "/workspace/cache/git-repos/https%3A%2F%2Fgithub.com%2Fdauid64%2FtutorIA_back", kill_on_drop: false }`
[INFO] [stderr] Cloning into bare repository '/workspace/cache/git-repos/https%3A%2F%2Fgithub.com%2Fdauid64%2FtutorIA_back'...
[INFO] running `Command { std: "git" "rev-parse" "HEAD", kill_on_drop: false }`
[INFO] [stdout] 473a324a4ee4b1c372aa37ecbd84d70cf931b9a9
[INFO] testing dauid64/tutorIA_back against 1.83.0 for beta-1.84.0-4-retry
[INFO] running `Command { std: "git" "clone" "/workspace/cache/git-repos/https%3A%2F%2Fgithub.com%2Fdauid64%2FtutorIA_back" "/workspace/builds/worker-7-tc1/source", kill_on_drop: false }`
[INFO] [stderr] Cloning into '/workspace/builds/worker-7-tc1/source'...
[INFO] [stderr] done.
[INFO] validating manifest of git repo https://github.com/dauid64/tutorIA_back on toolchain 1.83.0
[INFO] running `Command { std: CARGO_HOME="/workspace/cargo-home" RUSTUP_HOME="/workspace/rustup-home" "/workspace/cargo-home/bin/cargo" "+1.83.0" "metadata" "--manifest-path" "Cargo.toml" "--no-deps", kill_on_drop: false }`
[INFO] started tweaking git repo https://github.com/dauid64/tutorIA_back
[INFO] finished tweaking git repo https://github.com/dauid64/tutorIA_back
[INFO] tweaked toml for git repo https://github.com/dauid64/tutorIA_back written to /workspace/builds/worker-7-tc1/source/Cargo.toml
[INFO] crate git repo https://github.com/dauid64/tutorIA_back already has a lockfile, it will not be regenerated
[INFO] running `Command { std: CARGO_HOME="/workspace/cargo-home" RUSTUP_HOME="/workspace/rustup-home" "/workspace/cargo-home/bin/cargo" "+1.83.0" "fetch" "--manifest-path" "Cargo.toml", kill_on_drop: false }`
[INFO] [stderr]     Updating crates.io index
[INFO] [stderr]  Downloading crates ...
[INFO] [stderr]   Downloaded axum-extra v0.9.3
[INFO] [stderr]   Downloaded sqlb-macros v0.4.0
[INFO] [stderr]   Downloaded async-openai v0.23.2
[INFO] [stderr]   Downloaded base64-url v3.0.0
[INFO] [stderr]   Downloaded async-convert v1.0.0
[INFO] [stderr]   Downloaded reqwest-eventsource v0.6.0
[INFO] [stderr]   Downloaded sqlb v0.4.0
[INFO] [stderr]   Downloaded lopdf v0.32.0
[INFO] running `Command { std: "docker" "create" "-v" "/var/lib/crater-agent-workspace/builds/worker-7-tc1/target:/opt/rustwide/target:rw,Z" "-v" "/var/lib/crater-agent-workspace/builds/worker-7-tc1/source:/opt/rustwide/workdir:ro,Z" "-v" "/var/lib/crater-agent-workspace/cargo-home:/opt/rustwide/cargo-home:ro,Z" "-v" "/var/lib/crater-agent-workspace/rustup-home:/opt/rustwide/rustup-home:ro,Z" "-e" "SOURCE_DIR=/opt/rustwide/workdir" "-e" "CARGO_TARGET_DIR=/opt/rustwide/target" "-e" "CARGO_HOME=/opt/rustwide/cargo-home" "-e" "RUSTUP_HOME=/opt/rustwide/rustup-home" "-w" "/opt/rustwide/workdir" "-m" "1610612736" "--user" "0:0" "--network" "none" "ghcr.io/rust-lang/crates-build-env/linux@sha256:f3a9d4ad9d972b27faf3965f35b62e55ba32bbce8f20bc8fe909558a86702fde" "/opt/rustwide/cargo-home/bin/cargo" "+1.83.0" "metadata" "--no-deps" "--format-version=1", kill_on_drop: false }`
[INFO] [stdout] 6934b60dae0d138b5d27b460b9e12d23881835684170e9f0bed31e277cbb6ad8
[INFO] running `Command { std: "docker" "start" "-a" "6934b60dae0d138b5d27b460b9e12d23881835684170e9f0bed31e277cbb6ad8", kill_on_drop: false }`
[INFO] running `Command { std: "docker" "inspect" "6934b60dae0d138b5d27b460b9e12d23881835684170e9f0bed31e277cbb6ad8", kill_on_drop: false }`
[INFO] running `Command { std: "docker" "rm" "-f" "6934b60dae0d138b5d27b460b9e12d23881835684170e9f0bed31e277cbb6ad8", kill_on_drop: false }`
[INFO] [stdout] 6934b60dae0d138b5d27b460b9e12d23881835684170e9f0bed31e277cbb6ad8
[INFO] running `Command { std: "docker" "create" "-v" "/var/lib/crater-agent-workspace/builds/worker-7-tc1/target:/opt/rustwide/target:rw,Z" "-v" "/var/lib/crater-agent-workspace/builds/worker-7-tc1/source:/opt/rustwide/workdir:ro,Z" "-v" "/var/lib/crater-agent-workspace/cargo-home:/opt/rustwide/cargo-home:ro,Z" "-v" "/var/lib/crater-agent-workspace/rustup-home:/opt/rustwide/rustup-home:ro,Z" "-e" "SOURCE_DIR=/opt/rustwide/workdir" "-e" "CARGO_TARGET_DIR=/opt/rustwide/target" "-e" "CARGO_INCREMENTAL=0" "-e" "RUST_BACKTRACE=full" "-e" "RUSTFLAGS=--cap-lints=warn" "-e" "RUSTDOCFLAGS=--cap-lints=warn" "-e" "CARGO_HOME=/opt/rustwide/cargo-home" "-e" "RUSTUP_HOME=/opt/rustwide/rustup-home" "-w" "/opt/rustwide/workdir" "-m" "1610612736" "--user" "0:0" "--network" "none" "ghcr.io/rust-lang/crates-build-env/linux@sha256:f3a9d4ad9d972b27faf3965f35b62e55ba32bbce8f20bc8fe909558a86702fde" "/opt/rustwide/cargo-home/bin/cargo" "+1.83.0" "build" "--frozen" "--message-format=json", kill_on_drop: false }`
[INFO] [stdout] 395a47d78d6f5881582b1ee1b1d3d4b4ebcc91d8177c194680cc8d79b4502129
[INFO] running `Command { std: "docker" "start" "-a" "395a47d78d6f5881582b1ee1b1d3d4b4ebcc91d8177c194680cc8d79b4502129", kill_on_drop: false }`
[INFO] [stderr]    Compiling proc-macro2 v1.0.83
[INFO] [stderr]    Compiling unicode-ident v1.0.12
[INFO] [stderr]    Compiling libc v0.2.155
[INFO] [stderr]    Compiling autocfg v1.3.0
[INFO] [stderr]    Compiling pin-project-lite v0.2.14
[INFO] [stderr]    Compiling memchr v2.7.2
[INFO] [stderr]    Compiling futures-core v0.3.30
[INFO] [stderr]    Compiling bytes v1.6.0
[INFO] [stderr]    Compiling itoa v1.0.11
[INFO] [stderr]    Compiling parking_lot_core v0.9.10
[INFO] [stderr]    Compiling once_cell v1.19.0
[INFO] [stderr]    Compiling cc v1.0.98
[INFO] [stderr]    Compiling lock_api v0.4.12
[INFO] [stderr]    Compiling scopeguard v1.2.0
[INFO] [stderr]    Compiling serde v1.0.203
[INFO] [stderr]    Compiling slab v0.4.9
[INFO] [stderr]    Compiling smallvec v1.13.2
[INFO] [stderr]    Compiling futures-io v0.3.30
[INFO] [stderr]    Compiling futures-task v0.3.30
[INFO] [stderr]    Compiling untrusted v0.9.0
[INFO] [stderr]    Compiling futures-sink v0.3.30
[INFO] [stderr]    Compiling subtle v2.5.0
[INFO] [stderr]    Compiling log v0.4.21
[INFO] [stderr]    Compiling typenum v1.17.0
[INFO] [stderr]    Compiling futures-channel v0.3.30
[INFO] [stderr]    Compiling quote v1.0.36
[INFO] [stderr]    Compiling generic-array v0.14.7
[INFO] [stderr]    Compiling percent-encoding v2.3.1
[INFO] [stderr]    Compiling spin v0.9.8
[INFO] [stderr]    Compiling getrandom v0.2.15
[INFO] [stderr]    Compiling syn v2.0.65
[INFO] [stderr]    Compiling mio v0.8.11
[INFO] [stderr]    Compiling socket2 v0.5.7
[INFO] [stderr]    Compiling signal-hook-registry v1.4.2
[INFO] [stderr]    Compiling num_cpus v1.16.0
[INFO] [stderr]    Compiling parking_lot v0.12.2
[INFO] [stderr]    Compiling tinyvec_macros v0.1.1
[INFO] [stderr]    Compiling ryu v1.0.18
[INFO] [stderr]    Compiling tinyvec v1.6.0
[INFO] [stderr]    Compiling ring v0.17.8
[INFO] [stderr]    Compiling form_urlencoded v1.2.1
[INFO] [stderr]    Compiling tracing-core v0.1.32
[INFO] [stderr]    Compiling serde_json v1.0.117
[INFO] [stderr]    Compiling unicode-bidi v0.3.15
[INFO] [stderr]    Compiling rand_core v0.6.4
[INFO] [stderr]    Compiling http v1.1.0
[INFO] [stderr]    Compiling ahash v0.8.11
[INFO] [stderr]    Compiling ppv-lite86 v0.2.17
[INFO] [stderr]    Compiling unicode-normalization v0.1.23
[INFO] [stderr]    Compiling minimal-lexical v0.2.1
[INFO] [stderr]    Compiling rand_chacha v0.3.1
[INFO] [stderr]    Compiling zerocopy v0.7.34
[INFO] [stderr]    Compiling block-buffer v0.10.4
[INFO] [stderr]    Compiling crypto-common v0.1.6
[INFO] [stderr]    Compiling digest v0.10.7
[INFO] [stderr]    Compiling nom v7.1.3
[INFO] [stderr]    Compiling idna v0.5.0
[INFO] [stderr]    Compiling thiserror v1.0.61
[INFO] [stderr]    Compiling allocator-api2 v0.2.18
[INFO] [stderr]    Compiling num-traits v0.2.19
[INFO] [stderr]    Compiling num-conv v0.1.0
[INFO] [stderr]    Compiling time-core v0.1.2
[INFO] [stderr]    Compiling hashbrown v0.14.5
[INFO] [stderr]    Compiling powerfmt v0.2.0
[INFO] [stderr]    Compiling time-macros v0.2.18
[INFO] [stderr]    Compiling deranged v0.3.11
[INFO] [stderr]    Compiling http-body v1.0.0
[INFO] [stderr]    Compiling httparse v1.8.0
[INFO] [stderr]    Compiling equivalent v1.0.1
[INFO] [stderr]    Compiling rustls v0.21.12
[INFO] [stderr]    Compiling base64 v0.21.7
[INFO] [stderr]    Compiling cpufeatures v0.2.12
[INFO] [stderr]    Compiling crossbeam-utils v0.8.20
[INFO] [stderr]    Compiling indexmap v2.2.6
[INFO] [stderr]    Compiling tower-service v0.3.2
[INFO] [stderr]    Compiling tower-layer v0.3.2
[INFO] [stderr]    Compiling httpdate v1.0.3
[INFO] [stderr]    Compiling iana-time-zone v0.1.60
[INFO] [stderr]    Compiling mime v0.3.17
[INFO] [stderr]    Compiling rand v0.8.5
[INFO] [stderr]    Compiling time v0.3.36
[INFO] [stderr]    Compiling unicase v2.7.0
[INFO] [stderr]    Compiling ident_case v1.0.1
[INFO] [stderr]    Compiling unicode_categories v0.1.1
[INFO] [stderr]    Compiling rustls-pki-types v1.7.0
[INFO] [stderr]    Compiling try-lock v0.2.5
[INFO] [stderr]    Compiling paste v1.0.15
[INFO] [stderr]    Compiling strsim v0.11.1
[INFO] [stderr]    Compiling rustversion v1.0.17
[INFO] [stderr]    Compiling darling_core v0.20.9
[INFO] [stderr]    Compiling want v0.3.1
[INFO] [stderr]    Compiling url v2.5.0
[INFO] [stderr]    Compiling base64 v0.22.1
[INFO] [stderr]    Compiling crc-catalog v2.4.0
[INFO] [stderr]    Compiling crc v3.2.1
[INFO] [stderr]    Compiling rustls-pemfile v1.0.4
[INFO] [stderr]    Compiling serde_derive v1.0.203
[INFO] [stderr]    Compiling tokio-macros v2.3.0
[INFO] [stderr]    Compiling tracing-attributes v0.1.27
[INFO] [stderr]    Compiling futures-macro v0.3.30
[INFO] [stderr]    Compiling thiserror-impl v1.0.61
[INFO] [stderr]    Compiling pin-project-internal v1.1.5
[INFO] [stderr]    Compiling async-trait v0.1.80
[INFO] [stderr]    Compiling tokio v1.38.0
[INFO] [stderr]    Compiling futures-util v0.3.30
[INFO] [stderr]    Compiling sha2 v0.10.8
[INFO] [stderr]    Compiling tracing v0.1.40
[INFO] [stderr]    Compiling darling_macro v0.20.9
[INFO] [stderr]    Compiling hashlink v0.8.4
[INFO] [stderr]    Compiling pin-project v1.1.5
[INFO] [stderr]    Compiling http-body-util v0.1.1
[INFO] [stderr]    Compiling webpki-roots v0.25.4
[INFO] [stderr]    Compiling hex v0.4.3
[INFO] [stderr]    Compiling rustls v0.22.4
[INFO] [stderr]    Compiling syn v1.0.109
[INFO] [stderr]    Compiling zeroize v1.7.0
[INFO] [stderr]    Compiling event-listener v2.5.3
[INFO] [stderr]    Compiling byteorder v1.5.0
[INFO] [stderr]    Compiling rustls-webpki v0.101.7
[INFO] [stderr]    Compiling sct v0.7.1
[INFO] [stderr]    Compiling darling v0.20.9
[INFO] [stderr]    Compiling mime_guess v2.0.4
[INFO] [stderr]    Compiling rustls-webpki v0.102.4
[INFO] [stderr]    Compiling hmac v0.12.1
[INFO] [stderr]    Compiling aho-corasick v1.1.3
[INFO] [stderr]    Compiling sync_wrapper v0.1.2
[INFO] [stderr]    Compiling regex-syntax v0.8.3
[INFO] [stderr]    Compiling bitflags v2.5.0
[INFO] [stderr]    Compiling finl_unicode v1.2.0
[INFO] [stderr]    Compiling rustix v0.38.34
[INFO] [stderr]    Compiling stringprep v0.1.4
[INFO] [stderr]    Compiling hkdf v0.12.4
[INFO] [stderr]    Compiling tower v0.4.13
[INFO] [stderr]    Compiling hyper v1.3.1
[INFO] [stderr]    Compiling tokio-util v0.7.11
[INFO] [stderr]    Compiling either v1.12.0
[INFO] [stderr]    Compiling hyper-util v0.1.5
[INFO] [stderr]    Compiling itertools v0.12.1
[INFO] [stderr]    Compiling serde_urlencoded v0.7.1
[INFO] [stderr]    Compiling tokio-stream v0.1.15
[INFO] [stderr]    Compiling regex-automata v0.4.6
[INFO] [stderr]    Compiling crossbeam-queue v0.3.11
[INFO] [stderr]    Compiling futures-intrusive v0.5.0
[INFO] [stderr]    Compiling sqlformat v0.2.3
[INFO] [stderr]    Compiling chrono v0.4.38
[INFO] [stderr]    Compiling atoi v2.0.0
[INFO] [stderr]    Compiling md-5 v0.10.6
[INFO] [stderr]    Compiling dotenvy v0.15.7
[INFO] [stderr]    Compiling linux-raw-sys v0.4.14
[INFO] [stderr]    Compiling home v0.5.9
[INFO] [stderr]    Compiling unicode-segmentation v1.11.0
[INFO] [stderr]    Compiling whoami v1.5.1
[INFO] [stderr]    Compiling uuid v1.8.0
[INFO] [stderr]    Compiling heck v0.4.1
[INFO] [stderr]    Compiling tokio-rustls v0.25.0
[INFO] [stderr]    Compiling rustls-pemfile v2.1.2
[INFO] [stderr]    Compiling openssl-probe v0.1.5
[INFO] [stderr]    Compiling fastrand v2.1.0
[INFO] [stderr]    Compiling rustls-native-certs v0.7.0
[INFO] [stderr]    Compiling tempfile v3.10.1
[INFO] [stderr]    Compiling sqlx-core v0.7.4
[INFO] [stderr]    Compiling hyper-rustls v0.26.0
[INFO] [stderr]    Compiling futures-executor v0.3.30
[INFO] [stderr]    Compiling derive_builder_core v0.20.0
[INFO] [stderr]    Compiling axum-core v0.4.3
[INFO] [stderr]    Compiling crossbeam-epoch v0.9.18
[INFO] [stderr]    Compiling multer v3.1.0
[INFO] [stderr]    Compiling encoding_rs v0.8.34
[INFO] [stderr]    Compiling ipnet v2.9.0
[INFO] [stderr]    Compiling rayon-core v1.12.1
[INFO] [stderr]    Compiling reqwest v0.12.4
[INFO] [stderr]    Compiling crossbeam-deque v0.8.5
[INFO] [stderr]    Compiling derive_builder_macro v0.20.0
[INFO] [stderr]    Compiling futures v0.3.30
[INFO] [stderr]    Compiling serde_spanned v0.6.6
[INFO] [stderr]    Compiling toml_datetime v0.6.6
[INFO] [stderr]    Compiling axum v0.7.5
[INFO] [stderr]    Compiling num-integer v0.1.46
[INFO] [stderr]    Compiling eventsource-stream v0.2.3
[INFO] [stderr]    Compiling instant v0.1.13
[INFO] [stderr]    Compiling futures-timer v3.0.3
[INFO] [stderr]    Compiling adler v1.0.2
[INFO] [stderr]    Compiling winnow v0.6.13
[INFO] [stderr]    Compiling regex-syntax v0.6.29
[INFO] [stderr]    Compiling reqwest-eventsource v0.6.0
[INFO] [stderr]    Compiling sqlx-postgres v0.7.4
[INFO] [stderr]    Compiling miniz_oxide v0.7.3
[INFO] [stderr]    Compiling toml_edit v0.22.14
[INFO] [stderr]    Compiling regex-automata v0.1.10
[INFO] [stderr]    Compiling num-bigint v0.4.5
[INFO] [stderr]    Compiling backoff v0.4.0
[INFO] [stderr]    Compiling derive_builder v0.20.0
[INFO] [stderr]    Compiling regex v1.10.5
[INFO] [stderr]    Compiling bstr v1.9.1
[INFO] [stderr]    Compiling secrecy v0.8.0
[INFO] [stderr]    Compiling serde_path_to_error v0.1.16
[INFO] [stderr]    Compiling sqlx-macros-core v0.7.4
[INFO] [stderr]    Compiling async-convert v1.0.0
[INFO] [stderr]    Compiling sha1 v0.10.6
[INFO] [stderr]    Compiling headers-core v0.3.0
[INFO] [stderr]    Compiling crc32fast v1.4.2
[INFO] [stderr]    Compiling convert_case v0.4.0
[INFO] [stderr]    Compiling matchit v0.7.3
[INFO] [stderr]    Compiling overload v0.1.1
[INFO] [stderr]    Compiling lazy_static v1.4.0
[INFO] [stderr]    Compiling sync_wrapper v1.0.1
[INFO] [stderr]    Compiling anyhow v1.0.86
[INFO] [stderr]    Compiling derive_more v0.99.17
[INFO] [stderr]    Compiling sharded-slab v0.1.7
[INFO] [stderr]    Compiling nu-ansi-term v0.46.0
[INFO] [stderr]    Compiling flate2 v1.0.30
[INFO] [stderr]    Compiling headers v0.4.0
[INFO] [stderr]    Compiling async-openai v0.23.2
[INFO] [stderr]    Compiling pom v3.4.0
[INFO] [stderr]    Compiling sqlx-macros v0.7.4
[INFO] [stderr]    Compiling toml v0.8.14
[INFO] [stderr]    Compiling rayon v1.10.0
[INFO] [stderr]    Compiling matchers v0.1.0
[INFO] [stderr]    Compiling simple_asn1 v0.6.2
[INFO] [stderr]    Compiling combine v4.6.7
[INFO] [stderr]    Compiling tokio-retry v0.3.0
[INFO] [stderr]    Compiling serde_with_macros v3.8.1
[INFO] [stderr]    Compiling sqlb-macros v0.4.0
[INFO] [stderr]    Compiling pem v3.0.4
[INFO] [stderr]    Compiling tracing-log v0.2.0
[INFO] [stderr]    Compiling thread_local v1.1.8
[INFO] [stderr]    Compiling arc-swap v1.7.1
[INFO] [stderr]    Compiling sqlx v0.7.4
[INFO] [stderr]    Compiling linked-hash-map v0.5.6
[INFO] [stderr]    Compiling sha1_smol v1.0.0
[INFO] [stderr]    Compiling http-range-header v0.4.1
[INFO] [stderr]    Compiling weezl v0.1.8
[INFO] [stderr]    Compiling md5 v0.7.0
[INFO] [stderr]    Compiling tower-http v0.5.2
[INFO] [stderr]    Compiling sqlb v0.4.0
[INFO] [stderr]    Compiling tracing-subscriber v0.3.18
[INFO] [stderr]    Compiling serde_with v3.8.1
[INFO] [stderr]    Compiling lopdf v0.32.0
[INFO] [stderr]    Compiling jsonwebtoken v9.3.0
[INFO] [stderr]    Compiling axum-extra v0.9.3
[INFO] [stderr]    Compiling strum_macros v0.26.2
[INFO] [stderr]    Compiling base64-url v3.0.0
[INFO] [stderr]    Compiling redis v0.25.4
[INFO] [stderr]    Compiling tutoria_agent v0.1.0 (/opt/rustwide/workdir/tutoria_agent)
[INFO] [stderr]    Compiling tutoria_api v0.1.0 (/opt/rustwide/workdir/tutoria_api)
[INFO] [stdout] warning: unused import: `Commands`
[INFO] [stdout]  --> tutoria_api/src/manager/stores/mod.rs:1:37
[INFO] [stdout]   |
[INFO] [stdout] 1 | use redis::{aio::ConnectionManager, Commands};
[INFO] [stdout]   |                                     ^^^^^^^^
[INFO] [stdout]   |
[INFO] [stdout]   = note: `#[warn(unused_imports)]` on by default
[INFO] [stdout] 
[INFO] [stdout] 
[INFO] [stdout] warning: unused import: `serde_json::json`
[INFO] [stdout]  --> tutoria_api/src/manager/stores/mod.rs:3:5
[INFO] [stdout]   |
[INFO] [stdout] 3 | use serde_json::json;
[INFO] [stdout]   |     ^^^^^^^^^^^^^^^^
[INFO] [stdout] 
[INFO] [stdout] 
[INFO] [stdout] warning: unused import: `redis::AsyncCommands`
[INFO] [stdout]  --> tutoria_api/src/manager/stores/mod.rs:5:5
[INFO] [stdout]   |
[INFO] [stdout] 5 | use redis::AsyncCommands;
[INFO] [stdout]   |     ^^^^^^^^^^^^^^^^^^^^
[INFO] [stdout] 
[INFO] [stdout] 
[INFO] [stdout] warning: unused import: `tutoria_agent::ais`
[INFO] [stdout]  --> tutoria_api/src/error.rs:3:5
[INFO] [stdout]   |
[INFO] [stdout] 3 | use tutoria_agent::ais;
[INFO] [stdout]   |     ^^^^^^^^^^^^^^^^^^
[INFO] [stdout] 
[INFO] [stdout] 
[INFO] [stdout] warning: unused import: `std::path::Path`
[INFO] [stdout]  --> tutoria_api/src/utils/mod.rs:1:5
[INFO] [stdout]   |
[INFO] [stdout] 1 | use std::path::Path;
[INFO] [stdout]   |     ^^^^^^^^^^^^^^^
[INFO] [stdout] 
[INFO] [stdout] 
[INFO] [stdout] warning: unused import: `std::path`
[INFO] [stdout]  --> tutoria_api/src/web/routes/materia.rs:1:5
[INFO] [stdout]   |
[INFO] [stdout] 1 | use std::path;
[INFO] [stdout]   |     ^^^^^^^^^
[INFO] [stdout] 
[INFO] [stdout] 
[INFO] [stdout] warning: unused import: `lopdf::Document`
[INFO] [stdout]   --> tutoria_api/src/web/routes/materia.rs:20:5
[INFO] [stdout]    |
[INFO] [stdout] 20 | use lopdf::Document;
[INFO] [stdout]    |     ^^^^^^^^^^^^^^^
[INFO] [stdout] 
[INFO] [stdout] 
[INFO] [stdout] warning: unused import: `AsyncReadExt`
[INFO] [stdout]   --> tutoria_api/src/web/routes/materia.rs:26:10
[INFO] [stdout]    |
[INFO] [stdout] 26 |     io::{AsyncReadExt, AsyncWriteExt},
[INFO] [stdout]    |          ^^^^^^^^^^^^
[INFO] [stdout] 
[INFO] [stdout] 
[INFO] [stdout] warning: unused import: `self`
[INFO] [stdout]   --> tutoria_api/src/web/routes/materia.rs:29:23
[INFO] [stdout]    |
[INFO] [stdout] 29 |     ais::embeddings::{self, get_embeddings},
[INFO] [stdout]    |                       ^^^^
[INFO] [stdout] 
[INFO] [stdout] 
[INFO] [stdout] warning: unused import: `futures::TryFutureExt`
[INFO] [stdout]   --> tutoria_api/src/web/routes/materia.rs:19:5
[INFO] [stdout]    |
[INFO] [stdout] 19 | use futures::TryFutureExt;
[INFO] [stdout]    |     ^^^^^^^^^^^^^^^^^^^^^
[INFO] [stdout] 
[INFO] [stdout] 
[INFO] [stdout] warning: unused import: `Commands`
[INFO] [stdout]   --> tutoria_api/src/web/routes/materia.rs:21:28
[INFO] [stdout]    |
[INFO] [stdout] 21 | use redis::{AsyncCommands, Commands};
[INFO] [stdout]    |                            ^^^^^^^^
[INFO] [stdout] 
[INFO] [stdout] 
[INFO] [stdout] warning: variant `RedisConnectionError` is never constructed
[INFO] [stdout]   --> tutoria_api/src/manager/error.rs:21:5
[INFO] [stdout]    |
[INFO] [stdout] 13 | pub enum Error {
[INFO] [stdout]    |          ----- variant in this enum
[INFO] [stdout] ...
[INFO] [stdout] 21 |     RedisConnectionError(String)
[INFO] [stdout]    |     ^^^^^^^^^^^^^^^^^^^^
[INFO] [stdout]    |
[INFO] [stdout]    = note: `Error` has derived impls for the traits `Clone` and `Debug`, but these are intentionally ignored during dead code analysis
[INFO] [stdout]    = note: `#[warn(dead_code)]` on by default
[INFO] [stdout] 
[INFO] [stdout] 
[INFO] [stdout] warning: associated function `root_ctx` is never used
[INFO] [stdout]   --> tutoria_api/src/ctx/mod.rs:13:12
[INFO] [stdout]    |
[INFO] [stdout] 12 | impl Ctx {
[INFO] [stdout]    | -------- associated function in this implementation
[INFO] [stdout] 13 |     pub fn root_ctx() -> Self {
[INFO] [stdout]    |            ^^^^^^^^
[INFO] [stdout] 
[INFO] [stdout] 
[INFO] [stdout] warning: field `0` is never read
[INFO] [stdout]   --> tutoria_api/src/error.rs:10:22
[INFO] [stdout]    |
[INFO] [stdout] 10 |     ConfigMissingEnv(&'static str),
[INFO] [stdout]    |     ---------------- ^^^^^^^^^^^^
[INFO] [stdout]    |     |
[INFO] [stdout]    |     field in this variant
[INFO] [stdout]    |
[INFO] [stdout]    = note: `Error` has a derived impl for the trait `Debug`, but this is intentionally ignored during dead code analysis
[INFO] [stdout] help: consider changing the field to be of unit type to suppress this warning while preserving the field numbering, or remove the field
[INFO] [stdout]    |
[INFO] [stdout] 10 |     ConfigMissingEnv(()),
[INFO] [stdout]    |                      ~~
[INFO] [stdout] 
[INFO] [stdout] 
[INFO] [stdout] warning: field `0` is never read
[INFO] [stdout]   --> tutoria_api/src/error.rs:12:23
[INFO] [stdout]    |
[INFO] [stdout] 12 |     ConfigWrongFormat(&'static str),
[INFO] [stdout]    |     ----------------- ^^^^^^^^^^^^
[INFO] [stdout]    |     |
[INFO] [stdout]    |     field in this variant
[INFO] [stdout]    |
[INFO] [stdout]    = note: `Error` has a derived impl for the trait `Debug`, but this is intentionally ignored during dead code analysis
[INFO] [stdout] help: consider changing the field to be of unit type to suppress this warning while preserving the field numbering, or remove the field
[INFO] [stdout]    |
[INFO] [stdout] 12 |     ConfigWrongFormat(()),
[INFO] [stdout]    |                       ~~
[INFO] [stdout] 
[INFO] [stdout] 
[INFO] [stdout] warning: field `0` is never read
[INFO] [stdout]   --> tutoria_api/src/error.rs:13:11
[INFO] [stdout]    |
[INFO] [stdout] 13 |     Model(model::Error),
[INFO] [stdout]    |     ----- ^^^^^^^^^^^^
[INFO] [stdout]    |     |
[INFO] [stdout]    |     field in this variant
[INFO] [stdout]    |
[INFO] [stdout]    = note: `Error` has a derived impl for the trait `Debug`, but this is intentionally ignored during dead code analysis
[INFO] [stdout] help: consider changing the field to be of unit type to suppress this warning while preserving the field numbering, or remove the field
[INFO] [stdout]    |
[INFO] [stdout] 13 |     Model(()),
[INFO] [stdout]    |           ~~
[INFO] [stdout] 
[INFO] [stdout] 
[INFO] [stdout] warning: field `0` is never read
[INFO] [stdout]   --> tutoria_api/src/error.rs:14:13
[INFO] [stdout]    |
[INFO] [stdout] 14 |     Manager(manager::Error),
[INFO] [stdout]    |     ------- ^^^^^^^^^^^^^^
[INFO] [stdout]    |     |
[INFO] [stdout]    |     field in this variant
[INFO] [stdout]    |
[INFO] [stdout]    = note: `Error` has a derived impl for the trait `Debug`, but this is intentionally ignored during dead code analysis
[INFO] [stdout] help: consider changing the field to be of unit type to suppress this warning while preserving the field numbering, or remove the field
[INFO] [stdout]    |
[INFO] [stdout] 14 |     Manager(()),
[INFO] [stdout]    |             ~~
[INFO] [stdout] 
[INFO] [stdout] 
[INFO] [stdout] warning: method `validate` is never used
[INFO] [stdout]   --> tutoria_api/src/model/professor.rs:28:8
[INFO] [stdout]    |
[INFO] [stdout] 27 | impl ProfessorForCreate {
[INFO] [stdout]    | ----------------------- method in this implementation
[INFO] [stdout] 28 |     fn validate(&self) -> Result<()> {
[INFO] [stdout]    |        ^^^^^^^^
[INFO] [stdout] 
[INFO] [stdout] 
[INFO] [stdout] warning: associated function `validate` is never used
[INFO] [stdout]   --> tutoria_api/src/model/professor.rs:46:18
[INFO] [stdout]    |
[INFO] [stdout] 45 | impl ProfessorBmc {
[INFO] [stdout]    | ----------------- associated function in this implementation
[INFO] [stdout] 46 |     pub async fn validate(professor_c: &ProfessorForCreate) -> Result<()> {
[INFO] [stdout]    |                  ^^^^^^^^
[INFO] [stdout] 
[INFO] [stdout] 
[INFO] [stdout] warning: struct `TutorIAState` is never constructed
[INFO] [stdout]   --> tutoria_api/src/web/routes/tutor.rs:24:8
[INFO] [stdout]    |
[INFO] [stdout] 24 | struct TutorIAState {
[INFO] [stdout]    |        ^^^^^^^^^^^^
[INFO] [stdout] 
[INFO] [stdout] 
[INFO] [stdout] warning: variant `ReadToStringFileError` is never constructed
[INFO] [stdout]   --> tutoria_api/src/web/error.rs:35:5
[INFO] [stdout]    |
[INFO] [stdout] 15 | pub enum Error {
[INFO] [stdout]    |          ----- variant in this enum
[INFO] [stdout] ...
[INFO] [stdout] 35 |     ReadToStringFileError(String),
[INFO] [stdout]    |     ^^^^^^^^^^^^^^^^^^^^^
[INFO] [stdout]    |
[INFO] [stdout]    = note: `Error` has derived impls for the traits `Clone` and `Debug`, but these are intentionally ignored during dead code analysis
[INFO] [stdout] 
[INFO] [stdout] 
[INFO] [stdout] warning: method `find_by_user_Id` should have a snake case name
[INFO] [stdout]   --> tutoria_api/src/model/aluno.rs:85:18
[INFO] [stdout]    |
[INFO] [stdout] 85 |     pub async fn find_by_user_Id(
[INFO] [stdout]    |                  ^^^^^^^^^^^^^^^ help: convert the identifier to snake case (notice the capitalization): `find_by_user_id`
[INFO] [stdout]    |
[INFO] [stdout]    = note: `#[warn(non_snake_case)]` on by default
[INFO] [stdout] 
[INFO] [stdout] 
[INFO] [stderr]     Finished `dev` profile [unoptimized + debuginfo] target(s) in 4m 24s
[INFO] running `Command { std: "docker" "inspect" "395a47d78d6f5881582b1ee1b1d3d4b4ebcc91d8177c194680cc8d79b4502129", kill_on_drop: false }`
[INFO] running `Command { std: "docker" "rm" "-f" "395a47d78d6f5881582b1ee1b1d3d4b4ebcc91d8177c194680cc8d79b4502129", kill_on_drop: false }`
[INFO] [stdout] 395a47d78d6f5881582b1ee1b1d3d4b4ebcc91d8177c194680cc8d79b4502129
[INFO] running `Command { std: "docker" "create" "-v" "/var/lib/crater-agent-workspace/builds/worker-7-tc1/target:/opt/rustwide/target:rw,Z" "-v" "/var/lib/crater-agent-workspace/builds/worker-7-tc1/source:/opt/rustwide/workdir:ro,Z" "-v" "/var/lib/crater-agent-workspace/cargo-home:/opt/rustwide/cargo-home:ro,Z" "-v" "/var/lib/crater-agent-workspace/rustup-home:/opt/rustwide/rustup-home:ro,Z" "-e" "SOURCE_DIR=/opt/rustwide/workdir" "-e" "CARGO_TARGET_DIR=/opt/rustwide/target" "-e" "CARGO_INCREMENTAL=0" "-e" "RUST_BACKTRACE=full" "-e" "RUSTFLAGS=--cap-lints=warn" "-e" "RUSTDOCFLAGS=--cap-lints=warn" "-e" "CARGO_HOME=/opt/rustwide/cargo-home" "-e" "RUSTUP_HOME=/opt/rustwide/rustup-home" "-w" "/opt/rustwide/workdir" "-m" "1610612736" "--user" "0:0" "--network" "none" "ghcr.io/rust-lang/crates-build-env/linux@sha256:f3a9d4ad9d972b27faf3965f35b62e55ba32bbce8f20bc8fe909558a86702fde" "/opt/rustwide/cargo-home/bin/cargo" "+1.83.0" "test" "--frozen" "--no-run" "--message-format=json", kill_on_drop: false }`
[INFO] [stdout] 10db2e0952c3420eaaa998dfbd21be97ade641c22cffe2df0504d34696c50dfa
[INFO] running `Command { std: "docker" "start" "-a" "10db2e0952c3420eaaa998dfbd21be97ade641c22cffe2df0504d34696c50dfa", kill_on_drop: false }`
[INFO] [stderr]    Compiling tutoria_agent v0.1.0 (/opt/rustwide/workdir/tutoria_agent)
[INFO] [stderr]    Compiling tutoria_api v0.1.0 (/opt/rustwide/workdir/tutoria_api)
[INFO] [stdout] warning: unused import: `Commands`
[INFO] [stdout]  --> tutoria_api/src/manager/stores/mod.rs:1:37
[INFO] [stdout]   |
[INFO] [stdout] 1 | use redis::{aio::ConnectionManager, Commands};
[INFO] [stdout]   |                                     ^^^^^^^^
[INFO] [stdout]   |
[INFO] [stdout]   = note: `#[warn(unused_imports)]` on by default
[INFO] [stdout] 
[INFO] [stdout] 
[INFO] [stdout] warning: unused import: `serde_json::json`
[INFO] [stdout]  --> tutoria_api/src/manager/stores/mod.rs:3:5
[INFO] [stdout]   |
[INFO] [stdout] 3 | use serde_json::json;
[INFO] [stdout]   |     ^^^^^^^^^^^^^^^^
[INFO] [stdout] 
[INFO] [stdout] 
[INFO] [stdout] warning: unused import: `redis::AsyncCommands`
[INFO] [stdout]  --> tutoria_api/src/manager/stores/mod.rs:5:5
[INFO] [stdout]   |
[INFO] [stdout] 5 | use redis::AsyncCommands;
[INFO] [stdout]   |     ^^^^^^^^^^^^^^^^^^^^
[INFO] [stdout] 
[INFO] [stdout] 
[INFO] [stdout] warning: unused import: `tutoria_agent::ais`
[INFO] [stdout]  --> tutoria_api/src/error.rs:3:5
[INFO] [stdout]   |
[INFO] [stdout] 3 | use tutoria_agent::ais;
[INFO] [stdout]   |     ^^^^^^^^^^^^^^^^^^
[INFO] [stdout] 
[INFO] [stdout] 
[INFO] [stdout] warning: unused import: `std::path::Path`
[INFO] [stdout]  --> tutoria_api/src/utils/mod.rs:1:5
[INFO] [stdout]   |
[INFO] [stdout] 1 | use std::path::Path;
[INFO] [stdout]   |     ^^^^^^^^^^^^^^^
[INFO] [stdout] 
[INFO] [stdout] 
[INFO] [stdout] warning: unused import: `std::path`
[INFO] [stdout]  --> tutoria_api/src/web/routes/materia.rs:1:5
[INFO] [stdout]   |
[INFO] [stdout] 1 | use std::path;
[INFO] [stdout]   |     ^^^^^^^^^
[INFO] [stdout] 
[INFO] [stdout] 
[INFO] [stdout] warning: unused import: `lopdf::Document`
[INFO] [stdout]   --> tutoria_api/src/web/routes/materia.rs:20:5
[INFO] [stdout]    |
[INFO] [stdout] 20 | use lopdf::Document;
[INFO] [stdout]    |     ^^^^^^^^^^^^^^^
[INFO] [stdout] 
[INFO] [stdout] 
[INFO] [stdout] warning: unused import: `AsyncReadExt`
[INFO] [stdout]   --> tutoria_api/src/web/routes/materia.rs:26:10
[INFO] [stdout]    |
[INFO] [stdout] 26 |     io::{AsyncReadExt, AsyncWriteExt},
[INFO] [stdout]    |          ^^^^^^^^^^^^
[INFO] [stdout] 
[INFO] [stdout] 
[INFO] [stdout] warning: unused import: `self`
[INFO] [stdout]   --> tutoria_api/src/web/routes/materia.rs:29:23
[INFO] [stdout]    |
[INFO] [stdout] 29 |     ais::embeddings::{self, get_embeddings},
[INFO] [stdout]    |                       ^^^^
[INFO] [stdout] 
[INFO] [stdout] 
[INFO] [stdout] warning: unused import: `futures::TryFutureExt`
[INFO] [stdout]   --> tutoria_api/src/web/routes/materia.rs:19:5
[INFO] [stdout]    |
[INFO] [stdout] 19 | use futures::TryFutureExt;
[INFO] [stdout]    |     ^^^^^^^^^^^^^^^^^^^^^
[INFO] [stdout] 
[INFO] [stdout] 
[INFO] [stdout] warning: unused import: `Commands`
[INFO] [stdout]   --> tutoria_api/src/web/routes/materia.rs:21:28
[INFO] [stdout]    |
[INFO] [stdout] 21 | use redis::{AsyncCommands, Commands};
[INFO] [stdout]    |                            ^^^^^^^^
[INFO] [stdout] 
[INFO] [stdout] 
[INFO] [stdout] warning: variant `RedisConnectionError` is never constructed
[INFO] [stdout]   --> tutoria_api/src/manager/error.rs:21:5
[INFO] [stdout]    |
[INFO] [stdout] 13 | pub enum Error {
[INFO] [stdout]    |          ----- variant in this enum
[INFO] [stdout] ...
[INFO] [stdout] 21 |     RedisConnectionError(String)
[INFO] [stdout]    |     ^^^^^^^^^^^^^^^^^^^^
[INFO] [stdout]    |
[INFO] [stdout]    = note: `Error` has derived impls for the traits `Clone` and `Debug`, but these are intentionally ignored during dead code analysis
[INFO] [stdout]    = note: `#[warn(dead_code)]` on by default
[INFO] [stdout] 
[INFO] [stdout] 
[INFO] [stdout] warning: associated function `root_ctx` is never used
[INFO] [stdout]   --> tutoria_api/src/ctx/mod.rs:13:12
[INFO] [stdout]    |
[INFO] [stdout] 12 | impl Ctx {
[INFO] [stdout]    | -------- associated function in this implementation
[INFO] [stdout] 13 |     pub fn root_ctx() -> Self {
[INFO] [stdout]    |            ^^^^^^^^
[INFO] [stdout] 
[INFO] [stdout] 
[INFO] [stdout] warning: field `0` is never read
[INFO] [stdout]   --> tutoria_api/src/error.rs:10:22
[INFO] [stdout]    |
[INFO] [stdout] 10 |     ConfigMissingEnv(&'static str),
[INFO] [stdout]    |     ---------------- ^^^^^^^^^^^^
[INFO] [stdout]    |     |
[INFO] [stdout]    |     field in this variant
[INFO] [stdout]    |
[INFO] [stdout]    = note: `Error` has a derived impl for the trait `Debug`, but this is intentionally ignored during dead code analysis
[INFO] [stdout] help: consider changing the field to be of unit type to suppress this warning while preserving the field numbering, or remove the field
[INFO] [stdout]    |
[INFO] [stdout] 10 |     ConfigMissingEnv(()),
[INFO] [stdout]    |                      ~~
[INFO] [stdout] 
[INFO] [stdout] 
[INFO] [stdout] warning: field `0` is never read
[INFO] [stdout]   --> tutoria_api/src/error.rs:12:23
[INFO] [stdout]    |
[INFO] [stdout] 12 |     ConfigWrongFormat(&'static str),
[INFO] [stdout]    |     ----------------- ^^^^^^^^^^^^
[INFO] [stdout]    |     |
[INFO] [stdout]    |     field in this variant
[INFO] [stdout]    |
[INFO] [stdout]    = note: `Error` has a derived impl for the trait `Debug`, but this is intentionally ignored during dead code analysis
[INFO] [stdout] help: consider changing the field to be of unit type to suppress this warning while preserving the field numbering, or remove the field
[INFO] [stdout]    |
[INFO] [stdout] 12 |     ConfigWrongFormat(()),
[INFO] [stdout]    |                       ~~
[INFO] [stdout] 
[INFO] [stdout] 
[INFO] [stdout] warning: field `0` is never read
[INFO] [stdout]   --> tutoria_api/src/error.rs:13:11
[INFO] [stdout]    |
[INFO] [stdout] 13 |     Model(model::Error),
[INFO] [stdout]    |     ----- ^^^^^^^^^^^^
[INFO] [stdout]    |     |
[INFO] [stdout]    |     field in this variant
[INFO] [stdout]    |
[INFO] [stdout]    = note: `Error` has a derived impl for the trait `Debug`, but this is intentionally ignored during dead code analysis
[INFO] [stdout] help: consider changing the field to be of unit type to suppress this warning while preserving the field numbering, or remove the field
[INFO] [stdout]    |
[INFO] [stdout] 13 |     Model(()),
[INFO] [stdout]    |           ~~
[INFO] [stdout] 
[INFO] [stdout] 
[INFO] [stdout] warning: field `0` is never read
[INFO] [stdout]   --> tutoria_api/src/error.rs:14:13
[INFO] [stdout]    |
[INFO] [stdout] 14 |     Manager(manager::Error),
[INFO] [stdout]    |     ------- ^^^^^^^^^^^^^^
[INFO] [stdout]    |     |
[INFO] [stdout]    |     field in this variant
[INFO] [stdout]    |
[INFO] [stdout]    = note: `Error` has a derived impl for the trait `Debug`, but this is intentionally ignored during dead code analysis
[INFO] [stdout] help: consider changing the field to be of unit type to suppress this warning while preserving the field numbering, or remove the field
[INFO] [stdout]    |
[INFO] [stdout] 14 |     Manager(()),
[INFO] [stdout]    |             ~~
[INFO] [stdout] 
[INFO] [stdout] 
[INFO] [stdout] warning: method `validate` is never used
[INFO] [stdout]   --> tutoria_api/src/model/professor.rs:28:8
[INFO] [stdout]    |
[INFO] [stdout] 27 | impl ProfessorForCreate {
[INFO] [stdout]    | ----------------------- method in this implementation
[INFO] [stdout] 28 |     fn validate(&self) -> Result<()> {
[INFO] [stdout]    |        ^^^^^^^^
[INFO] [stdout] 
[INFO] [stdout] 
[INFO] [stdout] warning: associated function `validate` is never used
[INFO] [stdout]   --> tutoria_api/src/model/professor.rs:46:18
[INFO] [stdout]    |
[INFO] [stdout] 45 | impl ProfessorBmc {
[INFO] [stdout]    | ----------------- associated function in this implementation
[INFO] [stdout] 46 |     pub async fn validate(professor_c: &ProfessorForCreate) -> Result<()> {
[INFO] [stdout]    |                  ^^^^^^^^
[INFO] [stdout] 
[INFO] [stdout] 
[INFO] [stdout] warning: struct `TutorIAState` is never constructed
[INFO] [stdout]   --> tutoria_api/src/web/routes/tutor.rs:24:8
[INFO] [stdout]    |
[INFO] [stdout] 24 | struct TutorIAState {
[INFO] [stdout]    |        ^^^^^^^^^^^^
[INFO] [stdout] 
[INFO] [stdout] 
[INFO] [stdout] warning: variant `ReadToStringFileError` is never constructed
[INFO] [stdout]   --> tutoria_api/src/web/error.rs:35:5
[INFO] [stdout]    |
[INFO] [stdout] 15 | pub enum Error {
[INFO] [stdout]    |          ----- variant in this enum
[INFO] [stdout] ...
[INFO] [stdout] 35 |     ReadToStringFileError(String),
[INFO] [stdout]    |     ^^^^^^^^^^^^^^^^^^^^^
[INFO] [stdout]    |
[INFO] [stdout]    = note: `Error` has derived impls for the traits `Clone` and `Debug`, but these are intentionally ignored during dead code analysis
[INFO] [stdout] 
[INFO] [stdout] 
[INFO] [stdout] warning: method `find_by_user_Id` should have a snake case name
[INFO] [stdout]   --> tutoria_api/src/model/aluno.rs:85:18
[INFO] [stdout]    |
[INFO] [stdout] 85 |     pub async fn find_by_user_Id(
[INFO] [stdout]    |                  ^^^^^^^^^^^^^^^ help: convert the identifier to snake case (notice the capitalization): `find_by_user_id`
[INFO] [stdout]    |
[INFO] [stdout]    = note: `#[warn(non_snake_case)]` on by default
[INFO] [stdout] 
[INFO] [stdout] 
[INFO] [stderr]     Finished `test` profile [unoptimized + debuginfo] target(s) in 9.65s
[INFO] running `Command { std: "docker" "inspect" "10db2e0952c3420eaaa998dfbd21be97ade641c22cffe2df0504d34696c50dfa", kill_on_drop: false }`
[INFO] running `Command { std: "docker" "rm" "-f" "10db2e0952c3420eaaa998dfbd21be97ade641c22cffe2df0504d34696c50dfa", kill_on_drop: false }`
[INFO] [stdout] 10db2e0952c3420eaaa998dfbd21be97ade641c22cffe2df0504d34696c50dfa
[INFO] running `Command { std: "docker" "create" "-v" "/var/lib/crater-agent-workspace/builds/worker-7-tc1/target:/opt/rustwide/target:rw,Z" "-v" "/var/lib/crater-agent-workspace/builds/worker-7-tc1/source:/opt/rustwide/workdir:ro,Z" "-v" "/var/lib/crater-agent-workspace/cargo-home:/opt/rustwide/cargo-home:ro,Z" "-v" "/var/lib/crater-agent-workspace/rustup-home:/opt/rustwide/rustup-home:ro,Z" "-e" "SOURCE_DIR=/opt/rustwide/workdir" "-e" "CARGO_TARGET_DIR=/opt/rustwide/target" "-e" "CARGO_INCREMENTAL=0" "-e" "RUST_BACKTRACE=full" "-e" "RUSTFLAGS=--cap-lints=warn" "-e" "RUSTDOCFLAGS=--cap-lints=warn" "-e" "CARGO_HOME=/opt/rustwide/cargo-home" "-e" "RUSTUP_HOME=/opt/rustwide/rustup-home" "-w" "/opt/rustwide/workdir" "-m" "1610612736" "--user" "0:0" "--network" "none" "ghcr.io/rust-lang/crates-build-env/linux@sha256:f3a9d4ad9d972b27faf3965f35b62e55ba32bbce8f20bc8fe909558a86702fde" "/opt/rustwide/cargo-home/bin/cargo" "+1.83.0" "test" "--frozen", kill_on_drop: false }`
[INFO] [stdout] f2549ca1e6c4c4db17f5beef6e4b0a429b575822171c6bfa671359138b2bd547
[INFO] running `Command { std: "docker" "start" "-a" "f2549ca1e6c4c4db17f5beef6e4b0a429b575822171c6bfa671359138b2bd547", kill_on_drop: false }`
[INFO] [stderr] warning: unused import: `Commands`
[INFO] [stderr]  --> tutoria_api/src/manager/stores/mod.rs:1:37
[INFO] [stderr]   |
[INFO] [stderr] 1 | use redis::{aio::ConnectionManager, Commands};
[INFO] [stderr]   |                                     ^^^^^^^^
[INFO] [stderr]   |
[INFO] [stderr]   = note: `#[warn(unused_imports)]` on by default
[INFO] [stderr] 
[INFO] [stderr] warning: unused import: `serde_json::json`
[INFO] [stderr]  --> tutoria_api/src/manager/stores/mod.rs:3:5
[INFO] [stderr]   |
[INFO] [stderr] 3 | use serde_json::json;
[INFO] [stderr]   |     ^^^^^^^^^^^^^^^^
[INFO] [stderr] 
[INFO] [stderr] warning: unused import: `redis::AsyncCommands`
[INFO] [stderr]  --> tutoria_api/src/manager/stores/mod.rs:5:5
[INFO] [stderr]   |
[INFO] [stderr] 5 | use redis::AsyncCommands;
[INFO] [stderr]   |     ^^^^^^^^^^^^^^^^^^^^
[INFO] [stderr] 
[INFO] [stderr] warning: unused import: `tutoria_agent::ais`
[INFO] [stderr]  --> tutoria_api/src/error.rs:3:5
[INFO] [stderr]   |
[INFO] [stderr] 3 | use tutoria_agent::ais;
[INFO] [stderr]   |     ^^^^^^^^^^^^^^^^^^
[INFO] [stderr] 
[INFO] [stderr] warning: unused import: `std::path::Path`
[INFO] [stderr]  --> tutoria_api/src/utils/mod.rs:1:5
[INFO] [stderr]   |
[INFO] [stderr] 1 | use std::path::Path;
[INFO] [stderr]   |     ^^^^^^^^^^^^^^^
[INFO] [stderr] 
[INFO] [stderr] warning: unused import: `std::path`
[INFO] [stderr]  --> tutoria_api/src/web/routes/materia.rs:1:5
[INFO] [stderr]   |
[INFO] [stderr] 1 | use std::path;
[INFO] [stderr]   |     ^^^^^^^^^
[INFO] [stderr] 
[INFO] [stderr] warning: unused import: `lopdf::Document`
[INFO] [stderr]   --> tutoria_api/src/web/routes/materia.rs:20:5
[INFO] [stderr]    |
[INFO] [stderr] 20 | use lopdf::Document;
[INFO] [stderr]    |     ^^^^^^^^^^^^^^^
[INFO] [stderr] 
[INFO] [stderr] warning: unused import: `AsyncReadExt`
[INFO] [stderr]   --> tutoria_api/src/web/routes/materia.rs:26:10
[INFO] [stderr]    |
[INFO] [stderr] 26 |     io::{AsyncReadExt, AsyncWriteExt},
[INFO] [stderr]    |          ^^^^^^^^^^^^
[INFO] [stderr] 
[INFO] [stderr] warning: unused import: `self`
[INFO] [stderr]   --> tutoria_api/src/web/routes/materia.rs:29:23
[INFO] [stderr]    |
[INFO] [stderr] 29 |     ais::embeddings::{self, get_embeddings},
[INFO] [stderr]    |                       ^^^^
[INFO] [stderr] 
[INFO] [stderr] warning: unused import: `futures::TryFutureExt`
[INFO] [stderr]   --> tutoria_api/src/web/routes/materia.rs:19:5
[INFO] [stderr]    |
[INFO] [stderr] 19 | use futures::TryFutureExt;
[INFO] [stderr]    |     ^^^^^^^^^^^^^^^^^^^^^
[INFO] [stderr] 
[INFO] [stderr] warning: unused import: `Commands`
[INFO] [stderr]   --> tutoria_api/src/web/routes/materia.rs:21:28
[INFO] [stderr]    |
[INFO] [stderr] 21 | use redis::{AsyncCommands, Commands};
[INFO] [stderr]    |                            ^^^^^^^^
[INFO] [stderr] 
[INFO] [stderr] warning: variant `RedisConnectionError` is never constructed
[INFO] [stderr]   --> tutoria_api/src/manager/error.rs:21:5
[INFO] [stderr]    |
[INFO] [stderr] 13 | pub enum Error {
[INFO] [stderr]    |          ----- variant in this enum
[INFO] [stderr] ...
[INFO] [stderr] 21 |     RedisConnectionError(String)
[INFO] [stderr]    |     ^^^^^^^^^^^^^^^^^^^^
[INFO] [stderr]    |
[INFO] [stderr]    = note: `Error` has derived impls for the traits `Clone` and `Debug`, but these are intentionally ignored during dead code analysis
[INFO] [stderr]    = note: `#[warn(dead_code)]` on by default
[INFO] [stderr] 
[INFO] [stderr] warning: associated function `root_ctx` is never used
[INFO] [stderr]   --> tutoria_api/src/ctx/mod.rs:13:12
[INFO] [stderr]    |
[INFO] [stderr] 12 | impl Ctx {
[INFO] [stderr]    | -------- associated function in this implementation
[INFO] [stderr] 13 |     pub fn root_ctx() -> Self {
[INFO] [stderr]    |            ^^^^^^^^
[INFO] [stderr] 
[INFO] [stderr] warning: field `0` is never read
[INFO] [stderr]   --> tutoria_api/src/error.rs:10:22
[INFO] [stderr]    |
[INFO] [stderr] 10 |     ConfigMissingEnv(&'static str),
[INFO] [stderr]    |     ---------------- ^^^^^^^^^^^^
[INFO] [stderr]    |     |
[INFO] [stderr]    |     field in this variant
[INFO] [stderr]    |
[INFO] [stderr]    = note: `Error` has a derived impl for the trait `Debug`, but this is intentionally ignored during dead code analysis
[INFO] [stderr] help: consider changing the field to be of unit type to suppress this warning while preserving the field numbering, or remove the field
[INFO] [stderr]    |
[INFO] [stderr] 10 |     ConfigMissingEnv(()),
[INFO] [stderr]    |                      ~~
[INFO] [stderr] 
[INFO] [stderr] warning: field `0` is never read
[INFO] [stderr]   --> tutoria_api/src/error.rs:12:23
[INFO] [stderr]    |
[INFO] [stderr] 12 |     ConfigWrongFormat(&'static str),
[INFO] [stderr]    |     ----------------- ^^^^^^^^^^^^
[INFO] [stderr]    |     |
[INFO] [stderr]    |     field in this variant
[INFO] [stderr]    |
[INFO] [stderr]    = note: `Error` has a derived impl for the trait `Debug`, but this is intentionally ignored during dead code analysis
[INFO] [stderr] help: consider changing the field to be of unit type to suppress this warning while preserving the field numbering, or remove the field
[INFO] [stderr]    |
[INFO] [stderr] 12 |     ConfigWrongFormat(()),
[INFO] [stderr]    |                       ~~
[INFO] [stderr] 
[INFO] [stderr] warning: field `0` is never read
[INFO] [stderr]   --> tutoria_api/src/error.rs:13:11
[INFO] [stderr]    |
[INFO] [stderr] 13 |     Model(model::Error),
[INFO] [stderr]    |     ----- ^^^^^^^^^^^^
[INFO] [stderr]    |     |
[INFO] [stderr]    |     field in this variant
[INFO] [stderr]    |
[INFO] [stderr]    = note: `Error` has a derived impl for the trait `Debug`, but this is intentionally ignored during dead code analysis
[INFO] [stderr] help: consider changing the field to be of unit type to suppress this warning while preserving the field numbering, or remove the field
[INFO] [stderr]    |
[INFO] [stderr] 13 |     Model(()),
[INFO] [stderr]    |           ~~
[INFO] [stderr] 
[INFO] [stderr] warning: field `0` is never read
[INFO] [stderr]   --> tutoria_api/src/error.rs:14:13
[INFO] [stderr]    |
[INFO] [stderr] 14 |     Manager(manager::Error),
[INFO] [stderr]    |     ------- ^^^^^^^^^^^^^^
[INFO] [stderr]    |     |
[INFO] [stderr]    |     field in this variant
[INFO] [stderr]    |
[INFO] [stderr]    = note: `Error` has a derived impl for the trait `Debug`, but this is intentionally ignored during dead code analysis
[INFO] [stderr] help: consider changing the field to be of unit type to suppress this warning while preserving the field numbering, or remove the field
[INFO] [stderr]    |
[INFO] [stderr] 14 |     Manager(()),
[INFO] [stderr]    |             ~~
[INFO] [stderr] 
[INFO] [stderr] warning: method `validate` is never used
[INFO] [stderr]   --> tutoria_api/src/model/professor.rs:28:8
[INFO] [stderr]    |
[INFO] [stderr] 27 | impl ProfessorForCreate {
[INFO] [stderr]    | ----------------------- method in this implementation
[INFO] [stderr] 28 |     fn validate(&self) -> Result<()> {
[INFO] [stderr]    |        ^^^^^^^^
[INFO] [stderr] 
[INFO] [stderr] warning: associated function `validate` is never used
[INFO] [stderr]   --> tutoria_api/src/model/professor.rs:46:18
[INFO] [stderr]    |
[INFO] [stderr] 45 | impl ProfessorBmc {
[INFO] [stderr]    | ----------------- associated function in this implementation
[INFO] [stderr] 46 |     pub async fn validate(professor_c: &ProfessorForCreate) -> Result<()> {
[INFO] [stderr]    |                  ^^^^^^^^
[INFO] [stderr] 
[INFO] [stderr] warning: struct `TutorIAState` is never constructed
[INFO] [stderr]   --> tutoria_api/src/web/routes/tutor.rs:24:8
[INFO] [stderr]    |
[INFO] [stderr] 24 | struct TutorIAState {
[INFO] [stderr]    |        ^^^^^^^^^^^^
[INFO] [stderr] 
[INFO] [stderr] warning: variant `ReadToStringFileError` is never constructed
[INFO] [stderr]   --> tutoria_api/src/web/error.rs:35:5
[INFO] [stderr]    |
[INFO] [stderr] 15 | pub enum Error {
[INFO] [stderr]    |          ----- variant in this enum
[INFO] [stderr] ...
[INFO] [stderr] 35 |     ReadToStringFileError(String),
[INFO] [stderr]    |     ^^^^^^^^^^^^^^^^^^^^^
[INFO] [stderr]    |
[INFO] [stderr]    = note: `Error` has derived impls for the traits `Clone` and `Debug`, but these are intentionally ignored during dead code analysis
[INFO] [stderr] 
[INFO] [stderr] warning: method `find_by_user_Id` should have a snake case name
[INFO] [stderr]   --> tutoria_api/src/model/aluno.rs:85:18
[INFO] [stderr]    |
[INFO] [stderr] 85 |     pub async fn find_by_user_Id(
[INFO] [stderr]    |                  ^^^^^^^^^^^^^^^ help: convert the identifier to snake case (notice the capitalization): `find_by_user_id`
[INFO] [stderr]    |
[INFO] [stderr]    = note: `#[warn(non_snake_case)]` on by default
[INFO] [stderr] 
[INFO] [stderr] warning: `tutoria_api` (bin "tutoria_api" test) generated 22 warnings (run `cargo fix --bin "tutoria_api" --tests` to apply 9 suggestions)
[INFO] [stderr]     Finished `test` profile [unoptimized + debuginfo] target(s) in 0.35s
[INFO] [stderr]      Running unittests src/lib.rs (/opt/rustwide/target/debug/deps/tutoria_agent-1563aeb7bd1372ad)
[INFO] [stdout] 
[INFO] [stdout] running 2 tests
[INFO] [stdout] test tests::send_message_ok ... FAILED
[INFO] [stdout] test ais::embeddings::tests::test_create_embedding_ok ... FAILED
[INFO] [stdout] 
[INFO] [stdout] failures:
[INFO] [stdout] 
[INFO] [stdout] ---- tests::send_message_ok stdout ----
[INFO] [stdout] thread 'tests::send_message_ok' panicked at tutoria_agent/src/config.rs:10:13:
[INFO] [stdout] FATAL - WHILE LOADING CONF - Cause: ConfigMissingEnv("OPENAI_API_KEY")
[INFO] [stdout] stack backtrace:
[INFO] [stdout]    0:     0x61a6453b904a - std::backtrace_rs::backtrace::libunwind::trace::h5a5b8284f2d0c266
[INFO] [stdout]                                at /rustc/90b35a6239c3d8bdabc530a6a0816f7ff89a0aaf/library/std/src/../../backtrace/src/backtrace/libunwind.rs:116:5
[INFO] [stdout]    1:     0x61a6453b904a - std::backtrace_rs::backtrace::trace_unsynchronized::h76d4f1c9b0b875e3
[INFO] [stdout]                                at /rustc/90b35a6239c3d8bdabc530a6a0816f7ff89a0aaf/library/std/src/../../backtrace/src/backtrace/mod.rs:66:5
[INFO] [stdout]    2:     0x61a6453b904a - std::sys::backtrace::_print_fmt::hc4546b8364a537c6
[INFO] [stdout]                                at /rustc/90b35a6239c3d8bdabc530a6a0816f7ff89a0aaf/library/std/src/sys/backtrace.rs:66:9
[INFO] [stdout]    3:     0x61a6453b904a - <std::sys::backtrace::BacktraceLock::print::DisplayBacktrace as core::fmt::Display>::fmt::h5b6bd5631a6d1f6b
[INFO] [stdout]                                at /rustc/90b35a6239c3d8bdabc530a6a0816f7ff89a0aaf/library/std/src/sys/backtrace.rs:39:26
[INFO] [stdout]    4:     0x61a6453e2563 - core::fmt::rt::Argument::fmt::h270f6602a2b96f62
[INFO] [stdout]                                at /rustc/90b35a6239c3d8bdabc530a6a0816f7ff89a0aaf/library/core/src/fmt/rt.rs:177:76
[INFO] [stdout]    5:     0x61a6453e2563 - core::fmt::write::h7550c97b06c86515
[INFO] [stdout]                                at /rustc/90b35a6239c3d8bdabc530a6a0816f7ff89a0aaf/library/core/src/fmt/mod.rs:1186:21
[INFO] [stdout]    6:     0x61a6453b5753 - std::io::Write::write_fmt::h509ff860e5956e5e
[INFO] [stdout]                                at /rustc/90b35a6239c3d8bdabc530a6a0816f7ff89a0aaf/library/std/src/io/mod.rs:1839:15
[INFO] [stdout]    7:     0x61a6453b8e92 - std::sys::backtrace::BacktraceLock::print::h2395ccd2c84ba3aa
[INFO] [stdout]                                at /rustc/90b35a6239c3d8bdabc530a6a0816f7ff89a0aaf/library/std/src/sys/backtrace.rs:42:9
[INFO] [stdout]    8:     0x61a6453ba4aa - std::panicking::default_hook::{{closure}}::he19d4c7230e07961
[INFO] [stdout]                                at /rustc/90b35a6239c3d8bdabc530a6a0816f7ff89a0aaf/library/std/src/panicking.rs:268:22
[INFO] [stdout]    9:     0x61a6453ba2b4 - std::panicking::default_hook::hf614597d3c67bbdb
[INFO] [stdout]                                at /rustc/90b35a6239c3d8bdabc530a6a0816f7ff89a0aaf/library/std/src/panicking.rs:292:9
[INFO] [stdout]   10:     0x61a644f057d9 - <alloc::boxed::Box<F,A> as core::ops::function::Fn<Args>>::call::h39b51ce4599c23d1
[INFO] [stdout]                                at /rustc/90b35a6239c3d8bdabc530a6a0816f7ff89a0aaf/library/alloc/src/boxed.rs:2468:9
[INFO] [stdout]   11:     0x61a644f057d9 - test::test_main::{{closure}}::he977ae839a582784
[INFO] [stdout]                                at /rustc/90b35a6239c3d8bdabc530a6a0816f7ff89a0aaf/library/test/src/lib.rs:133:21
[INFO] [stdout]   12:     0x61a6453bab48 - <alloc::boxed::Box<F,A> as core::ops::function::Fn<Args>>::call::h9455091b6b06f9fb
[INFO] [stdout]                                at /rustc/90b35a6239c3d8bdabc530a6a0816f7ff89a0aaf/library/alloc/src/boxed.rs:2468:9
[INFO] [stdout]   13:     0x61a6453bab48 - std::panicking::rust_panic_with_hook::h8942133a8b252070
[INFO] [stdout]                                at /rustc/90b35a6239c3d8bdabc530a6a0816f7ff89a0aaf/library/std/src/panicking.rs:809:13
[INFO] [stdout]   14:     0x61a6453ba90a - std::panicking::begin_panic_handler::{{closure}}::hb5f5963570096b29
[INFO] [stdout]                                at /rustc/90b35a6239c3d8bdabc530a6a0816f7ff89a0aaf/library/std/src/panicking.rs:674:13
[INFO] [stdout]   15:     0x61a6453b9529 - std::sys::backtrace::__rust_end_short_backtrace::h6208cedc1922feda
[INFO] [stdout]                                at /rustc/90b35a6239c3d8bdabc530a6a0816f7ff89a0aaf/library/std/src/sys/backtrace.rs:170:18
[INFO] [stdout]   16:     0x61a6453ba59c - rust_begin_unwind
[INFO] [stdout]                                at /rustc/90b35a6239c3d8bdabc530a6a0816f7ff89a0aaf/library/std/src/panicking.rs:665:5
[INFO] [stdout]   17:     0x61a644e51280 - core::panicking::panic_fmt::h0c3082644d1bf418
[INFO] [stdout]                                at /rustc/90b35a6239c3d8bdabc530a6a0816f7ff89a0aaf/library/core/src/panicking.rs:74:14
[INFO] [stdout]   18:     0x61a644ec7485 - tutoria_agent::config::config::{{closure}}::{{closure}}::hed47fb56c79b20df
[INFO] [stdout]                                at /opt/rustwide/workdir/tutoria_agent/src/config.rs:10:13
[INFO] [stdout]   19:     0x61a644ec8c63 - core::result::Result<T,E>::unwrap_or_else::h228457aeb4298bcc
[INFO] [stdout]                                at /rustc/90b35a6239c3d8bdabc530a6a0816f7ff89a0aaf/library/core/src/result.rs:1458:23
[INFO] [stdout]   20:     0x61a644ec73c1 - tutoria_agent::config::config::{{closure}}::h9a93f96e374170bf
[INFO] [stdout]                                at /opt/rustwide/workdir/tutoria_agent/src/config.rs:9:9
[INFO] [stdout]   21:     0x61a644eade28 - std::sync::once_lock::OnceLock<T>::get_or_init::{{closure}}::h52ebc71d1e9d0a3d
[INFO] [stdout]                                at /rustc/90b35a6239c3d8bdabc530a6a0816f7ff89a0aaf/library/std/src/sync/once_lock.rs:304:50
[INFO] [stdout]   22:     0x61a644eadd69 - std::sync::once_lock::OnceLock<T>::initialize::{{closure}}::h5f76df0b39a3cd3d
[INFO] [stdout]                                at /rustc/90b35a6239c3d8bdabc530a6a0816f7ff89a0aaf/library/std/src/sync/once_lock.rs:512:19
[INFO] [stdout]   23:     0x61a644ea165e - std::sync::once::Once::call_once_force::{{closure}}::h9b0ad16f93f9869f
[INFO] [stdout]                                at /rustc/90b35a6239c3d8bdabc530a6a0816f7ff89a0aaf/library/std/src/sync/once.rs:217:40
[INFO] [stdout]   24:     0x61a644e503e3 - std::sys::sync::once::futex::Once::call::hddfcaeb766e3f5ce
[INFO] [stdout]                                at /rustc/90b35a6239c3d8bdabc530a6a0816f7ff89a0aaf/library/std/src/sys/sync/once/futex.rs:177:21
[INFO] [stdout]   25:     0x61a644ea1595 - std::sync::once::Once::call_once_force::h896cc55678aaf4f6
[INFO] [stdout]                                at /rustc/90b35a6239c3d8bdabc530a6a0816f7ff89a0aaf/library/std/src/sync/once.rs:217:9
[INFO] [stdout]   26:     0x61a644eadce5 - std::sync::once_lock::OnceLock<T>::initialize::h00a59c38c1ee3719
[INFO] [stdout]                                at /rustc/90b35a6239c3d8bdabc530a6a0816f7ff89a0aaf/library/std/src/sync/once_lock.rs:511:9
[INFO] [stdout]   27:     0x61a644eadeda - std::sync::once_lock::OnceLock<T>::get_or_try_init::hde4c0261ba4d0076
[INFO] [stdout]                                at /rustc/90b35a6239c3d8bdabc530a6a0816f7ff89a0aaf/library/std/src/sync/once_lock.rs:390:9
[INFO] [stdout]   28:     0x61a644eaddee - std::sync::once_lock::OnceLock<T>::get_or_init::hf08587f1a35920e1
[INFO] [stdout]                                at /rustc/90b35a6239c3d8bdabc530a6a0816f7ff89a0aaf/library/std/src/sync/once_lock.rs:304:15
[INFO] [stdout]   29:     0x61a644ec738d - tutoria_agent::config::config::h3aa40d63f6b76608
[INFO] [stdout]                                at /opt/rustwide/workdir/tutoria_agent/src/config.rs:8:5
[INFO] [stdout]   30:     0x61a644ea0d66 - tutoria_agent::ais::new_oa_client::ha1d18571eeeb98b2
[INFO] [stdout]                                at /opt/rustwide/workdir/tutoria_agent/src/ais/mod.rs:16:20
[INFO] [stdout]   31:     0x61a644ea85b0 - tutoria_agent::tests::send_message_ok::{{closure}}::hc10ae3517df3fda3
[INFO] [stdout]                                at /opt/rustwide/workdir/tutoria_agent/src/lib.rs:30:19
[INFO] [stdout]   32:     0x61a644eb3c1f - <core::pin::Pin<P> as core::future::future::Future>::poll::ha57a9ccd21b67e2f
[INFO] [stdout]                                at /rustc/90b35a6239c3d8bdabc530a6a0816f7ff89a0aaf/library/core/src/future/future.rs:123:9
[INFO] [stdout]   33:     0x61a644eb3b5b - <core::pin::Pin<P> as core::future::future::Future>::poll::h432794ac82f67a39
[INFO] [stdout]                                at /rustc/90b35a6239c3d8bdabc530a6a0816f7ff89a0aaf/library/core/src/future/future.rs:123:9
[INFO] [stdout]   34:     0x61a644eb3a0e - tokio::runtime::scheduler::current_thread::CoreGuard::block_on::{{closure}}::{{closure}}::{{closure}}::h17f7d977d6646799
[INFO] [stdout]                                at /opt/rustwide/cargo-home/registry/src/index.crates.io-6f17d22bba15001f/tokio-1.38.0/src/runtime/scheduler/current_thread/mod.rs:659:57
[INFO] [stdout]   35:     0x61a644eb3935 - tokio::runtime::coop::with_budget::h3033250ee19144c6
[INFO] [stdout]                                at /opt/rustwide/cargo-home/registry/src/index.crates.io-6f17d22bba15001f/tokio-1.38.0/src/runtime/coop.rs:107:5
[INFO] [stdout]   36:     0x61a644eb3935 - tokio::runtime::coop::budget::hd888381d8162ba7c
[INFO] [stdout]                                at /opt/rustwide/cargo-home/registry/src/index.crates.io-6f17d22bba15001f/tokio-1.38.0/src/runtime/coop.rs:73:5
[INFO] [stdout]   37:     0x61a644eb3935 - tokio::runtime::scheduler::current_thread::CoreGuard::block_on::{{closure}}::{{closure}}::hde8c21dc028e2fda
[INFO] [stdout]                                at /opt/rustwide/cargo-home/registry/src/index.crates.io-6f17d22bba15001f/tokio-1.38.0/src/runtime/scheduler/current_thread/mod.rs:659:25
[INFO] [stdout]   38:     0x61a644eb0e8d - tokio::runtime::scheduler::current_thread::Context::enter::hbed4892a3f91a9b2
[INFO] [stdout]                                at /opt/rustwide/cargo-home/registry/src/index.crates.io-6f17d22bba15001f/tokio-1.38.0/src/runtime/scheduler/current_thread/mod.rs:404:19
[INFO] [stdout]   39:     0x61a644eb25be - tokio::runtime::scheduler::current_thread::CoreGuard::block_on::{{closure}}::h18a34fd85eb2e189
[INFO] [stdout]                                at /opt/rustwide/cargo-home/registry/src/index.crates.io-6f17d22bba15001f/tokio-1.38.0/src/runtime/scheduler/current_thread/mod.rs:658:36
[INFO] [stdout]   40:     0x61a644eb224b - tokio::runtime::scheduler::current_thread::CoreGuard::enter::{{closure}}::h7fedf3947401fcbd
[INFO] [stdout]                                at /opt/rustwide/cargo-home/registry/src/index.crates.io-6f17d22bba15001f/tokio-1.38.0/src/runtime/scheduler/current_thread/mod.rs:737:68
[INFO] [stdout]   41:     0x61a644ea4cca - tokio::runtime::context::scoped::Scoped<T>::set::hc1d57fe5a6f64900
[INFO] [stdout]                                at /opt/rustwide/cargo-home/registry/src/index.crates.io-6f17d22bba15001f/tokio-1.38.0/src/runtime/context/scoped.rs:40:9
[INFO] [stdout]   42:     0x61a644e8d02a - tokio::runtime::context::set_scheduler::{{closure}}::h99e4b0e441239733
[INFO] [stdout]                                at /opt/rustwide/cargo-home/registry/src/index.crates.io-6f17d22bba15001f/tokio-1.38.0/src/runtime/context.rs:180:26
[INFO] [stdout]   43:     0x61a644ec4326 - std::thread::local::LocalKey<T>::try_with::h9de6b15e8372555d
[INFO] [stdout]                                at /rustc/90b35a6239c3d8bdabc530a6a0816f7ff89a0aaf/library/std/src/thread/local.rs:283:12
[INFO] [stdout]   44:     0x61a644ec3bc2 - std::thread::local::LocalKey<T>::with::h38cc52e530ca5789
[INFO] [stdout]                                at /rustc/90b35a6239c3d8bdabc530a6a0816f7ff89a0aaf/library/std/src/thread/local.rs:260:9
[INFO] [stdout]   45:     0x61a644e8cf71 - tokio::runtime::context::set_scheduler::h9b6baa0eeeab4307
[INFO] [stdout]                                at /opt/rustwide/cargo-home/registry/src/index.crates.io-6f17d22bba15001f/tokio-1.38.0/src/runtime/context.rs:180:9
[INFO] [stdout]   46:     0x61a644eb1f3e - tokio::runtime::scheduler::current_thread::CoreGuard::enter::hf47a81ef2f47d6e8
[INFO] [stdout]                                at /opt/rustwide/cargo-home/registry/src/index.crates.io-6f17d22bba15001f/tokio-1.38.0/src/runtime/scheduler/current_thread/mod.rs:737:27
[INFO] [stdout]   47:     0x61a644eb2328 - tokio::runtime::scheduler::current_thread::CoreGuard::block_on::h9e6494040ba25700
[INFO] [stdout]                                at /opt/rustwide/cargo-home/registry/src/index.crates.io-6f17d22bba15001f/tokio-1.38.0/src/runtime/scheduler/current_thread/mod.rs:646:19
[INFO] [stdout]   48:     0x61a644eb00ec - tokio::runtime::scheduler::current_thread::CurrentThread::block_on::{{closure}}::he35a4c8ef8bea7d3
[INFO] [stdout]                                at /opt/rustwide/cargo-home/registry/src/index.crates.io-6f17d22bba15001f/tokio-1.38.0/src/runtime/scheduler/current_thread/mod.rs:175:28
[INFO] [stdout]   49:     0x61a644eb90d7 - tokio::runtime::context::runtime::enter_runtime::h158111aa8459efd1
[INFO] [stdout]                                at /opt/rustwide/cargo-home/registry/src/index.crates.io-6f17d22bba15001f/tokio-1.38.0/src/runtime/context/runtime.rs:65:16
[INFO] [stdout]   50:     0x61a644eafae6 - tokio::runtime::scheduler::current_thread::CurrentThread::block_on::ha0b68610c6058567
[INFO] [stdout]                                at /opt/rustwide/cargo-home/registry/src/index.crates.io-6f17d22bba15001f/tokio-1.38.0/src/runtime/scheduler/current_thread/mod.rs:167:9
[INFO] [stdout]   51:     0x61a644eb9f4a - tokio::runtime::runtime::Runtime::block_on::h74ea63e7f0189a86
[INFO] [stdout]                                at /opt/rustwide/cargo-home/registry/src/index.crates.io-6f17d22bba15001f/tokio-1.38.0/src/runtime/runtime.rs:347:47
[INFO] [stdout]   52:     0x61a644ea849f - tutoria_agent::tests::send_message_ok::hb79d19d81581d95f
[INFO] [stdout]                                at /opt/rustwide/workdir/tutoria_agent/src/lib.rs:65:9
[INFO] [stdout]   53:     0x61a644ea8323 - tutoria_agent::tests::send_message_ok::{{closure}}::ha80c6eb19ea3cb9b
[INFO] [stdout]                                at /opt/rustwide/workdir/tutoria_agent/src/lib.rs:29:35
[INFO] [stdout]   54:     0x61a644e99f96 - core::ops::function::FnOnce::call_once::hed611194f99ce714
[INFO] [stdout]                                at /rustc/90b35a6239c3d8bdabc530a6a0816f7ff89a0aaf/library/core/src/ops/function.rs:250:5
[INFO] [stdout]   55:     0x61a644f0a19b - core::ops::function::FnOnce::call_once::h109cf8051a59b34e
[INFO] [stdout]                                at /rustc/90b35a6239c3d8bdabc530a6a0816f7ff89a0aaf/library/core/src/ops/function.rs:250:5
[INFO] [stdout]   56:     0x61a644f0a19b - test::__rust_begin_short_backtrace::hf4fff89d377446ba
[INFO] [stdout]                                at /rustc/90b35a6239c3d8bdabc530a6a0816f7ff89a0aaf/library/test/src/lib.rs:621:18
[INFO] [stdout]   57:     0x61a644f099d7 - test::run_test_in_process::{{closure}}::h0e39181dd7ee5a43
[INFO] [stdout]                                at /rustc/90b35a6239c3d8bdabc530a6a0816f7ff89a0aaf/library/test/src/lib.rs:644:60
[INFO] [stdout]   58:     0x61a644f099d7 - <core::panic::unwind_safe::AssertUnwindSafe<F> as core::ops::function::FnOnce<()>>::call_once::hc5a66a30f0bdfd1f
[INFO] [stdout]                                at /rustc/90b35a6239c3d8bdabc530a6a0816f7ff89a0aaf/library/core/src/panic/unwind_safe.rs:272:9
[INFO] [stdout]   59:     0x61a644f099d7 - std::panicking::try::do_call::h873b7cf639554a5e
[INFO] [stdout]                                at /rustc/90b35a6239c3d8bdabc530a6a0816f7ff89a0aaf/library/std/src/panicking.rs:557:40
[INFO] [stdout]   60:     0x61a644f099d7 - std::panicking::try::hdb19862fad9c8bd1
[INFO] [stdout]                                at /rustc/90b35a6239c3d8bdabc530a6a0816f7ff89a0aaf/library/std/src/panicking.rs:520:19
[INFO] [stdout]   61:     0x61a644f099d7 - std::panic::catch_unwind::h281fe732d236d260
[INFO] [stdout]                                at /rustc/90b35a6239c3d8bdabc530a6a0816f7ff89a0aaf/library/std/src/panic.rs:358:14
[INFO] [stdout]   62:     0x61a644f099d7 - test::run_test_in_process::h949b6df8457ed338
[INFO] [stdout]                                at /rustc/90b35a6239c3d8bdabc530a6a0816f7ff89a0aaf/library/test/src/lib.rs:644:27
[INFO] [stdout]   63:     0x61a644f099d7 - test::run_test::{{closure}}::h52c556a6d4740e10
[INFO] [stdout]                                at /rustc/90b35a6239c3d8bdabc530a6a0816f7ff89a0aaf/library/test/src/lib.rs:565:43
[INFO] [stdout]   64:     0x61a644ececb4 - test::run_test::{{closure}}::h4237f6381c45ccb9
[INFO] [stdout]                                at /rustc/90b35a6239c3d8bdabc530a6a0816f7ff89a0aaf/library/test/src/lib.rs:595:41
[INFO] [stdout]   65:     0x61a644ececb4 - std::sys::backtrace::__rust_begin_short_backtrace::h505c97a579eca628
[INFO] [stdout]                                at /rustc/90b35a6239c3d8bdabc530a6a0816f7ff89a0aaf/library/std/src/sys/backtrace.rs:154:18
[INFO] [stdout]   66:     0x61a644ed237e - std::thread::Builder::spawn_unchecked_::{{closure}}::{{closure}}::h9e86b2e2bc107ea3
[INFO] [stdout]                                at /rustc/90b35a6239c3d8bdabc530a6a0816f7ff89a0aaf/library/std/src/thread/mod.rs:538:17
[INFO] [stdout]   67:     0x61a644ed237e - <core::panic::unwind_safe::AssertUnwindSafe<F> as core::ops::function::FnOnce<()>>::call_once::h8b06ddb275ff4a25
[INFO] [stdout]                                at /rustc/90b35a6239c3d8bdabc530a6a0816f7ff89a0aaf/library/core/src/panic/unwind_safe.rs:272:9
[INFO] [stdout]   68:     0x61a644ed237e - std::panicking::try::do_call::hb26ecd7cd9a9355d
[INFO] [stdout]                                at /rustc/90b35a6239c3d8bdabc530a6a0816f7ff89a0aaf/library/std/src/panicking.rs:557:40
[INFO] [stdout]   69:     0x61a644ed237e - std::panicking::try::h8ddeca9d705f9069
[INFO] [stdout]                                at /rustc/90b35a6239c3d8bdabc530a6a0816f7ff89a0aaf/library/std/src/panicking.rs:520:19
[INFO] [stdout]   70:     0x61a644ed237e - std::panic::catch_unwind::h49e1c33078844c46
[INFO] [stdout]                                at /rustc/90b35a6239c3d8bdabc530a6a0816f7ff89a0aaf/library/std/src/panic.rs:358:14
[INFO] [stdout]   71:     0x61a644ed237e - std::thread::Builder::spawn_unchecked_::{{closure}}::h6073db6ff56ad35d
[INFO] [stdout]                                at /rustc/90b35a6239c3d8bdabc530a6a0816f7ff89a0aaf/library/std/src/thread/mod.rs:537:30
[INFO] [stdout]   72:     0x61a644ed237e - core::ops::function::FnOnce::call_once{{vtable.shim}}::h2c5a5f3779c774f1
[INFO] [stdout]                                at /rustc/90b35a6239c3d8bdabc530a6a0816f7ff89a0aaf/library/core/src/ops/function.rs:250:5
[INFO] [stdout]   73:     0x61a6453beb2b - <alloc::boxed::Box<F,A> as core::ops::function::FnOnce<Args>>::call_once::hf75717d9f28faebf
[INFO] [stdout]                                at /rustc/90b35a6239c3d8bdabc530a6a0816f7ff89a0aaf/library/alloc/src/boxed.rs:2454:9
[INFO] [stdout]   74:     0x61a6453beb2b - <alloc::boxed::Box<F,A> as core::ops::function::FnOnce<Args>>::call_once::h7bd883a5f3c5f3c1
[INFO] [stdout]                                at /rustc/90b35a6239c3d8bdabc530a6a0816f7ff89a0aaf/library/alloc/src/boxed.rs:2454:9
[INFO] [stdout]   75:     0x61a6453beb2b - std::sys::pal::unix::thread::Thread::new::thread_start::hcc78f3943333fa94
[INFO] [stdout]                                at /rustc/90b35a6239c3d8bdabc530a6a0816f7ff89a0aaf/library/std/src/sys/pal/unix/thread.rs:105:17
[INFO] [stdout]   76:     0x799b093b1ac3 - <unknown>
[INFO] [stdout]   77:     0x799b09442a04 - clone
[INFO] [stdout]   78:                0x0 - <unknown>
[INFO] [stdout] 
[INFO] [stdout] ---- ais::embeddings::tests::test_create_embedding_ok stdout ----
[INFO] [stdout] thread 'ais::embeddings::tests::test_create_embedding_ok' panicked at tutoria_agent/src/config.rs:10:13:
[INFO] [stdout] FATAL - WHILE LOADING CONF - Cause: ConfigMissingEnv("OPENAI_API_KEY")
[INFO] [stdout] stack backtrace:
[INFO] [stdout]    0:     0x61a6453b904a - std::backtrace_rs::backtrace::libunwind::trace::h5a5b8284f2d0c266
[INFO] [stdout]                                at /rustc/90b35a6239c3d8bdabc530a6a0816f7ff89a0aaf/library/std/src/../../backtrace/src/backtrace/libunwind.rs:116:5
[INFO] [stdout]    1:     0x61a6453b904a - std::backtrace_rs::backtrace::trace_unsynchronized::h76d4f1c9b0b875e3
[INFO] [stdout]                                at /rustc/90b35a6239c3d8bdabc530a6a0816f7ff89a0aaf/library/std/src/../../backtrace/src/backtrace/mod.rs:66:5
[INFO] [stdout]    2:     0x61a6453b904a - std::sys::backtrace::_print_fmt::hc4546b8364a537c6
[INFO] [stdout]                                at /rustc/90b35a6239c3d8bdabc530a6a0816f7ff89a0aaf/library/std/src/sys/backtrace.rs:66:9
[INFO] [stdout]    3:     0x61a6453b904a - <std::sys::backtrace::BacktraceLock::print::DisplayBacktrace as core::fmt::Display>::fmt::h5b6bd5631a6d1f6b
[INFO] [stdout]                                at /rustc/90b35a6239c3d8bdabc530a6a0816f7ff89a0aaf/library/std/src/sys/backtrace.rs:39:26
[INFO] [stdout]    4:     0x61a6453e2563 - core::fmt::rt::Argument::fmt::h270f6602a2b96f62
[INFO] [stdout]                                at /rustc/90b35a6239c3d8bdabc530a6a0816f7ff89a0aaf/library/core/src/fmt/rt.rs:177:76
[INFO] [stdout]    5:     0x61a6453e2563 - core::fmt::write::h7550c97b06c86515
[INFO] [stdout]                                at /rustc/90b35a6239c3d8bdabc530a6a0816f7ff89a0aaf/library/core/src/fmt/mod.rs:1186:21
[INFO] [stdout]    6:     0x61a6453b5753 - std::io::Write::write_fmt::h509ff860e5956e5e
[INFO] [stdout]                                at /rustc/90b35a6239c3d8bdabc530a6a0816f7ff89a0aaf/library/std/src/io/mod.rs:1839:15
[INFO] [stdout]    7:     0x61a6453b8e92 - std::sys::backtrace::BacktraceLock::print::h2395ccd2c84ba3aa
[INFO] [stdout]                                at /rustc/90b35a6239c3d8bdabc530a6a0816f7ff89a0aaf/library/std/src/sys/backtrace.rs:42:9
[INFO] [stdout]    8:     0x61a6453ba4aa - std::panicking::default_hook::{{closure}}::he19d4c7230e07961
[INFO] [stdout]                                at /rustc/90b35a6239c3d8bdabc530a6a0816f7ff89a0aaf/library/std/src/panicking.rs:268:22
[INFO] [stdout]    9:     0x61a6453ba2b4 - std::panicking::default_hook::hf614597d3c67bbdb
[INFO] [stdout]                                at /rustc/90b35a6239c3d8bdabc530a6a0816f7ff89a0aaf/library/std/src/panicking.rs:292:9
[INFO] [stdout]   10:     0x61a644f057d9 - <alloc::boxed::Box<F,A> as core::ops::function::Fn<Args>>::call::h39b51ce4599c23d1
[INFO] [stdout]                                at /rustc/90b35a6239c3d8bdabc530a6a0816f7ff89a0aaf/library/alloc/src/boxed.rs:2468:9
[INFO] [stdout]   11:     0x61a644f057d9 - test::test_main::{{closure}}::he977ae839a582784
[INFO] [stdout]                                at /rustc/90b35a6239c3d8bdabc530a6a0816f7ff89a0aaf/library/test/src/lib.rs:133:21
[INFO] [stdout]   12:     0x61a6453bab48 - <alloc::boxed::Box<F,A> as core::ops::function::Fn<Args>>::call::h9455091b6b06f9fb
[INFO] [stdout]                                at /rustc/90b35a6239c3d8bdabc530a6a0816f7ff89a0aaf/library/alloc/src/boxed.rs:2468:9
[INFO] [stdout]   13:     0x61a6453bab48 - std::panicking::rust_panic_with_hook::h8942133a8b252070
[INFO] [stdout]                                at /rustc/90b35a6239c3d8bdabc530a6a0816f7ff89a0aaf/library/std/src/panicking.rs:809:13
[INFO] [stdout]   14:     0x61a6453ba90a - std::panicking::begin_panic_handler::{{closure}}::hb5f5963570096b29
[INFO] [stdout]                                at /rustc/90b35a6239c3d8bdabc530a6a0816f7ff89a0aaf/library/std/src/panicking.rs:674:13
[INFO] [stdout]   15:     0x61a6453b9529 - std::sys::backtrace::__rust_end_short_backtrace::h6208cedc1922feda
[INFO] [stdout]                                at /rustc/90b35a6239c3d8bdabc530a6a0816f7ff89a0aaf/library/std/src/sys/backtrace.rs:170:18
[INFO] [stdout]   16:     0x61a6453ba59c - rust_begin_unwind
[INFO] [stdout]                                at /rustc/90b35a6239c3d8bdabc530a6a0816f7ff89a0aaf/library/std/src/panicking.rs:665:5
[INFO] [stdout]   17:     0x61a644e51280 - core::panicking::panic_fmt::h0c3082644d1bf418
[INFO] [stdout]                                at /rustc/90b35a6239c3d8bdabc530a6a0816f7ff89a0aaf/library/core/src/panicking.rs:74:14
[INFO] [stdout]   18:     0x61a644ec7485 - tutoria_agent::config::config::{{closure}}::{{closure}}::hed47fb56c79b20df
[INFO] [stdout]                                at /opt/rustwide/workdir/tutoria_agent/src/config.rs:10:13
[INFO] [stdout]   19:     0x61a644ec8c63 - core::result::Result<T,E>::unwrap_or_else::h228457aeb4298bcc
[INFO] [stdout]                                at /rustc/90b35a6239c3d8bdabc530a6a0816f7ff89a0aaf/library/core/src/result.rs:1458:23
[INFO] [stdout]   20:     0x61a644ec73c1 - tutoria_agent::config::config::{{closure}}::h9a93f96e374170bf
[INFO] [stdout]                                at /opt/rustwide/workdir/tutoria_agent/src/config.rs:9:9
[INFO] [stdout]   21:     0x61a644eade28 - std::sync::once_lock::OnceLock<T>::get_or_init::{{closure}}::h52ebc71d1e9d0a3d
[INFO] [stdout]                                at /rustc/90b35a6239c3d8bdabc530a6a0816f7ff89a0aaf/library/std/src/sync/once_lock.rs:304:50
[INFO] [stdout]   22:     0x61a644eadd69 - std::sync::once_lock::OnceLock<T>::initialize::{{closure}}::h5f76df0b39a3cd3d
[INFO] [stdout]                                at /rustc/90b35a6239c3d8bdabc530a6a0816f7ff89a0aaf/library/std/src/sync/once_lock.rs:512:19
[INFO] [stdout]   23:     0x61a644ea165e - std::sync::once::Once::call_once_force::{{closure}}::h9b0ad16f93f9869f
[INFO] [stdout]                                at /rustc/90b35a6239c3d8bdabc530a6a0816f7ff89a0aaf/library/std/src/sync/once.rs:217:40
[INFO] [stdout]   24:     0x61a644e503e3 - std::sys::sync::once::futex::Once::call::hddfcaeb766e3f5ce
[INFO] [stdout]                                at /rustc/90b35a6239c3d8bdabc530a6a0816f7ff89a0aaf/library/std/src/sys/sync/once/futex.rs:177:21
[INFO] [stdout]   25:     0x61a644ea1595 - std::sync::once::Once::call_once_force::h896cc55678aaf4f6
[INFO] [stdout]                                at /rustc/90b35a6239c3d8bdabc530a6a0816f7ff89a0aaf/library/std/src/sync/once.rs:217:9
[INFO] [stdout]   26:     0x61a644eadce5 - std::sync::once_lock::OnceLock<T>::initialize::h00a59c38c1ee3719
[INFO] [stdout]                                at /rustc/90b35a6239c3d8bdabc530a6a0816f7ff89a0aaf/library/std/src/sync/once_lock.rs:511:9
[INFO] [stdout]   27:     0x61a644eadeda - std::sync::once_lock::OnceLock<T>::get_or_try_init::hde4c0261ba4d0076
[INFO] [stdout]                                at /rustc/90b35a6239c3d8bdabc530a6a0816f7ff89a0aaf/library/std/src/sync/once_lock.rs:390:9
[INFO] [stdout]   28:     0x61a644eaddee - std::sync::once_lock::OnceLock<T>::get_or_init::hf08587f1a35920e1
[INFO] [stdout]                                at /rustc/90b35a6239c3d8bdabc530a6a0816f7ff89a0aaf/library/std/src/sync/once_lock.rs:304:15
[INFO] [stdout]   29:     0x61a644ec738d - tutoria_agent::config::config::h3aa40d63f6b76608
[INFO] [stdout]                                at /opt/rustwide/workdir/tutoria_agent/src/config.rs:8:5
[INFO] [stdout]   30:     0x61a644ea0d66 - tutoria_agent::ais::new_oa_client::ha1d18571eeeb98b2
[INFO] [stdout]                                at /opt/rustwide/workdir/tutoria_agent/src/ais/mod.rs:16:20
[INFO] [stdout]   31:     0x61a644ec7c74 - tutoria_agent::ais::embeddings::tests::test_create_embedding_ok::{{closure}}::hefde15f3d3fc4ee1
[INFO] [stdout]                                at /opt/rustwide/workdir/tutoria_agent/src/ais/embeddings.rs:25:19
[INFO] [stdout]   32:     0x61a644eb3bbf - <core::pin::Pin<P> as core::future::future::Future>::poll::ha4bc138cedde0cf8
[INFO] [stdout]                                at /rustc/90b35a6239c3d8bdabc530a6a0816f7ff89a0aaf/library/core/src/future/future.rs:123:9
[INFO] [stdout]   33:     0x61a644eb3afb - <core::pin::Pin<P> as core::future::future::Future>::poll::h31bc2bb6d1a8e484
[INFO] [stdout]                                at /rustc/90b35a6239c3d8bdabc530a6a0816f7ff89a0aaf/library/core/src/future/future.rs:123:9
[INFO] [stdout]   34:     0x61a644eb3a5e - tokio::runtime::scheduler::current_thread::CoreGuard::block_on::{{closure}}::{{closure}}::{{closure}}::h922ea62539aa25ee
[INFO] [stdout]                                at /opt/rustwide/cargo-home/registry/src/index.crates.io-6f17d22bba15001f/tokio-1.38.0/src/runtime/scheduler/current_thread/mod.rs:659:57
[INFO] [stdout]   35:     0x61a644eb3765 - tokio::runtime::coop::with_budget::h88e66e6cf0c1d22c
[INFO] [stdout]                                at /opt/rustwide/cargo-home/registry/src/index.crates.io-6f17d22bba15001f/tokio-1.38.0/src/runtime/coop.rs:107:5
[INFO] [stdout]   36:     0x61a644eb3765 - tokio::runtime::coop::budget::h4965fd9569913184
[INFO] [stdout]                                at /opt/rustwide/cargo-home/registry/src/index.crates.io-6f17d22bba15001f/tokio-1.38.0/src/runtime/coop.rs:73:5
[INFO] [stdout]   37:     0x61a644eb3765 - tokio::runtime::scheduler::current_thread::CoreGuard::block_on::{{closure}}::{{closure}}::h13f6ff2a71903603
[INFO] [stdout]                                at /opt/rustwide/cargo-home/registry/src/index.crates.io-6f17d22bba15001f/tokio-1.38.0/src/runtime/scheduler/current_thread/mod.rs:659:25
[INFO] [stdout]   38:     0x61a644eb120d - tokio::runtime::scheduler::current_thread::Context::enter::hdb4a7dabac280380
[INFO] [stdout]                                at /opt/rustwide/cargo-home/registry/src/index.crates.io-6f17d22bba15001f/tokio-1.38.0/src/runtime/scheduler/current_thread/mod.rs:404:19
[INFO] [stdout]   39:     0x61a644eb2efe - tokio::runtime::scheduler::current_thread::CoreGuard::block_on::{{closure}}::he27281e7b7c92ef0
[INFO] [stdout]                                at /opt/rustwide/cargo-home/registry/src/index.crates.io-6f17d22bba15001f/tokio-1.38.0/src/runtime/scheduler/current_thread/mod.rs:658:36
[INFO] [stdout]   40:     0x61a644eb221b - tokio::runtime::scheduler::current_thread::CoreGuard::enter::{{closure}}::h7621b5ce137f7421
[INFO] [stdout]                                at /opt/rustwide/cargo-home/registry/src/index.crates.io-6f17d22bba15001f/tokio-1.38.0/src/runtime/scheduler/current_thread/mod.rs:737:68
[INFO] [stdout]   41:     0x61a644ea4b9a - tokio::runtime::context::scoped::Scoped<T>::set::h12763e48d56665a1
[INFO] [stdout]                                at /opt/rustwide/cargo-home/registry/src/index.crates.io-6f17d22bba15001f/tokio-1.38.0/src/runtime/context/scoped.rs:40:9
[INFO] [stdout]   42:     0x61a644e8cfca - tokio::runtime::context::set_scheduler::{{closure}}::h99cd4d458f94da21
[INFO] [stdout]                                at /opt/rustwide/cargo-home/registry/src/index.crates.io-6f17d22bba15001f/tokio-1.38.0/src/runtime/context.rs:180:26
[INFO] [stdout]   43:     0x61a644ec3f89 - std::thread::local::LocalKey<T>::try_with::h26981c75ee7e6cc6
[INFO] [stdout]                                at /rustc/90b35a6239c3d8bdabc530a6a0816f7ff89a0aaf/library/std/src/thread/local.rs:283:12
[INFO] [stdout]   44:     0x61a644ec3b63 - std::thread::local::LocalKey<T>::with::h2ac91df63e7704b4
[INFO] [stdout]                                at /rustc/90b35a6239c3d8bdabc530a6a0816f7ff89a0aaf/library/std/src/thread/local.rs:260:9
[INFO] [stdout]   45:     0x61a644e8cf21 - tokio::runtime::context::set_scheduler::h83523deedce0b9af
[INFO] [stdout]                                at /opt/rustwide/cargo-home/registry/src/index.crates.io-6f17d22bba15001f/tokio-1.38.0/src/runtime/context.rs:180:9
[INFO] [stdout]   46:     0x61a644eb1a9e - tokio::runtime::scheduler::current_thread::CoreGuard::enter::h8fe9dab28168e2a5
[INFO] [stdout]                                at /opt/rustwide/cargo-home/registry/src/index.crates.io-6f17d22bba15001f/tokio-1.38.0/src/runtime/scheduler/current_thread/mod.rs:737:27
[INFO] [stdout]   47:     0x61a644eb2288 - tokio::runtime::scheduler::current_thread::CoreGuard::block_on::h59288d4fcd590111
[INFO] [stdout]                                at /opt/rustwide/cargo-home/registry/src/index.crates.io-6f17d22bba15001f/tokio-1.38.0/src/runtime/scheduler/current_thread/mod.rs:646:19
[INFO] [stdout]   48:     0x61a644eafcac - tokio::runtime::scheduler::current_thread::CurrentThread::block_on::{{closure}}::h37b61b798f33abae
[INFO] [stdout]                                at /opt/rustwide/cargo-home/registry/src/index.crates.io-6f17d22bba15001f/tokio-1.38.0/src/runtime/scheduler/current_thread/mod.rs:175:28
[INFO] [stdout]   49:     0x61a644eb94b7 - tokio::runtime::context::runtime::enter_runtime::ha028389b15b2a7f7
[INFO] [stdout]                                at /opt/rustwide/cargo-home/registry/src/index.crates.io-6f17d22bba15001f/tokio-1.38.0/src/runtime/context/runtime.rs:65:16
[INFO] [stdout]   50:     0x61a644eafba6 - tokio::runtime::scheduler::current_thread::CurrentThread::block_on::hbd85f5d6b58b6c2d
[INFO] [stdout]                                at /opt/rustwide/cargo-home/registry/src/index.crates.io-6f17d22bba15001f/tokio-1.38.0/src/runtime/scheduler/current_thread/mod.rs:167:9
[INFO] [stdout]   51:     0x61a644eba08a - tokio::runtime::runtime::Runtime::block_on::haca2f2773be1356e
[INFO] [stdout]                                at /opt/rustwide/cargo-home/registry/src/index.crates.io-6f17d22bba15001f/tokio-1.38.0/src/runtime/runtime.rs:347:47
[INFO] [stdout]   52:     0x61a644ec7b70 - tutoria_agent::ais::embeddings::tests::test_create_embedding_ok::hea92ac06e34b21af
[INFO] [stdout]                                at /opt/rustwide/workdir/tutoria_agent/src/ais/embeddings.rs:33:9
[INFO] [stdout]   53:     0x61a644ec79fc - tutoria_agent::ais::embeddings::tests::test_create_embedding_ok::{{closure}}::h43e9306ec9a9592f
[INFO] [stdout]                                at /opt/rustwide/workdir/tutoria_agent/src/ais/embeddings.rs:24:44
[INFO] [stdout]   54:     0x61a644e99d76 - core::ops::function::FnOnce::call_once::h6ab1e7dbafb9dd2a
[INFO] [stdout]                                at /rustc/90b35a6239c3d8bdabc530a6a0816f7ff89a0aaf/library/core/src/ops/function.rs:250:5
[INFO] [stdout]   55:     0x61a644f0a19b - core::ops::function::FnOnce::call_once::h109cf8051a59b34e
[INFO] [stdout]                                at /rustc/90b35a6239c3d8bdabc530a6a0816f7ff89a0aaf/library/core/src/ops/function.rs:250:5
[INFO] [stdout]   56:     0x61a644f0a19b - test::__rust_begin_short_backtrace::hf4fff89d377446ba
[INFO] [stdout]                                at /rustc/90b35a6239c3d8bdabc530a6a0816f7ff89a0aaf/library/test/src/lib.rs:621:18
[INFO] [stdout]   57:     0x61a644f099d7 - test::run_test_in_process::{{closure}}::h0e39181dd7ee5a43
[INFO] [stdout]                                at /rustc/90b35a6239c3d8bdabc530a6a0816f7ff89a0aaf/library/test/src/lib.rs:644:60
[INFO] [stdout]   58:     0x61a644f099d7 - <core::panic::unwind_safe::AssertUnwindSafe<F> as core::ops::function::FnOnce<()>>::call_once::hc5a66a30f0bdfd1f
[INFO] [stdout]                                at /rustc/90b35a6239c3d8bdabc530a6a0816f7ff89a0aaf/library/core/src/panic/unwind_safe.rs:272:9
[INFO] [stdout]   59:     0x61a644f099d7 - std::panicking::try::do_call::h873b7cf639554a5e
[INFO] [stdout]                                at /rustc/90b35a6239c3d8bdabc530a6a0816f7ff89a0aaf/library/std/src/panicking.rs:557:40
[INFO] [stdout]   60:     0x61a644f099d7 - std::panicking::try::hdb19862fad9c8bd1
[INFO] [stdout]                                at /rustc/90b35a6239c3d8bdabc530a6a0816f7ff89a0aaf/library/std/src/panicking.rs:520:19
[INFO] [stdout]   61:     0x61a644f099d7 - std::panic::catch_unwind::h281fe732d236d260
[INFO] [stdout]                                at /rustc/90b35a6239c3d8bdabc530a6a0816f7ff89a0aaf/library/std/src/panic.rs:358:14
[INFO] [stdout]   62:     0x61a644f099d7 - test::run_test_in_process::h949b6df8457ed338
[INFO] [stdout]                                at /rustc/90b35a6239c3d8bdabc530a6a0816f7ff89a0aaf/library/test/src/lib.rs:644:27
[INFO] [stdout]   63:     0x61a644f099d7 - test::run_test::{{closure}}::h52c556a6d4740e10
[INFO] [stdout]                                at /rustc/90b35a6239c3d8bdabc530a6a0816f7ff89a0aaf/library/test/src/lib.rs:565:43
[INFO] [stdout]   64:     0x61a644ececb4 - test::run_test::{{closure}}::h4237f6381c45ccb9
[INFO] [stdout]                                at /rustc/90b35a6239c3d8bdabc530a6a0816f7ff89a0aaf/library/test/src/lib.rs:595:41
[INFO] [stdout]   65:     0x61a644ececb4 - std::sys::backtrace::__rust_begin_short_backtrace::h505c97a579eca628
[INFO] [stdout]                                at /rustc/90b35a6239c3d8bdabc530a6a0816f7ff89a0aaf/library/std/src/sys/backtrace.rs:154:18
[INFO] [stdout]   66:     0x61a644ed237e - std::thread::Builder::spawn_unchecked_::{{closure}}::{{closure}}::h9e86b2e2bc107ea3
[INFO] [stdout]                                at /rustc/90b35a6239c3d8bdabc530a6a0816f7ff89a0aaf/library/std/src/thread/mod.rs:538:17
[INFO] [stdout]   67:     0x61a644ed237e - <core::panic::unwind_safe::AssertUnwindSafe<F> as core::ops::function::FnOnce<()>>::call_once::h8b06ddb275ff4a25
[INFO] [stdout]                                at /rustc/90b35a6239c3d8bdabc530a6a0816f7ff89a0aaf/library/core/src/panic/unwind_safe.rs:272:9
[INFO] [stdout]   68:     0x61a644ed237e - std::panicking::try::do_call::hb26ecd7cd9a9355d
[INFO] [stdout]                                at /rustc/90b35a6239c3d8bdabc530a6a0816f7ff89a0aaf/library/std/src/panicking.rs:557:40
[INFO] [stdout]   69:     0x61a644ed237e - std::panicking::try::h8ddeca9d705f9069
[INFO] [stdout]                                at /rustc/90b35a6239c3d8bdabc530a6a0816f7ff89a0aaf/library/std/src/panicking.rs:520:19
[INFO] [stdout]   70:     0x61a644ed237e - std::panic::catch_unwind::h49e1c33078844c46
[INFO] [stdout]                                at /rustc/90b35a6239c3d8bdabc530a6a0816f7ff89a0aaf/library/std/src/panic.rs:358:14
[INFO] [stdout]   71:     0x61a644ed237e - std::thread::Builder::spawn_unchecked_::{{closure}}::h6073db6ff56ad35d
[INFO] [stdout]                                at /rustc/90b35a6239c3d8bdabc530a6a0816f7ff89a0aaf/library/std/src/thread/mod.rs:537:30
[INFO] [stdout]   72:     0x61a644ed237e - core::ops::function::FnOnce::call_once{{vtable.shim}}::h2c5a5f3779c774f1
[INFO] [stdout]                                at /rustc/90b35a6239c3d8bdabc530a6a0816f7ff89a0aaf/library/core/src/ops/function.rs:250:5
[INFO] [stdout]   73:     0x61a6453beb2b - <alloc::boxed::Box<F,A> as core::ops::function::FnOnce<Args>>::call_once::hf75717d9f28faebf
[INFO] [stdout]                                at /rustc/90b35a6239c3d8bdabc530a6a0816f7ff89a0aaf/library/alloc/src/boxed.rs:2454:9
[INFO] [stdout]   74:     0x61a6453beb2b - <alloc::boxed::Box<F,A> as core::ops::function::FnOnce<Args>>::call_once::h7bd883a5f3c5f3c1
[INFO] [stdout]                                at /rustc/90b35a6239c3d8bdabc530a6a0816f7ff89a0aaf/library/alloc/src/boxed.rs:2454:9
[INFO] [stdout]   75:     0x61a6453beb2b - std::sys::pal::unix::thread::Thread::new::thread_start::hcc78f3943333fa94
[INFO] [stdout]                                at /rustc/90b35a6239c3d8bdabc530a6a0816f7ff89a0aaf/library/std/src/sys/pal/unix/thread.rs:105:17
[INFO] [stdout]   76:     0x799b093b1ac3 - <unknown>
[INFO] [stdout]   77:     0x799b09442a04 - clone
[INFO] [stdout]   78:                0x0 - <unknown>
[INFO] [stdout] 
[INFO] [stdout] 
[INFO] [stdout] failures:
[INFO] [stdout]     ais::embeddings::tests::test_create_embedding_ok
[INFO] [stdout]     tests::send_message_ok
[INFO] [stdout] 
[INFO] [stdout] test result: FAILED. 0 passed; 2 failed; 0 ignored; 0 measured; 0 filtered out; finished in 0.13s
[INFO] [stdout] 
[INFO] [stderr] error: test failed, to rerun pass `-p tutoria_agent --lib`
[INFO] running `Command { std: "docker" "inspect" "f2549ca1e6c4c4db17f5beef6e4b0a429b575822171c6bfa671359138b2bd547", kill_on_drop: false }`
[INFO] running `Command { std: "docker" "rm" "-f" "f2549ca1e6c4c4db17f5beef6e4b0a429b575822171c6bfa671359138b2bd547", kill_on_drop: false }`
[INFO] [stdout] f2549ca1e6c4c4db17f5beef6e4b0a429b575822171c6bfa671359138b2bd547
