[INFO] cloning repository https://github.com/danplubell/advent-of-code-2024
[INFO] running `Command { std: "git" "-c" "credential.helper=" "-c" "credential.helper=/workspace/cargo-home/bin/git-credential-null" "clone" "--bare" "https://github.com/danplubell/advent-of-code-2024" "/workspace/cache/git-repos/https%3A%2F%2Fgithub.com%2Fdanplubell%2Fadvent-of-code-2024", kill_on_drop: false }`
[INFO] [stderr] Cloning into bare repository '/workspace/cache/git-repos/https%3A%2F%2Fgithub.com%2Fdanplubell%2Fadvent-of-code-2024'...
[INFO] running `Command { std: "git" "rev-parse" "HEAD", kill_on_drop: false }`
[INFO] [stdout] f724472d40da03967603de9ec336f50f89a0cee8
[INFO] testing danplubell/advent-of-code-2024 against 1.83.0 for beta-1.84.0-4-retry
[INFO] running `Command { std: "git" "clone" "/workspace/cache/git-repos/https%3A%2F%2Fgithub.com%2Fdanplubell%2Fadvent-of-code-2024" "/workspace/builds/worker-3-tc1/source", kill_on_drop: false }`
[INFO] [stderr] Cloning into '/workspace/builds/worker-3-tc1/source'...
[INFO] [stderr] done.
[INFO] validating manifest of git repo https://github.com/danplubell/advent-of-code-2024 on toolchain 1.83.0
[INFO] running `Command { std: CARGO_HOME="/workspace/cargo-home" RUSTUP_HOME="/workspace/rustup-home" "/workspace/cargo-home/bin/cargo" "+1.83.0" "metadata" "--manifest-path" "Cargo.toml" "--no-deps", kill_on_drop: false }`
[INFO] removed /workspace/builds/worker-3-tc1/source/.cargo/config.toml
[INFO] started tweaking git repo https://github.com/danplubell/advent-of-code-2024
[INFO] finished tweaking git repo https://github.com/danplubell/advent-of-code-2024
[INFO] tweaked toml for git repo https://github.com/danplubell/advent-of-code-2024 written to /workspace/builds/worker-3-tc1/source/Cargo.toml
[INFO] crate git repo https://github.com/danplubell/advent-of-code-2024 already has a lockfile, it will not be regenerated
[INFO] running `Command { std: CARGO_HOME="/workspace/cargo-home" RUSTUP_HOME="/workspace/rustup-home" "/workspace/cargo-home/bin/cargo" "+1.83.0" "fetch" "--manifest-path" "Cargo.toml", kill_on_drop: false }`
[INFO] running `Command { std: "docker" "create" "-v" "/var/lib/crater-agent-workspace/builds/worker-3-tc1/target:/opt/rustwide/target:rw,Z" "-v" "/var/lib/crater-agent-workspace/builds/worker-3-tc1/source:/opt/rustwide/workdir:ro,Z" "-v" "/var/lib/crater-agent-workspace/cargo-home:/opt/rustwide/cargo-home:ro,Z" "-v" "/var/lib/crater-agent-workspace/rustup-home:/opt/rustwide/rustup-home:ro,Z" "-e" "SOURCE_DIR=/opt/rustwide/workdir" "-e" "CARGO_TARGET_DIR=/opt/rustwide/target" "-e" "CARGO_HOME=/opt/rustwide/cargo-home" "-e" "RUSTUP_HOME=/opt/rustwide/rustup-home" "-w" "/opt/rustwide/workdir" "-m" "1610612736" "--user" "0:0" "--network" "none" "ghcr.io/rust-lang/crates-build-env/linux@sha256:f3a9d4ad9d972b27faf3965f35b62e55ba32bbce8f20bc8fe909558a86702fde" "/opt/rustwide/cargo-home/bin/cargo" "+1.83.0" "metadata" "--no-deps" "--format-version=1", kill_on_drop: false }`
[INFO] [stdout] 0997ccd905998d56ccd04b6b9361a4955b092ab3d7833b617770af232c956256
[INFO] running `Command { std: "docker" "start" "-a" "0997ccd905998d56ccd04b6b9361a4955b092ab3d7833b617770af232c956256", kill_on_drop: false }`
[INFO] running `Command { std: "docker" "inspect" "0997ccd905998d56ccd04b6b9361a4955b092ab3d7833b617770af232c956256", kill_on_drop: false }`
[INFO] running `Command { std: "docker" "rm" "-f" "0997ccd905998d56ccd04b6b9361a4955b092ab3d7833b617770af232c956256", kill_on_drop: false }`
[INFO] [stdout] 0997ccd905998d56ccd04b6b9361a4955b092ab3d7833b617770af232c956256
[INFO] running `Command { std: "docker" "create" "-v" "/var/lib/crater-agent-workspace/builds/worker-3-tc1/target:/opt/rustwide/target:rw,Z" "-v" "/var/lib/crater-agent-workspace/builds/worker-3-tc1/source:/opt/rustwide/workdir:ro,Z" "-v" "/var/lib/crater-agent-workspace/cargo-home:/opt/rustwide/cargo-home:ro,Z" "-v" "/var/lib/crater-agent-workspace/rustup-home:/opt/rustwide/rustup-home:ro,Z" "-e" "SOURCE_DIR=/opt/rustwide/workdir" "-e" "CARGO_TARGET_DIR=/opt/rustwide/target" "-e" "CARGO_INCREMENTAL=0" "-e" "RUST_BACKTRACE=full" "-e" "RUSTFLAGS=--cap-lints=warn" "-e" "RUSTDOCFLAGS=--cap-lints=warn" "-e" "CARGO_HOME=/opt/rustwide/cargo-home" "-e" "RUSTUP_HOME=/opt/rustwide/rustup-home" "-w" "/opt/rustwide/workdir" "-m" "1610612736" "--user" "0:0" "--network" "none" "ghcr.io/rust-lang/crates-build-env/linux@sha256:f3a9d4ad9d972b27faf3965f35b62e55ba32bbce8f20bc8fe909558a86702fde" "/opt/rustwide/cargo-home/bin/cargo" "+1.83.0" "build" "--frozen" "--message-format=json", kill_on_drop: false }`
[INFO] [stdout] 343bb0389022cee30b0b69161cc33837d439058ee82166aef8be1a49d6b2d6ef
[INFO] running `Command { std: "docker" "start" "-a" "343bb0389022cee30b0b69161cc33837d439058ee82166aef8be1a49d6b2d6ef", kill_on_drop: false }`
[INFO] [stderr]    Compiling crossbeam-utils v0.8.20
[INFO] [stderr]    Compiling memchr v2.6.4
[INFO] [stderr]    Compiling rayon-core v1.12.1
[INFO] [stderr]    Compiling serde v1.0.215
[INFO] [stderr]    Compiling serde_json v1.0.133
[INFO] [stderr]    Compiling regex-syntax v0.8.5
[INFO] [stderr]    Compiling ryu v1.0.15
[INFO] [stderr]    Compiling itoa v1.0.9
[INFO] [stderr]    Compiling either v1.13.0
[INFO] [stderr]    Compiling pico-args v0.5.0
[INFO] [stderr]    Compiling tinyjson v2.5.1
[INFO] [stderr]    Compiling crossbeam-epoch v0.9.18
[INFO] [stderr]    Compiling aho-corasick v1.1.3
[INFO] [stderr]    Compiling crossbeam-deque v0.8.5
[INFO] [stderr]    Compiling rayon v1.10.0
[INFO] [stderr]    Compiling regex-automata v0.4.9
[INFO] [stderr]    Compiling regex v1.11.1
[INFO] [stderr]    Compiling advent_of_code v0.11.0 (/opt/rustwide/workdir)
[INFO] [stdout] warning: enum `Direction` is never used
[INFO] [stdout]  --> src/bin/02.rs:3:6
[INFO] [stdout]   |
[INFO] [stdout] 3 | enum Direction {
[INFO] [stdout]   |      ^^^^^^^^^
[INFO] [stdout]   |
[INFO] [stdout]   = note: `#[warn(dead_code)]` on by default
[INFO] [stdout] 
[INFO] [stdout] 
[INFO] [stdout] warning: unused variable: `m`
[INFO] [stdout]    --> src/bin/04.rs:165:17
[INFO] [stdout]     |
[INFO] [stdout] 165 |         for (i, m) in matches {
[INFO] [stdout]     |                 ^ help: if this is intentional, prefix it with an underscore: `_m`
[INFO] [stdout]     |
[INFO] [stdout]     = note: `#[warn(unused_variables)]` on by default
[INFO] [stdout] 
[INFO] [stdout] 
[INFO] [stdout] warning: unused label
[INFO] [stdout]    --> src/bin/06.rs:176:5
[INFO] [stdout]     |
[INFO] [stdout] 176 |     'main: for (i, r) in input.lines().enumerate() {
[INFO] [stdout]     |     ^^^^^
[INFO] [stdout]     |
[INFO] [stdout]     = note: `#[warn(unused_labels)]` on by default
[INFO] [stdout] 
[INFO] [stdout] 
[INFO] [stdout] warning: unused variable: `count`
[INFO] [stdout]   --> src/bin/01.rs:44:23
[INFO] [stdout]    |
[INFO] [stdout] 44 |         .map(|(right, count)| right * total)
[INFO] [stdout]    |                       ^^^^^ help: if this is intentional, prefix it with an underscore: `_count`
[INFO] [stdout]    |
[INFO] [stdout]    = note: `#[warn(unused_variables)]` on by default
[INFO] [stdout] 
[INFO] [stdout] 
[INFO] [stdout] warning: unused variable: `is_fixed`
[INFO] [stdout]    --> src/bin/05.rs:141:21
[INFO] [stdout]     |
[INFO] [stdout] 141 |                 let is_fixed = is_update_ok(&rules, &corrected_pages);
[INFO] [stdout]     |                     ^^^^^^^^ help: if this is intentional, prefix it with an underscore: `_is_fixed`
[INFO] [stdout]     |
[INFO] [stdout]     = note: `#[warn(unused_variables)]` on by default
[INFO] [stdout] 
[INFO] [stdout] 
[INFO] [stdout] warning: unused variable: `to_solve_copy`
[INFO] [stdout]    --> src/bin/07.rs:122:17
[INFO] [stdout]     |
[INFO] [stdout] 122 |             let to_solve_copy = to_solve.clone();
[INFO] [stdout]     |                 ^^^^^^^^^^^^^ help: if this is intentional, prefix it with an underscore: `_to_solve_copy`
[INFO] [stdout]     |
[INFO] [stdout]     = note: `#[warn(unused_variables)]` on by default
[INFO] [stdout] 
[INFO] [stdout] 
[INFO] [stdout] warning: unused import: `rayon::prelude`
[INFO] [stdout]  --> src/bin/06.rs:2:5
[INFO] [stdout]   |
[INFO] [stdout] 2 | use rayon::prelude::*;
[INFO] [stdout]   |     ^^^^^^^^^^^^^^
[INFO] [stdout]   |
[INFO] [stdout]   = note: `#[warn(unused_imports)]` on by default
[INFO] [stdout] 
[INFO] [stdout] 
[INFO] [stdout] warning: unused variable: `is_done`
[INFO] [stdout]    --> src/bin/07.rs:138:13
[INFO] [stdout]     |
[INFO] [stdout] 138 |     let mut is_done = false;
[INFO] [stdout]     |             ^^^^^^^ help: if this is intentional, prefix it with an underscore: `_is_done`
[INFO] [stdout] 
[INFO] [stdout] 
[INFO] [stdout] warning: unused variable: `len`
[INFO] [stdout]    --> src/bin/07.rs:136:26
[INFO] [stdout]     |
[INFO] [stdout] 136 | fn generate_patterns<'a>(len:u64) -> Vec<Vec<&'a str>> {
[INFO] [stdout]     |                          ^^^ help: if this is intentional, prefix it with an underscore: `_len`
[INFO] [stdout] 
[INFO] [stdout] 
[INFO] [stdout] warning: variable does not need to be mutable
[INFO] [stdout]    --> src/bin/07.rs:138:9
[INFO] [stdout]     |
[INFO] [stdout] 138 |     let mut is_done = false;
[INFO] [stdout]     |         ----^^^^^^^
[INFO] [stdout]     |         |
[INFO] [stdout]     |         help: remove this `mut`
[INFO] [stdout]     |
[INFO] [stdout]     = note: `#[warn(unused_mut)]` on by default
[INFO] [stdout] 
[INFO] [stdout] 
[INFO] [stdout] warning: variable does not need to be mutable
[INFO] [stdout]    --> src/bin/07.rs:142:17
[INFO] [stdout]     |
[INFO] [stdout] 142 |             let mut patterns = list.clone();
[INFO] [stdout]     |                 ----^^^^^^^^
[INFO] [stdout]     |                 |
[INFO] [stdout]     |                 help: remove this `mut`
[INFO] [stdout] 
[INFO] [stdout] 
[INFO] [stdout] warning: unused variable: `to_solve_copy`
[INFO] [stdout]    --> src/bin/07.rs:176:17
[INFO] [stdout]     |
[INFO] [stdout] 176 |             let to_solve_copy = to_solve.clone();
[INFO] [stdout]     |                 ^^^^^^^^^^^^^ help: if this is intentional, prefix it with an underscore: `_to_solve_copy`
[INFO] [stdout] 
[INFO] [stdout] 
[INFO] [stdout] warning: value assigned to `guard` is never read
[INFO] [stdout]    --> src/bin/06.rs:172:13
[INFO] [stdout]     |
[INFO] [stdout] 172 |     let mut guard: Guard = find_guard(input).unwrap();
[INFO] [stdout]     |             ^^^^^
[INFO] [stdout]     |
[INFO] [stdout]     = help: maybe it is overwritten before being read?
[INFO] [stdout]     = note: `#[warn(unused_assignments)]` on by default
[INFO] [stdout] 
[INFO] [stdout] 
[INFO] [stdout] warning: value assigned to `moves` is never read
[INFO] [stdout]    --> src/bin/06.rs:174:13
[INFO] [stdout]     |
[INFO] [stdout] 174 |     let mut moves: Vec<(Row, Col)> = vec![];
[INFO] [stdout]     |             ^^^^^
[INFO] [stdout]     |
[INFO] [stdout]     = help: maybe it is overwritten before being read?
[INFO] [stdout] 
[INFO] [stdout] 
[INFO] [stdout] warning: unused variable: `c`
[INFO] [stdout]    --> src/bin/06.rs:177:17
[INFO] [stdout]     |
[INFO] [stdout] 177 |         for (j, c) in r.chars().enumerate() {
[INFO] [stdout]     |                 ^ help: if this is intentional, prefix it with an underscore: `_c`
[INFO] [stdout]     |
[INFO] [stdout]     = note: `#[warn(unused_variables)]` on by default
[INFO] [stdout] 
[INFO] [stdout] 
[INFO] [stdout] warning: variant `Concatenate` is never constructed
[INFO] [stdout]   --> src/bin/07.rs:15:5
[INFO] [stdout]    |
[INFO] [stdout] 11 | enum Token {
[INFO] [stdout]    |      ----- variant in this enum
[INFO] [stdout] ...
[INFO] [stdout] 15 |     Concatenate,
[INFO] [stdout]    |     ^^^^^^^^^^^
[INFO] [stdout]    |
[INFO] [stdout]    = note: `Token` has derived impls for the traits `Debug` and `Clone`, but these are intentionally ignored during dead code analysis
[INFO] [stdout]    = note: `#[warn(dead_code)]` on by default
[INFO] [stdout] 
[INFO] [stdout] 
[INFO] [stderr]     Finished `dev` profile [unoptimized + debuginfo] target(s) in 17.85s
[INFO] running `Command { std: "docker" "inspect" "343bb0389022cee30b0b69161cc33837d439058ee82166aef8be1a49d6b2d6ef", kill_on_drop: false }`
[INFO] running `Command { std: "docker" "rm" "-f" "343bb0389022cee30b0b69161cc33837d439058ee82166aef8be1a49d6b2d6ef", kill_on_drop: false }`
[INFO] [stdout] 343bb0389022cee30b0b69161cc33837d439058ee82166aef8be1a49d6b2d6ef
[INFO] running `Command { std: "docker" "create" "-v" "/var/lib/crater-agent-workspace/builds/worker-3-tc1/target:/opt/rustwide/target:rw,Z" "-v" "/var/lib/crater-agent-workspace/builds/worker-3-tc1/source:/opt/rustwide/workdir:ro,Z" "-v" "/var/lib/crater-agent-workspace/cargo-home:/opt/rustwide/cargo-home:ro,Z" "-v" "/var/lib/crater-agent-workspace/rustup-home:/opt/rustwide/rustup-home:ro,Z" "-e" "SOURCE_DIR=/opt/rustwide/workdir" "-e" "CARGO_TARGET_DIR=/opt/rustwide/target" "-e" "CARGO_INCREMENTAL=0" "-e" "RUST_BACKTRACE=full" "-e" "RUSTFLAGS=--cap-lints=warn" "-e" "RUSTDOCFLAGS=--cap-lints=warn" "-e" "CARGO_HOME=/opt/rustwide/cargo-home" "-e" "RUSTUP_HOME=/opt/rustwide/rustup-home" "-w" "/opt/rustwide/workdir" "-m" "1610612736" "--user" "0:0" "--network" "none" "ghcr.io/rust-lang/crates-build-env/linux@sha256:f3a9d4ad9d972b27faf3965f35b62e55ba32bbce8f20bc8fe909558a86702fde" "/opt/rustwide/cargo-home/bin/cargo" "+1.83.0" "test" "--frozen" "--no-run" "--message-format=json", kill_on_drop: false }`
[INFO] [stdout] 83caaf7c80c8c9e4c8751275edba0742616c9c894c150967da1364f31c0405e6
[INFO] running `Command { std: "docker" "start" "-a" "83caaf7c80c8c9e4c8751275edba0742616c9c894c150967da1364f31c0405e6", kill_on_drop: false }`
[INFO] [stderr]    Compiling advent_of_code v0.11.0 (/opt/rustwide/workdir)
[INFO] [stdout] warning: unused label
[INFO] [stdout]    --> src/bin/06.rs:176:5
[INFO] [stdout]     |
[INFO] [stdout] 176 |     'main: for (i, r) in input.lines().enumerate() {
[INFO] [stdout]     |     ^^^^^
[INFO] [stdout]     |
[INFO] [stdout]     = note: `#[warn(unused_labels)]` on by default
[INFO] [stdout] 
[INFO] [stdout] 
[INFO] [stdout] warning: unused import: `rayon::prelude`
[INFO] [stdout]  --> src/bin/06.rs:2:5
[INFO] [stdout]   |
[INFO] [stdout] 2 | use rayon::prelude::*;
[INFO] [stdout]   |     ^^^^^^^^^^^^^^
[INFO] [stdout]   |
[INFO] [stdout]   = note: `#[warn(unused_imports)]` on by default
[INFO] [stdout] 
[INFO] [stdout] 
[INFO] [stdout] warning: value assigned to `guard` is never read
[INFO] [stdout]    --> src/bin/06.rs:172:13
[INFO] [stdout]     |
[INFO] [stdout] 172 |     let mut guard: Guard = find_guard(input).unwrap();
[INFO] [stdout]     |             ^^^^^
[INFO] [stdout]     |
[INFO] [stdout]     = help: maybe it is overwritten before being read?
[INFO] [stdout]     = note: `#[warn(unused_assignments)]` on by default
[INFO] [stdout] 
[INFO] [stdout] 
[INFO] [stdout] warning: value assigned to `moves` is never read
[INFO] [stdout]    --> src/bin/06.rs:174:13
[INFO] [stdout]     |
[INFO] [stdout] 174 |     let mut moves: Vec<(Row, Col)> = vec![];
[INFO] [stdout]     |             ^^^^^
[INFO] [stdout]     |
[INFO] [stdout]     = help: maybe it is overwritten before being read?
[INFO] [stdout] 
[INFO] [stdout] 
[INFO] [stdout] warning: unused variable: `c`
[INFO] [stdout]    --> src/bin/06.rs:177:17
[INFO] [stdout]     |
[INFO] [stdout] 177 |         for (j, c) in r.chars().enumerate() {
[INFO] [stdout]     |                 ^ help: if this is intentional, prefix it with an underscore: `_c`
[INFO] [stdout]     |
[INFO] [stdout]     = note: `#[warn(unused_variables)]` on by default
[INFO] [stdout] 
[INFO] [stdout] 
[INFO] [stdout] warning: unused imports: `Concatenate`, `Multiply`, and `Plus`
[INFO] [stdout]    --> src/bin/07.rs:193:24
[INFO] [stdout]     |
[INFO] [stdout] 193 |     use crate::Token::{Concatenate, Multiply, Plus};
[INFO] [stdout]     |                        ^^^^^^^^^^^  ^^^^^^^^  ^^^^
[INFO] [stdout]     |
[INFO] [stdout]     = note: `#[warn(unused_imports)]` on by default
[INFO] [stdout] 
[INFO] [stdout] 
[INFO] [stdout] warning: unused variable: `is_fixed`
[INFO] [stdout]    --> src/bin/05.rs:141:21
[INFO] [stdout]     |
[INFO] [stdout] 141 |                 let is_fixed = is_update_ok(&rules, &corrected_pages);
[INFO] [stdout]     |                     ^^^^^^^^ help: if this is intentional, prefix it with an underscore: `_is_fixed`
[INFO] [stdout]     |
[INFO] [stdout]     = note: `#[warn(unused_variables)]` on by default
[INFO] [stdout] 
[INFO] [stdout] 
[INFO] [stdout] warning: unused variable: `count`
[INFO] [stdout]   --> src/bin/01.rs:44:23
[INFO] [stdout]    |
[INFO] [stdout] 44 |         .map(|(right, count)| right * total)
[INFO] [stdout]    |                       ^^^^^ help: if this is intentional, prefix it with an underscore: `_count`
[INFO] [stdout]    |
[INFO] [stdout]    = note: `#[warn(unused_variables)]` on by default
[INFO] [stdout] 
[INFO] [stdout] 
[INFO] [stdout] warning: enum `Direction` is never used
[INFO] [stdout]  --> src/bin/02.rs:3:6
[INFO] [stdout]   |
[INFO] [stdout] 3 | enum Direction {
[INFO] [stdout]   |      ^^^^^^^^^
[INFO] [stdout]   |
[INFO] [stdout]   = note: `#[warn(dead_code)]` on by default
[INFO] [stdout] 
[INFO] [stdout] 
[INFO] [stdout] warning: unused variable: `m`
[INFO] [stdout]    --> src/bin/04.rs:165:17
[INFO] [stdout]     |
[INFO] [stdout] 165 |         for (i, m) in matches {
[INFO] [stdout]     |                 ^ help: if this is intentional, prefix it with an underscore: `_m`
[INFO] [stdout]     |
[INFO] [stdout]     = note: `#[warn(unused_variables)]` on by default
[INFO] [stdout] 
[INFO] [stdout] 
[INFO] [stdout] warning: unused variable: `to_solve_copy`
[INFO] [stdout]    --> src/bin/07.rs:122:17
[INFO] [stdout]     |
[INFO] [stdout] 122 |             let to_solve_copy = to_solve.clone();
[INFO] [stdout]     |                 ^^^^^^^^^^^^^ help: if this is intentional, prefix it with an underscore: `_to_solve_copy`
[INFO] [stdout]     |
[INFO] [stdout]     = note: `#[warn(unused_variables)]` on by default
[INFO] [stdout] 
[INFO] [stdout] 
[INFO] [stdout] warning: unused variable: `is_done`
[INFO] [stdout]    --> src/bin/07.rs:138:13
[INFO] [stdout]     |
[INFO] [stdout] 138 |     let mut is_done = false;
[INFO] [stdout]     |             ^^^^^^^ help: if this is intentional, prefix it with an underscore: `_is_done`
[INFO] [stdout] 
[INFO] [stdout] 
[INFO] [stdout] warning: unused variable: `len`
[INFO] [stdout]    --> src/bin/07.rs:136:26
[INFO] [stdout]     |
[INFO] [stdout] 136 | fn generate_patterns<'a>(len:u64) -> Vec<Vec<&'a str>> {
[INFO] [stdout]     |                          ^^^ help: if this is intentional, prefix it with an underscore: `_len`
[INFO] [stdout] 
[INFO] [stdout] 
[INFO] [stdout] warning: variable does not need to be mutable
[INFO] [stdout]    --> src/bin/07.rs:138:9
[INFO] [stdout]     |
[INFO] [stdout] 138 |     let mut is_done = false;
[INFO] [stdout]     |         ----^^^^^^^
[INFO] [stdout]     |         |
[INFO] [stdout]     |         help: remove this `mut`
[INFO] [stdout]     |
[INFO] [stdout]     = note: `#[warn(unused_mut)]` on by default
[INFO] [stdout] 
[INFO] [stdout] 
[INFO] [stdout] warning: variable does not need to be mutable
[INFO] [stdout]    --> src/bin/07.rs:142:17
[INFO] [stdout]     |
[INFO] [stdout] 142 |             let mut patterns = list.clone();
[INFO] [stdout]     |                 ----^^^^^^^^
[INFO] [stdout]     |                 |
[INFO] [stdout]     |                 help: remove this `mut`
[INFO] [stdout] 
[INFO] [stdout] 
[INFO] [stdout] warning: unused variable: `to_solve_copy`
[INFO] [stdout]    --> src/bin/07.rs:176:17
[INFO] [stdout]     |
[INFO] [stdout] 176 |             let to_solve_copy = to_solve.clone();
[INFO] [stdout]     |                 ^^^^^^^^^^^^^ help: if this is intentional, prefix it with an underscore: `_to_solve_copy`
[INFO] [stdout] 
[INFO] [stdout] 
[INFO] [stdout] warning: variant `Concatenate` is never constructed
[INFO] [stdout]   --> src/bin/07.rs:15:5
[INFO] [stdout]    |
[INFO] [stdout] 11 | enum Token {
[INFO] [stdout]    |      ----- variant in this enum
[INFO] [stdout] ...
[INFO] [stdout] 15 |     Concatenate,
[INFO] [stdout]    |     ^^^^^^^^^^^
[INFO] [stdout]    |
[INFO] [stdout]    = note: `Token` has derived impls for the traits `Debug` and `Clone`, but these are intentionally ignored during dead code analysis
[INFO] [stdout]    = note: `#[warn(dead_code)]` on by default
[INFO] [stdout] 
[INFO] [stdout] 
[INFO] [stderr]     Finished `test` profile [unoptimized + debuginfo] target(s) in 3.39s
[INFO] running `Command { std: "docker" "inspect" "83caaf7c80c8c9e4c8751275edba0742616c9c894c150967da1364f31c0405e6", kill_on_drop: false }`
[INFO] running `Command { std: "docker" "rm" "-f" "83caaf7c80c8c9e4c8751275edba0742616c9c894c150967da1364f31c0405e6", kill_on_drop: false }`
[INFO] [stdout] 83caaf7c80c8c9e4c8751275edba0742616c9c894c150967da1364f31c0405e6
[INFO] running `Command { std: "docker" "create" "-v" "/var/lib/crater-agent-workspace/builds/worker-3-tc1/target:/opt/rustwide/target:rw,Z" "-v" "/var/lib/crater-agent-workspace/builds/worker-3-tc1/source:/opt/rustwide/workdir:ro,Z" "-v" "/var/lib/crater-agent-workspace/cargo-home:/opt/rustwide/cargo-home:ro,Z" "-v" "/var/lib/crater-agent-workspace/rustup-home:/opt/rustwide/rustup-home:ro,Z" "-e" "SOURCE_DIR=/opt/rustwide/workdir" "-e" "CARGO_TARGET_DIR=/opt/rustwide/target" "-e" "CARGO_INCREMENTAL=0" "-e" "RUST_BACKTRACE=full" "-e" "RUSTFLAGS=--cap-lints=warn" "-e" "RUSTDOCFLAGS=--cap-lints=warn" "-e" "CARGO_HOME=/opt/rustwide/cargo-home" "-e" "RUSTUP_HOME=/opt/rustwide/rustup-home" "-w" "/opt/rustwide/workdir" "-m" "1610612736" "--user" "0:0" "--network" "none" "ghcr.io/rust-lang/crates-build-env/linux@sha256:f3a9d4ad9d972b27faf3965f35b62e55ba32bbce8f20bc8fe909558a86702fde" "/opt/rustwide/cargo-home/bin/cargo" "+1.83.0" "test" "--frozen", kill_on_drop: false }`
[INFO] [stdout] c0a6b4f10c4885db3a96b809afb85063dbb094c7255e39fb09bc3d08b9ddc6df
[INFO] running `Command { std: "docker" "start" "-a" "c0a6b4f10c4885db3a96b809afb85063dbb094c7255e39fb09bc3d08b9ddc6df", kill_on_drop: false }`
[INFO] [stderr] warning: enum `Direction` is never used
[INFO] [stderr]  --> src/bin/02.rs:3:6
[INFO] [stderr]   |
[INFO] [stderr] 3 | enum Direction {
[INFO] [stderr]   |      ^^^^^^^^^
[INFO] [stderr]   |
[INFO] [stderr]   = note: `#[warn(dead_code)]` on by default
[INFO] [stderr] 
[INFO] [stderr] warning: unused variable: `m`
[INFO] [stderr]    --> src/bin/04.rs:165:17
[INFO] [stderr]     |
[INFO] [stderr] 165 |         for (i, m) in matches {
[INFO] [stderr]     |                 ^ help: if this is intentional, prefix it with an underscore: `_m`
[INFO] [stderr]     |
[INFO] [stderr]     = note: `#[warn(unused_variables)]` on by default
[INFO] [stderr] 
[INFO] [stderr] warning: unused label
[INFO] [stderr]    --> src/bin/06.rs:176:5
[INFO] [stderr]     |
[INFO] [stderr] 176 |     'main: for (i, r) in input.lines().enumerate() {
[INFO] [stderr]     |     ^^^^^
[INFO] [stderr]     |
[INFO] [stderr]     = note: `#[warn(unused_labels)]` on by default
[INFO] [stderr] 
[INFO] [stderr] warning: unused import: `rayon::prelude`
[INFO] [stderr]  --> src/bin/06.rs:2:5
[INFO] [stderr]   |
[INFO] [stderr] 2 | use rayon::prelude::*;
[INFO] [stderr]   |     ^^^^^^^^^^^^^^
[INFO] [stderr]   |
[INFO] [stderr]   = note: `#[warn(unused_imports)]` on by default
[INFO] [stderr] 
[INFO] [stderr] warning: value assigned to `guard` is never read
[INFO] [stderr]    --> src/bin/06.rs:172:13
[INFO] [stderr]     |
[INFO] [stderr] 172 |     let mut guard: Guard = find_guard(input).unwrap();
[INFO] [stderr]     |             ^^^^^
[INFO] [stderr]     |
[INFO] [stderr]     = help: maybe it is overwritten before being read?
[INFO] [stderr]     = note: `#[warn(unused_assignments)]` on by default
[INFO] [stderr] 
[INFO] [stderr] warning: value assigned to `moves` is never read
[INFO] [stderr]    --> src/bin/06.rs:174:13
[INFO] [stderr]     |
[INFO] [stderr] 174 |     let mut moves: Vec<(Row, Col)> = vec![];
[INFO] [stderr]     |             ^^^^^
[INFO] [stderr]     |
[INFO] [stderr]     = help: maybe it is overwritten before being read?
[INFO] [stderr] 
[INFO] [stderr] warning: unused variable: `c`
[INFO] [stderr]    --> src/bin/06.rs:177:17
[INFO] [stderr]     |
[INFO] [stderr] 177 |         for (j, c) in r.chars().enumerate() {
[INFO] [stderr]     |                 ^ help: if this is intentional, prefix it with an underscore: `_c`
[INFO] [stderr]     |
[INFO] [stderr]     = note: `#[warn(unused_variables)]` on by default
[INFO] [stderr] 
[INFO] [stderr] warning: unused variable: `count`
[INFO] [stderr]   --> src/bin/01.rs:44:23
[INFO] [stderr]    |
[INFO] [stderr] 44 |         .map(|(right, count)| right * total)
[INFO] [stderr]    |                       ^^^^^ help: if this is intentional, prefix it with an underscore: `_count`
[INFO] [stderr]    |
[INFO] [stderr]    = note: `#[warn(unused_variables)]` on by default
[INFO] [stderr] 
[INFO] [stderr] warning: unused imports: `Concatenate`, `Multiply`, and `Plus`
[INFO] [stderr]    --> src/bin/07.rs:193:24
[INFO] [stderr]     |
[INFO] [stderr] 193 |     use crate::Token::{Concatenate, Multiply, Plus};
[INFO] [stderr]     |                        ^^^^^^^^^^^  ^^^^^^^^  ^^^^
[INFO] [stderr]     |
[INFO] [stderr]     = note: `#[warn(unused_imports)]` on by default
[INFO] [stderr] 
[INFO] [stderr] warning: unused variable: `to_solve_copy`
[INFO] [stderr]    --> src/bin/07.rs:122:17
[INFO] [stderr]     |
[INFO] [stderr] 122 |             let to_solve_copy = to_solve.clone();
[INFO] [stderr]     |                 ^^^^^^^^^^^^^ help: if this is intentional, prefix it with an underscore: `_to_solve_copy`
[INFO] [stderr]     |
[INFO] [stderr]     = note: `#[warn(unused_variables)]` on by default
[INFO] [stderr] 
[INFO] [stderr] warning: unused variable: `is_done`
[INFO] [stderr]    --> src/bin/07.rs:138:13
[INFO] [stderr]     |
[INFO] [stderr] 138 |     let mut is_done = false;
[INFO] [stderr]     |             ^^^^^^^ help: if this is intentional, prefix it with an underscore: `_is_done`
[INFO] [stderr] 
[INFO] [stderr] warning: unused variable: `len`
[INFO] [stderr]    --> src/bin/07.rs:136:26
[INFO] [stderr]     |
[INFO] [stderr] 136 | fn generate_patterns<'a>(len:u64) -> Vec<Vec<&'a str>> {
[INFO] [stderr]     |                          ^^^ help: if this is intentional, prefix it with an underscore: `_len`
[INFO] [stderr] 
[INFO] [stderr] warning: variable does not need to be mutable
[INFO] [stderr]    --> src/bin/07.rs:138:9
[INFO] [stderr]     |
[INFO] [stderr] 138 |     let mut is_done = false;
[INFO] [stderr]     |         ----^^^^^^^
[INFO] [stderr]     |         |
[INFO] [stderr]     |         help: remove this `mut`
[INFO] [stderr]     |
[INFO] [stderr]     = note: `#[warn(unused_mut)]` on by default
[INFO] [stderr] 
[INFO] [stderr] warning: variable does not need to be mutable
[INFO] [stderr]    --> src/bin/07.rs:142:17
[INFO] [stderr]     |
[INFO] [stderr] 142 |             let mut patterns = list.clone();
[INFO] [stderr]     |                 ----^^^^^^^^
[INFO] [stderr]     |                 |
[INFO] [stderr]     |                 help: remove this `mut`
[INFO] [stderr] 
[INFO] [stderr] warning: unused variable: `to_solve_copy`
[INFO] [stderr]    --> src/bin/07.rs:176:17
[INFO] [stderr]     |
[INFO] [stderr] 176 |             let to_solve_copy = to_solve.clone();
[INFO] [stderr]     |                 ^^^^^^^^^^^^^ help: if this is intentional, prefix it with an underscore: `_to_solve_copy`
[INFO] [stderr] 
[INFO] [stderr] warning: variant `Concatenate` is never constructed
[INFO] [stderr]   --> src/bin/07.rs:15:5
[INFO] [stderr]    |
[INFO] [stderr] 11 | enum Token {
[INFO] [stderr]    |      ----- variant in this enum
[INFO] [stderr] ...
[INFO] [stderr] 15 |     Concatenate,
[INFO] [stderr]    |     ^^^^^^^^^^^
[INFO] [stderr]    |
[INFO] [stderr]    = note: `Token` has derived impls for the traits `Debug` and `Clone`, but these are intentionally ignored during dead code analysis
[INFO] [stderr]    = note: `#[warn(dead_code)]` on by default
[INFO] [stderr] 
[INFO] [stderr] warning: unused variable: `is_fixed`
[INFO] [stderr]    --> src/bin/05.rs:141:21
[INFO] [stderr]     |
[INFO] [stderr] 141 |                 let is_fixed = is_update_ok(&rules, &corrected_pages);
[INFO] [stderr]     |                     ^^^^^^^^ help: if this is intentional, prefix it with an underscore: `_is_fixed`
[INFO] [stderr]     |
[INFO] [stderr]     = note: `#[warn(unused_variables)]` on by default
[INFO] [stderr] 
[INFO] [stderr] warning: `advent_of_code` (bin "02" test) generated 1 warning
[INFO] [stderr] warning: `advent_of_code` (bin "04" test) generated 1 warning
[INFO] [stderr] warning: `advent_of_code` (bin "06" test) generated 5 warnings
[INFO] [stderr] warning: `advent_of_code` (bin "01" test) generated 1 warning
[INFO] [stderr] warning: `advent_of_code` (bin "07" test) generated 8 warnings (run `cargo fix --bin "07" --tests` to apply 3 suggestions)
[INFO] [stderr] warning: `advent_of_code` (bin "05" test) generated 1 warning
[INFO] [stderr]     Finished `test` profile [unoptimized + debuginfo] target(s) in 0.07s
[INFO] [stderr]      Running unittests src/lib.rs (/opt/rustwide/target/debug/deps/advent_of_code-3e7a7825be382615)
[INFO] [stdout] 
[INFO] [stdout] running 0 tests
[INFO] [stdout] 
[INFO] [stdout] test result: ok. 0 passed; 0 failed; 0 ignored; 0 measured; 0 filtered out; finished in 0.00s
[INFO] [stdout] 
[INFO] [stderr]      Running unittests src/bin/01.rs (/opt/rustwide/target/debug/deps/01-b9844bdcf4c73234)
[INFO] [stdout] 
[INFO] [stdout] running 2 tests
[INFO] [stdout] test tests::test_part_two ... ok
[INFO] [stdout] test tests::test_part_one ... ok
[INFO] [stdout] 
[INFO] [stdout] test result: ok. 2 passed; 0 failed; 0 ignored; 0 measured; 0 filtered out; finished in 0.01s
[INFO] [stdout] 
[INFO] [stderr]      Running unittests src/bin/02.rs (/opt/rustwide/target/debug/deps/02-21fb9e9883bd4de3)
[INFO] [stdout] 
[INFO] [stdout] running 2 tests
[INFO] [stdout] test tests::test_part_two ... ok
[INFO] [stdout] test tests::test_part_one ... FAILED
[INFO] [stdout] 
[INFO] [stdout] failures:
[INFO] [stdout] 
[INFO] [stdout] ---- tests::test_part_one stdout ----
[INFO] [stdout] thread 'tests::test_part_one' panicked at src/bin/02.rs:9:17:
[INFO] [stdout] attempt to subtract with overflow
[INFO] [stdout] stack backtrace:
[INFO] [stdout]    0:     0x5cbfe272899a - std::backtrace_rs::backtrace::libunwind::trace::h5a5b8284f2d0c266
[INFO] [stdout]                                at /rustc/90b35a6239c3d8bdabc530a6a0816f7ff89a0aaf/library/std/src/../../backtrace/src/backtrace/libunwind.rs:116:5
[INFO] [stdout]    1:     0x5cbfe272899a - std::backtrace_rs::backtrace::trace_unsynchronized::h76d4f1c9b0b875e3
[INFO] [stdout]                                at /rustc/90b35a6239c3d8bdabc530a6a0816f7ff89a0aaf/library/std/src/../../backtrace/src/backtrace/mod.rs:66:5
[INFO] [stdout]    2:     0x5cbfe272899a - std::sys::backtrace::_print_fmt::hc4546b8364a537c6
[INFO] [stdout]                                at /rustc/90b35a6239c3d8bdabc530a6a0816f7ff89a0aaf/library/std/src/sys/backtrace.rs:66:9
[INFO] [stdout]    3:     0x5cbfe272899a - <std::sys::backtrace::BacktraceLock::print::DisplayBacktrace as core::fmt::Display>::fmt::h5b6bd5631a6d1f6b
[INFO] [stdout]                                at /rustc/90b35a6239c3d8bdabc530a6a0816f7ff89a0aaf/library/std/src/sys/backtrace.rs:39:26
[INFO] [stdout]    4:     0x5cbfe274de63 - core::fmt::rt::Argument::fmt::h270f6602a2b96f62
[INFO] [stdout]                                at /rustc/90b35a6239c3d8bdabc530a6a0816f7ff89a0aaf/library/core/src/fmt/rt.rs:177:76
[INFO] [stdout]    5:     0x5cbfe274de63 - core::fmt::write::h7550c97b06c86515
[INFO] [stdout]                                at /rustc/90b35a6239c3d8bdabc530a6a0816f7ff89a0aaf/library/core/src/fmt/mod.rs:1186:21
[INFO] [stdout]    6:     0x5cbfe27259c3 - std::io::Write::write_fmt::h509ff860e5956e5e
[INFO] [stdout]                                at /rustc/90b35a6239c3d8bdabc530a6a0816f7ff89a0aaf/library/std/src/io/mod.rs:1839:15
[INFO] [stdout]    7:     0x5cbfe27287e2 - std::sys::backtrace::BacktraceLock::print::h2395ccd2c84ba3aa
[INFO] [stdout]                                at /rustc/90b35a6239c3d8bdabc530a6a0816f7ff89a0aaf/library/std/src/sys/backtrace.rs:42:9
[INFO] [stdout]    8:     0x5cbfe2729dfa - std::panicking::default_hook::{{closure}}::he19d4c7230e07961
[INFO] [stdout]                                at /rustc/90b35a6239c3d8bdabc530a6a0816f7ff89a0aaf/library/std/src/panicking.rs:268:22
[INFO] [stdout]    9:     0x5cbfe2729c04 - std::panicking::default_hook::hf614597d3c67bbdb
[INFO] [stdout]                                at /rustc/90b35a6239c3d8bdabc530a6a0816f7ff89a0aaf/library/std/src/panicking.rs:292:9
[INFO] [stdout]   10:     0x5cbfe26f1f09 - <alloc::boxed::Box<F,A> as core::ops::function::Fn<Args>>::call::h39b51ce4599c23d1
[INFO] [stdout]                                at /rustc/90b35a6239c3d8bdabc530a6a0816f7ff89a0aaf/library/alloc/src/boxed.rs:2468:9
[INFO] [stdout]   11:     0x5cbfe26f1f09 - test::test_main::{{closure}}::he977ae839a582784
[INFO] [stdout]                                at /rustc/90b35a6239c3d8bdabc530a6a0816f7ff89a0aaf/library/test/src/lib.rs:133:21
[INFO] [stdout]   12:     0x5cbfe272a498 - <alloc::boxed::Box<F,A> as core::ops::function::Fn<Args>>::call::h9455091b6b06f9fb
[INFO] [stdout]                                at /rustc/90b35a6239c3d8bdabc530a6a0816f7ff89a0aaf/library/alloc/src/boxed.rs:2468:9
[INFO] [stdout]   13:     0x5cbfe272a498 - std::panicking::rust_panic_with_hook::h8942133a8b252070
[INFO] [stdout]                                at /rustc/90b35a6239c3d8bdabc530a6a0816f7ff89a0aaf/library/std/src/panicking.rs:809:13
[INFO] [stdout]   14:     0x5cbfe272a226 - std::panicking::begin_panic_handler::{{closure}}::hb5f5963570096b29
[INFO] [stdout]                                at /rustc/90b35a6239c3d8bdabc530a6a0816f7ff89a0aaf/library/std/src/panicking.rs:667:13
[INFO] [stdout]   15:     0x5cbfe2728e79 - std::sys::backtrace::__rust_end_short_backtrace::h6208cedc1922feda
[INFO] [stdout]                                at /rustc/90b35a6239c3d8bdabc530a6a0816f7ff89a0aaf/library/std/src/sys/backtrace.rs:170:18
[INFO] [stdout]   16:     0x5cbfe2729eec - rust_begin_unwind
[INFO] [stdout]                                at /rustc/90b35a6239c3d8bdabc530a6a0816f7ff89a0aaf/library/std/src/panicking.rs:665:5
[INFO] [stdout]   17:     0x5cbfe26b2a60 - core::panicking::panic_fmt::h0c3082644d1bf418
[INFO] [stdout]                                at /rustc/90b35a6239c3d8bdabc530a6a0816f7ff89a0aaf/library/core/src/panicking.rs:74:14
[INFO] [stdout]   18:     0x5cbfe26b3117 - core::panicking::panic_const::panic_const_sub_overflow::h068bbf8ea6b4f121
[INFO] [stdout]                                at /rustc/90b35a6239c3d8bdabc530a6a0816f7ff89a0aaf/library/core/src/panicking.rs:181:21
[INFO] [stdout]   19:     0x5cbfe26b8c66 - _02::is_safe::hbb0809999a8cc40d
[INFO] [stdout]                                at /opt/rustwide/workdir/src/bin/02.rs:9:17
[INFO] [stdout]   20:     0x5cbfe26b956c - _02::part_one::hc55e28fbc0463d5a
[INFO] [stdout]                                at /opt/rustwide/workdir/src/bin/02.rs:47:13
[INFO] [stdout]   21:     0x5cbfe26b6bb6 - _02::tests::test_part_one::h9b022e7b2f7ac978
[INFO] [stdout]                                at /opt/rustwide/workdir/src/bin/02.rs:77:22
[INFO] [stdout]   22:     0x5cbfe26b6b27 - _02::tests::test_part_one::{{closure}}::h8b11d0ba39b6afe0
[INFO] [stdout]                                at /opt/rustwide/workdir/src/bin/02.rs:76:23
[INFO] [stdout]   23:     0x5cbfe26b42e6 - core::ops::function::FnOnce::call_once::h54f2328693244708
[INFO] [stdout]                                at /rustc/90b35a6239c3d8bdabc530a6a0816f7ff89a0aaf/library/core/src/ops/function.rs:250:5
[INFO] [stdout]   24:     0x5cbfe26f68cb - core::ops::function::FnOnce::call_once::h109cf8051a59b34e
[INFO] [stdout]                                at /rustc/90b35a6239c3d8bdabc530a6a0816f7ff89a0aaf/library/core/src/ops/function.rs:250:5
[INFO] [stdout]   25:     0x5cbfe26f68cb - test::__rust_begin_short_backtrace::hf4fff89d377446ba
[INFO] [stdout]                                at /rustc/90b35a6239c3d8bdabc530a6a0816f7ff89a0aaf/library/test/src/lib.rs:621:18
[INFO] [stdout]   26:     0x5cbfe26f6107 - test::run_test_in_process::{{closure}}::h0e39181dd7ee5a43
[INFO] [stdout]                                at /rustc/90b35a6239c3d8bdabc530a6a0816f7ff89a0aaf/library/test/src/lib.rs:644:60
[INFO] [stdout]   27:     0x5cbfe26f6107 - <core::panic::unwind_safe::AssertUnwindSafe<F> as core::ops::function::FnOnce<()>>::call_once::hc5a66a30f0bdfd1f
[INFO] [stdout]                                at /rustc/90b35a6239c3d8bdabc530a6a0816f7ff89a0aaf/library/core/src/panic/unwind_safe.rs:272:9
[INFO] [stdout]   28:     0x5cbfe26f6107 - std::panicking::try::do_call::h873b7cf639554a5e
[INFO] [stdout]                                at /rustc/90b35a6239c3d8bdabc530a6a0816f7ff89a0aaf/library/std/src/panicking.rs:557:40
[INFO] [stdout]   29:     0x5cbfe26f6107 - std::panicking::try::hdb19862fad9c8bd1
[INFO] [stdout]                                at /rustc/90b35a6239c3d8bdabc530a6a0816f7ff89a0aaf/library/std/src/panicking.rs:520:19
[INFO] [stdout]   30:     0x5cbfe26f6107 - std::panic::catch_unwind::h281fe732d236d260
[INFO] [stdout]                                at /rustc/90b35a6239c3d8bdabc530a6a0816f7ff89a0aaf/library/std/src/panic.rs:358:14
[INFO] [stdout]   31:     0x5cbfe26f6107 - test::run_test_in_process::h949b6df8457ed338
[INFO] [stdout]                                at /rustc/90b35a6239c3d8bdabc530a6a0816f7ff89a0aaf/library/test/src/lib.rs:644:27
[INFO] [stdout]   32:     0x5cbfe26f6107 - test::run_test::{{closure}}::h52c556a6d4740e10
[INFO] [stdout]                                at /rustc/90b35a6239c3d8bdabc530a6a0816f7ff89a0aaf/library/test/src/lib.rs:565:43
[INFO] [stdout]   33:     0x5cbfe26bb3e4 - test::run_test::{{closure}}::h4237f6381c45ccb9
[INFO] [stdout]                                at /rustc/90b35a6239c3d8bdabc530a6a0816f7ff89a0aaf/library/test/src/lib.rs:595:41
[INFO] [stdout]   34:     0x5cbfe26bb3e4 - std::sys::backtrace::__rust_begin_short_backtrace::h505c97a579eca628
[INFO] [stdout]                                at /rustc/90b35a6239c3d8bdabc530a6a0816f7ff89a0aaf/library/std/src/sys/backtrace.rs:154:18
[INFO] [stdout]   35:     0x5cbfe26beaae - std::thread::Builder::spawn_unchecked_::{{closure}}::{{closure}}::h9e86b2e2bc107ea3
[INFO] [stdout]                                at /rustc/90b35a6239c3d8bdabc530a6a0816f7ff89a0aaf/library/std/src/thread/mod.rs:538:17
[INFO] [stdout]   36:     0x5cbfe26beaae - <core::panic::unwind_safe::AssertUnwindSafe<F> as core::ops::function::FnOnce<()>>::call_once::h8b06ddb275ff4a25
[INFO] [stdout]                                at /rustc/90b35a6239c3d8bdabc530a6a0816f7ff89a0aaf/library/core/src/panic/unwind_safe.rs:272:9
[INFO] [stdout]   37:     0x5cbfe26beaae - std::panicking::try::do_call::hb26ecd7cd9a9355d
[INFO] [stdout]                                at /rustc/90b35a6239c3d8bdabc530a6a0816f7ff89a0aaf/library/std/src/panicking.rs:557:40
[INFO] [stdout]   38:     0x5cbfe26beaae - std::panicking::try::h8ddeca9d705f9069
[INFO] [stdout]                                at /rustc/90b35a6239c3d8bdabc530a6a0816f7ff89a0aaf/library/std/src/panicking.rs:520:19
[INFO] [stdout]   39:     0x5cbfe26beaae - std::panic::catch_unwind::h49e1c33078844c46
[INFO] [stdout]                                at /rustc/90b35a6239c3d8bdabc530a6a0816f7ff89a0aaf/library/std/src/panic.rs:358:14
[INFO] [stdout]   40:     0x5cbfe26beaae - std::thread::Builder::spawn_unchecked_::{{closure}}::h6073db6ff56ad35d
[INFO] [stdout]                                at /rustc/90b35a6239c3d8bdabc530a6a0816f7ff89a0aaf/library/std/src/thread/mod.rs:537:30
[INFO] [stdout]   41:     0x5cbfe26beaae - core::ops::function::FnOnce::call_once{{vtable.shim}}::h2c5a5f3779c774f1
[INFO] [stdout]                                at /rustc/90b35a6239c3d8bdabc530a6a0816f7ff89a0aaf/library/core/src/ops/function.rs:250:5
[INFO] [stdout]   42:     0x5cbfe272e1eb - <alloc::boxed::Box<F,A> as core::ops::function::FnOnce<Args>>::call_once::hf75717d9f28faebf
[INFO] [stdout]                                at /rustc/90b35a6239c3d8bdabc530a6a0816f7ff89a0aaf/library/alloc/src/boxed.rs:2454:9
[INFO] [stdout]   43:     0x5cbfe272e1eb - <alloc::boxed::Box<F,A> as core::ops::function::FnOnce<Args>>::call_once::h7bd883a5f3c5f3c1
[INFO] [stdout]                                at /rustc/90b35a6239c3d8bdabc530a6a0816f7ff89a0aaf/library/alloc/src/boxed.rs:2454:9
[INFO] [stdout]   44:     0x5cbfe272e1eb - std::sys::pal::unix::thread::Thread::new::thread_start::hcc78f3943333fa94
[INFO] [stdout]                                at /rustc/90b35a6239c3d8bdabc530a6a0816f7ff89a0aaf/library/std/src/sys/pal/unix/thread.rs:105:17
[INFO] [stdout]   45:     0x7dc8433b1ac3 - <unknown>
[INFO] [stdout]   46:     0x7dc843442a04 - clone
[INFO] [stdout]   47:                0x0 - <unknown>
[INFO] [stdout] 
[INFO] [stdout] 
[INFO] [stdout] failures:
[INFO] [stdout]     tests::test_part_one
[INFO] [stdout] 
[INFO] [stdout] test result: FAILED. 1 passed; 1 failed; 0 ignored; 0 measured; 0 filtered out; finished in 0.03s
[INFO] [stdout] 
[INFO] [stderr] error: test failed, to rerun pass `--bin 02`
[INFO] running `Command { std: "docker" "inspect" "c0a6b4f10c4885db3a96b809afb85063dbb094c7255e39fb09bc3d08b9ddc6df", kill_on_drop: false }`
[INFO] running `Command { std: "docker" "rm" "-f" "c0a6b4f10c4885db3a96b809afb85063dbb094c7255e39fb09bc3d08b9ddc6df", kill_on_drop: false }`
[INFO] [stdout] c0a6b4f10c4885db3a96b809afb85063dbb094c7255e39fb09bc3d08b9ddc6df
