[INFO] cloning repository https://github.com/danii/lua-rust
[INFO] running `Command { std: "git" "-c" "credential.helper=" "-c" "credential.helper=/workspace/cargo-home/bin/git-credential-null" "clone" "--bare" "https://github.com/danii/lua-rust" "/workspace/cache/git-repos/https%3A%2F%2Fgithub.com%2Fdanii%2Flua-rust", kill_on_drop: false }`
[INFO] [stderr] Cloning into bare repository '/workspace/cache/git-repos/https%3A%2F%2Fgithub.com%2Fdanii%2Flua-rust'...
[INFO] running `Command { std: "git" "rev-parse" "HEAD", kill_on_drop: false }`
[INFO] [stdout] 58cd70c2aa6dff64a8fae6505472831098d31817
[INFO] testing danii/lua-rust against 1.83.0 for beta-1.84.0-4-retry
[INFO] running `Command { std: "git" "clone" "/workspace/cache/git-repos/https%3A%2F%2Fgithub.com%2Fdanii%2Flua-rust" "/workspace/builds/worker-7-tc1/source", kill_on_drop: false }`
[INFO] [stderr] Cloning into '/workspace/builds/worker-7-tc1/source'...
[INFO] [stderr] done.
[INFO] validating manifest of git repo https://github.com/danii/lua-rust on toolchain 1.83.0
[INFO] running `Command { std: CARGO_HOME="/workspace/cargo-home" RUSTUP_HOME="/workspace/rustup-home" "/workspace/cargo-home/bin/cargo" "+1.83.0" "metadata" "--manifest-path" "Cargo.toml" "--no-deps", kill_on_drop: false }`
[INFO] started tweaking git repo https://github.com/danii/lua-rust
[INFO] finished tweaking git repo https://github.com/danii/lua-rust
[INFO] tweaked toml for git repo https://github.com/danii/lua-rust written to /workspace/builds/worker-7-tc1/source/Cargo.toml
[INFO] crate git repo https://github.com/danii/lua-rust already has a lockfile, it will not be regenerated
[INFO] running `Command { std: CARGO_HOME="/workspace/cargo-home" RUSTUP_HOME="/workspace/rustup-home" "/workspace/cargo-home/bin/cargo" "+1.83.0" "fetch" "--manifest-path" "Cargo.toml", kill_on_drop: false }`
[INFO] [stderr]  Downloading crates ...
[INFO] [stderr]   Downloaded visibility v0.0.1
[INFO] running `Command { std: "docker" "create" "-v" "/var/lib/crater-agent-workspace/builds/worker-7-tc1/target:/opt/rustwide/target:rw,Z" "-v" "/var/lib/crater-agent-workspace/builds/worker-7-tc1/source:/opt/rustwide/workdir:ro,Z" "-v" "/var/lib/crater-agent-workspace/cargo-home:/opt/rustwide/cargo-home:ro,Z" "-v" "/var/lib/crater-agent-workspace/rustup-home:/opt/rustwide/rustup-home:ro,Z" "-e" "SOURCE_DIR=/opt/rustwide/workdir" "-e" "CARGO_TARGET_DIR=/opt/rustwide/target" "-e" "CARGO_HOME=/opt/rustwide/cargo-home" "-e" "RUSTUP_HOME=/opt/rustwide/rustup-home" "-w" "/opt/rustwide/workdir" "-m" "1610612736" "--user" "0:0" "--network" "none" "ghcr.io/rust-lang/crates-build-env/linux@sha256:f3a9d4ad9d972b27faf3965f35b62e55ba32bbce8f20bc8fe909558a86702fde" "/opt/rustwide/cargo-home/bin/cargo" "+1.83.0" "metadata" "--no-deps" "--format-version=1", kill_on_drop: false }`
[INFO] [stdout] fe2e0140e6a5f5066e98ac4920d3cc3f7d9ce2e61ef80349038081e1b13caef6
[INFO] running `Command { std: "docker" "start" "-a" "fe2e0140e6a5f5066e98ac4920d3cc3f7d9ce2e61ef80349038081e1b13caef6", kill_on_drop: false }`
[INFO] running `Command { std: "docker" "inspect" "fe2e0140e6a5f5066e98ac4920d3cc3f7d9ce2e61ef80349038081e1b13caef6", kill_on_drop: false }`
[INFO] running `Command { std: "docker" "rm" "-f" "fe2e0140e6a5f5066e98ac4920d3cc3f7d9ce2e61ef80349038081e1b13caef6", kill_on_drop: false }`
[INFO] [stdout] fe2e0140e6a5f5066e98ac4920d3cc3f7d9ce2e61ef80349038081e1b13caef6
[INFO] running `Command { std: "docker" "create" "-v" "/var/lib/crater-agent-workspace/builds/worker-7-tc1/target:/opt/rustwide/target:rw,Z" "-v" "/var/lib/crater-agent-workspace/builds/worker-7-tc1/source:/opt/rustwide/workdir:ro,Z" "-v" "/var/lib/crater-agent-workspace/cargo-home:/opt/rustwide/cargo-home:ro,Z" "-v" "/var/lib/crater-agent-workspace/rustup-home:/opt/rustwide/rustup-home:ro,Z" "-e" "SOURCE_DIR=/opt/rustwide/workdir" "-e" "CARGO_TARGET_DIR=/opt/rustwide/target" "-e" "CARGO_INCREMENTAL=0" "-e" "RUST_BACKTRACE=full" "-e" "RUSTFLAGS=--cap-lints=warn" "-e" "RUSTDOCFLAGS=--cap-lints=warn" "-e" "CARGO_HOME=/opt/rustwide/cargo-home" "-e" "RUSTUP_HOME=/opt/rustwide/rustup-home" "-w" "/opt/rustwide/workdir" "-m" "1610612736" "--user" "0:0" "--network" "none" "ghcr.io/rust-lang/crates-build-env/linux@sha256:f3a9d4ad9d972b27faf3965f35b62e55ba32bbce8f20bc8fe909558a86702fde" "/opt/rustwide/cargo-home/bin/cargo" "+1.83.0" "build" "--frozen" "--message-format=json", kill_on_drop: false }`
[INFO] [stdout] a3197b8ea239994332db87d93a6601b5a27e54e86d86726d66aa6e9a4af23e2e
[INFO] running `Command { std: "docker" "start" "-a" "a3197b8ea239994332db87d93a6601b5a27e54e86d86726d66aa6e9a4af23e2e", kill_on_drop: false }`
[INFO] [stderr]    Compiling libc v0.2.99
[INFO] [stderr]    Compiling proc-macro2 v1.0.28
[INFO] [stderr]    Compiling version_check v0.9.3
[INFO] [stderr]    Compiling unicode-xid v0.2.2
[INFO] [stderr]    Compiling cfg-if v1.0.0
[INFO] [stderr]    Compiling syn v1.0.74
[INFO] [stderr]    Compiling once_cell v1.8.0
[INFO] [stderr]    Compiling either v1.6.1
[INFO] [stderr]    Compiling hematita v0.1.0 (/opt/rustwide/workdir/hematita)
[INFO] [stderr]    Compiling pico-args v0.4.2
[INFO] [stderr]    Compiling itertools v0.10.1
[INFO] [stderr]    Compiling ahash v0.7.4
[INFO] [stderr]    Compiling quote v1.0.9
[INFO] [stderr]    Compiling getrandom v0.2.3
[INFO] [stderr]    Compiling hashbrown v0.11.2
[INFO] [stderr]    Compiling visibility v0.0.1
[INFO] [stdout] warning: unknown lint: `unused_variable`
[INFO] [stdout]     --> hematita/src/vm/mod.rs:1101:25
[INFO] [stdout]      |
[INFO] [stdout] 1101 |                 #[allow(unused_mut, unused_variable, unused_assignments)]
[INFO] [stdout]      |                                     ^^^^^^^^^^^^^^^ help: did you mean: `unused_variables`
[INFO] [stdout]      |
[INFO] [stdout]     ::: hematita/src/compiler/mod.rs:367:9
[INFO] [stdout]      |
[INFO] [stdout] 367  | ...                   insert_byte_code!(self {reas old, register});
[INFO] [stdout]      |                       -------------------------------------------- in this macro invocation
[INFO] [stdout]      |
[INFO] [stdout]      = note: `#[warn(unknown_lints)]` on by default
[INFO] [stdout]      = note: this warning originates in the macro `byte_code` which comes from the expansion of the macro `insert_byte_code` (in Nightly builds, run with -Z macro-backtrace for more info)
[INFO] [stdout] 
[INFO] [stdout] 
[INFO] [stdout] warning: unknown lint: `unused_variable`
[INFO] [stdout]     --> hematita/src/vm/mod.rs:1101:25
[INFO] [stdout]      |
[INFO] [stdout] 1101 |                 #[allow(unused_mut, unused_variable, unused_assignments)]
[INFO] [stdout]      |                                     ^^^^^^^^^^^^^^^ help: did you mean: `unused_variables`
[INFO] [stdout]      |
[INFO] [stdout]     ::: hematita/src/compiler/mod.rs:373:9
[INFO] [stdout]      |
[INFO] [stdout] 373  | ...                   insert_byte_code!(self {suv register, ^up_value})
[INFO] [stdout]      |                       ------------------------------------------------- in this macro invocation
[INFO] [stdout]      |
[INFO] [stdout]      = note: this warning originates in the macro `byte_code` which comes from the expansion of the macro `insert_byte_code` (in Nightly builds, run with -Z macro-backtrace for more info)
[INFO] [stdout] 
[INFO] [stdout] 
[INFO] [stdout] warning: unknown lint: `unused_variable`
[INFO] [stdout]     --> hematita/src/vm/mod.rs:1101:25
[INFO] [stdout]      |
[INFO] [stdout] 1101 |                 #[allow(unused_mut, unused_variable, unused_assignments)]
[INFO] [stdout]      |                                     ^^^^^^^^^^^^^^^ help: did you mean: `unused_variables`
[INFO] [stdout]      |
[INFO] [stdout]     ::: hematita/src/compiler/mod.rs:396:10
[INFO] [stdout]      |
[INFO] [stdout] 396  | ...                   insert_byte_code!(self {reas old, new}),
[INFO] [stdout]      |                       --------------------------------------- in this macro invocation
[INFO] [stdout]      |
[INFO] [stdout]      = note: this warning originates in the macro `byte_code` which comes from the expansion of the macro `insert_byte_code` (in Nightly builds, run with -Z macro-backtrace for more info)
[INFO] [stdout] 
[INFO] [stdout] 
[INFO] [stdout] warning: unknown lint: `unused_variable`
[INFO] [stdout]     --> hematita/src/vm/mod.rs:1101:25
[INFO] [stdout]      |
[INFO] [stdout] 1101 |                 #[allow(unused_mut, unused_variable, unused_assignments)]
[INFO] [stdout]      |                                     ^^^^^^^^^^^^^^^ help: did you mean: `unused_variables`
[INFO] [stdout]      |
[INFO] [stdout]     ::: hematita/src/compiler/mod.rs:399:10
[INFO] [stdout]      |
[INFO] [stdout] 399  | ...                   insert_byte_code!(self {suv old, ^up_value})
[INFO] [stdout]      |                       -------------------------------------------- in this macro invocation
[INFO] [stdout]      |
[INFO] [stdout]      = note: this warning originates in the macro `byte_code` which comes from the expansion of the macro `insert_byte_code` (in Nightly builds, run with -Z macro-backtrace for more info)
[INFO] [stdout] 
[INFO] [stdout] 
[INFO] [stdout] warning: unknown lint: `unused_variable`
[INFO] [stdout]     --> hematita/src/vm/mod.rs:1101:25
[INFO] [stdout]      |
[INFO] [stdout] 1101 |                 #[allow(unused_mut, unused_variable, unused_assignments)]
[INFO] [stdout]      |                                     ^^^^^^^^^^^^^^^ help: did you mean: `unused_variables`
[INFO] [stdout]      |
[INFO] [stdout]     ::: hematita/src/compiler/mod.rs:414:8
[INFO] [stdout]      |
[INFO] [stdout] 414  | ...                   insert_byte_code!(self {idxw indexee, index, register});
[INFO] [stdout]      |                       ------------------------------------------------------- in this macro invocation
[INFO] [stdout]      |
[INFO] [stdout]      = note: this warning originates in the macro `byte_code` which comes from the expansion of the macro `insert_byte_code` (in Nightly builds, run with -Z macro-backtrace for more info)
[INFO] [stdout] 
[INFO] [stdout] 
[INFO] [stdout] warning: unknown lint: `unused_variable`
[INFO] [stdout]     --> hematita/src/vm/mod.rs:1101:25
[INFO] [stdout]      |
[INFO] [stdout] 1101 |                 #[allow(unused_mut, unused_variable, unused_assignments)]
[INFO] [stdout]      |                                     ^^^^^^^^^^^^^^^ help: did you mean: `unused_variables`
[INFO] [stdout]      |
[INFO] [stdout]     ::: hematita/src/compiler/mod.rs:421:8
[INFO] [stdout]      |
[INFO] [stdout] 421  | ...                   insert_byte_code!(self {idxw indexee, index, value});
[INFO] [stdout]      |                       ---------------------------------------------------- in this macro invocation
[INFO] [stdout]      |
[INFO] [stdout]      = note: this warning originates in the macro `byte_code` which comes from the expansion of the macro `insert_byte_code` (in Nightly builds, run with -Z macro-backtrace for more info)
[INFO] [stdout] 
[INFO] [stdout] 
[INFO] [stdout] warning: unknown lint: `unused_variable`
[INFO] [stdout]     --> hematita/src/vm/mod.rs:1101:25
[INFO] [stdout]      |
[INFO] [stdout] 1101 |                 #[allow(unused_mut, unused_variable, unused_assignments)]
[INFO] [stdout]      |                                     ^^^^^^^^^^^^^^^ help: did you mean: `unused_variables`
[INFO] [stdout]      |
[INFO] [stdout]     ::: hematita/src/compiler/mod.rs:463:8
[INFO] [stdout]      |
[INFO] [stdout] 463  | ...                   insert_byte_code!(self {reas register, destination});
[INFO] [stdout]      |                       ---------------------------------------------------- in this macro invocation
[INFO] [stdout]      |
[INFO] [stdout]      = note: this warning originates in the macro `byte_code` which comes from the expansion of the macro `insert_byte_code` (in Nightly builds, run with -Z macro-backtrace for more info)
[INFO] [stdout] 
[INFO] [stdout] 
[INFO] [stdout] warning: unknown lint: `unused_variable`
[INFO] [stdout]     --> hematita/src/vm/mod.rs:1101:25
[INFO] [stdout]      |
[INFO] [stdout] 1101 |                 #[allow(unused_mut, unused_variable, unused_assignments)]
[INFO] [stdout]      |                                     ^^^^^^^^^^^^^^^ help: did you mean: `unused_variables`
[INFO] [stdout]      |
[INFO] [stdout]     ::: hematita/src/compiler/mod.rs:938:5
[INFO] [stdout]      |
[INFO] [stdout] 938  |                 insert_byte_code!(compiler {idxr tuple, index, temporary});
[INFO] [stdout]      |                 ---------------------------------------------------------- in this macro invocation
[INFO] [stdout]      |
[INFO] [stdout]      = note: this warning originates in the macro `byte_code` which comes from the expansion of the macro `insert_byte_code` (in Nightly builds, run with -Z macro-backtrace for more info)
[INFO] [stdout] 
[INFO] [stdout] 
[INFO] [stdout] warning: unknown lint: `unused_variable`
[INFO] [stdout]     --> hematita/src/vm/mod.rs:1101:25
[INFO] [stdout]      |
[INFO] [stdout] 1101 |                 #[allow(unused_mut, unused_variable, unused_assignments)]
[INFO] [stdout]      |                                     ^^^^^^^^^^^^^^^ help: did you mean: `unused_variables`
[INFO] [stdout]      |
[INFO] [stdout]     ::: hematita/src/compiler/mod.rs:947:4
[INFO] [stdout]      |
[INFO] [stdout] 947  |             insert_byte_code!(compiler {idxr tuple, index, temporary});
[INFO] [stdout]      |             ---------------------------------------------------------- in this macro invocation
[INFO] [stdout]      |
[INFO] [stdout]      = note: this warning originates in the macro `byte_code` which comes from the expansion of the macro `insert_byte_code` (in Nightly builds, run with -Z macro-backtrace for more info)
[INFO] [stdout] 
[INFO] [stdout] 
[INFO] [stdout] warning: call to `.borrow()` on a reference in this situation does nothing
[INFO] [stdout]    --> hematita/src/vm/value.rs:346:26
[INFO] [stdout]     |
[INFO] [stdout] 346 |             NonNil(value) => value.borrow().type_name(),
[INFO] [stdout]     |                                   ^^^^^^^^^
[INFO] [stdout]     |
[INFO] [stdout]     = note: the type `Value<'_>` does not implement `Borrow`, so calling `borrow` on `&Value<'_>` copies the reference, which does not do anything and can be removed
[INFO] [stdout]     = note: `#[warn(noop_method_call)]` on by default
[INFO] [stdout] help: remove this redundant call
[INFO] [stdout]     |
[INFO] [stdout] 346 -             NonNil(value) => value.borrow().type_name(),
[INFO] [stdout] 346 +             NonNil(value) => value.type_name(),
[INFO] [stdout]     |
[INFO] [stdout] help: if you meant to clone `Value<'_>`, implement `Clone` for it
[INFO] [stdout]     |
[INFO] [stdout] 178 + #[derive(Clone)]
[INFO] [stdout] 179 | pub enum Value<'n> {
[INFO] [stdout]     |
[INFO] [stdout] 
[INFO] [stdout] 
[INFO] [stdout] warning: call to `.borrow()` on a reference in this situation does nothing
[INFO] [stdout]    --> hematita/src/vm/value.rs:361:26
[INFO] [stdout]     |
[INFO] [stdout] 361 |             NonNil(value) => value.borrow().coerce_to_bool(),
[INFO] [stdout]     |                                   ^^^^^^^^^
[INFO] [stdout]     |
[INFO] [stdout]     = note: the type `Value<'_>` does not implement `Borrow`, so calling `borrow` on `&Value<'_>` copies the reference, which does not do anything and can be removed
[INFO] [stdout] help: remove this redundant call
[INFO] [stdout]     |
[INFO] [stdout] 361 -             NonNil(value) => value.borrow().coerce_to_bool(),
[INFO] [stdout] 361 +             NonNil(value) => value.coerce_to_bool(),
[INFO] [stdout]     |
[INFO] [stdout] help: if you meant to clone `Value<'_>`, implement `Clone` for it
[INFO] [stdout]     |
[INFO] [stdout] 178 + #[derive(Clone)]
[INFO] [stdout] 179 | pub enum Value<'n> {
[INFO] [stdout]     |
[INFO] [stdout] 
[INFO] [stdout] 
[INFO] [stdout] warning: call to `.borrow()` on a reference in this situation does nothing
[INFO] [stdout]    --> hematita/src/vm/value.rs:383:52
[INFO] [stdout]     |
[INFO] [stdout] 383 |             Nillable::NonNil(value) => write!(f, "{}", value.borrow()),
[INFO] [stdout]     |                                                             ^^^^^^^^^
[INFO] [stdout]     |
[INFO] [stdout]     = note: the type `Value<'_>` does not implement `Borrow`, so calling `borrow` on `&Value<'_>` copies the reference, which does not do anything and can be removed
[INFO] [stdout] help: remove this redundant call
[INFO] [stdout]     |
[INFO] [stdout] 383 -             Nillable::NonNil(value) => write!(f, "{}", value.borrow()),
[INFO] [stdout] 383 +             Nillable::NonNil(value) => write!(f, "{}", value),
[INFO] [stdout]     |
[INFO] [stdout] help: if you meant to clone `Value<'_>`, implement `Clone` for it
[INFO] [stdout]     |
[INFO] [stdout] 178 + #[derive(Clone)]
[INFO] [stdout] 179 | pub enum Value<'n> {
[INFO] [stdout]     |
[INFO] [stdout] 
[INFO] [stdout] 
[INFO] [stdout] warning: call to `.borrow()` on a reference in this situation does nothing
[INFO] [stdout]    --> hematita/src/vm/value.rs:392:54
[INFO] [stdout]     |
[INFO] [stdout] 392 |             Nillable::NonNil(value) => write!(f, "{:?}", value.borrow()),
[INFO] [stdout]     |                                                               ^^^^^^^^^
[INFO] [stdout]     |
[INFO] [stdout]     = note: the type `Value<'_>` does not implement `Borrow`, so calling `borrow` on `&Value<'_>` copies the reference, which does not do anything and can be removed
[INFO] [stdout] help: remove this redundant call
[INFO] [stdout]     |
[INFO] [stdout] 392 -             Nillable::NonNil(value) => write!(f, "{:?}", value.borrow()),
[INFO] [stdout] 392 +             Nillable::NonNil(value) => write!(f, "{:?}", value),
[INFO] [stdout]     |
[INFO] [stdout] help: if you meant to clone `Value<'_>`, implement `Clone` for it
[INFO] [stdout]     |
[INFO] [stdout] 178 + #[derive(Clone)]
[INFO] [stdout] 179 | pub enum Value<'n> {
[INFO] [stdout]     |
[INFO] [stdout] 
[INFO] [stdout] 
[INFO] [stderr]    Compiling hematita_cli v0.1.0 (/opt/rustwide/workdir/hematita_cli)
[INFO] [stderr]     Finished `dev` profile [unoptimized + debuginfo] target(s) in 11.55s
[INFO] running `Command { std: "docker" "inspect" "a3197b8ea239994332db87d93a6601b5a27e54e86d86726d66aa6e9a4af23e2e", kill_on_drop: false }`
[INFO] running `Command { std: "docker" "rm" "-f" "a3197b8ea239994332db87d93a6601b5a27e54e86d86726d66aa6e9a4af23e2e", kill_on_drop: false }`
[INFO] [stdout] a3197b8ea239994332db87d93a6601b5a27e54e86d86726d66aa6e9a4af23e2e
[INFO] running `Command { std: "docker" "create" "-v" "/var/lib/crater-agent-workspace/builds/worker-7-tc1/target:/opt/rustwide/target:rw,Z" "-v" "/var/lib/crater-agent-workspace/builds/worker-7-tc1/source:/opt/rustwide/workdir:ro,Z" "-v" "/var/lib/crater-agent-workspace/cargo-home:/opt/rustwide/cargo-home:ro,Z" "-v" "/var/lib/crater-agent-workspace/rustup-home:/opt/rustwide/rustup-home:ro,Z" "-e" "SOURCE_DIR=/opt/rustwide/workdir" "-e" "CARGO_TARGET_DIR=/opt/rustwide/target" "-e" "CARGO_INCREMENTAL=0" "-e" "RUST_BACKTRACE=full" "-e" "RUSTFLAGS=--cap-lints=warn" "-e" "RUSTDOCFLAGS=--cap-lints=warn" "-e" "CARGO_HOME=/opt/rustwide/cargo-home" "-e" "RUSTUP_HOME=/opt/rustwide/rustup-home" "-w" "/opt/rustwide/workdir" "-m" "1610612736" "--user" "0:0" "--network" "none" "ghcr.io/rust-lang/crates-build-env/linux@sha256:f3a9d4ad9d972b27faf3965f35b62e55ba32bbce8f20bc8fe909558a86702fde" "/opt/rustwide/cargo-home/bin/cargo" "+1.83.0" "test" "--frozen" "--no-run" "--message-format=json", kill_on_drop: false }`
[INFO] [stdout] 2cf0b3450955a5c2c7e9ba005be7b386af3d50a62f29daca8b1f9a53e50e2065
[INFO] running `Command { std: "docker" "start" "-a" "2cf0b3450955a5c2c7e9ba005be7b386af3d50a62f29daca8b1f9a53e50e2065", kill_on_drop: false }`
[INFO] [stderr]    Compiling diff v0.1.12
[INFO] [stdout] warning: unknown lint: `unused_variable`
[INFO] [stdout]     --> hematita/src/vm/mod.rs:1101:25
[INFO] [stdout]      |
[INFO] [stdout] 1101 |                 #[allow(unused_mut, unused_variable, unused_assignments)]
[INFO] [stdout]      |                                     ^^^^^^^^^^^^^^^ help: did you mean: `unused_variables`
[INFO] [stdout]      |
[INFO] [stdout]     ::: hematita/src/compiler/mod.rs:367:9
[INFO] [stdout]      |
[INFO] [stdout] 367  | ...                   insert_byte_code!(self {reas old, register});
[INFO] [stdout]      |                       -------------------------------------------- in this macro invocation
[INFO] [stdout]      |
[INFO] [stdout]      = note: `#[warn(unknown_lints)]` on by default
[INFO] [stdout]      = note: this warning originates in the macro `byte_code` which comes from the expansion of the macro `insert_byte_code` (in Nightly builds, run with -Z macro-backtrace for more info)
[INFO] [stdout] 
[INFO] [stdout] 
[INFO] [stdout] warning: unknown lint: `unused_variable`
[INFO] [stdout]     --> hematita/src/vm/mod.rs:1101:25
[INFO] [stdout]      |
[INFO] [stdout] 1101 |                 #[allow(unused_mut, unused_variable, unused_assignments)]
[INFO] [stdout]      |                                     ^^^^^^^^^^^^^^^ help: did you mean: `unused_variables`
[INFO] [stdout]      |
[INFO] [stdout]     ::: hematita/src/compiler/mod.rs:373:9
[INFO] [stdout]      |
[INFO] [stdout] 373  | ...                   insert_byte_code!(self {suv register, ^up_value})
[INFO] [stdout]      |                       ------------------------------------------------- in this macro invocation
[INFO] [stdout]      |
[INFO] [stdout]      = note: this warning originates in the macro `byte_code` which comes from the expansion of the macro `insert_byte_code` (in Nightly builds, run with -Z macro-backtrace for more info)
[INFO] [stdout] 
[INFO] [stdout] 
[INFO] [stdout] warning: unknown lint: `unused_variable`
[INFO] [stdout]     --> hematita/src/vm/mod.rs:1101:25
[INFO] [stdout]      |
[INFO] [stdout] 1101 |                 #[allow(unused_mut, unused_variable, unused_assignments)]
[INFO] [stdout]      |                                     ^^^^^^^^^^^^^^^ help: did you mean: `unused_variables`
[INFO] [stdout]      |
[INFO] [stdout]     ::: hematita/src/compiler/mod.rs:396:10
[INFO] [stdout]      |
[INFO] [stdout] 396  | ...                   insert_byte_code!(self {reas old, new}),
[INFO] [stdout]      |                       --------------------------------------- in this macro invocation
[INFO] [stdout]      |
[INFO] [stdout]      = note: this warning originates in the macro `byte_code` which comes from the expansion of the macro `insert_byte_code` (in Nightly builds, run with -Z macro-backtrace for more info)
[INFO] [stdout] 
[INFO] [stdout] 
[INFO] [stdout] warning: unknown lint: `unused_variable`
[INFO] [stdout]     --> hematita/src/vm/mod.rs:1101:25
[INFO] [stdout]      |
[INFO] [stdout] 1101 |                 #[allow(unused_mut, unused_variable, unused_assignments)]
[INFO] [stdout]      |                                     ^^^^^^^^^^^^^^^ help: did you mean: `unused_variables`
[INFO] [stdout]      |
[INFO] [stdout]     ::: hematita/src/compiler/mod.rs:399:10
[INFO] [stdout]      |
[INFO] [stdout] 399  | ...                   insert_byte_code!(self {suv old, ^up_value})
[INFO] [stdout]      |                       -------------------------------------------- in this macro invocation
[INFO] [stdout]      |
[INFO] [stdout]      = note: this warning originates in the macro `byte_code` which comes from the expansion of the macro `insert_byte_code` (in Nightly builds, run with -Z macro-backtrace for more info)
[INFO] [stdout] 
[INFO] [stdout] 
[INFO] [stdout] warning: unknown lint: `unused_variable`
[INFO] [stdout]     --> hematita/src/vm/mod.rs:1101:25
[INFO] [stdout]      |
[INFO] [stdout] 1101 |                 #[allow(unused_mut, unused_variable, unused_assignments)]
[INFO] [stdout]      |                                     ^^^^^^^^^^^^^^^ help: did you mean: `unused_variables`
[INFO] [stdout]      |
[INFO] [stdout]     ::: hematita/src/compiler/mod.rs:414:8
[INFO] [stdout]      |
[INFO] [stdout] 414  | ...                   insert_byte_code!(self {idxw indexee, index, register});
[INFO] [stdout]      |                       ------------------------------------------------------- in this macro invocation
[INFO] [stdout]      |
[INFO] [stdout]      = note: this warning originates in the macro `byte_code` which comes from the expansion of the macro `insert_byte_code` (in Nightly builds, run with -Z macro-backtrace for more info)
[INFO] [stdout] 
[INFO] [stdout] 
[INFO] [stdout] warning: unknown lint: `unused_variable`
[INFO] [stdout]     --> hematita/src/vm/mod.rs:1101:25
[INFO] [stdout]      |
[INFO] [stdout] 1101 |                 #[allow(unused_mut, unused_variable, unused_assignments)]
[INFO] [stdout]      |                                     ^^^^^^^^^^^^^^^ help: did you mean: `unused_variables`
[INFO] [stdout]      |
[INFO] [stdout]     ::: hematita/src/compiler/mod.rs:421:8
[INFO] [stdout]      |
[INFO] [stdout] 421  | ...                   insert_byte_code!(self {idxw indexee, index, value});
[INFO] [stdout]      |                       ---------------------------------------------------- in this macro invocation
[INFO] [stdout]      |
[INFO] [stdout]      = note: this warning originates in the macro `byte_code` which comes from the expansion of the macro `insert_byte_code` (in Nightly builds, run with -Z macro-backtrace for more info)
[INFO] [stdout] 
[INFO] [stdout] 
[INFO] [stdout] warning: unknown lint: `unused_variable`
[INFO] [stdout]     --> hematita/src/vm/mod.rs:1101:25
[INFO] [stdout]      |
[INFO] [stdout] 1101 |                 #[allow(unused_mut, unused_variable, unused_assignments)]
[INFO] [stdout]      |                                     ^^^^^^^^^^^^^^^ help: did you mean: `unused_variables`
[INFO] [stdout]      |
[INFO] [stdout]     ::: hematita/src/compiler/mod.rs:463:8
[INFO] [stdout]      |
[INFO] [stdout] 463  | ...                   insert_byte_code!(self {reas register, destination});
[INFO] [stdout]      |                       ---------------------------------------------------- in this macro invocation
[INFO] [stdout]      |
[INFO] [stdout]      = note: this warning originates in the macro `byte_code` which comes from the expansion of the macro `insert_byte_code` (in Nightly builds, run with -Z macro-backtrace for more info)
[INFO] [stdout] 
[INFO] [stdout] 
[INFO] [stdout] warning: unknown lint: `unused_variable`
[INFO] [stdout]     --> hematita/src/vm/mod.rs:1101:25
[INFO] [stdout]      |
[INFO] [stdout] 1101 |                 #[allow(unused_mut, unused_variable, unused_assignments)]
[INFO] [stdout]      |                                     ^^^^^^^^^^^^^^^ help: did you mean: `unused_variables`
[INFO] [stdout]      |
[INFO] [stdout]     ::: hematita/src/compiler/mod.rs:938:5
[INFO] [stdout]      |
[INFO] [stdout] 938  |                 insert_byte_code!(compiler {idxr tuple, index, temporary});
[INFO] [stdout]      |                 ---------------------------------------------------------- in this macro invocation
[INFO] [stdout]      |
[INFO] [stdout]      = note: this warning originates in the macro `byte_code` which comes from the expansion of the macro `insert_byte_code` (in Nightly builds, run with -Z macro-backtrace for more info)
[INFO] [stdout] 
[INFO] [stdout] 
[INFO] [stdout] warning: unknown lint: `unused_variable`
[INFO] [stdout]     --> hematita/src/vm/mod.rs:1101:25
[INFO] [stdout]      |
[INFO] [stdout] 1101 |                 #[allow(unused_mut, unused_variable, unused_assignments)]
[INFO] [stdout]      |                                     ^^^^^^^^^^^^^^^ help: did you mean: `unused_variables`
[INFO] [stdout]      |
[INFO] [stdout]     ::: hematita/src/compiler/mod.rs:947:4
[INFO] [stdout]      |
[INFO] [stdout] 947  |             insert_byte_code!(compiler {idxr tuple, index, temporary});
[INFO] [stdout]      |             ---------------------------------------------------------- in this macro invocation
[INFO] [stdout]      |
[INFO] [stdout]      = note: this warning originates in the macro `byte_code` which comes from the expansion of the macro `insert_byte_code` (in Nightly builds, run with -Z macro-backtrace for more info)
[INFO] [stdout] 
[INFO] [stdout] 
[INFO] [stdout] warning: call to `.borrow()` on a reference in this situation does nothing
[INFO] [stdout]    --> hematita/src/vm/value.rs:346:26
[INFO] [stdout]     |
[INFO] [stdout] 346 |             NonNil(value) => value.borrow().type_name(),
[INFO] [stdout]     |                                   ^^^^^^^^^
[INFO] [stdout]     |
[INFO] [stdout]     = note: the type `Value<'_>` does not implement `Borrow`, so calling `borrow` on `&Value<'_>` copies the reference, which does not do anything and can be removed
[INFO] [stdout]     = note: `#[warn(noop_method_call)]` on by default
[INFO] [stdout] help: remove this redundant call
[INFO] [stdout]     |
[INFO] [stdout] 346 -             NonNil(value) => value.borrow().type_name(),
[INFO] [stdout] 346 +             NonNil(value) => value.type_name(),
[INFO] [stdout]     |
[INFO] [stdout] help: if you meant to clone `Value<'_>`, implement `Clone` for it
[INFO] [stdout]     |
[INFO] [stdout] 178 + #[derive(Clone)]
[INFO] [stdout] 179 | pub enum Value<'n> {
[INFO] [stdout]     |
[INFO] [stdout] 
[INFO] [stdout] 
[INFO] [stdout] warning: call to `.borrow()` on a reference in this situation does nothing
[INFO] [stdout]    --> hematita/src/vm/value.rs:361:26
[INFO] [stdout]     |
[INFO] [stdout] 361 |             NonNil(value) => value.borrow().coerce_to_bool(),
[INFO] [stdout]     |                                   ^^^^^^^^^
[INFO] [stdout]     |
[INFO] [stdout]     = note: the type `Value<'_>` does not implement `Borrow`, so calling `borrow` on `&Value<'_>` copies the reference, which does not do anything and can be removed
[INFO] [stdout] help: remove this redundant call
[INFO] [stdout]     |
[INFO] [stdout] 361 -             NonNil(value) => value.borrow().coerce_to_bool(),
[INFO] [stdout] 361 +             NonNil(value) => value.coerce_to_bool(),
[INFO] [stdout]     |
[INFO] [stdout] help: if you meant to clone `Value<'_>`, implement `Clone` for it
[INFO] [stdout]     |
[INFO] [stdout] 178 + #[derive(Clone)]
[INFO] [stdout] 179 | pub enum Value<'n> {
[INFO] [stdout]     |
[INFO] [stdout] 
[INFO] [stdout] 
[INFO] [stderr]    Compiling hematita_cli v0.1.0 (/opt/rustwide/workdir/hematita_cli)
[INFO] [stdout] warning: call to `.borrow()` on a reference in this situation does nothing
[INFO] [stdout]    --> hematita/src/vm/value.rs:383:52
[INFO] [stdout]     |
[INFO] [stdout] 383 |             Nillable::NonNil(value) => write!(f, "{}", value.borrow()),
[INFO] [stdout]     |                                                             ^^^^^^^^^
[INFO] [stdout]     |
[INFO] [stdout]     = note: the type `Value<'_>` does not implement `Borrow`, so calling `borrow` on `&Value<'_>` copies the reference, which does not do anything and can be removed
[INFO] [stdout] help: remove this redundant call
[INFO] [stdout]     |
[INFO] [stdout] 383 -             Nillable::NonNil(value) => write!(f, "{}", value.borrow()),
[INFO] [stdout] 383 +             Nillable::NonNil(value) => write!(f, "{}", value),
[INFO] [stdout]     |
[INFO] [stdout] help: if you meant to clone `Value<'_>`, implement `Clone` for it
[INFO] [stdout]     |
[INFO] [stdout] 178 + #[derive(Clone)]
[INFO] [stdout] 179 | pub enum Value<'n> {
[INFO] [stdout]     |
[INFO] [stdout] 
[INFO] [stdout] 
[INFO] [stdout] warning: call to `.borrow()` on a reference in this situation does nothing
[INFO] [stdout]    --> hematita/src/vm/value.rs:392:54
[INFO] [stdout]     |
[INFO] [stdout] 392 |             Nillable::NonNil(value) => write!(f, "{:?}", value.borrow()),
[INFO] [stdout]     |                                                               ^^^^^^^^^
[INFO] [stdout]     |
[INFO] [stdout]     = note: the type `Value<'_>` does not implement `Borrow`, so calling `borrow` on `&Value<'_>` copies the reference, which does not do anything and can be removed
[INFO] [stdout] help: remove this redundant call
[INFO] [stdout]     |
[INFO] [stdout] 392 -             Nillable::NonNil(value) => write!(f, "{:?}", value.borrow()),
[INFO] [stdout] 392 +             Nillable::NonNil(value) => write!(f, "{:?}", value),
[INFO] [stdout]     |
[INFO] [stdout] help: if you meant to clone `Value<'_>`, implement `Clone` for it
[INFO] [stdout]     |
[INFO] [stdout] 178 + #[derive(Clone)]
[INFO] [stdout] 179 | pub enum Value<'n> {
[INFO] [stdout]     |
[INFO] [stdout] 
[INFO] [stdout] 
[INFO] [stderr]    Compiling hematita v0.1.0 (/opt/rustwide/workdir/hematita)
[INFO] [stdout] warning: unknown lint: `unused_variable`
[INFO] [stdout]     --> hematita/src/vm/mod.rs:1101:25
[INFO] [stdout]      |
[INFO] [stdout] 1101 |                 #[allow(unused_mut, unused_variable, unused_assignments)]
[INFO] [stdout]      |                                     ^^^^^^^^^^^^^^^ help: did you mean: `unused_variables`
[INFO] [stdout]      |
[INFO] [stdout]     ::: hematita/src/compiler/mod.rs:367:9
[INFO] [stdout]      |
[INFO] [stdout] 367  | ...                   insert_byte_code!(self {reas old, register});
[INFO] [stdout]      |                       -------------------------------------------- in this macro invocation
[INFO] [stdout]      |
[INFO] [stdout]      = note: `#[warn(unknown_lints)]` on by default
[INFO] [stdout]      = note: this warning originates in the macro `byte_code` which comes from the expansion of the macro `insert_byte_code` (in Nightly builds, run with -Z macro-backtrace for more info)
[INFO] [stdout] 
[INFO] [stdout] 
[INFO] [stdout] warning: unknown lint: `unused_variable`
[INFO] [stdout]     --> hematita/src/vm/mod.rs:1101:25
[INFO] [stdout]      |
[INFO] [stdout] 1101 |                 #[allow(unused_mut, unused_variable, unused_assignments)]
[INFO] [stdout]      |                                     ^^^^^^^^^^^^^^^ help: did you mean: `unused_variables`
[INFO] [stdout]      |
[INFO] [stdout]     ::: hematita/src/compiler/mod.rs:373:9
[INFO] [stdout]      |
[INFO] [stdout] 373  | ...                   insert_byte_code!(self {suv register, ^up_value})
[INFO] [stdout]      |                       ------------------------------------------------- in this macro invocation
[INFO] [stdout]      |
[INFO] [stdout]      = note: this warning originates in the macro `byte_code` which comes from the expansion of the macro `insert_byte_code` (in Nightly builds, run with -Z macro-backtrace for more info)
[INFO] [stdout] 
[INFO] [stdout] 
[INFO] [stdout] warning: unknown lint: `unused_variable`
[INFO] [stdout]     --> hematita/src/vm/mod.rs:1101:25
[INFO] [stdout]      |
[INFO] [stdout] 1101 |                 #[allow(unused_mut, unused_variable, unused_assignments)]
[INFO] [stdout]      |                                     ^^^^^^^^^^^^^^^ help: did you mean: `unused_variables`
[INFO] [stdout]      |
[INFO] [stdout]     ::: hematita/src/compiler/mod.rs:396:10
[INFO] [stdout]      |
[INFO] [stdout] 396  | ...                   insert_byte_code!(self {reas old, new}),
[INFO] [stdout]      |                       --------------------------------------- in this macro invocation
[INFO] [stdout]      |
[INFO] [stdout]      = note: this warning originates in the macro `byte_code` which comes from the expansion of the macro `insert_byte_code` (in Nightly builds, run with -Z macro-backtrace for more info)
[INFO] [stdout] 
[INFO] [stdout] 
[INFO] [stdout] warning: unknown lint: `unused_variable`
[INFO] [stdout]     --> hematita/src/vm/mod.rs:1101:25
[INFO] [stdout]      |
[INFO] [stdout] 1101 |                 #[allow(unused_mut, unused_variable, unused_assignments)]
[INFO] [stdout]      |                                     ^^^^^^^^^^^^^^^ help: did you mean: `unused_variables`
[INFO] [stdout]      |
[INFO] [stdout]     ::: hematita/src/compiler/mod.rs:399:10
[INFO] [stdout]      |
[INFO] [stdout] 399  | ...                   insert_byte_code!(self {suv old, ^up_value})
[INFO] [stdout]      |                       -------------------------------------------- in this macro invocation
[INFO] [stdout]      |
[INFO] [stdout]      = note: this warning originates in the macro `byte_code` which comes from the expansion of the macro `insert_byte_code` (in Nightly builds, run with -Z macro-backtrace for more info)
[INFO] [stdout] 
[INFO] [stdout] 
[INFO] [stdout] warning: unknown lint: `unused_variable`
[INFO] [stdout]     --> hematita/src/vm/mod.rs:1101:25
[INFO] [stdout]      |
[INFO] [stdout] 1101 |                 #[allow(unused_mut, unused_variable, unused_assignments)]
[INFO] [stdout]      |                                     ^^^^^^^^^^^^^^^ help: did you mean: `unused_variables`
[INFO] [stdout]      |
[INFO] [stdout]     ::: hematita/src/compiler/mod.rs:414:8
[INFO] [stdout]      |
[INFO] [stdout] 414  | ...                   insert_byte_code!(self {idxw indexee, index, register});
[INFO] [stdout]      |                       ------------------------------------------------------- in this macro invocation
[INFO] [stdout]      |
[INFO] [stdout]      = note: this warning originates in the macro `byte_code` which comes from the expansion of the macro `insert_byte_code` (in Nightly builds, run with -Z macro-backtrace for more info)
[INFO] [stdout] 
[INFO] [stdout] 
[INFO] [stdout] warning: unknown lint: `unused_variable`
[INFO] [stdout]     --> hematita/src/vm/mod.rs:1101:25
[INFO] [stdout]      |
[INFO] [stdout] 1101 |                 #[allow(unused_mut, unused_variable, unused_assignments)]
[INFO] [stdout]      |                                     ^^^^^^^^^^^^^^^ help: did you mean: `unused_variables`
[INFO] [stdout]      |
[INFO] [stdout]     ::: hematita/src/compiler/mod.rs:421:8
[INFO] [stdout]      |
[INFO] [stdout] 421  | ...                   insert_byte_code!(self {idxw indexee, index, value});
[INFO] [stdout]      |                       ---------------------------------------------------- in this macro invocation
[INFO] [stdout]      |
[INFO] [stdout]      = note: this warning originates in the macro `byte_code` which comes from the expansion of the macro `insert_byte_code` (in Nightly builds, run with -Z macro-backtrace for more info)
[INFO] [stdout] 
[INFO] [stdout] 
[INFO] [stdout] warning: unknown lint: `unused_variable`
[INFO] [stdout]     --> hematita/src/vm/mod.rs:1101:25
[INFO] [stdout]      |
[INFO] [stdout] 1101 |                 #[allow(unused_mut, unused_variable, unused_assignments)]
[INFO] [stdout]      |                                     ^^^^^^^^^^^^^^^ help: did you mean: `unused_variables`
[INFO] [stdout]      |
[INFO] [stdout]     ::: hematita/src/compiler/mod.rs:463:8
[INFO] [stdout]      |
[INFO] [stdout] 463  | ...                   insert_byte_code!(self {reas register, destination});
[INFO] [stdout]      |                       ---------------------------------------------------- in this macro invocation
[INFO] [stdout]      |
[INFO] [stdout]      = note: this warning originates in the macro `byte_code` which comes from the expansion of the macro `insert_byte_code` (in Nightly builds, run with -Z macro-backtrace for more info)
[INFO] [stdout] 
[INFO] [stdout] 
[INFO] [stdout] warning: unknown lint: `unused_variable`
[INFO] [stdout]     --> hematita/src/vm/mod.rs:1101:25
[INFO] [stdout]      |
[INFO] [stdout] 1101 |                 #[allow(unused_mut, unused_variable, unused_assignments)]
[INFO] [stdout]      |                                     ^^^^^^^^^^^^^^^ help: did you mean: `unused_variables`
[INFO] [stdout]      |
[INFO] [stdout]     ::: hematita/src/compiler/mod.rs:938:5
[INFO] [stdout]      |
[INFO] [stdout] 938  |                 insert_byte_code!(compiler {idxr tuple, index, temporary});
[INFO] [stdout]      |                 ---------------------------------------------------------- in this macro invocation
[INFO] [stdout]      |
[INFO] [stdout]      = note: this warning originates in the macro `byte_code` which comes from the expansion of the macro `insert_byte_code` (in Nightly builds, run with -Z macro-backtrace for more info)
[INFO] [stdout] 
[INFO] [stdout] 
[INFO] [stdout] warning: unknown lint: `unused_variable`
[INFO] [stdout]     --> hematita/src/vm/mod.rs:1101:25
[INFO] [stdout]      |
[INFO] [stdout] 1101 |                 #[allow(unused_mut, unused_variable, unused_assignments)]
[INFO] [stdout]      |                                     ^^^^^^^^^^^^^^^ help: did you mean: `unused_variables`
[INFO] [stdout]      |
[INFO] [stdout]     ::: hematita/src/compiler/mod.rs:947:4
[INFO] [stdout]      |
[INFO] [stdout] 947  |             insert_byte_code!(compiler {idxr tuple, index, temporary});
[INFO] [stdout]      |             ---------------------------------------------------------- in this macro invocation
[INFO] [stdout]      |
[INFO] [stdout]      = note: this warning originates in the macro `byte_code` which comes from the expansion of the macro `insert_byte_code` (in Nightly builds, run with -Z macro-backtrace for more info)
[INFO] [stdout] 
[INFO] [stdout] 
[INFO] [stdout] warning: unknown lint: `unused_variable`
[INFO] [stdout]     --> hematita/src/vm/mod.rs:1101:25
[INFO] [stdout]      |
[INFO] [stdout] 1101 |                   #[allow(unused_mut, unused_variable, unused_assignments)]
[INFO] [stdout]      |                                       ^^^^^^^^^^^^^^^ help: did you mean: `unused_variables`
[INFO] [stdout]      |
[INFO] [stdout]     ::: hematita/src/vm/tests.rs:8:13
[INFO] [stdout]      |
[INFO] [stdout] 8    |       let code = byte_code! {
[INFO] [stdout]      |  ________________-
[INFO] [stdout] 9    | |         call 0, 1, 2;
[INFO] [stdout] 10   | |         idxr 3, 4, 5;
[INFO] [stdout] 11   | |         idxw 6, 7, 8;
[INFO] [stdout] ...    |
[INFO] [stdout] 45   | |         noop;
[INFO] [stdout] 46   | |     };
[INFO] [stdout]      | |_____- in this macro invocation
[INFO] [stdout]      |
[INFO] [stdout]      = note: this warning originates in the macro `byte_code` (in Nightly builds, run with -Z macro-backtrace for more info)
[INFO] [stdout] 
[INFO] [stdout] 
[INFO] [stdout] warning: call to `.borrow()` on a reference in this situation does nothing
[INFO] [stdout]    --> hematita/src/vm/value.rs:346:26
[INFO] [stdout]     |
[INFO] [stdout] 346 |             NonNil(value) => value.borrow().type_name(),
[INFO] [stdout]     |                                   ^^^^^^^^^
[INFO] [stdout]     |
[INFO] [stdout]     = note: the type `Value<'_>` does not implement `Borrow`, so calling `borrow` on `&Value<'_>` copies the reference, which does not do anything and can be removed
[INFO] [stdout]     = note: `#[warn(noop_method_call)]` on by default
[INFO] [stdout] help: remove this redundant call
[INFO] [stdout]     |
[INFO] [stdout] 346 -             NonNil(value) => value.borrow().type_name(),
[INFO] [stdout] 346 +             NonNil(value) => value.type_name(),
[INFO] [stdout]     |
[INFO] [stdout] help: if you meant to clone `Value<'_>`, implement `Clone` for it
[INFO] [stdout]     |
[INFO] [stdout] 178 + #[derive(Clone)]
[INFO] [stdout] 179 | pub enum Value<'n> {
[INFO] [stdout]     |
[INFO] [stdout] 
[INFO] [stdout] 
[INFO] [stdout] warning: call to `.borrow()` on a reference in this situation does nothing
[INFO] [stdout]    --> hematita/src/vm/value.rs:361:26
[INFO] [stdout]     |
[INFO] [stdout] 361 |             NonNil(value) => value.borrow().coerce_to_bool(),
[INFO] [stdout]     |                                   ^^^^^^^^^
[INFO] [stdout]     |
[INFO] [stdout]     = note: the type `Value<'_>` does not implement `Borrow`, so calling `borrow` on `&Value<'_>` copies the reference, which does not do anything and can be removed
[INFO] [stdout] help: remove this redundant call
[INFO] [stdout]     |
[INFO] [stdout] 361 -             NonNil(value) => value.borrow().coerce_to_bool(),
[INFO] [stdout] 361 +             NonNil(value) => value.coerce_to_bool(),
[INFO] [stdout]     |
[INFO] [stdout] help: if you meant to clone `Value<'_>`, implement `Clone` for it
[INFO] [stdout]     |
[INFO] [stdout] 178 + #[derive(Clone)]
[INFO] [stdout] 179 | pub enum Value<'n> {
[INFO] [stdout]     |
[INFO] [stdout] 
[INFO] [stdout] 
[INFO] [stdout] warning: call to `.borrow()` on a reference in this situation does nothing
[INFO] [stdout]    --> hematita/src/vm/value.rs:383:52
[INFO] [stdout]     |
[INFO] [stdout] 383 |             Nillable::NonNil(value) => write!(f, "{}", value.borrow()),
[INFO] [stdout]     |                                                             ^^^^^^^^^
[INFO] [stdout]     |
[INFO] [stdout]     = note: the type `Value<'_>` does not implement `Borrow`, so calling `borrow` on `&Value<'_>` copies the reference, which does not do anything and can be removed
[INFO] [stdout] help: remove this redundant call
[INFO] [stdout]     |
[INFO] [stdout] 383 -             Nillable::NonNil(value) => write!(f, "{}", value.borrow()),
[INFO] [stdout] 383 +             Nillable::NonNil(value) => write!(f, "{}", value),
[INFO] [stdout]     |
[INFO] [stdout] help: if you meant to clone `Value<'_>`, implement `Clone` for it
[INFO] [stdout]     |
[INFO] [stdout] 178 + #[derive(Clone)]
[INFO] [stdout] 179 | pub enum Value<'n> {
[INFO] [stdout]     |
[INFO] [stdout] 
[INFO] [stdout] 
[INFO] [stdout] warning: call to `.borrow()` on a reference in this situation does nothing
[INFO] [stdout]    --> hematita/src/vm/value.rs:392:54
[INFO] [stdout]     |
[INFO] [stdout] 392 |             Nillable::NonNil(value) => write!(f, "{:?}", value.borrow()),
[INFO] [stdout]     |                                                               ^^^^^^^^^
[INFO] [stdout]     |
[INFO] [stdout]     = note: the type `Value<'_>` does not implement `Borrow`, so calling `borrow` on `&Value<'_>` copies the reference, which does not do anything and can be removed
[INFO] [stdout] help: remove this redundant call
[INFO] [stdout]     |
[INFO] [stdout] 392 -             Nillable::NonNil(value) => write!(f, "{:?}", value.borrow()),
[INFO] [stdout] 392 +             Nillable::NonNil(value) => write!(f, "{:?}", value),
[INFO] [stdout]     |
[INFO] [stdout] help: if you meant to clone `Value<'_>`, implement `Clone` for it
[INFO] [stdout]     |
[INFO] [stdout] 178 + #[derive(Clone)]
[INFO] [stdout] 179 | pub enum Value<'n> {
[INFO] [stdout]     |
[INFO] [stdout] 
[INFO] [stdout] 
[INFO] [stderr]     Finished `test` profile [unoptimized + debuginfo] target(s) in 3.13s
[INFO] running `Command { std: "docker" "inspect" "2cf0b3450955a5c2c7e9ba005be7b386af3d50a62f29daca8b1f9a53e50e2065", kill_on_drop: false }`
[INFO] running `Command { std: "docker" "rm" "-f" "2cf0b3450955a5c2c7e9ba005be7b386af3d50a62f29daca8b1f9a53e50e2065", kill_on_drop: false }`
[INFO] [stdout] 2cf0b3450955a5c2c7e9ba005be7b386af3d50a62f29daca8b1f9a53e50e2065
[INFO] running `Command { std: "docker" "create" "-v" "/var/lib/crater-agent-workspace/builds/worker-7-tc1/target:/opt/rustwide/target:rw,Z" "-v" "/var/lib/crater-agent-workspace/builds/worker-7-tc1/source:/opt/rustwide/workdir:ro,Z" "-v" "/var/lib/crater-agent-workspace/cargo-home:/opt/rustwide/cargo-home:ro,Z" "-v" "/var/lib/crater-agent-workspace/rustup-home:/opt/rustwide/rustup-home:ro,Z" "-e" "SOURCE_DIR=/opt/rustwide/workdir" "-e" "CARGO_TARGET_DIR=/opt/rustwide/target" "-e" "CARGO_INCREMENTAL=0" "-e" "RUST_BACKTRACE=full" "-e" "RUSTFLAGS=--cap-lints=warn" "-e" "RUSTDOCFLAGS=--cap-lints=warn" "-e" "CARGO_HOME=/opt/rustwide/cargo-home" "-e" "RUSTUP_HOME=/opt/rustwide/rustup-home" "-w" "/opt/rustwide/workdir" "-m" "1610612736" "--user" "0:0" "--network" "none" "ghcr.io/rust-lang/crates-build-env/linux@sha256:f3a9d4ad9d972b27faf3965f35b62e55ba32bbce8f20bc8fe909558a86702fde" "/opt/rustwide/cargo-home/bin/cargo" "+1.83.0" "test" "--frozen", kill_on_drop: false }`
[INFO] [stdout] bb7c12f2463cc91051be8469d18f059ff4d314148ded47a13bd6dd2fef394ba8
[INFO] running `Command { std: "docker" "start" "-a" "bb7c12f2463cc91051be8469d18f059ff4d314148ded47a13bd6dd2fef394ba8", kill_on_drop: false }`
[INFO] [stderr] warning: unknown lint: `unused_variable`
[INFO] [stderr]     --> hematita/src/vm/mod.rs:1101:25
[INFO] [stderr]      |
[INFO] [stderr] 1101 |                 #[allow(unused_mut, unused_variable, unused_assignments)]
[INFO] [stderr]      |                                     ^^^^^^^^^^^^^^^ help: did you mean: `unused_variables`
[INFO] [stderr]      |
[INFO] [stderr]     ::: hematita/src/compiler/mod.rs:367:9
[INFO] [stderr]      |
[INFO] [stderr] 367  | ...                   insert_byte_code!(self {reas old, register});
[INFO] [stderr]      |                       -------------------------------------------- in this macro invocation
[INFO] [stderr]      |
[INFO] [stderr]      = note: `#[warn(unknown_lints)]` on by default
[INFO] [stderr]      = note: this warning originates in the macro `byte_code` which comes from the expansion of the macro `insert_byte_code` (in Nightly builds, run with -Z macro-backtrace for more info)
[INFO] [stderr] 
[INFO] [stderr] warning: unknown lint: `unused_variable`
[INFO] [stderr]     --> hematita/src/vm/mod.rs:1101:25
[INFO] [stderr]      |
[INFO] [stderr] 1101 |                 #[allow(unused_mut, unused_variable, unused_assignments)]
[INFO] [stderr]      |                                     ^^^^^^^^^^^^^^^ help: did you mean: `unused_variables`
[INFO] [stderr]      |
[INFO] [stderr]     ::: hematita/src/compiler/mod.rs:373:9
[INFO] [stderr]      |
[INFO] [stderr] 373  | ...                   insert_byte_code!(self {suv register, ^up_value})
[INFO] [stderr]      |                       ------------------------------------------------- in this macro invocation
[INFO] [stderr]      |
[INFO] [stderr]      = note: this warning originates in the macro `byte_code` which comes from the expansion of the macro `insert_byte_code` (in Nightly builds, run with -Z macro-backtrace for more info)
[INFO] [stderr] 
[INFO] [stderr] warning: unknown lint: `unused_variable`
[INFO] [stderr]     --> hematita/src/vm/mod.rs:1101:25
[INFO] [stderr]      |
[INFO] [stderr] 1101 |                 #[allow(unused_mut, unused_variable, unused_assignments)]
[INFO] [stderr]      |                                     ^^^^^^^^^^^^^^^ help: did you mean: `unused_variables`
[INFO] [stderr]      |
[INFO] [stderr]     ::: hematita/src/compiler/mod.rs:396:10
[INFO] [stderr]      |
[INFO] [stderr] 396  | ...                   insert_byte_code!(self {reas old, new}),
[INFO] [stderr]      |                       --------------------------------------- in this macro invocation
[INFO] [stderr]      |
[INFO] [stderr]      = note: this warning originates in the macro `byte_code` which comes from the expansion of the macro `insert_byte_code` (in Nightly builds, run with -Z macro-backtrace for more info)
[INFO] [stderr] 
[INFO] [stderr] warning: unknown lint: `unused_variable`
[INFO] [stderr]     --> hematita/src/vm/mod.rs:1101:25
[INFO] [stderr]      |
[INFO] [stderr] 1101 |                 #[allow(unused_mut, unused_variable, unused_assignments)]
[INFO] [stderr]      |                                     ^^^^^^^^^^^^^^^ help: did you mean: `unused_variables`
[INFO] [stderr]      |
[INFO] [stderr]     ::: hematita/src/compiler/mod.rs:399:10
[INFO] [stderr]      |
[INFO] [stderr] 399  | ...                   insert_byte_code!(self {suv old, ^up_value})
[INFO] [stderr]      |                       -------------------------------------------- in this macro invocation
[INFO] [stderr]      |
[INFO] [stderr]      = note: this warning originates in the macro `byte_code` which comes from the expansion of the macro `insert_byte_code` (in Nightly builds, run with -Z macro-backtrace for more info)
[INFO] [stderr] 
[INFO] [stderr] warning: unknown lint: `unused_variable`
[INFO] [stderr]     --> hematita/src/vm/mod.rs:1101:25
[INFO] [stderr]      |
[INFO] [stderr] 1101 |                 #[allow(unused_mut, unused_variable, unused_assignments)]
[INFO] [stderr]      |                                     ^^^^^^^^^^^^^^^ help: did you mean: `unused_variables`
[INFO] [stderr]      |
[INFO] [stderr]     ::: hematita/src/compiler/mod.rs:414:8
[INFO] [stderr]      |
[INFO] [stderr] 414  | ...                   insert_byte_code!(self {idxw indexee, index, register});
[INFO] [stderr]      |                       ------------------------------------------------------- in this macro invocation
[INFO] [stderr]      |
[INFO] [stderr]      = note: this warning originates in the macro `byte_code` which comes from the expansion of the macro `insert_byte_code` (in Nightly builds, run with -Z macro-backtrace for more info)
[INFO] [stderr] 
[INFO] [stderr] warning: unknown lint: `unused_variable`
[INFO] [stderr]     --> hematita/src/vm/mod.rs:1101:25
[INFO] [stderr]      |
[INFO] [stderr] 1101 |                 #[allow(unused_mut, unused_variable, unused_assignments)]
[INFO] [stderr]      |                                     ^^^^^^^^^^^^^^^ help: did you mean: `unused_variables`
[INFO] [stderr]      |
[INFO] [stderr]     ::: hematita/src/compiler/mod.rs:421:8
[INFO] [stderr]      |
[INFO] [stderr] 421  | ...                   insert_byte_code!(self {idxw indexee, index, value});
[INFO] [stderr]      |                       ---------------------------------------------------- in this macro invocation
[INFO] [stderr]      |
[INFO] [stderr]      = note: this warning originates in the macro `byte_code` which comes from the expansion of the macro `insert_byte_code` (in Nightly builds, run with -Z macro-backtrace for more info)
[INFO] [stderr] 
[INFO] [stderr] warning: unknown lint: `unused_variable`
[INFO] [stderr]     --> hematita/src/vm/mod.rs:1101:25
[INFO] [stderr]      |
[INFO] [stderr] 1101 |                 #[allow(unused_mut, unused_variable, unused_assignments)]
[INFO] [stderr]      |                                     ^^^^^^^^^^^^^^^ help: did you mean: `unused_variables`
[INFO] [stderr]      |
[INFO] [stderr]     ::: hematita/src/compiler/mod.rs:463:8
[INFO] [stderr]      |
[INFO] [stderr] 463  | ...                   insert_byte_code!(self {reas register, destination});
[INFO] [stderr]      |                       ---------------------------------------------------- in this macro invocation
[INFO] [stderr]      |
[INFO] [stderr]      = note: this warning originates in the macro `byte_code` which comes from the expansion of the macro `insert_byte_code` (in Nightly builds, run with -Z macro-backtrace for more info)
[INFO] [stderr] 
[INFO] [stderr] warning: unknown lint: `unused_variable`
[INFO] [stderr]     --> hematita/src/vm/mod.rs:1101:25
[INFO] [stderr]      |
[INFO] [stderr] 1101 |                 #[allow(unused_mut, unused_variable, unused_assignments)]
[INFO] [stderr]      |                                     ^^^^^^^^^^^^^^^ help: did you mean: `unused_variables`
[INFO] [stderr]      |
[INFO] [stderr]     ::: hematita/src/compiler/mod.rs:938:5
[INFO] [stderr]      |
[INFO] [stderr] 938  |                 insert_byte_code!(compiler {idxr tuple, index, temporary});
[INFO] [stderr]      |                 ---------------------------------------------------------- in this macro invocation
[INFO] [stderr]      |
[INFO] [stderr]      = note: this warning originates in the macro `byte_code` which comes from the expansion of the macro `insert_byte_code` (in Nightly builds, run with -Z macro-backtrace for more info)
[INFO] [stderr] 
[INFO] [stderr] warning: unknown lint: `unused_variable`
[INFO] [stderr]     --> hematita/src/vm/mod.rs:1101:25
[INFO] [stderr]      |
[INFO] [stderr] 1101 |                 #[allow(unused_mut, unused_variable, unused_assignments)]
[INFO] [stderr]      |                                     ^^^^^^^^^^^^^^^ help: did you mean: `unused_variables`
[INFO] [stderr]      |
[INFO] [stderr]     ::: hematita/src/compiler/mod.rs:947:4
[INFO] [stderr]      |
[INFO] [stderr] 947  |             insert_byte_code!(compiler {idxr tuple, index, temporary});
[INFO] [stderr]      |             ---------------------------------------------------------- in this macro invocation
[INFO] [stderr]      |
[INFO] [stderr]      = note: this warning originates in the macro `byte_code` which comes from the expansion of the macro `insert_byte_code` (in Nightly builds, run with -Z macro-backtrace for more info)
[INFO] [stderr] 
[INFO] [stderr] warning: call to `.borrow()` on a reference in this situation does nothing
[INFO] [stderr]    --> hematita/src/vm/value.rs:346:26
[INFO] [stderr]     |
[INFO] [stderr] 346 |             NonNil(value) => value.borrow().type_name(),
[INFO] [stderr]     |                                   ^^^^^^^^^
[INFO] [stderr]     |
[INFO] [stderr]     = note: the type `Value<'_>` does not implement `Borrow`, so calling `borrow` on `&Value<'_>` copies the reference, which does not do anything and can be removed
[INFO] [stderr]     = note: `#[warn(noop_method_call)]` on by default
[INFO] [stderr] help: remove this redundant call
[INFO] [stderr]     |
[INFO] [stderr] 346 -             NonNil(value) => value.borrow().type_name(),
[INFO] [stderr] 346 +             NonNil(value) => value.type_name(),
[INFO] [stderr]     |
[INFO] [stderr] help: if you meant to clone `Value<'_>`, implement `Clone` for it
[INFO] [stderr]     |
[INFO] [stderr] 178 + #[derive(Clone)]
[INFO] [stderr] 179 | pub enum Value<'n> {
[INFO] [stderr]     |
[INFO] [stderr] 
[INFO] [stderr] warning: call to `.borrow()` on a reference in this situation does nothing
[INFO] [stderr]    --> hematita/src/vm/value.rs:361:26
[INFO] [stderr]     |
[INFO] [stderr] 361 |             NonNil(value) => value.borrow().coerce_to_bool(),
[INFO] [stderr]     |                                   ^^^^^^^^^
[INFO] [stderr]     |
[INFO] [stderr]     = note: the type `Value<'_>` does not implement `Borrow`, so calling `borrow` on `&Value<'_>` copies the reference, which does not do anything and can be removed
[INFO] [stderr] help: remove this redundant call
[INFO] [stderr]     |
[INFO] [stderr] 361 -             NonNil(value) => value.borrow().coerce_to_bool(),
[INFO] [stderr] 361 +             NonNil(value) => value.coerce_to_bool(),
[INFO] [stderr]     |
[INFO] [stderr] help: if you meant to clone `Value<'_>`, implement `Clone` for it
[INFO] [stderr]     |
[INFO] [stderr] 178 + #[derive(Clone)]
[INFO] [stderr] 179 | pub enum Value<'n> {
[INFO] [stderr]     |
[INFO] [stderr] 
[INFO] [stderr] warning: call to `.borrow()` on a reference in this situation does nothing
[INFO] [stderr]    --> hematita/src/vm/value.rs:383:52
[INFO] [stderr]     |
[INFO] [stderr] 383 |             Nillable::NonNil(value) => write!(f, "{}", value.borrow()),
[INFO] [stderr]     |                                                             ^^^^^^^^^
[INFO] [stderr]     |
[INFO] [stderr]     = note: the type `Value<'_>` does not implement `Borrow`, so calling `borrow` on `&Value<'_>` copies the reference, which does not do anything and can be removed
[INFO] [stderr] help: remove this redundant call
[INFO] [stderr]     |
[INFO] [stderr] 383 -             Nillable::NonNil(value) => write!(f, "{}", value.borrow()),
[INFO] [stderr] 383 +             Nillable::NonNil(value) => write!(f, "{}", value),
[INFO] [stderr]     |
[INFO] [stderr] help: if you meant to clone `Value<'_>`, implement `Clone` for it
[INFO] [stderr]     |
[INFO] [stderr] 178 + #[derive(Clone)]
[INFO] [stderr] 179 | pub enum Value<'n> {
[INFO] [stderr]     |
[INFO] [stderr] 
[INFO] [stderr] warning: call to `.borrow()` on a reference in this situation does nothing
[INFO] [stderr]    --> hematita/src/vm/value.rs:392:54
[INFO] [stderr]     |
[INFO] [stderr] 392 |             Nillable::NonNil(value) => write!(f, "{:?}", value.borrow()),
[INFO] [stderr]     |                                                               ^^^^^^^^^
[INFO] [stderr]     |
[INFO] [stderr]     = note: the type `Value<'_>` does not implement `Borrow`, so calling `borrow` on `&Value<'_>` copies the reference, which does not do anything and can be removed
[INFO] [stderr] help: remove this redundant call
[INFO] [stderr]     |
[INFO] [stderr] 392 -             Nillable::NonNil(value) => write!(f, "{:?}", value.borrow()),
[INFO] [stderr] 392 +             Nillable::NonNil(value) => write!(f, "{:?}", value),
[INFO] [stderr]     |
[INFO] [stderr] help: if you meant to clone `Value<'_>`, implement `Clone` for it
[INFO] [stderr]     |
[INFO] [stderr] 178 + #[derive(Clone)]
[INFO] [stderr] 179 | pub enum Value<'n> {
[INFO] [stderr]     |
[INFO] [stderr] 
[INFO] [stderr] warning: `hematita` (lib) generated 13 warnings (run `cargo fix --lib -p hematita` to apply 4 suggestions)
[INFO] [stderr] warning: unknown lint: `unused_variable`
[INFO] [stderr]     --> hematita/src/vm/mod.rs:1101:25
[INFO] [stderr]      |
[INFO] [stderr] 1101 |                   #[allow(unused_mut, unused_variable, unused_assignments)]
[INFO] [stderr]      |                                       ^^^^^^^^^^^^^^^ help: did you mean: `unused_variables`
[INFO] [stderr]      |
[INFO] [stderr]     ::: hematita/src/vm/tests.rs:8:13
[INFO] [stderr]      |
[INFO] [stderr] 8    |       let code = byte_code! {
[INFO] [stderr]      |  ________________-
[INFO] [stderr] 9    | |         call 0, 1, 2;
[INFO] [stderr] 10   | |         idxr 3, 4, 5;
[INFO] [stderr] 11   | |         idxw 6, 7, 8;
[INFO] [stderr] ...    |
[INFO] [stderr] 45   | |         noop;
[INFO] [stderr] 46   | |     };
[INFO] [stderr]      | |_____- in this macro invocation
[INFO] [stderr]      |
[INFO] [stderr]      = note: this warning originates in the macro `byte_code` (in Nightly builds, run with -Z macro-backtrace for more info)
[INFO] [stderr] 
[INFO] [stderr] warning: `hematita` (lib test) generated 14 warnings (13 duplicates)
[INFO] [stderr]     Finished `test` profile [unoptimized + debuginfo] target(s) in 0.04s
[INFO] [stderr]      Running unittests src/lib.rs (/opt/rustwide/target/debug/deps/hematita-d7200957ccb324cb)
[INFO] [stdout] 
[INFO] [stdout] running 6 tests
[INFO] [stdout] test vm::value::tests::test_lua_value_literal ... ok
[INFO] [stdout] test ast::tests::parse_whitespace_multiple ... ok
[INFO] [stdout] test vm::value::tests::test_lua_value_table ... ok
[INFO] [stdout] test vm::tests::test_byte_code_macro ... ok
[INFO] [stdout] test vm::value::tests::test_lua_tuple ... ok
[INFO] [stdout] test ast::tests::parse_whitespace_not_whitespace ... ok
[INFO] [stdout] 
[INFO] [stdout] test result: ok. 6 passed; 0 failed; 0 ignored; 0 measured; 0 filtered out; finished in 0.01s
[INFO] [stdout] 
[INFO] [stderr]      Running tests/matches_standard/main.rs (/opt/rustwide/target/debug/deps/matches_standard-12cb21073c00689e)
[INFO] [stdout] 
[INFO] [stdout] running 14 tests
[INFO] [stdout] test statement_numeric_for ... FAILED
[INFO] [stdout] test statement_local ... FAILED
[INFO] [stdout] test operator_call ... FAILED
[INFO] [stdout] test statement_method ... FAILED
[INFO] [stdout] test up_value_deep ... FAILED
[INFO] [stdout] test fun_quine ... FAILED
[INFO] [stdout] test up_value_modify ... FAILED
[INFO] [stdout] test statement_generic_for ... FAILED
[INFO] [stdout] test operator_length ... FAILED
[INFO] [stdout] test statement_while_repeat ... FAILED
[INFO] [stdout] test operator_logical_and ... FAILED
[INFO] [stdout] test statement_function ... FAILED
[INFO] [stdout] test library_pcall ... FAILED
[INFO] [stdout] test operator_logical_or ... FAILED
[INFO] [stdout] 
[INFO] [stdout] failures:
[INFO] [stdout] 
[INFO] [stdout] ---- statement_numeric_for stdout ----
[INFO] [stdout] thread 'statement_numeric_for' panicked at /opt/rustwide/target/debug/build/hematita-3dafab0981158085/out/codegen/hematita-tests-matches_standard-main:59:10:
[INFO] [stdout] called `Result::unwrap()` on an `Err` value: Os { code: 2, kind: NotFound, message: "No such file or directory" }
[INFO] [stdout] stack backtrace:
[INFO] [stdout]    0:     0x60d6b07009ea - std::backtrace_rs::backtrace::libunwind::trace::h5a5b8284f2d0c266
[INFO] [stdout]                                at /rustc/90b35a6239c3d8bdabc530a6a0816f7ff89a0aaf/library/std/src/../../backtrace/src/backtrace/libunwind.rs:116:5
[INFO] [stdout]    1:     0x60d6b07009ea - std::backtrace_rs::backtrace::trace_unsynchronized::h76d4f1c9b0b875e3
[INFO] [stdout]                                at /rustc/90b35a6239c3d8bdabc530a6a0816f7ff89a0aaf/library/std/src/../../backtrace/src/backtrace/mod.rs:66:5
[INFO] [stdout]    2:     0x60d6b07009ea - std::sys::backtrace::_print_fmt::hc4546b8364a537c6
[INFO] [stdout]                                at /rustc/90b35a6239c3d8bdabc530a6a0816f7ff89a0aaf/library/std/src/sys/backtrace.rs:66:9
[INFO] [stdout]    3:     0x60d6b07009ea - <std::sys::backtrace::BacktraceLock::print::DisplayBacktrace as core::fmt::Display>::fmt::h5b6bd5631a6d1f6b
[INFO] [stdout]                                at /rustc/90b35a6239c3d8bdabc530a6a0816f7ff89a0aaf/library/std/src/sys/backtrace.rs:39:26
[INFO] [stdout]    4:     0x60d6b0725fc3 - core::fmt::rt::Argument::fmt::h270f6602a2b96f62
[INFO] [stdout]                                at /rustc/90b35a6239c3d8bdabc530a6a0816f7ff89a0aaf/library/core/src/fmt/rt.rs:177:76
[INFO] [stdout]    5:     0x60d6b0725fc3 - core::fmt::write::h7550c97b06c86515
[INFO] [stdout]                                at /rustc/90b35a6239c3d8bdabc530a6a0816f7ff89a0aaf/library/core/src/fmt/mod.rs:1186:21
[INFO] [stdout]    6:     0x60d6b06fdbb3 - std::io::Write::write_fmt::h509ff860e5956e5e
[INFO] [stdout]                                at /rustc/90b35a6239c3d8bdabc530a6a0816f7ff89a0aaf/library/std/src/io/mod.rs:1839:15
[INFO] [stdout]    7:     0x60d6b0700832 - std::sys::backtrace::BacktraceLock::print::h2395ccd2c84ba3aa
[INFO] [stdout]                                at /rustc/90b35a6239c3d8bdabc530a6a0816f7ff89a0aaf/library/std/src/sys/backtrace.rs:42:9
[INFO] [stdout]    8:     0x60d6b0701e4a - std::panicking::default_hook::{{closure}}::he19d4c7230e07961
[INFO] [stdout]                                at /rustc/90b35a6239c3d8bdabc530a6a0816f7ff89a0aaf/library/std/src/panicking.rs:268:22
[INFO] [stdout]    9:     0x60d6b0701c54 - std::panicking::default_hook::hf614597d3c67bbdb
[INFO] [stdout]                                at /rustc/90b35a6239c3d8bdabc530a6a0816f7ff89a0aaf/library/std/src/panicking.rs:292:9
[INFO] [stdout]   10:     0x60d6b06cd469 - <alloc::boxed::Box<F,A> as core::ops::function::Fn<Args>>::call::h39b51ce4599c23d1
[INFO] [stdout]                                at /rustc/90b35a6239c3d8bdabc530a6a0816f7ff89a0aaf/library/alloc/src/boxed.rs:2468:9
[INFO] [stdout]   11:     0x60d6b06cd469 - test::test_main::{{closure}}::he977ae839a582784
[INFO] [stdout]                                at /rustc/90b35a6239c3d8bdabc530a6a0816f7ff89a0aaf/library/test/src/lib.rs:133:21
[INFO] [stdout]   12:     0x60d6b07024e8 - <alloc::boxed::Box<F,A> as core::ops::function::Fn<Args>>::call::h9455091b6b06f9fb
[INFO] [stdout]                                at /rustc/90b35a6239c3d8bdabc530a6a0816f7ff89a0aaf/library/alloc/src/boxed.rs:2468:9
[INFO] [stdout]   13:     0x60d6b07024e8 - std::panicking::rust_panic_with_hook::h8942133a8b252070
[INFO] [stdout]                                at /rustc/90b35a6239c3d8bdabc530a6a0816f7ff89a0aaf/library/std/src/panicking.rs:809:13
[INFO] [stdout]   14:     0x60d6b07022aa - std::panicking::begin_panic_handler::{{closure}}::hb5f5963570096b29
[INFO] [stdout]                                at /rustc/90b35a6239c3d8bdabc530a6a0816f7ff89a0aaf/library/std/src/panicking.rs:674:13
[INFO] [stdout]   15:     0x60d6b0700ec9 - std::sys::backtrace::__rust_end_short_backtrace::h6208cedc1922feda
[INFO] [stdout]                                at /rustc/90b35a6239c3d8bdabc530a6a0816f7ff89a0aaf/library/std/src/sys/backtrace.rs:170:18
[INFO] [stdout]   16:     0x60d6b0701f3c - rust_begin_unwind
[INFO] [stdout]                                at /rustc/90b35a6239c3d8bdabc530a6a0816f7ff89a0aaf/library/std/src/panicking.rs:665:5
[INFO] [stdout]   17:     0x60d6b05eaa60 - core::panicking::panic_fmt::h0c3082644d1bf418
[INFO] [stdout]                                at /rustc/90b35a6239c3d8bdabc530a6a0816f7ff89a0aaf/library/core/src/panicking.rs:74:14
[INFO] [stdout]   18:     0x60d6b05eaea6 - core::result::unwrap_failed::hd20b4aa073bda1e2
[INFO] [stdout]                                at /rustc/90b35a6239c3d8bdabc530a6a0816f7ff89a0aaf/library/core/src/result.rs:1700:5
[INFO] [stdout]   19:     0x60d6b061a90d - core::result::Result<T,E>::unwrap::he83edbed011a353d
[INFO] [stdout]                                at /rustc/90b35a6239c3d8bdabc530a6a0816f7ff89a0aaf/library/core/src/result.rs:1104:23
[INFO] [stdout]   20:     0x60d6b061a90d - matches_standard::standard::h0432373c4ffa22d6
[INFO] [stdout]                                at /opt/rustwide/target/debug/build/hematita-3dafab0981158085/out/codegen/hematita-tests-matches_standard-main:56:15
[INFO] [stdout]   21:     0x60d6b061e797 - matches_standard::statement_numeric_for::h3eef7f8202051df5
[INFO] [stdout]                                at /opt/rustwide/target/debug/build/hematita-3dafab0981158085/out/codegen/hematita-tests-matches_standard-main:297:17
[INFO] [stdout]   22:     0x60d6b061e747 - matches_standard::statement_numeric_for::{{closure}}::h495ac3b05d799e3a
[INFO] [stdout]                                at /opt/rustwide/target/debug/build/hematita-3dafab0981158085/out/codegen/hematita-tests-matches_standard-main:293:31
[INFO] [stdout]   23:     0x60d6b06129e6 - core::ops::function::FnOnce::call_once::h03c795e6a287bbab
[INFO] [stdout]                                at /rustc/90b35a6239c3d8bdabc530a6a0816f7ff89a0aaf/library/core/src/ops/function.rs:250:5
[INFO] [stdout]   24:     0x60d6b06d1e2b - core::ops::function::FnOnce::call_once::h109cf8051a59b34e
[INFO] [stdout]                                at /rustc/90b35a6239c3d8bdabc530a6a0816f7ff89a0aaf/library/core/src/ops/function.rs:250:5
[INFO] [stdout]   25:     0x60d6b06d1e2b - test::__rust_begin_short_backtrace::hf4fff89d377446ba
[INFO] [stdout]                                at /rustc/90b35a6239c3d8bdabc530a6a0816f7ff89a0aaf/library/test/src/lib.rs:621:18
[INFO] [stdout]   26:     0x60d6b06d1667 - test::run_test_in_process::{{closure}}::h0e39181dd7ee5a43
[INFO] [stdout]                                at /rustc/90b35a6239c3d8bdabc530a6a0816f7ff89a0aaf/library/test/src/lib.rs:644:60
[INFO] [stdout]   27:     0x60d6b06d1667 - <core::panic::unwind_safe::AssertUnwindSafe<F> as core::ops::function::FnOnce<()>>::call_once::hc5a66a30f0bdfd1f
[INFO] [stdout]                                at /rustc/90b35a6239c3d8bdabc530a6a0816f7ff89a0aaf/library/core/src/panic/unwind_safe.rs:272:9
[INFO] [stdout]   28:     0x60d6b06d1667 - std::panicking::try::do_call::h873b7cf639554a5e
[INFO] [stdout]                                at /rustc/90b35a6239c3d8bdabc530a6a0816f7ff89a0aaf/library/std/src/panicking.rs:557:40
[INFO] [stdout]   29:     0x60d6b06d1667 - std::panicking::try::hdb19862fad9c8bd1
[INFO] [stdout]                                at /rustc/90b35a6239c3d8bdabc530a6a0816f7ff89a0aaf/library/std/src/panicking.rs:520:19
[INFO] [stdout]   30:     0x60d6b06d1667 - std::panic::catch_unwind::h281fe732d236d260
[INFO] [stdout]                                at /rustc/90b35a6239c3d8bdabc530a6a0816f7ff89a0aaf/library/std/src/panic.rs:358:14
[INFO] [stdout]   31:     0x60d6b06d1667 - test::run_test_in_process::h949b6df8457ed338
[INFO] [stdout]                                at /rustc/90b35a6239c3d8bdabc530a6a0816f7ff89a0aaf/library/test/src/lib.rs:644:27
[INFO] [stdout]   32:     0x60d6b06d1667 - test::run_test::{{closure}}::h52c556a6d4740e10
[INFO] [stdout]                                at /rustc/90b35a6239c3d8bdabc530a6a0816f7ff89a0aaf/library/test/src/lib.rs:565:43
[INFO] [stdout]   33:     0x60d6b0696944 - test::run_test::{{closure}}::h4237f6381c45ccb9
[INFO] [stdout]                                at /rustc/90b35a6239c3d8bdabc530a6a0816f7ff89a0aaf/library/test/src/lib.rs:595:41
[INFO] [stdout]   34:     0x60d6b0696944 - std::sys::backtrace::__rust_begin_short_backtrace::h505c97a579eca628
[INFO] [stdout]                                at /rustc/90b35a6239c3d8bdabc530a6a0816f7ff89a0aaf/library/std/src/sys/backtrace.rs:154:18
[INFO] [stdout]   35:     0x60d6b069a00e - std::thread::Builder::spawn_unchecked_::{{closure}}::{{closure}}::h9e86b2e2bc107ea3
[INFO] [stdout]                                at /rustc/90b35a6239c3d8bdabc530a6a0816f7ff89a0aaf/library/std/src/thread/mod.rs:538:17
[INFO] [stdout]   36:     0x60d6b069a00e - <core::panic::unwind_safe::AssertUnwindSafe<F> as core::ops::function::FnOnce<()>>::call_once::h8b06ddb275ff4a25
[INFO] [stdout]                                at /rustc/90b35a6239c3d8bdabc530a6a0816f7ff89a0aaf/library/core/src/panic/unwind_safe.rs:272:9
[INFO] [stdout]   37:     0x60d6b069a00e - std::panicking::try::do_call::hb26ecd7cd9a9355d
[INFO] [stdout]                                at /rustc/90b35a6239c3d8bdabc530a6a0816f7ff89a0aaf/library/std/src/panicking.rs:557:40
[INFO] [stdout]   38:     0x60d6b069a00e - std::panicking::try::h8ddeca9d705f9069
[INFO] [stdout]                                at /rustc/90b35a6239c3d8bdabc530a6a0816f7ff89a0aaf/library/std/src/panicking.rs:520:19
[INFO] [stdout]   39:     0x60d6b069a00e - std::panic::catch_unwind::h49e1c33078844c46
[INFO] [stdout]                                at /rustc/90b35a6239c3d8bdabc530a6a0816f7ff89a0aaf/library/std/src/panic.rs:358:14
[INFO] [stdout]   40:     0x60d6b069a00e - std::thread::Builder::spawn_unchecked_::{{closure}}::h6073db6ff56ad35d
[INFO] [stdout]                                at /rustc/90b35a6239c3d8bdabc530a6a0816f7ff89a0aaf/library/std/src/thread/mod.rs:537:30
[INFO] [stdout]   41:     0x60d6b069a00e - core::ops::function::FnOnce::call_once{{vtable.shim}}::h2c5a5f3779c774f1
[INFO] [stdout]                                at /rustc/90b35a6239c3d8bdabc530a6a0816f7ff89a0aaf/library/core/src/ops/function.rs:250:5
[INFO] [stdout]   42:     0x60d6b070632b - <alloc::boxed::Box<F,A> as core::ops::function::FnOnce<Args>>::call_once::hf75717d9f28faebf
[INFO] [stdout]                                at /rustc/90b35a6239c3d8bdabc530a6a0816f7ff89a0aaf/library/alloc/src/boxed.rs:2454:9
[INFO] [stdout]   43:     0x60d6b070632b - <alloc::boxed::Box<F,A> as core::ops::function::FnOnce<Args>>::call_once::h7bd883a5f3c5f3c1
[INFO] [stdout]                                at /rustc/90b35a6239c3d8bdabc530a6a0816f7ff89a0aaf/library/alloc/src/boxed.rs:2454:9
[INFO] [stdout]   44:     0x60d6b070632b - std::sys::pal::unix::thread::Thread::new::thread_start::hcc78f3943333fa94
[INFO] [stdout]                                at /rustc/90b35a6239c3d8bdabc530a6a0816f7ff89a0aaf/library/std/src/sys/pal/unix/thread.rs:105:17
[INFO] [stdout]   45:     0x7498b98f4ac3 - <unknown>
[INFO] [stdout]   46:     0x7498b9985a04 - clone
[INFO] [stdout]   47:                0x0 - <unknown>
[INFO] [stdout] 
[INFO] [stdout] ---- statement_local stdout ----
[INFO] [stdout] thread 'statement_local' panicked at /opt/rustwide/target/debug/build/hematita-3dafab0981158085/out/codegen/hematita-tests-matches_standard-main:59:10:
[INFO] [stdout] called `Result::unwrap()` on an `Err` value: Os { code: 2, kind: NotFound, message: "No such file or directory" }
[INFO] [stdout] stack backtrace:
[INFO] [stdout]    0:     0x60d6b07009ea - std::backtrace_rs::backtrace::libunwind::trace::h5a5b8284f2d0c266
[INFO] [stdout]                                at /rustc/90b35a6239c3d8bdabc530a6a0816f7ff89a0aaf/library/std/src/../../backtrace/src/backtrace/libunwind.rs:116:5
[INFO] [stdout]    1:     0x60d6b07009ea - std::backtrace_rs::backtrace::trace_unsynchronized::h76d4f1c9b0b875e3
[INFO] [stdout]                                at /rustc/90b35a6239c3d8bdabc530a6a0816f7ff89a0aaf/library/std/src/../../backtrace/src/backtrace/mod.rs:66:5
[INFO] [stdout]    2:     0x60d6b07009ea - std::sys::backtrace::_print_fmt::hc4546b8364a537c6
[INFO] [stdout]                                at /rustc/90b35a6239c3d8bdabc530a6a0816f7ff89a0aaf/library/std/src/sys/backtrace.rs:66:9
[INFO] [stdout]    3:     0x60d6b07009ea - <std::sys::backtrace::BacktraceLock::print::DisplayBacktrace as core::fmt::Display>::fmt::h5b6bd5631a6d1f6b
[INFO] [stdout]                                at /rustc/90b35a6239c3d8bdabc530a6a0816f7ff89a0aaf/library/std/src/sys/backtrace.rs:39:26
[INFO] [stdout]    4:     0x60d6b0725fc3 - core::fmt::rt::Argument::fmt::h270f6602a2b96f62
[INFO] [stdout]                                at /rustc/90b35a6239c3d8bdabc530a6a0816f7ff89a0aaf/library/core/src/fmt/rt.rs:177:76
[INFO] [stdout]    5:     0x60d6b0725fc3 - core::fmt::write::h7550c97b06c86515
[INFO] [stdout]                                at /rustc/90b35a6239c3d8bdabc530a6a0816f7ff89a0aaf/library/core/src/fmt/mod.rs:1186:21
[INFO] [stdout]    6:     0x60d6b06fdbb3 - std::io::Write::write_fmt::h509ff860e5956e5e
[INFO] [stdout]                                at /rustc/90b35a6239c3d8bdabc530a6a0816f7ff89a0aaf/library/std/src/io/mod.rs:1839:15
[INFO] [stdout]    7:     0x60d6b0700832 - std::sys::backtrace::BacktraceLock::print::h2395ccd2c84ba3aa
[INFO] [stdout]                                at /rustc/90b35a6239c3d8bdabc530a6a0816f7ff89a0aaf/library/std/src/sys/backtrace.rs:42:9
[INFO] [stdout]    8:     0x60d6b0701e4a - std::panicking::default_hook::{{closure}}::he19d4c7230e07961
[INFO] [stdout]                                at /rustc/90b35a6239c3d8bdabc530a6a0816f7ff89a0aaf/library/std/src/panicking.rs:268:22
[INFO] [stdout]    9:     0x60d6b0701c54 - std::panicking::default_hook::hf614597d3c67bbdb
[INFO] [stdout]                                at /rustc/90b35a6239c3d8bdabc530a6a0816f7ff89a0aaf/library/std/src/panicking.rs:292:9
[INFO] [stdout]   10:     0x60d6b06cd469 - <alloc::boxed::Box<F,A> as core::ops::function::Fn<Args>>::call::h39b51ce4599c23d1
[INFO] [stdout]                                at /rustc/90b35a6239c3d8bdabc530a6a0816f7ff89a0aaf/library/alloc/src/boxed.rs:2468:9
[INFO] [stdout]   11:     0x60d6b06cd469 - test::test_main::{{closure}}::he977ae839a582784
[INFO] [stdout]                                at /rustc/90b35a6239c3d8bdabc530a6a0816f7ff89a0aaf/library/test/src/lib.rs:133:21
[INFO] [stdout]   12:     0x60d6b07024e8 - <alloc::boxed::Box<F,A> as core::ops::function::Fn<Args>>::call::h9455091b6b06f9fb
[INFO] [stdout]                                at /rustc/90b35a6239c3d8bdabc530a6a0816f7ff89a0aaf/library/alloc/src/boxed.rs:2468:9
[INFO] [stdout]   13:     0x60d6b07024e8 - std::panicking::rust_panic_with_hook::h8942133a8b252070
[INFO] [stdout]                                at /rustc/90b35a6239c3d8bdabc530a6a0816f7ff89a0aaf/library/std/src/panicking.rs:809:13
[INFO] [stdout]   14:     0x60d6b07022aa - std::panicking::begin_panic_handler::{{closure}}::hb5f5963570096b29
[INFO] [stdout]                                at /rustc/90b35a6239c3d8bdabc530a6a0816f7ff89a0aaf/library/std/src/panicking.rs:674:13
[INFO] [stdout]   15:     0x60d6b0700ec9 - std::sys::backtrace::__rust_end_short_backtrace::h6208cedc1922feda
[INFO] [stdout]                                at /rustc/90b35a6239c3d8bdabc530a6a0816f7ff89a0aaf/library/std/src/sys/backtrace.rs:170:18
[INFO] [stdout]   16:     0x60d6b0701f3c - rust_begin_unwind
[INFO] [stdout]                                at /rustc/90b35a6239c3d8bdabc530a6a0816f7ff89a0aaf/library/std/src/panicking.rs:665:5
[INFO] [stdout]   17:     0x60d6b05eaa60 - core::panicking::panic_fmt::h0c3082644d1bf418
[INFO] [stdout]                                at /rustc/90b35a6239c3d8bdabc530a6a0816f7ff89a0aaf/library/core/src/panicking.rs:74:14
[INFO] [stdout]   18:     0x60d6b05eaea6 - core::result::unwrap_failed::hd20b4aa073bda1e2
[INFO] [stdout]                                at /rustc/90b35a6239c3d8bdabc530a6a0816f7ff89a0aaf/library/core/src/result.rs:1700:5
[INFO] [stdout]   19:     0x60d6b061a90d - core::result::Result<T,E>::unwrap::he83edbed011a353d
[INFO] [stdout]                                at /rustc/90b35a6239c3d8bdabc530a6a0816f7ff89a0aaf/library/core/src/result.rs:1104:23
[INFO] [stdout]   20:     0x60d6b061a90d - matches_standard::standard::h0432373c4ffa22d6
[INFO] [stdout]                                at /opt/rustwide/target/debug/build/hematita-3dafab0981158085/out/codegen/hematita-tests-matches_standard-main:56:15
[INFO] [stdout]   21:     0x60d6b061afe7 - matches_standard::statement_local::hb909bab8e5bbe4ce
[INFO] [stdout]                                at /opt/rustwide/target/debug/build/hematita-3dafab0981158085/out/codegen/hematita-tests-matches_standard-main:88:17
[INFO] [stdout]   22:     0x60d6b061af97 - matches_standard::statement_local::{{closure}}::h03bc57049d597f5e
[INFO] [stdout]                                at /opt/rustwide/target/debug/build/hematita-3dafab0981158085/out/codegen/hematita-tests-matches_standard-main:84:25
[INFO] [stdout]   23:     0x60d6b0612dd6 - core::ops::function::FnOnce::call_once::h977906ca125caf74
[INFO] [stdout]                                at /rustc/90b35a6239c3d8bdabc530a6a0816f7ff89a0aaf/library/core/src/ops/function.rs:250:5
[INFO] [stdout]   24:     0x60d6b06d1e2b - core::ops::function::FnOnce::call_once::h109cf8051a59b34e
[INFO] [stdout]                                at /rustc/90b35a6239c3d8bdabc530a6a0816f7ff89a0aaf/library/core/src/ops/function.rs:250:5
[INFO] [stdout]   25:     0x60d6b06d1e2b - test::__rust_begin_short_backtrace::hf4fff89d377446ba
[INFO] [stdout]                                at /rustc/90b35a6239c3d8bdabc530a6a0816f7ff89a0aaf/library/test/src/lib.rs:621:18
[INFO] [stdout]   26:     0x60d6b06d1667 - test::run_test_in_process::{{closure}}::h0e39181dd7ee5a43
[INFO] [stdout]                                at /rustc/90b35a6239c3d8bdabc530a6a0816f7ff89a0aaf/library/test/src/lib.rs:644:60
[INFO] [stdout]   27:     0x60d6b06d1667 - <core::panic::unwind_safe::AssertUnwindSafe<F> as core::ops::function::FnOnce<()>>::call_once::hc5a66a30f0bdfd1f
[INFO] [stdout]                                at /rustc/90b35a6239c3d8bdabc530a6a0816f7ff89a0aaf/library/core/src/panic/unwind_safe.rs:272:9
[INFO] [stdout]   28:     0x60d6b06d1667 - std::panicking::try::do_call::h873b7cf639554a5e
[INFO] [stdout]                                at /rustc/90b35a6239c3d8bdabc530a6a0816f7ff89a0aaf/library/std/src/panicking.rs:557:40
[INFO] [stdout]   29:     0x60d6b06d1667 - std::panicking::try::hdb19862fad9c8bd1
[INFO] [stdout]                                at /rustc/90b35a6239c3d8bdabc530a6a0816f7ff89a0aaf/library/std/src/panicking.rs:520:19
[INFO] [stdout]   30:     0x60d6b06d1667 - std::panic::catch_unwind::h281fe732d236d260
[INFO] [stdout]                                at /rustc/90b35a6239c3d8bdabc530a6a0816f7ff89a0aaf/library/std/src/panic.rs:358:14
[INFO] [stdout]   31:     0x60d6b06d1667 - test::run_test_in_process::h949b6df8457ed338
[INFO] [stdout]                                at /rustc/90b35a6239c3d8bdabc530a6a0816f7ff89a0aaf/library/test/src/lib.rs:644:27
[INFO] [stdout]   32:     0x60d6b06d1667 - test::run_test::{{closure}}::h52c556a6d4740e10
[INFO] [stdout]                                at /rustc/90b35a6239c3d8bdabc530a6a0816f7ff89a0aaf/library/test/src/lib.rs:565:43
[INFO] [stdout]   33:     0x60d6b0696944 - test::run_test::{{closure}}::h4237f6381c45ccb9
[INFO] [stdout]                                at /rustc/90b35a6239c3d8bdabc530a6a0816f7ff89a0aaf/library/test/src/lib.rs:595:41
[INFO] [stdout]   34:     0x60d6b0696944 - std::sys::backtrace::__rust_begin_short_backtrace::h505c97a579eca628
[INFO] [stdout]                                at /rustc/90b35a6239c3d8bdabc530a6a0816f7ff89a0aaf/library/std/src/sys/backtrace.rs:154:18
[INFO] [stdout]   35:     0x60d6b069a00e - std::thread::Builder::spawn_unchecked_::{{closure}}::{{closure}}::h9e86b2e2bc107ea3
[INFO] [stdout]                                at /rustc/90b35a6239c3d8bdabc530a6a0816f7ff89a0aaf/library/std/src/thread/mod.rs:538:17
[INFO] [stdout]   36:     0x60d6b069a00e - <core::panic::unwind_safe::AssertUnwindSafe<F> as core::ops::function::FnOnce<()>>::call_once::h8b06ddb275ff4a25
[INFO] [stdout]                                at /rustc/90b35a6239c3d8bdabc530a6a0816f7ff89a0aaf/library/core/src/panic/unwind_safe.rs:272:9
[INFO] [stdout]   37:     0x60d6b069a00e - std::panicking::try::do_call::hb26ecd7cd9a9355d
[INFO] [stdout]                                at /rustc/90b35a6239c3d8bdabc530a6a0816f7ff89a0aaf/library/std/src/panicking.rs:557:40
[INFO] [stdout]   38:     0x60d6b069a00e - std::panicking::try::h8ddeca9d705f9069
[INFO] [stdout]                                at /rustc/90b35a6239c3d8bdabc530a6a0816f7ff89a0aaf/library/std/src/panicking.rs:520:19
[INFO] [stdout]   39:     0x60d6b069a00e - std::panic::catch_unwind::h49e1c33078844c46
[INFO] [stdout]                                at /rustc/90b35a6239c3d8bdabc530a6a0816f7ff89a0aaf/library/std/src/panic.rs:358:14
[INFO] [stdout]   40:     0x60d6b069a00e - std::thread::Builder::spawn_unchecked_::{{closure}}::h6073db6ff56ad35d
[INFO] [stdout]                                at /rustc/90b35a6239c3d8bdabc530a6a0816f7ff89a0aaf/library/std/src/thread/mod.rs:537:30
[INFO] [stdout]   41:     0x60d6b069a00e - core::ops::function::FnOnce::call_once{{vtable.shim}}::h2c5a5f3779c774f1
[INFO] [stdout]                                at /rustc/90b35a6239c3d8bdabc530a6a0816f7ff89a0aaf/library/core/src/ops/function.rs:250:5
[INFO] [stdout]   42:     0x60d6b070632b - <alloc::boxed::Box<F,A> as core::ops::function::FnOnce<Args>>::call_once::hf75717d9f28faebf
[INFO] [stdout]                                at /rustc/90b35a6239c3d8bdabc530a6a0816f7ff89a0aaf/library/alloc/src/boxed.rs:2454:9
[INFO] [stdout]   43:     0x60d6b070632b - <alloc::boxed::Box<F,A> as core::ops::function::FnOnce<Args>>::call_once::h7bd883a5f3c5f3c1
[INFO] [stdout]                                at /rustc/90b35a6239c3d8bdabc530a6a0816f7ff89a0aaf/library/alloc/src/boxed.rs:2454:9
[INFO] [stdout]   44:     0x60d6b070632b - std::sys::pal::unix::thread::Thread::new::thread_start::hcc78f3943333fa94
[INFO] [stdout]                                at /rustc/90b35a6239c3d8bdabc530a6a0816f7ff89a0aaf/library/std/src/sys/pal/unix/thread.rs:105:17
[INFO] [stdout]   45:     0x7498b98f4ac3 - <unknown>
[INFO] [stdout]   46:     0x7498b9985a04 - clone
[INFO] [stdout]   47:                0x0 - <unknown>
[INFO] [stdout] 
[INFO] [stdout] ---- operator_call stdout ----
[INFO] [stdout] thread 'operator_call' panicked at /opt/rustwide/target/debug/build/hematita-3dafab0981158085/out/codegen/hematita-tests-matches_standard-main:59:10:
[INFO] [stdout] called `Result::unwrap()` on an `Err` value: Os { code: 2, kind: NotFound, message: "No such file or directory" }
[INFO] [stdout] stack backtrace:
[INFO] [stdout]    0:     0x60d6b07009ea - std::backtrace_rs::backtrace::libunwind::trace::h5a5b8284f2d0c266
[INFO] [stdout]                                at /rustc/90b35a6239c3d8bdabc530a6a0816f7ff89a0aaf/library/std/src/../../backtrace/src/backtrace/libunwind.rs:116:5
[INFO] [stdout]    1:     0x60d6b07009ea - std::backtrace_rs::backtrace::trace_unsynchronized::h76d4f1c9b0b875e3
[INFO] [stdout]                                at /rustc/90b35a6239c3d8bdabc530a6a0816f7ff89a0aaf/library/std/src/../../backtrace/src/backtrace/mod.rs:66:5
[INFO] [stdout]    2:     0x60d6b07009ea - std::sys::backtrace::_print_fmt::hc4546b8364a537c6
[INFO] [stdout]                                at /rustc/90b35a6239c3d8bdabc530a6a0816f7ff89a0aaf/library/std/src/sys/backtrace.rs:66:9
[INFO] [stdout]    3:     0x60d6b07009ea - <std::sys::backtrace::BacktraceLock::print::DisplayBacktrace as core::fmt::Display>::fmt::h5b6bd5631a6d1f6b
[INFO] [stdout]                                at /rustc/90b35a6239c3d8bdabc530a6a0816f7ff89a0aaf/library/std/src/sys/backtrace.rs:39:26
[INFO] [stdout]    4:     0x60d6b0725fc3 - core::fmt::rt::Argument::fmt::h270f6602a2b96f62
[INFO] [stdout]                                at /rustc/90b35a6239c3d8bdabc530a6a0816f7ff89a0aaf/library/core/src/fmt/rt.rs:177:76
[INFO] [stdout]    5:     0x60d6b0725fc3 - core::fmt::write::h7550c97b06c86515
[INFO] [stdout]                                at /rustc/90b35a6239c3d8bdabc530a6a0816f7ff89a0aaf/library/core/src/fmt/mod.rs:1186:21
[INFO] [stdout]    6:     0x60d6b06fdbb3 - std::io::Write::write_fmt::h509ff860e5956e5e
[INFO] [stdout]                                at /rustc/90b35a6239c3d8bdabc530a6a0816f7ff89a0aaf/library/std/src/io/mod.rs:1839:15
[INFO] [stdout]    7:     0x60d6b0700832 - std::sys::backtrace::BacktraceLock::print::h2395ccd2c84ba3aa
[INFO] [stdout]                                at /rustc/90b35a6239c3d8bdabc530a6a0816f7ff89a0aaf/library/std/src/sys/backtrace.rs:42:9
[INFO] [stdout]    8:     0x60d6b0701e4a - std::panicking::default_hook::{{closure}}::he19d4c7230e07961
[INFO] [stdout]                                at /rustc/90b35a6239c3d8bdabc530a6a0816f7ff89a0aaf/library/std/src/panicking.rs:268:22
[INFO] [stdout]    9:     0x60d6b0701c54 - std::panicking::default_hook::hf614597d3c67bbdb
[INFO] [stdout]                                at /rustc/90b35a6239c3d8bdabc530a6a0816f7ff89a0aaf/library/std/src/panicking.rs:292:9
[INFO] [stdout]   10:     0x60d6b06cd469 - <alloc::boxed::Box<F,A> as core::ops::function::Fn<Args>>::call::h39b51ce4599c23d1
[INFO] [stdout]                                at /rustc/90b35a6239c3d8bdabc530a6a0816f7ff89a0aaf/library/alloc/src/boxed.rs:2468:9
[INFO] [stdout]   11:     0x60d6b06cd469 - test::test_main::{{closure}}::he977ae839a582784
[INFO] [stdout]                                at /rustc/90b35a6239c3d8bdabc530a6a0816f7ff89a0aaf/library/test/src/lib.rs:133:21
[INFO] [stdout]   12:     0x60d6b07024e8 - <alloc::boxed::Box<F,A> as core::ops::function::Fn<Args>>::call::h9455091b6b06f9fb
[INFO] [stdout]                                at /rustc/90b35a6239c3d8bdabc530a6a0816f7ff89a0aaf/library/alloc/src/boxed.rs:2468:9
[INFO] [stdout]   13:     0x60d6b07024e8 - std::panicking::rust_panic_with_hook::h8942133a8b252070
[INFO] [stdout]                                at /rustc/90b35a6239c3d8bdabc530a6a0816f7ff89a0aaf/library/std/src/panicking.rs:809:13
[INFO] [stdout]   14:     0x60d6b07022aa - std::panicking::begin_panic_handler::{{closure}}::hb5f5963570096b29
[INFO] [stdout]                                at /rustc/90b35a6239c3d8bdabc530a6a0816f7ff89a0aaf/library/std/src/panicking.rs:674:13
[INFO] [stdout]   15:     0x60d6b0700ec9 - std::sys::backtrace::__rust_end_short_backtrace::h6208cedc1922feda
[INFO] [stdout]                                at /rustc/90b35a6239c3d8bdabc530a6a0816f7ff89a0aaf/library/std/src/sys/backtrace.rs:170:18
[INFO] [stdout]   16:     0x60d6b0701f3c - rust_begin_unwind
[INFO] [stdout]                                at /rustc/90b35a6239c3d8bdabc530a6a0816f7ff89a0aaf/library/std/src/panicking.rs:665:5
[INFO] [stdout]   17:     0x60d6b05eaa60 - core::panicking::panic_fmt::h0c3082644d1bf418
[INFO] [stdout]                                at /rustc/90b35a6239c3d8bdabc530a6a0816f7ff89a0aaf/library/core/src/panicking.rs:74:14
[INFO] [stdout]   18:     0x60d6b05eaea6 - core::result::unwrap_failed::hd20b4aa073bda1e2
[INFO] [stdout]                                at /rustc/90b35a6239c3d8bdabc530a6a0816f7ff89a0aaf/library/core/src/result.rs:1700:5
[INFO] [stdout]   19:     0x60d6b061a90d - core::result::Result<T,E>::unwrap::he83edbed011a353d
[INFO] [stdout]                                at /rustc/90b35a6239c3d8bdabc530a6a0816f7ff89a0aaf/library/core/src/result.rs:1104:23
[INFO] [stdout]   20:     0x60d6b061a90d - matches_standard::standard::h0432373c4ffa22d6
[INFO] [stdout]                                at /opt/rustwide/target/debug/build/hematita-3dafab0981158085/out/codegen/hematita-tests-matches_standard-main:56:15
[INFO] [stdout]   21:     0x60d6b061c937 - matches_standard::operator_call::h07444d3d4c69e12b
[INFO] [stdout]                                at /opt/rustwide/target/debug/build/hematita-3dafab0981158085/out/codegen/hematita-tests-matches_standard-main:183:17
[INFO] [stdout]   22:     0x60d6b061c8e7 - matches_standard::operator_call::{{closure}}::h7b8e879faebf1ddd
[INFO] [stdout]                                at /opt/rustwide/target/debug/build/hematita-3dafab0981158085/out/codegen/hematita-tests-matches_standard-main:179:23
[INFO] [stdout]   23:     0x60d6b0612be6 - core::ops::function::FnOnce::call_once::h46dfab099d82c65a
[INFO] [stdout]                                at /rustc/90b35a6239c3d8bdabc530a6a0816f7ff89a0aaf/library/core/src/ops/function.rs:250:5
[INFO] [stdout]   24:     0x60d6b06d1e2b - core::ops::function::FnOnce::call_once::h109cf8051a59b34e
[INFO] [stdout]                                at /rustc/90b35a6239c3d8bdabc530a6a0816f7ff89a0aaf/library/core/src/ops/function.rs:250:5
[INFO] [stdout]   25:     0x60d6b06d1e2b - test::__rust_begin_short_backtrace::hf4fff89d377446ba
[INFO] [stdout]                                at /rustc/90b35a6239c3d8bdabc530a6a0816f7ff89a0aaf/library/test/src/lib.rs:621:18
[INFO] [stdout]   26:     0x60d6b06d1667 - test::run_test_in_process::{{closure}}::h0e39181dd7ee5a43
[INFO] [stdout]                                at /rustc/90b35a6239c3d8bdabc530a6a0816f7ff89a0aaf/library/test/src/lib.rs:644:60
[INFO] [stdout]   27:     0x60d6b06d1667 - <core::panic::unwind_safe::AssertUnwindSafe<F> as core::ops::function::FnOnce<()>>::call_once::hc5a66a30f0bdfd1f
[INFO] [stdout]                                at /rustc/90b35a6239c3d8bdabc530a6a0816f7ff89a0aaf/library/core/src/panic/unwind_safe.rs:272:9
[INFO] [stdout]   28:     0x60d6b06d1667 - std::panicking::try::do_call::h873b7cf639554a5e
[INFO] [stdout]                                at /rustc/90b35a6239c3d8bdabc530a6a0816f7ff89a0aaf/library/std/src/panicking.rs:557:40
[INFO] [stdout]   29:     0x60d6b06d1667 - std::panicking::try::hdb19862fad9c8bd1
[INFO] [stdout]                                at /rustc/90b35a6239c3d8bdabc530a6a0816f7ff89a0aaf/library/std/src/panicking.rs:520:19
[INFO] [stdout]   30:     0x60d6b06d1667 - std::panic::catch_unwind::h281fe732d236d260
[INFO] [stdout]                                at /rustc/90b35a6239c3d8bdabc530a6a0816f7ff89a0aaf/library/std/src/panic.rs:358:14
[INFO] [stdout]   31:     0x60d6b06d1667 - test::run_test_in_process::h949b6df8457ed338
[INFO] [stdout]                                at /rustc/90b35a6239c3d8bdabc530a6a0816f7ff89a0aaf/library/test/src/lib.rs:644:27
[INFO] [stdout]   32:     0x60d6b06d1667 - test::run_test::{{closure}}::h52c556a6d4740e10
[INFO] [stdout]                                at /rustc/90b35a6239c3d8bdabc530a6a0816f7ff89a0aaf/library/test/src/lib.rs:565:43
[INFO] [stdout]   33:     0x60d6b0696944 - test::run_test::{{closure}}::h4237f6381c45ccb9
[INFO] [stdout]                                at /rustc/90b35a6239c3d8bdabc530a6a0816f7ff89a0aaf/library/test/src/lib.rs:595:41
[INFO] [stdout]   34:     0x60d6b0696944 - std::sys::backtrace::__rust_begin_short_backtrace::h505c97a579eca628
[INFO] [stdout]                                at /rustc/90b35a6239c3d8bdabc530a6a0816f7ff89a0aaf/library/std/src/sys/backtrace.rs:154:18
[INFO] [stdout]   35:     0x60d6b069a00e - std::thread::Builder::spawn_unchecked_::{{closure}}::{{closure}}::h9e86b2e2bc107ea3
[INFO] [stdout]                                at /rustc/90b35a6239c3d8bdabc530a6a0816f7ff89a0aaf/library/std/src/thread/mod.rs:538:17
[INFO] [stdout]   36:     0x60d6b069a00e - <core::panic::unwind_safe::AssertUnwindSafe<F> as core::ops::function::FnOnce<()>>::call_once::h8b06ddb275ff4a25
[INFO] [stdout]                                at /rustc/90b35a6239c3d8bdabc530a6a0816f7ff89a0aaf/library/core/src/panic/unwind_safe.rs:272:9
[INFO] [stdout]   37:     0x60d6b069a00e - std::panicking::try::do_call::hb26ecd7cd9a9355d
[INFO] [stdout]                                at /rustc/90b35a6239c3d8bdabc530a6a0816f7ff89a0aaf/library/std/src/panicking.rs:557:40
[INFO] [stdout]   38:     0x60d6b069a00e - std::panicking::try::h8ddeca9d705f9069
[INFO] [stdout]                                at /rustc/90b35a6239c3d8bdabc530a6a0816f7ff89a0aaf/library/std/src/panicking.rs:520:19
[INFO] [stdout]   39:     0x60d6b069a00e - std::panic::catch_unwind::h49e1c33078844c46
[INFO] [stdout]                                at /rustc/90b35a6239c3d8bdabc530a6a0816f7ff89a0aaf/library/std/src/panic.rs:358:14
[INFO] [stdout]   40:     0x60d6b069a00e - std::thread::Builder::spawn_unchecked_::{{closure}}::h6073db6ff56ad35d
[INFO] [stdout]                                at /rustc/90b35a6239c3d8bdabc530a6a0816f7ff89a0aaf/library/std/src/thread/mod.rs:537:30
[INFO] [stdout]   41:     0x60d6b069a00e - core::ops::function::FnOnce::call_once{{vtable.shim}}::h2c5a5f3779c774f1
[INFO] [stdout]                                at /rustc/90b35a6239c3d8bdabc530a6a0816f7ff89a0aaf/library/core/src/ops/function.rs:250:5
[INFO] [stdout]   42:     0x60d6b070632b - <alloc::boxed::Box<F,A> as core::ops::function::FnOnce<Args>>::call_once::hf75717d9f28faebf
[INFO] [stdout]                                at /rustc/90b35a6239c3d8bdabc530a6a0816f7ff89a0aaf/library/alloc/src/boxed.rs:2454:9
[INFO] [stdout]   43:     0x60d6b070632b - <alloc::boxed::Box<F,A> as core::ops::function::FnOnce<Args>>::call_once::h7bd883a5f3c5f3c1
[INFO] [stdout]                                at /rustc/90b35a6239c3d8bdabc530a6a0816f7ff89a0aaf/library/alloc/src/boxed.rs:2454:9
[INFO] [stdout]   44:     0x60d6b070632b - std::sys::pal::unix::thread::Thread::new::thread_start::hcc78f3943333fa94
[INFO] [stdout]                                at /rustc/90b35a6239c3d8bdabc530a6a0816f7ff89a0aaf/library/std/src/sys/pal/unix/thread.rs:105:17
[INFO] [stdout]   45:     0x7498b98f4ac3 - <unknown>
[INFO] [stdout]   46:     0x7498b9985a04 - clone
[INFO] [stdout]   47:                0x0 - <unknown>
[INFO] [stdout] 
[INFO] [stdout] ---- statement_method stdout ----
[INFO] [stdout] thread 'statement_method' panicked at /opt/rustwide/target/debug/build/hematita-3dafab0981158085/out/codegen/hematita-tests-matches_standard-main:59:10:
[INFO] [stdout] called `Result::unwrap()` on an `Err` value: Os { code: 2, kind: NotFound, message: "No such file or directory" }
[INFO] [stdout] stack backtrace:
[INFO] [stdout]    0:     0x60d6b07009ea - std::backtrace_rs::backtrace::libunwind::trace::h5a5b8284f2d0c266
[INFO] [stdout]                                at /rustc/90b35a6239c3d8bdabc530a6a0816f7ff89a0aaf/library/std/src/../../backtrace/src/backtrace/libunwind.rs:116:5
[INFO] [stdout]    1:     0x60d6b07009ea - std::backtrace_rs::backtrace::trace_unsynchronized::h76d4f1c9b0b875e3
[INFO] [stdout]                                at /rustc/90b35a6239c3d8bdabc530a6a0816f7ff89a0aaf/library/std/src/../../backtrace/src/backtrace/mod.rs:66:5
[INFO] [stdout]    2:     0x60d6b07009ea - std::sys::backtrace::_print_fmt::hc4546b8364a537c6
[INFO] [stdout]                                at /rustc/90b35a6239c3d8bdabc530a6a0816f7ff89a0aaf/library/std/src/sys/backtrace.rs:66:9
[INFO] [stdout]    3:     0x60d6b07009ea - <std::sys::backtrace::BacktraceLock::print::DisplayBacktrace as core::fmt::Display>::fmt::h5b6bd5631a6d1f6b
[INFO] [stdout]                                at /rustc/90b35a6239c3d8bdabc530a6a0816f7ff89a0aaf/library/std/src/sys/backtrace.rs:39:26
[INFO] [stdout]    4:     0x60d6b0725fc3 - core::fmt::rt::Argument::fmt::h270f6602a2b96f62
[INFO] [stdout]                                at /rustc/90b35a6239c3d8bdabc530a6a0816f7ff89a0aaf/library/core/src/fmt/rt.rs:177:76
[INFO] [stdout]    5:     0x60d6b0725fc3 - core::fmt::write::h7550c97b06c86515
[INFO] [stdout]                                at /rustc/90b35a6239c3d8bdabc530a6a0816f7ff89a0aaf/library/core/src/fmt/mod.rs:1186:21
[INFO] [stdout]    6:     0x60d6b06fdbb3 - std::io::Write::write_fmt::h509ff860e5956e5e
[INFO] [stdout]                                at /rustc/90b35a6239c3d8bdabc530a6a0816f7ff89a0aaf/library/std/src/io/mod.rs:1839:15
[INFO] [stdout]    7:     0x60d6b0700832 - std::sys::backtrace::BacktraceLock::print::h2395ccd2c84ba3aa
[INFO] [stdout]                                at /rustc/90b35a6239c3d8bdabc530a6a0816f7ff89a0aaf/library/std/src/sys/backtrace.rs:42:9
[INFO] [stdout]    8:     0x60d6b0701e4a - std::panicking::default_hook::{{closure}}::he19d4c7230e07961
[INFO] [stdout]                                at /rustc/90b35a6239c3d8bdabc530a6a0816f7ff89a0aaf/library/std/src/panicking.rs:268:22
[INFO] [stdout]    9:     0x60d6b0701c54 - std::panicking::default_hook::hf614597d3c67bbdb
[INFO] [stdout]                                at /rustc/90b35a6239c3d8bdabc530a6a0816f7ff89a0aaf/library/std/src/panicking.rs:292:9
[INFO] [stdout]   10:     0x60d6b06cd469 - <alloc::boxed::Box<F,A> as core::ops::function::Fn<Args>>::call::h39b51ce4599c23d1
[INFO] [stdout]                                at /rustc/90b35a6239c3d8bdabc530a6a0816f7ff89a0aaf/library/alloc/src/boxed.rs:2468:9
[INFO] [stdout]   11:     0x60d6b06cd469 - test::test_main::{{closure}}::he977ae839a582784
[INFO] [stdout]                                at /rustc/90b35a6239c3d8bdabc530a6a0816f7ff89a0aaf/library/test/src/lib.rs:133:21
[INFO] [stdout]   12:     0x60d6b07024e8 - <alloc::boxed::Box<F,A> as core::ops::function::Fn<Args>>::call::h9455091b6b06f9fb
[INFO] [stdout]                                at /rustc/90b35a6239c3d8bdabc530a6a0816f7ff89a0aaf/library/alloc/src/boxed.rs:2468:9
[INFO] [stdout]   13:     0x60d6b07024e8 - std::panicking::rust_panic_with_hook::h8942133a8b252070
[INFO] [stdout]                                at /rustc/90b35a6239c3d8bdabc530a6a0816f7ff89a0aaf/library/std/src/panicking.rs:809:13
[INFO] [stdout]   14:     0x60d6b07022aa - std::panicking::begin_panic_handler::{{closure}}::hb5f5963570096b29
[INFO] [stdout]                                at /rustc/90b35a6239c3d8bdabc530a6a0816f7ff89a0aaf/library/std/src/panicking.rs:674:13
[INFO] [stdout]   15:     0x60d6b0700ec9 - std::sys::backtrace::__rust_end_short_backtrace::h6208cedc1922feda
[INFO] [stdout]                                at /rustc/90b35a6239c3d8bdabc530a6a0816f7ff89a0aaf/library/std/src/sys/backtrace.rs:170:18
[INFO] [stdout]   16:     0x60d6b0701f3c - rust_begin_unwind
[INFO] [stdout]                                at /rustc/90b35a6239c3d8bdabc530a6a0816f7ff89a0aaf/library/std/src/panicking.rs:665:5
[INFO] [stdout]   17:     0x60d6b05eaa60 - core::panicking::panic_fmt::h0c3082644d1bf418
[INFO] [stdout]                                at /rustc/90b35a6239c3d8bdabc530a6a0816f7ff89a0aaf/library/core/src/panicking.rs:74:14
[INFO] [stdout]   18:     0x60d6b05eaea6 - core::result::unwrap_failed::hd20b4aa073bda1e2
[INFO] [stdout]                                at /rustc/90b35a6239c3d8bdabc530a6a0816f7ff89a0aaf/library/core/src/result.rs:1700:5
[INFO] [stdout]   19:     0x60d6b061a90d - core::result::Result<T,E>::unwrap::he83edbed011a353d
[INFO] [stdout]                                at /rustc/90b35a6239c3d8bdabc530a6a0816f7ff89a0aaf/library/core/src/result.rs:1104:23
[INFO] [stdout]   20:     0x60d6b061a90d - matches_standard::standard::h0432373c4ffa22d6
[INFO] [stdout]                                at /opt/rustwide/target/debug/build/hematita-3dafab0981158085/out/codegen/hematita-tests-matches_standard-main:56:15
[INFO] [stdout]   21:     0x60d6b061e287 - matches_standard::statement_method::h63d2c8a180fbfe6f
[INFO] [stdout]                                at /opt/rustwide/target/debug/build/hematita-3dafab0981158085/out/codegen/hematita-tests-matches_standard-main:278:17
[INFO] [stdout]   22:     0x60d6b061e237 - matches_standard::statement_method::{{closure}}::h1918dde674ce7389
[INFO] [stdout]                                at /opt/rustwide/target/debug/build/hematita-3dafab0981158085/out/codegen/hematita-tests-matches_standard-main:274:26
[INFO] [stdout]   23:     0x60d6b0612ce6 - core::ops::function::FnOnce::call_once::h56a0807f903bbdb6
[INFO] [stdout]                                at /rustc/90b35a6239c3d8bdabc530a6a0816f7ff89a0aaf/library/core/src/ops/function.rs:250:5
[INFO] [stdout]   24:     0x60d6b06d1e2b - core::ops::function::FnOnce::call_once::h109cf8051a59b34e
[INFO] [stdout]                                at /rustc/90b35a6239c3d8bdabc530a6a0816f7ff89a0aaf/library/core/src/ops/function.rs:250:5
[INFO] [stdout]   25:     0x60d6b06d1e2b - test::__rust_begin_short_backtrace::hf4fff89d377446ba
[INFO] [stdout]                                at /rustc/90b35a6239c3d8bdabc530a6a0816f7ff89a0aaf/library/test/src/lib.rs:621:18
[INFO] [stdout]   26:     0x60d6b06d1667 - test::run_test_in_process::{{closure}}::h0e39181dd7ee5a43
[INFO] [stdout]                                at /rustc/90b35a6239c3d8bdabc530a6a0816f7ff89a0aaf/library/test/src/lib.rs:644:60
[INFO] [stdout]   27:     0x60d6b06d1667 - <core::panic::unwind_safe::AssertUnwindSafe<F> as core::ops::function::FnOnce<()>>::call_once::hc5a66a30f0bdfd1f
[INFO] [stdout]                                at /rustc/90b35a6239c3d8bdabc530a6a0816f7ff89a0aaf/library/core/src/panic/unwind_safe.rs:272:9
[INFO] [stdout]   28:     0x60d6b06d1667 - std::panicking::try::do_call::h873b7cf639554a5e
[INFO] [stdout]                                at /rustc/90b35a6239c3d8bdabc530a6a0816f7ff89a0aaf/library/std/src/panicking.rs:557:40
[INFO] [stdout]   29:     0x60d6b06d1667 - std::panicking::try::hdb19862fad9c8bd1
[INFO] [stdout]                                at /rustc/90b35a6239c3d8bdabc530a6a0816f7ff89a0aaf/library/std/src/panicking.rs:520:19
[INFO] [stdout]   30:     0x60d6b06d1667 - std::panic::catch_unwind::h281fe732d236d260
[INFO] [stdout]                                at /rustc/90b35a6239c3d8bdabc530a6a0816f7ff89a0aaf/library/std/src/panic.rs:358:14
[INFO] [stdout]   31:     0x60d6b06d1667 - test::run_test_in_process::h949b6df8457ed338
[INFO] [stdout]                                at /rustc/90b35a6239c3d8bdabc530a6a0816f7ff89a0aaf/library/test/src/lib.rs:644:27
[INFO] [stdout]   32:     0x60d6b06d1667 - test::run_test::{{closure}}::h52c556a6d4740e10
[INFO] [stdout]                                at /rustc/90b35a6239c3d8bdabc530a6a0816f7ff89a0aaf/library/test/src/lib.rs:565:43
[INFO] [stdout]   33:     0x60d6b0696944 - test::run_test::{{closure}}::h4237f6381c45ccb9
[INFO] [stdout]                                at /rustc/90b35a6239c3d8bdabc530a6a0816f7ff89a0aaf/library/test/src/lib.rs:595:41
[INFO] [stdout]   34:     0x60d6b0696944 - std::sys::backtrace::__rust_begin_short_backtrace::h505c97a579eca628
[INFO] [stdout]                                at /rustc/90b35a6239c3d8bdabc530a6a0816f7ff89a0aaf/library/std/src/sys/backtrace.rs:154:18
[INFO] [stdout]   35:     0x60d6b069a00e - std::thread::Builder::spawn_unchecked_::{{closure}}::{{closure}}::h9e86b2e2bc107ea3
[INFO] [stdout]                                at /rustc/90b35a6239c3d8bdabc530a6a0816f7ff89a0aaf/library/std/src/thread/mod.rs:538:17
[INFO] [stdout]   36:     0x60d6b069a00e - <core::panic::unwind_safe::AssertUnwindSafe<F> as core::ops::function::FnOnce<()>>::call_once::h8b06ddb275ff4a25
[INFO] [stdout]                                at /rustc/90b35a6239c3d8bdabc530a6a0816f7ff89a0aaf/library/core/src/panic/unwind_safe.rs:272:9
[INFO] [stdout]   37:     0x60d6b069a00e - std::panicking::try::do_call::hb26ecd7cd9a9355d
[INFO] [stdout]                                at /rustc/90b35a6239c3d8bdabc530a6a0816f7ff89a0aaf/library/std/src/panicking.rs:557:40
[INFO] [stdout]   38:     0x60d6b069a00e - std::panicking::try::h8ddeca9d705f9069
[INFO] [stdout]                                at /rustc/90b35a6239c3d8bdabc530a6a0816f7ff89a0aaf/library/std/src/panicking.rs:520:19
[INFO] [stdout]   39:     0x60d6b069a00e - std::panic::catch_unwind::h49e1c33078844c46
[INFO] [stdout]                                at /rustc/90b35a6239c3d8bdabc530a6a0816f7ff89a0aaf/library/std/src/panic.rs:358:14
[INFO] [stdout]   40:     0x60d6b069a00e - std::thread::Builder::spawn_unchecked_::{{closure}}::h6073db6ff56ad35d
[INFO] [stdout]                                at /rustc/90b35a6239c3d8bdabc530a6a0816f7ff89a0aaf/library/std/src/thread/mod.rs:537:30
[INFO] [stdout]   41:     0x60d6b069a00e - core::ops::function::FnOnce::call_once{{vtable.shim}}::h2c5a5f3779c774f1
[INFO] [stdout]                                at /rustc/90b35a6239c3d8bdabc530a6a0816f7ff89a0aaf/library/core/src/ops/function.rs:250:5
[INFO] [stdout]   42:     0x60d6b070632b - <alloc::boxed::Box<F,A> as core::ops::function::FnOnce<Args>>::call_once::hf75717d9f28faebf
[INFO] [stdout]                                at /rustc/90b35a6239c3d8bdabc530a6a0816f7ff89a0aaf/library/alloc/src/boxed.rs:2454:9
[INFO] [stdout]   43:     0x60d6b070632b - <alloc::boxed::Box<F,A> as core::ops::function::FnOnce<Args>>::call_once::h7bd883a5f3c5f3c1
[INFO] [stdout]                                at /rustc/90b35a6239c3d8bdabc530a6a0816f7ff89a0aaf/library/alloc/src/boxed.rs:2454:9
[INFO] [stdout]   44:     0x60d6b070632b - std::sys::pal::unix::thread::Thread::new::thread_start::hcc78f3943333fa94
[INFO] [stdout]                                at /rustc/90b35a6239c3d8bdabc530a6a0816f7ff89a0aaf/library/std/src/sys/pal/unix/thread.rs:105:17
[INFO] [stdout]   45:     0x7498b98f4ac3 - <unknown>
[INFO] [stdout]   46:     0x7498b9985a04 - clone
[INFO] [stdout]   47:                0x0 - <unknown>
[INFO] [stdout] 
[INFO] [stdout] ---- up_value_deep stdout ----
[INFO] [stdout] thread 'up_value_deep' panicked at /opt/rustwide/target/debug/build/hematita-3dafab0981158085/out/codegen/hematita-tests-matches_standard-main:59:10:
[INFO] [stdout] called `Result::unwrap()` on an `Err` value: Os { code: 2, kind: NotFound, message: "No such file or directory" }
[INFO] [stdout] stack backtrace:
[INFO] [stdout]    0:     0x60d6b07009ea - std::backtrace_rs::backtrace::libunwind::trace::h5a5b8284f2d0c266
[INFO] [stdout]                                at /rustc/90b35a6239c3d8bdabc530a6a0816f7ff89a0aaf/library/std/src/../../backtrace/src/backtrace/libunwind.rs:116:5
[INFO] [stdout]    1:     0x60d6b07009ea - std::backtrace_rs::backtrace::trace_unsynchronized::h76d4f1c9b0b875e3
[INFO] [stdout]                                at /rustc/90b35a6239c3d8bdabc530a6a0816f7ff89a0aaf/library/std/src/../../backtrace/src/backtrace/mod.rs:66:5
[INFO] [stdout]    2:     0x60d6b07009ea - std::sys::backtrace::_print_fmt::hc4546b8364a537c6
[INFO] [stdout]                                at /rustc/90b35a6239c3d8bdabc530a6a0816f7ff89a0aaf/library/std/src/sys/backtrace.rs:66:9
[INFO] [stdout]    3:     0x60d6b07009ea - <std::sys::backtrace::BacktraceLock::print::DisplayBacktrace as core::fmt::Display>::fmt::h5b6bd5631a6d1f6b
[INFO] [stdout]                                at /rustc/90b35a6239c3d8bdabc530a6a0816f7ff89a0aaf/library/std/src/sys/backtrace.rs:39:26
[INFO] [stdout]    4:     0x60d6b0725fc3 - core::fmt::rt::Argument::fmt::h270f6602a2b96f62
[INFO] [stdout]                                at /rustc/90b35a6239c3d8bdabc530a6a0816f7ff89a0aaf/library/core/src/fmt/rt.rs:177:76
[INFO] [stdout]    5:     0x60d6b0725fc3 - core::fmt::write::h7550c97b06c86515
[INFO] [stdout]                                at /rustc/90b35a6239c3d8bdabc530a6a0816f7ff89a0aaf/library/core/src/fmt/mod.rs:1186:21
[INFO] [stdout]    6:     0x60d6b06fdbb3 - std::io::Write::write_fmt::h509ff860e5956e5e
[INFO] [stdout]                                at /rustc/90b35a6239c3d8bdabc530a6a0816f7ff89a0aaf/library/std/src/io/mod.rs:1839:15
[INFO] [stdout]    7:     0x60d6b0700832 - std::sys::backtrace::BacktraceLock::print::h2395ccd2c84ba3aa
[INFO] [stdout]                                at /rustc/90b35a6239c3d8bdabc530a6a0816f7ff89a0aaf/library/std/src/sys/backtrace.rs:42:9
[INFO] [stdout]    8:     0x60d6b0701e4a - std::panicking::default_hook::{{closure}}::he19d4c7230e07961
[INFO] [stdout]                                at /rustc/90b35a6239c3d8bdabc530a6a0816f7ff89a0aaf/library/std/src/panicking.rs:268:22
[INFO] [stdout]    9:     0x60d6b0701c54 - std::panicking::default_hook::hf614597d3c67bbdb
[INFO] [stdout]                                at /rustc/90b35a6239c3d8bdabc530a6a0816f7ff89a0aaf/library/std/src/panicking.rs:292:9
[INFO] [stdout]   10:     0x60d6b06cd469 - <alloc::boxed::Box<F,A> as core::ops::function::Fn<Args>>::call::h39b51ce4599c23d1
[INFO] [stdout]                                at /rustc/90b35a6239c3d8bdabc530a6a0816f7ff89a0aaf/library/alloc/src/boxed.rs:2468:9
[INFO] [stdout]   11:     0x60d6b06cd469 - test::test_main::{{closure}}::he977ae839a582784
[INFO] [stdout]                                at /rustc/90b35a6239c3d8bdabc530a6a0816f7ff89a0aaf/library/test/src/lib.rs:133:21
[INFO] [stdout]   12:     0x60d6b07024e8 - <alloc::boxed::Box<F,A> as core::ops::function::Fn<Args>>::call::h9455091b6b06f9fb
[INFO] [stdout]                                at /rustc/90b35a6239c3d8bdabc530a6a0816f7ff89a0aaf/library/alloc/src/boxed.rs:2468:9
[INFO] [stdout]   13:     0x60d6b07024e8 - std::panicking::rust_panic_with_hook::h8942133a8b252070
[INFO] [stdout]                                at /rustc/90b35a6239c3d8bdabc530a6a0816f7ff89a0aaf/library/std/src/panicking.rs:809:13
[INFO] [stdout]   14:     0x60d6b07022aa - std::panicking::begin_panic_handler::{{closure}}::hb5f5963570096b29
[INFO] [stdout]                                at /rustc/90b35a6239c3d8bdabc530a6a0816f7ff89a0aaf/library/std/src/panicking.rs:674:13
[INFO] [stdout]   15:     0x60d6b0700ec9 - std::sys::backtrace::__rust_end_short_backtrace::h6208cedc1922feda
[INFO] [stdout]                                at /rustc/90b35a6239c3d8bdabc530a6a0816f7ff89a0aaf/library/std/src/sys/backtrace.rs:170:18
[INFO] [stdout]   16:     0x60d6b0701f3c - rust_begin_unwind
[INFO] [stdout]                                at /rustc/90b35a6239c3d8bdabc530a6a0816f7ff89a0aaf/library/std/src/panicking.rs:665:5
[INFO] [stdout]   17:     0x60d6b05eaa60 - core::panicking::panic_fmt::h0c3082644d1bf418
[INFO] [stdout]                                at /rustc/90b35a6239c3d8bdabc530a6a0816f7ff89a0aaf/library/core/src/panicking.rs:74:14
[INFO] [stdout]   18:     0x60d6b05eaea6 - core::result::unwrap_failed::hd20b4aa073bda1e2
[INFO] [stdout]                                at /rustc/90b35a6239c3d8bdabc530a6a0816f7ff89a0aaf/library/core/src/result.rs:1700:5
[INFO] [stdout]   19:     0x60d6b061a90d - core::result::Result<T,E>::unwrap::he83edbed011a353d
[INFO] [stdout]                                at /rustc/90b35a6239c3d8bdabc530a6a0816f7ff89a0aaf/library/core/src/result.rs:1104:23
[INFO] [stdout]   20:     0x60d6b061a90d - matches_standard::standard::h0432373c4ffa22d6
[INFO] [stdout]                                at /opt/rustwide/target/debug/build/hematita-3dafab0981158085/out/codegen/hematita-tests-matches_standard-main:56:15
[INFO] [stdout]   21:     0x60d6b061eca7 - matches_standard::up_value_deep::h6fa5d647e7d4c169
[INFO] [stdout]                                at /opt/rustwide/target/debug/build/hematita-3dafab0981158085/out/codegen/hematita-tests-matches_standard-main:316:17
[INFO] [stdout]   22:     0x60d6b061ec57 - matches_standard::up_value_deep::{{closure}}::hdb8e55750c709314
[INFO] [stdout]                                at /opt/rustwide/target/debug/build/hematita-3dafab0981158085/out/codegen/hematita-tests-matches_standard-main:312:23
[INFO] [stdout]   23:     0x60d6b0612c26 - core::ops::function::FnOnce::call_once::h4ad31d10d03acb78
[INFO] [stdout]                                at /rustc/90b35a6239c3d8bdabc530a6a0816f7ff89a0aaf/library/core/src/ops/function.rs:250:5
[INFO] [stdout]   24:     0x60d6b06d1e2b - core::ops::function::FnOnce::call_once::h109cf8051a59b34e
[INFO] [stdout]                                at /rustc/90b35a6239c3d8bdabc530a6a0816f7ff89a0aaf/library/core/src/ops/function.rs:250:5
[INFO] [stdout]   25:     0x60d6b06d1e2b - test::__rust_begin_short_backtrace::hf4fff89d377446ba
[INFO] [stdout]                                at /rustc/90b35a6239c3d8bdabc530a6a0816f7ff89a0aaf/library/test/src/lib.rs:621:18
[INFO] [stdout]   26:     0x60d6b06d1667 - test::run_test_in_process::{{closure}}::h0e39181dd7ee5a43
[INFO] [stdout]                                at /rustc/90b35a6239c3d8bdabc530a6a0816f7ff89a0aaf/library/test/src/lib.rs:644:60
[INFO] [stdout]   27:     0x60d6b06d1667 - <core::panic::unwind_safe::AssertUnwindSafe<F> as core::ops::function::FnOnce<()>>::call_once::hc5a66a30f0bdfd1f
[INFO] [stdout]                                at /rustc/90b35a6239c3d8bdabc530a6a0816f7ff89a0aaf/library/core/src/panic/unwind_safe.rs:272:9
[INFO] [stdout]   28:     0x60d6b06d1667 - std::panicking::try::do_call::h873b7cf639554a5e
[INFO] [stdout]                                at /rustc/90b35a6239c3d8bdabc530a6a0816f7ff89a0aaf/library/std/src/panicking.rs:557:40
[INFO] [stdout]   29:     0x60d6b06d1667 - std::panicking::try::hdb19862fad9c8bd1
[INFO] [stdout]                                at /rustc/90b35a6239c3d8bdabc530a6a0816f7ff89a0aaf/library/std/src/panicking.rs:520:19
[INFO] [stdout]   30:     0x60d6b06d1667 - std::panic::catch_unwind::h281fe732d236d260
[INFO] [stdout]                                at /rustc/90b35a6239c3d8bdabc530a6a0816f7ff89a0aaf/library/std/src/panic.rs:358:14
[INFO] [stdout]   31:     0x60d6b06d1667 - test::run_test_in_process::h949b6df8457ed338
[INFO] [stdout]                                at /rustc/90b35a6239c3d8bdabc530a6a0816f7ff89a0aaf/library/test/src/lib.rs:644:27
[INFO] [stdout]   32:     0x60d6b06d1667 - test::run_test::{{closure}}::h52c556a6d4740e10
[INFO] [stdout]                                at /rustc/90b35a6239c3d8bdabc530a6a0816f7ff89a0aaf/library/test/src/lib.rs:565:43
[INFO] [stdout]   33:     0x60d6b0696944 - test::run_test::{{closure}}::h4237f6381c45ccb9
[INFO] [stdout]                                at /rustc/90b35a6239c3d8bdabc530a6a0816f7ff89a0aaf/library/test/src/lib.rs:595:41
[INFO] [stdout]   34:     0x60d6b0696944 - std::sys::backtrace::__rust_begin_short_backtrace::h505c97a579eca628
[INFO] [stdout]                                at /rustc/90b35a6239c3d8bdabc530a6a0816f7ff89a0aaf/library/std/src/sys/backtrace.rs:154:18
[INFO] [stdout]   35:     0x60d6b069a00e - std::thread::Builder::spawn_unchecked_::{{closure}}::{{closure}}::h9e86b2e2bc107ea3
[INFO] [stdout]                                at /rustc/90b35a6239c3d8bdabc530a6a0816f7ff89a0aaf/library/std/src/thread/mod.rs:538:17
[INFO] [stdout]   36:     0x60d6b069a00e - <core::panic::unwind_safe::AssertUnwindSafe<F> as core::ops::function::FnOnce<()>>::call_once::h8b06ddb275ff4a25
[INFO] [stdout]                                at /rustc/90b35a6239c3d8bdabc530a6a0816f7ff89a0aaf/library/core/src/panic/unwind_safe.rs:272:9
[INFO] [stdout]   37:     0x60d6b069a00e - std::panicking::try::do_call::hb26ecd7cd9a9355d
[INFO] [stdout]                                at /rustc/90b35a6239c3d8bdabc530a6a0816f7ff89a0aaf/library/std/src/panicking.rs:557:40
[INFO] [stdout]   38:     0x60d6b069a00e - std::panicking::try::h8ddeca9d705f9069
[INFO] [stdout]                                at /rustc/90b35a6239c3d8bdabc530a6a0816f7ff89a0aaf/library/std/src/panicking.rs:520:19
[INFO] [stdout]   39:     0x60d6b069a00e - std::panic::catch_unwind::h49e1c33078844c46
[INFO] [stdout]                                at /rustc/90b35a6239c3d8bdabc530a6a0816f7ff89a0aaf/library/std/src/panic.rs:358:14
[INFO] [stdout]   40:     0x60d6b069a00e - std::thread::Builder::spawn_unchecked_::{{closure}}::h6073db6ff56ad35d
[INFO] [stdout]                                at /rustc/90b35a6239c3d8bdabc530a6a0816f7ff89a0aaf/library/std/src/thread/mod.rs:537:30
[INFO] [stdout]   41:     0x60d6b069a00e - core::ops::function::FnOnce::call_once{{vtable.shim}}::h2c5a5f3779c774f1
[INFO] [stdout]                                at /rustc/90b35a6239c3d8bdabc530a6a0816f7ff89a0aaf/library/core/src/ops/function.rs:250:5
[INFO] [stdout]   42:     0x60d6b070632b - <alloc::boxed::Box<F,A> as core::ops::function::FnOnce<Args>>::call_once::hf75717d9f28faebf
[INFO] [stdout]                                at /rustc/90b35a6239c3d8bdabc530a6a0816f7ff89a0aaf/library/alloc/src/boxed.rs:2454:9
[INFO] [stdout]   43:     0x60d6b070632b - <alloc::boxed::Box<F,A> as core::ops::function::FnOnce<Args>>::call_once::h7bd883a5f3c5f3c1
[INFO] [stdout]                                at /rustc/90b35a6239c3d8bdabc530a6a0816f7ff89a0aaf/library/alloc/src/boxed.rs:2454:9
[INFO] [stdout]   44:     0x60d6b070632b - std::sys::pal::unix::thread::Thread::new::thread_start::hcc78f3943333fa94
[INFO] [stdout]                                at /rustc/90b35a6239c3d8bdabc530a6a0816f7ff89a0aaf/library/std/src/sys/pal/unix/thread.rs:105:17
[INFO] [stdout]   45:     0x7498b98f4ac3 - <unknown>
[INFO] [stdout]   46:     0x7498b9985a04 - clone
[INFO] [stdout]   47:                0x0 - <unknown>
[INFO] [stdout] 
[INFO] [stdout] ---- fun_quine stdout ----
[INFO] [stdout] thread 'fun_quine' panicked at /opt/rustwide/target/debug/build/hematita-3dafab0981158085/out/codegen/hematita-tests-matches_standard-main:59:10:
[INFO] [stdout] called `Result::unwrap()` on an `Err` value: Os { code: 2, kind: NotFound, message: "No such file or directory" }
[INFO] [stdout] stack backtrace:
[INFO] [stdout]    0:     0x60d6b07009ea - std::backtrace_rs::backtrace::libunwind::trace::h5a5b8284f2d0c266
[INFO] [stdout]                                at /rustc/90b35a6239c3d8bdabc530a6a0816f7ff89a0aaf/library/std/src/../../backtrace/src/backtrace/libunwind.rs:116:5
[INFO] [stdout]    1:     0x60d6b07009ea - std::backtrace_rs::backtrace::trace_unsynchronized::h76d4f1c9b0b875e3
[INFO] [stdout]                                at /rustc/90b35a6239c3d8bdabc530a6a0816f7ff89a0aaf/library/std/src/../../backtrace/src/backtrace/mod.rs:66:5
[INFO] [stdout]    2:     0x60d6b07009ea - std::sys::backtrace::_print_fmt::hc4546b8364a537c6
[INFO] [stdout]                                at /rustc/90b35a6239c3d8bdabc530a6a0816f7ff89a0aaf/library/std/src/sys/backtrace.rs:66:9
[INFO] [stdout]    3:     0x60d6b07009ea - <std::sys::backtrace::BacktraceLock::print::DisplayBacktrace as core::fmt::Display>::fmt::h5b6bd5631a6d1f6b
[INFO] [stdout]                                at /rustc/90b35a6239c3d8bdabc530a6a0816f7ff89a0aaf/library/std/src/sys/backtrace.rs:39:26
[INFO] [stdout]    4:     0x60d6b0725fc3 - core::fmt::rt::Argument::fmt::h270f6602a2b96f62
[INFO] [stdout]                                at /rustc/90b35a6239c3d8bdabc530a6a0816f7ff89a0aaf/library/core/src/fmt/rt.rs:177:76
[INFO] [stdout]    5:     0x60d6b0725fc3 - core::fmt::write::h7550c97b06c86515
[INFO] [stdout]                                at /rustc/90b35a6239c3d8bdabc530a6a0816f7ff89a0aaf/library/core/src/fmt/mod.rs:1186:21
[INFO] [stdout]    6:     0x60d6b06fdbb3 - std::io::Write::write_fmt::h509ff860e5956e5e
[INFO] [stdout]                                at /rustc/90b35a6239c3d8bdabc530a6a0816f7ff89a0aaf/library/std/src/io/mod.rs:1839:15
[INFO] [stdout]    7:     0x60d6b0700832 - std::sys::backtrace::BacktraceLock::print::h2395ccd2c84ba3aa
[INFO] [stdout]                                at /rustc/90b35a6239c3d8bdabc530a6a0816f7ff89a0aaf/library/std/src/sys/backtrace.rs:42:9
[INFO] [stdout]    8:     0x60d6b0701e4a - std::panicking::default_hook::{{closure}}::he19d4c7230e07961
[INFO] [stdout]                                at /rustc/90b35a6239c3d8bdabc530a6a0816f7ff89a0aaf/library/std/src/panicking.rs:268:22
[INFO] [stdout]    9:     0x60d6b0701c54 - std::panicking::default_hook::hf614597d3c67bbdb
[INFO] [stdout]                                at /rustc/90b35a6239c3d8bdabc530a6a0816f7ff89a0aaf/library/std/src/panicking.rs:292:9
[INFO] [stdout]   10:     0x60d6b06cd469 - <alloc::boxed::Box<F,A> as core::ops::function::Fn<Args>>::call::h39b51ce4599c23d1
[INFO] [stdout]                                at /rustc/90b35a6239c3d8bdabc530a6a0816f7ff89a0aaf/library/alloc/src/boxed.rs:2468:9
[INFO] [stdout]   11:     0x60d6b06cd469 - test::test_main::{{closure}}::he977ae839a582784
[INFO] [stdout]                                at /rustc/90b35a6239c3d8bdabc530a6a0816f7ff89a0aaf/library/test/src/lib.rs:133:21
[INFO] [stdout]   12:     0x60d6b07024e8 - <alloc::boxed::Box<F,A> as core::ops::function::Fn<Args>>::call::h9455091b6b06f9fb
[INFO] [stdout]                                at /rustc/90b35a6239c3d8bdabc530a6a0816f7ff89a0aaf/library/alloc/src/boxed.rs:2468:9
[INFO] [stdout]   13:     0x60d6b07024e8 - std::panicking::rust_panic_with_hook::h8942133a8b252070
[INFO] [stdout]                                at /rustc/90b35a6239c3d8bdabc530a6a0816f7ff89a0aaf/library/std/src/panicking.rs:809:13
[INFO] [stdout]   14:     0x60d6b07022aa - std::panicking::begin_panic_handler::{{closure}}::hb5f5963570096b29
[INFO] [stdout]                                at /rustc/90b35a6239c3d8bdabc530a6a0816f7ff89a0aaf/library/std/src/panicking.rs:674:13
[INFO] [stdout]   15:     0x60d6b0700ec9 - std::sys::backtrace::__rust_end_short_backtrace::h6208cedc1922feda
[INFO] [stdout]                                at /rustc/90b35a6239c3d8bdabc530a6a0816f7ff89a0aaf/library/std/src/sys/backtrace.rs:170:18
[INFO] [stdout]   16:     0x60d6b0701f3c - rust_begin_unwind
[INFO] [stdout]                                at /rustc/90b35a6239c3d8bdabc530a6a0816f7ff89a0aaf/library/std/src/panicking.rs:665:5
[INFO] [stdout]   17:     0x60d6b05eaa60 - core::panicking::panic_fmt::h0c3082644d1bf418
[INFO] [stdout]                                at /rustc/90b35a6239c3d8bdabc530a6a0816f7ff89a0aaf/library/core/src/panicking.rs:74:14
[INFO] [stdout]   18:     0x60d6b05eaea6 - core::result::unwrap_failed::hd20b4aa073bda1e2
[INFO] [stdout]                                at /rustc/90b35a6239c3d8bdabc530a6a0816f7ff89a0aaf/library/core/src/result.rs:1700:5
[INFO] [stdout]   19:     0x60d6b061a90d - core::result::Result<T,E>::unwrap::he83edbed011a353d
[INFO] [stdout]                                at /rustc/90b35a6239c3d8bdabc530a6a0816f7ff89a0aaf/library/core/src/result.rs:1104:23
[INFO] [stdout]   20:     0x60d6b061a90d - matches_standard::standard::h0432373c4ffa22d6
[INFO] [stdout]                                at /opt/rustwide/target/debug/build/hematita-3dafab0981158085/out/codegen/hematita-tests-matches_standard-main:56:15
[INFO] [stdout]   21:     0x60d6b061ba07 - matches_standard::fun_quine::h1b85efcd58a6fa0b
[INFO] [stdout]                                at /opt/rustwide/target/debug/build/hematita-3dafab0981158085/out/codegen/hematita-tests-matches_standard-main:126:17
[INFO] [stdout]   22:     0x60d6b061b9b7 - matches_standard::fun_quine::{{closure}}::h74884eaa2116016a
[INFO] [stdout]                                at /opt/rustwide/target/debug/build/hematita-3dafab0981158085/out/codegen/hematita-tests-matches_standard-main:122:19
[INFO] [stdout]   23:     0x60d6b0612b26 - core::ops::function::FnOnce::call_once::h3734fbedbcd20e9b
[INFO] [stdout]                                at /rustc/90b35a6239c3d8bdabc530a6a0816f7ff89a0aaf/library/core/src/ops/function.rs:250:5
[INFO] [stdout]   24:     0x60d6b06d1e2b - core::ops::function::FnOnce::call_once::h109cf8051a59b34e
[INFO] [stdout]                                at /rustc/90b35a6239c3d8bdabc530a6a0816f7ff89a0aaf/library/core/src/ops/function.rs:250:5
[INFO] [stdout]   25:     0x60d6b06d1e2b - test::__rust_begin_short_backtrace::hf4fff89d377446ba
[INFO] [stdout]                                at /rustc/90b35a6239c3d8bdabc530a6a0816f7ff89a0aaf/library/test/src/lib.rs:621:18
[INFO] [stdout]   26:     0x60d6b06d1667 - test::run_test_in_process::{{closure}}::h0e39181dd7ee5a43
[INFO] [stdout]                                at /rustc/90b35a6239c3d8bdabc530a6a0816f7ff89a0aaf/library/test/src/lib.rs:644:60
[INFO] [stdout]   27:     0x60d6b06d1667 - <core::panic::unwind_safe::AssertUnwindSafe<F> as core::ops::function::FnOnce<()>>::call_once::hc5a66a30f0bdfd1f
[INFO] [stdout]                                at /rustc/90b35a6239c3d8bdabc530a6a0816f7ff89a0aaf/library/core/src/panic/unwind_safe.rs:272:9
[INFO] [stdout]   28:     0x60d6b06d1667 - std::panicking::try::do_call::h873b7cf639554a5e
[INFO] [stdout]                                at /rustc/90b35a6239c3d8bdabc530a6a0816f7ff89a0aaf/library/std/src/panicking.rs:557:40
[INFO] [stdout]   29:     0x60d6b06d1667 - std::panicking::try::hdb19862fad9c8bd1
[INFO] [stdout]                                at /rustc/90b35a6239c3d8bdabc530a6a0816f7ff89a0aaf/library/std/src/panicking.rs:520:19
[INFO] [stdout]   30:     0x60d6b06d1667 - std::panic::catch_unwind::h281fe732d236d260
[INFO] [stdout]                                at /rustc/90b35a6239c3d8bdabc530a6a0816f7ff89a0aaf/library/std/src/panic.rs:358:14
[INFO] [stdout]   31:     0x60d6b06d1667 - test::run_test_in_process::h949b6df8457ed338
[INFO] [stdout]                                at /rustc/90b35a6239c3d8bdabc530a6a0816f7ff89a0aaf/library/test/src/lib.rs:644:27
[INFO] [stdout]   32:     0x60d6b06d1667 - test::run_test::{{closure}}::h52c556a6d4740e10
[INFO] [stdout]                                at /rustc/90b35a6239c3d8bdabc530a6a0816f7ff89a0aaf/library/test/src/lib.rs:565:43
[INFO] [stdout]   33:     0x60d6b0696944 - test::run_test::{{closure}}::h4237f6381c45ccb9
[INFO] [stdout]                                at /rustc/90b35a6239c3d8bdabc530a6a0816f7ff89a0aaf/library/test/src/lib.rs:595:41
[INFO] [stdout]   34:     0x60d6b0696944 - std::sys::backtrace::__rust_begin_short_backtrace::h505c97a579eca628
[INFO] [stdout]                                at /rustc/90b35a6239c3d8bdabc530a6a0816f7ff89a0aaf/library/std/src/sys/backtrace.rs:154:18
[INFO] [stdout]   35:     0x60d6b069a00e - std::thread::Builder::spawn_unchecked_::{{closure}}::{{closure}}::h9e86b2e2bc107ea3
[INFO] [stdout]                                at /rustc/90b35a6239c3d8bdabc530a6a0816f7ff89a0aaf/library/std/src/thread/mod.rs:538:17
[INFO] [stdout]   36:     0x60d6b069a00e - <core::panic::unwind_safe::AssertUnwindSafe<F> as core::ops::function::FnOnce<()>>::call_once::h8b06ddb275ff4a25
[INFO] [stdout]                                at /rustc/90b35a6239c3d8bdabc530a6a0816f7ff89a0aaf/library/core/src/panic/unwind_safe.rs:272:9
[INFO] [stdout]   37:     0x60d6b069a00e - std::panicking::try::do_call::hb26ecd7cd9a9355d
[INFO] [stdout]                                at /rustc/90b35a6239c3d8bdabc530a6a0816f7ff89a0aaf/library/std/src/panicking.rs:557:40
[INFO] [stdout]   38:     0x60d6b069a00e - std::panicking::try::h8ddeca9d705f9069
[INFO] [stdout]                                at /rustc/90b35a6239c3d8bdabc530a6a0816f7ff89a0aaf/library/std/src/panicking.rs:520:19
[INFO] [stdout]   39:     0x60d6b069a00e - std::panic::catch_unwind::h49e1c33078844c46
[INFO] [stdout]                                at /rustc/90b35a6239c3d8bdabc530a6a0816f7ff89a0aaf/library/std/src/panic.rs:358:14
[INFO] [stdout]   40:     0x60d6b069a00e - std::thread::Builder::spawn_unchecked_::{{closure}}::h6073db6ff56ad35d
[INFO] [stdout]                                at /rustc/90b35a6239c3d8bdabc530a6a0816f7ff89a0aaf/library/std/src/thread/mod.rs:537:30
[INFO] [stdout]   41:     0x60d6b069a00e - core::ops::function::FnOnce::call_once{{vtable.shim}}::h2c5a5f3779c774f1
[INFO] [stdout]                                at /rustc/90b35a6239c3d8bdabc530a6a0816f7ff89a0aaf/library/core/src/ops/function.rs:250:5
[INFO] [stdout]   42:     0x60d6b070632b - <alloc::boxed::Box<F,A> as core::ops::function::FnOnce<Args>>::call_once::hf75717d9f28faebf
[INFO] [stdout]                                at /rustc/90b35a6239c3d8bdabc530a6a0816f7ff89a0aaf/library/alloc/src/boxed.rs:2454:9
[INFO] [stdout]   43:     0x60d6b070632b - <alloc::boxed::Box<F,A> as core::ops::function::FnOnce<Args>>::call_once::h7bd883a5f3c5f3c1
[INFO] [stdout]                                at /rustc/90b35a6239c3d8bdabc530a6a0816f7ff89a0aaf/library/alloc/src/boxed.rs:2454:9
[INFO] [stdout]   44:     0x60d6b070632b - std::sys::pal::unix::thread::Thread::new::thread_start::hcc78f3943333fa94
[INFO] [stdout]                                at /rustc/90b35a6239c3d8bdabc530a6a0816f7ff89a0aaf/library/std/src/sys/pal/unix/thread.rs:105:17
[INFO] [stdout]   45:     0x7498b98f4ac3 - <unknown>
[INFO] [stdout]   46:     0x7498b9985a04 - clone
[INFO] [stdout]   47:                0x0 - <unknown>
[INFO] [stdout] 
[INFO] [stdout] ---- up_value_modify stdout ----
[INFO] [stdout] thread 'up_value_modify' panicked at /opt/rustwide/target/debug/build/hematita-3dafab0981158085/out/codegen/hematita-tests-matches_standard-main:59:10:
[INFO] [stdout] called `Result::unwrap()` on an `Err` value: Os { code: 2, kind: NotFound, message: "No such file or directory" }
[INFO] [stdout] stack backtrace:
[INFO] [stdout]    0:     0x60d6b07009ea - std::backtrace_rs::backtrace::libunwind::trace::h5a5b8284f2d0c266
[INFO] [stdout]                                at /rustc/90b35a6239c3d8bdabc530a6a0816f7ff89a0aaf/library/std/src/../../backtrace/src/backtrace/libunwind.rs:116:5
[INFO] [stdout]    1:     0x60d6b07009ea - std::backtrace_rs::backtrace::trace_unsynchronized::h76d4f1c9b0b875e3
[INFO] [stdout]                                at /rustc/90b35a6239c3d8bdabc530a6a0816f7ff89a0aaf/library/std/src/../../backtrace/src/backtrace/mod.rs:66:5
[INFO] [stdout]    2:     0x60d6b07009ea - std::sys::backtrace::_print_fmt::hc4546b8364a537c6
[INFO] [stdout]                                at /rustc/90b35a6239c3d8bdabc530a6a0816f7ff89a0aaf/library/std/src/sys/backtrace.rs:66:9
[INFO] [stdout]    3:     0x60d6b07009ea - <std::sys::backtrace::BacktraceLock::print::DisplayBacktrace as core::fmt::Display>::fmt::h5b6bd5631a6d1f6b
[INFO] [stdout]                                at /rustc/90b35a6239c3d8bdabc530a6a0816f7ff89a0aaf/library/std/src/sys/backtrace.rs:39:26
[INFO] [stdout]    4:     0x60d6b0725fc3 - core::fmt::rt::Argument::fmt::h270f6602a2b96f62
[INFO] [stdout]                                at /rustc/90b35a6239c3d8bdabc530a6a0816f7ff89a0aaf/library/core/src/fmt/rt.rs:177:76
[INFO] [stdout]    5:     0x60d6b0725fc3 - core::fmt::write::h7550c97b06c86515
[INFO] [stdout]                                at /rustc/90b35a6239c3d8bdabc530a6a0816f7ff89a0aaf/library/core/src/fmt/mod.rs:1186:21
[INFO] [stdout]    6:     0x60d6b06fdbb3 - std::io::Write::write_fmt::h509ff860e5956e5e
[INFO] [stdout]                                at /rustc/90b35a6239c3d8bdabc530a6a0816f7ff89a0aaf/library/std/src/io/mod.rs:1839:15
[INFO] [stdout]    7:     0x60d6b0700832 - std::sys::backtrace::BacktraceLock::print::h2395ccd2c84ba3aa
[INFO] [stdout]                                at /rustc/90b35a6239c3d8bdabc530a6a0816f7ff89a0aaf/library/std/src/sys/backtrace.rs:42:9
[INFO] [stdout]    8:     0x60d6b0701e4a - std::panicking::default_hook::{{closure}}::he19d4c7230e07961
[INFO] [stdout]                                at /rustc/90b35a6239c3d8bdabc530a6a0816f7ff89a0aaf/library/std/src/panicking.rs:268:22
[INFO] [stdout]    9:     0x60d6b0701c54 - std::panicking::default_hook::hf614597d3c67bbdb
[INFO] [stdout]                                at /rustc/90b35a6239c3d8bdabc530a6a0816f7ff89a0aaf/library/std/src/panicking.rs:292:9
[INFO] [stdout]   10:     0x60d6b06cd469 - <alloc::boxed::Box<F,A> as core::ops::function::Fn<Args>>::call::h39b51ce4599c23d1
[INFO] [stdout]                                at /rustc/90b35a6239c3d8bdabc530a6a0816f7ff89a0aaf/library/alloc/src/boxed.rs:2468:9
[INFO] [stdout]   11:     0x60d6b06cd469 - test::test_main::{{closure}}::he977ae839a582784
[INFO] [stdout]                                at /rustc/90b35a6239c3d8bdabc530a6a0816f7ff89a0aaf/library/test/src/lib.rs:133:21
[INFO] [stdout]   12:     0x60d6b07024e8 - <alloc::boxed::Box<F,A> as core::ops::function::Fn<Args>>::call::h9455091b6b06f9fb
[INFO] [stdout]                                at /rustc/90b35a6239c3d8bdabc530a6a0816f7ff89a0aaf/library/alloc/src/boxed.rs:2468:9
[INFO] [stdout]   13:     0x60d6b07024e8 - std::panicking::rust_panic_with_hook::h8942133a8b252070
[INFO] [stdout]                                at /rustc/90b35a6239c3d8bdabc530a6a0816f7ff89a0aaf/library/std/src/panicking.rs:809:13
[INFO] [stdout]   14:     0x60d6b07022aa - std::panicking::begin_panic_handler::{{closure}}::hb5f5963570096b29
[INFO] [stdout]                                at /rustc/90b35a6239c3d8bdabc530a6a0816f7ff89a0aaf/library/std/src/panicking.rs:674:13
[INFO] [stdout]   15:     0x60d6b0700ec9 - std::sys::backtrace::__rust_end_short_backtrace::h6208cedc1922feda
[INFO] [stdout]                                at /rustc/90b35a6239c3d8bdabc530a6a0816f7ff89a0aaf/library/std/src/sys/backtrace.rs:170:18
[INFO] [stdout]   16:     0x60d6b0701f3c - rust_begin_unwind
[INFO] [stdout]                                at /rustc/90b35a6239c3d8bdabc530a6a0816f7ff89a0aaf/library/std/src/panicking.rs:665:5
[INFO] [stdout]   17:     0x60d6b05eaa60 - core::panicking::panic_fmt::h0c3082644d1bf418
[INFO] [stdout]                                at /rustc/90b35a6239c3d8bdabc530a6a0816f7ff89a0aaf/library/core/src/panicking.rs:74:14
[INFO] [stdout]   18:     0x60d6b05eaea6 - core::result::unwrap_failed::hd20b4aa073bda1e2
[INFO] [stdout]                                at /rustc/90b35a6239c3d8bdabc530a6a0816f7ff89a0aaf/library/core/src/result.rs:1700:5
[INFO] [stdout]   19:     0x60d6b061a90d - core::result::Result<T,E>::unwrap::he83edbed011a353d
[INFO] [stdout]                                at /rustc/90b35a6239c3d8bdabc530a6a0816f7ff89a0aaf/library/core/src/result.rs:1104:23
[INFO] [stdout]   20:     0x60d6b061a90d - matches_standard::standard::h0432373c4ffa22d6
[INFO] [stdout]                                at /opt/rustwide/target/debug/build/hematita-3dafab0981158085/out/codegen/hematita-tests-matches_standard-main:56:15
[INFO] [stdout]   21:     0x60d6b061dd77 - matches_standard::up_value_modify::h9f2ac04baa2df87c
[INFO] [stdout]                                at /opt/rustwide/target/debug/build/hematita-3dafab0981158085/out/codegen/hematita-tests-matches_standard-main:259:17
[INFO] [stdout]   22:     0x60d6b061dd27 - matches_standard::up_value_modify::{{closure}}::h7e5ccc5c4958a723
[INFO] [stdout]                                at /opt/rustwide/target/debug/build/hematita-3dafab0981158085/out/codegen/hematita-tests-matches_standard-main:255:25
[INFO] [stdout]   23:     0x60d6b0612e86 - core::ops::function::FnOnce::call_once::hc9b1bd1b8ed058f1
[INFO] [stdout]                                at /rustc/90b35a6239c3d8bdabc530a6a0816f7ff89a0aaf/library/core/src/ops/function.rs:250:5
[INFO] [stdout]   24:     0x60d6b06d1e2b - core::ops::function::FnOnce::call_once::h109cf8051a59b34e
[INFO] [stdout]                                at /rustc/90b35a6239c3d8bdabc530a6a0816f7ff89a0aaf/library/core/src/ops/function.rs:250:5
[INFO] [stdout]   25:     0x60d6b06d1e2b - test::__rust_begin_short_backtrace::hf4fff89d377446ba
[INFO] [stdout]                                at /rustc/90b35a6239c3d8bdabc530a6a0816f7ff89a0aaf/library/test/src/lib.rs:621:18
[INFO] [stdout]   26:     0x60d6b06d1667 - test::run_test_in_process::{{closure}}::h0e39181dd7ee5a43
[INFO] [stdout]                                at /rustc/90b35a6239c3d8bdabc530a6a0816f7ff89a0aaf/library/test/src/lib.rs:644:60
[INFO] [stdout]   27:     0x60d6b06d1667 - <core::panic::unwind_safe::AssertUnwindSafe<F> as core::ops::function::FnOnce<()>>::call_once::hc5a66a30f0bdfd1f
[INFO] [stdout]                                at /rustc/90b35a6239c3d8bdabc530a6a0816f7ff89a0aaf/library/core/src/panic/unwind_safe.rs:272:9
[INFO] [stdout]   28:     0x60d6b06d1667 - std::panicking::try::do_call::h873b7cf639554a5e
[INFO] [stdout]                                at /rustc/90b35a6239c3d8bdabc530a6a0816f7ff89a0aaf/library/std/src/panicking.rs:557:40
[INFO] [stdout]   29:     0x60d6b06d1667 - std::panicking::try::hdb19862fad9c8bd1
[INFO] [stdout]                                at /rustc/90b35a6239c3d8bdabc530a6a0816f7ff89a0aaf/library/std/src/panicking.rs:520:19
[INFO] [stdout]   30:     0x60d6b06d1667 - std::panic::catch_unwind::h281fe732d236d260
[INFO] [stdout]                                at /rustc/90b35a6239c3d8bdabc530a6a0816f7ff89a0aaf/library/std/src/panic.rs:358:14
[INFO] [stdout]   31:     0x60d6b06d1667 - test::run_test_in_process::h949b6df8457ed338
[INFO] [stdout]                                at /rustc/90b35a6239c3d8bdabc530a6a0816f7ff89a0aaf/library/test/src/lib.rs:644:27
[INFO] [stdout]   32:     0x60d6b06d1667 - test::run_test::{{closure}}::h52c556a6d4740e10
[INFO] [stdout]                                at /rustc/90b35a6239c3d8bdabc530a6a0816f7ff89a0aaf/library/test/src/lib.rs:565:43
[INFO] [stdout]   33:     0x60d6b0696944 - test::run_test::{{closure}}::h4237f6381c45ccb9
[INFO] [stdout]                                at /rustc/90b35a6239c3d8bdabc530a6a0816f7ff89a0aaf/library/test/src/lib.rs:595:41
[INFO] [stdout]   34:     0x60d6b0696944 - std::sys::backtrace::__rust_begin_short_backtrace::h505c97a579eca628
[INFO] [stdout]                                at /rustc/90b35a6239c3d8bdabc530a6a0816f7ff89a0aaf/library/std/src/sys/backtrace.rs:154:18
[INFO] [stdout]   35:     0x60d6b069a00e - std::thread::Builder::spawn_unchecked_::{{closure}}::{{closure}}::h9e86b2e2bc107ea3
[INFO] [stdout]                                at /rustc/90b35a6239c3d8bdabc530a6a0816f7ff89a0aaf/library/std/src/thread/mod.rs:538:17
[INFO] [stdout]   36:     0x60d6b069a00e - <core::panic::unwind_safe::AssertUnwindSafe<F> as core::ops::function::FnOnce<()>>::call_once::h8b06ddb275ff4a25
[INFO] [stdout]                                at /rustc/90b35a6239c3d8bdabc530a6a0816f7ff89a0aaf/library/core/src/panic/unwind_safe.rs:272:9
[INFO] [stdout]   37:     0x60d6b069a00e - std::panicking::try::do_call::hb26ecd7cd9a9355d
[INFO] [stdout]                                at /rustc/90b35a6239c3d8bdabc530a6a0816f7ff89a0aaf/library/std/src/panicking.rs:557:40
[INFO] [stdout]   38:     0x60d6b069a00e - std::panicking::try::h8ddeca9d705f9069
[INFO] [stdout]                                at /rustc/90b35a6239c3d8bdabc530a6a0816f7ff89a0aaf/library/std/src/panicking.rs:520:19
[INFO] [stdout]   39:     0x60d6b069a00e - std::panic::catch_unwind::h49e1c33078844c46
[INFO] [stdout]                                at /rustc/90b35a6239c3d8bdabc530a6a0816f7ff89a0aaf/library/std/src/panic.rs:358:14
[INFO] [stdout]   40:     0x60d6b069a00e - std::thread::Builder::spawn_unchecked_::{{closure}}::h6073db6ff56ad35d
[INFO] [stdout]                                at /rustc/90b35a6239c3d8bdabc530a6a0816f7ff89a0aaf/library/std/src/thread/mod.rs:537:30
[INFO] [stdout]   41:     0x60d6b069a00e - core::ops::function::FnOnce::call_once{{vtable.shim}}::h2c5a5f3779c774f1
[INFO] [stdout]                                at /rustc/90b35a6239c3d8bdabc530a6a0816f7ff89a0aaf/library/core/src/ops/function.rs:250:5
[INFO] [stdout]   42:     0x60d6b070632b - <alloc::boxed::Box<F,A> as core::ops::function::FnOnce<Args>>::call_once::hf75717d9f28faebf
[INFO] [stdout]                                at /rustc/90b35a6239c3d8bdabc530a6a0816f7ff89a0aaf/library/alloc/src/boxed.rs:2454:9
[INFO] [stdout]   43:     0x60d6b070632b - <alloc::boxed::Box<F,A> as core::ops::function::FnOnce<Args>>::call_once::h7bd883a5f3c5f3c1
[INFO] [stdout]                                at /rustc/90b35a6239c3d8bdabc530a6a0816f7ff89a0aaf/library/alloc/src/boxed.rs:2454:9
[INFO] [stdout]   44:     0x60d6b070632b - std::sys::pal::unix::thread::Thread::new::thread_start::hcc78f3943333fa94
[INFO] [stdout]                                at /rustc/90b35a6239c3d8bdabc530a6a0816f7ff89a0aaf/library/std/src/sys/pal/unix/thread.rs:105:17
[INFO] [stdout]   45:     0x7498b98f4ac3 - <unknown>
[INFO] [stdout]   46:     0x7498b9985a04 - clone
[INFO] [stdout]   47:                0x0 - <unknown>
[INFO] [stdout] 
[INFO] [stdout] ---- statement_generic_for stdout ----
[INFO] [stdout] thread 'statement_generic_for' panicked at /opt/rustwide/target/debug/build/hematita-3dafab0981158085/out/codegen/hematita-tests-matches_standard-main:59:10:
[INFO] [stdout] called `Result::unwrap()` on an `Err` value: Os { code: 2, kind: NotFound, message: "No such file or directory" }
[INFO] [stdout] stack backtrace:
[INFO] [stdout]    0:     0x60d6b07009ea - std::backtrace_rs::backtrace::libunwind::trace::h5a5b8284f2d0c266
[INFO] [stdout]                                at /rustc/90b35a6239c3d8bdabc530a6a0816f7ff89a0aaf/library/std/src/../../backtrace/src/backtrace/libunwind.rs:116:5
[INFO] [stdout]    1:     0x60d6b07009ea - std::backtrace_rs::backtrace::trace_unsynchronized::h76d4f1c9b0b875e3
[INFO] [stdout]                                at /rustc/90b35a6239c3d8bdabc530a6a0816f7ff89a0aaf/library/std/src/../../backtrace/src/backtrace/mod.rs:66:5
[INFO] [stdout]    2:     0x60d6b07009ea - std::sys::backtrace::_print_fmt::hc4546b8364a537c6
[INFO] [stdout]                                at /rustc/90b35a6239c3d8bdabc530a6a0816f7ff89a0aaf/library/std/src/sys/backtrace.rs:66:9
[INFO] [stdout]    3:     0x60d6b07009ea - <std::sys::backtrace::BacktraceLock::print::DisplayBacktrace as core::fmt::Display>::fmt::h5b6bd5631a6d1f6b
[INFO] [stdout]                                at /rustc/90b35a6239c3d8bdabc530a6a0816f7ff89a0aaf/library/std/src/sys/backtrace.rs:39:26
[INFO] [stdout]    4:     0x60d6b0725fc3 - core::fmt::rt::Argument::fmt::h270f6602a2b96f62
[INFO] [stdout]                                at /rustc/90b35a6239c3d8bdabc530a6a0816f7ff89a0aaf/library/core/src/fmt/rt.rs:177:76
[INFO] [stdout]    5:     0x60d6b0725fc3 - core::fmt::write::h7550c97b06c86515
[INFO] [stdout]                                at /rustc/90b35a6239c3d8bdabc530a6a0816f7ff89a0aaf/library/core/src/fmt/mod.rs:1186:21
[INFO] [stdout]    6:     0x60d6b06fdbb3 - std::io::Write::write_fmt::h509ff860e5956e5e
[INFO] [stdout]                                at /rustc/90b35a6239c3d8bdabc530a6a0816f7ff89a0aaf/library/std/src/io/mod.rs:1839:15
[INFO] [stdout]    7:     0x60d6b0700832 - std::sys::backtrace::BacktraceLock::print::h2395ccd2c84ba3aa
[INFO] [stdout]                                at /rustc/90b35a6239c3d8bdabc530a6a0816f7ff89a0aaf/library/std/src/sys/backtrace.rs:42:9
[INFO] [stdout]    8:     0x60d6b0701e4a - std::panicking::default_hook::{{closure}}::he19d4c7230e07961
[INFO] [stdout]                                at /rustc/90b35a6239c3d8bdabc530a6a0816f7ff89a0aaf/library/std/src/panicking.rs:268:22
[INFO] [stdout]    9:     0x60d6b0701c54 - std::panicking::default_hook::hf614597d3c67bbdb
[INFO] [stdout]                                at /rustc/90b35a6239c3d8bdabc530a6a0816f7ff89a0aaf/library/std/src/panicking.rs:292:9
[INFO] [stdout]   10:     0x60d6b06cd469 - <alloc::boxed::Box<F,A> as core::ops::function::Fn<Args>>::call::h39b51ce4599c23d1
[INFO] [stdout]                                at /rustc/90b35a6239c3d8bdabc530a6a0816f7ff89a0aaf/library/alloc/src/boxed.rs:2468:9
[INFO] [stdout]   11:     0x60d6b06cd469 - test::test_main::{{closure}}::he977ae839a582784
[INFO] [stdout]                                at /rustc/90b35a6239c3d8bdabc530a6a0816f7ff89a0aaf/library/test/src/lib.rs:133:21
[INFO] [stdout]   12:     0x60d6b07024e8 - <alloc::boxed::Box<F,A> as core::ops::function::Fn<Args>>::call::h9455091b6b06f9fb
[INFO] [stdout]                                at /rustc/90b35a6239c3d8bdabc530a6a0816f7ff89a0aaf/library/alloc/src/boxed.rs:2468:9
[INFO] [stdout]   13:     0x60d6b07024e8 - std::panicking::rust_panic_with_hook::h8942133a8b252070
[INFO] [stdout]                                at /rustc/90b35a6239c3d8bdabc530a6a0816f7ff89a0aaf/library/std/src/panicking.rs:809:13
[INFO] [stdout]   14:     0x60d6b07022aa - std::panicking::begin_panic_handler::{{closure}}::hb5f5963570096b29
[INFO] [stdout]                                at /rustc/90b35a6239c3d8bdabc530a6a0816f7ff89a0aaf/library/std/src/panicking.rs:674:13
[INFO] [stdout]   15:     0x60d6b0700ec9 - std::sys::backtrace::__rust_end_short_backtrace::h6208cedc1922feda
[INFO] [stdout]                                at /rustc/90b35a6239c3d8bdabc530a6a0816f7ff89a0aaf/library/std/src/sys/backtrace.rs:170:18
[INFO] [stdout]   16:     0x60d6b0701f3c - rust_begin_unwind
[INFO] [stdout]                                at /rustc/90b35a6239c3d8bdabc530a6a0816f7ff89a0aaf/library/std/src/panicking.rs:665:5
[INFO] [stdout]   17:     0x60d6b05eaa60 - core::panicking::panic_fmt::h0c3082644d1bf418
[INFO] [stdout]                                at /rustc/90b35a6239c3d8bdabc530a6a0816f7ff89a0aaf/library/core/src/panicking.rs:74:14
[INFO] [stdout]   18:     0x60d6b05eaea6 - core::result::unwrap_failed::hd20b4aa073bda1e2
[INFO] [stdout]                                at /rustc/90b35a6239c3d8bdabc530a6a0816f7ff89a0aaf/library/core/src/result.rs:1700:5
[INFO] [stdout]   19:     0x60d6b061a90d - core::result::Result<T,E>::unwrap::he83edbed011a353d
[INFO] [stdout]                                at /rustc/90b35a6239c3d8bdabc530a6a0816f7ff89a0aaf/library/core/src/result.rs:1104:23
[INFO] [stdout]   20:     0x60d6b061a90d - matches_standard::standard::h0432373c4ffa22d6
[INFO] [stdout]                                at /opt/rustwide/target/debug/build/hematita-3dafab0981158085/out/codegen/hematita-tests-matches_standard-main:56:15
[INFO] [stdout]   21:     0x60d6b061bf17 - matches_standard::statement_generic_for::h4b609d49ab93d8e4
[INFO] [stdout]                                at /opt/rustwide/target/debug/build/hematita-3dafab0981158085/out/codegen/hematita-tests-matches_standard-main:145:17
[INFO] [stdout]   22:     0x60d6b061bec7 - matches_standard::statement_generic_for::{{closure}}::hb34067b4bc295b76
[INFO] [stdout]                                at /opt/rustwide/target/debug/build/hematita-3dafab0981158085/out/codegen/hematita-tests-matches_standard-main:141:31
[INFO] [stdout]   23:     0x60d6b0612d96 - core::ops::function::FnOnce::call_once::h71527331069c8fad
[INFO] [stdout]                                at /rustc/90b35a6239c3d8bdabc530a6a0816f7ff89a0aaf/library/core/src/ops/function.rs:250:5
[INFO] [stdout]   24:     0x60d6b06d1e2b - core::ops::function::FnOnce::call_once::h109cf8051a59b34e
[INFO] [stdout]                                at /rustc/90b35a6239c3d8bdabc530a6a0816f7ff89a0aaf/library/core/src/ops/function.rs:250:5
[INFO] [stdout]   25:     0x60d6b06d1e2b - test::__rust_begin_short_backtrace::hf4fff89d377446ba
[INFO] [stdout]                                at /rustc/90b35a6239c3d8bdabc530a6a0816f7ff89a0aaf/library/test/src/lib.rs:621:18
[INFO] [stdout]   26:     0x60d6b06d1667 - test::run_test_in_process::{{closure}}::h0e39181dd7ee5a43
[INFO] [stdout]                                at /rustc/90b35a6239c3d8bdabc530a6a0816f7ff89a0aaf/library/test/src/lib.rs:644:60
[INFO] [stdout]   27:     0x60d6b06d1667 - <core::panic::unwind_safe::AssertUnwindSafe<F> as core::ops::function::FnOnce<()>>::call_once::hc5a66a30f0bdfd1f
[INFO] [stdout]                                at /rustc/90b35a6239c3d8bdabc530a6a0816f7ff89a0aaf/library/core/src/panic/unwind_safe.rs:272:9
[INFO] [stdout]   28:     0x60d6b06d1667 - std::panicking::try::do_call::h873b7cf639554a5e
[INFO] [stdout]                                at /rustc/90b35a6239c3d8bdabc530a6a0816f7ff89a0aaf/library/std/src/panicking.rs:557:40
[INFO] [stdout]   29:     0x60d6b06d1667 - std::panicking::try::hdb19862fad9c8bd1
[INFO] [stdout]                                at /rustc/90b35a6239c3d8bdabc530a6a0816f7ff89a0aaf/library/std/src/panicking.rs:520:19
[INFO] [stdout]   30:     0x60d6b06d1667 - std::panic::catch_unwind::h281fe732d236d260
[INFO] [stdout]                                at /rustc/90b35a6239c3d8bdabc530a6a0816f7ff89a0aaf/library/std/src/panic.rs:358:14
[INFO] [stdout]   31:     0x60d6b06d1667 - test::run_test_in_process::h949b6df8457ed338
[INFO] [stdout]                                at /rustc/90b35a6239c3d8bdabc530a6a0816f7ff89a0aaf/library/test/src/lib.rs:644:27
[INFO] [stdout]   32:     0x60d6b06d1667 - test::run_test::{{closure}}::h52c556a6d4740e10
[INFO] [stdout]                                at /rustc/90b35a6239c3d8bdabc530a6a0816f7ff89a0aaf/library/test/src/lib.rs:565:43
[INFO] [stdout]   33:     0x60d6b0696944 - test::run_test::{{closure}}::h4237f6381c45ccb9
[INFO] [stdout]                                at /rustc/90b35a6239c3d8bdabc530a6a0816f7ff89a0aaf/library/test/src/lib.rs:595:41
[INFO] [stdout]   34:     0x60d6b0696944 - std::sys::backtrace::__rust_begin_short_backtrace::h505c97a579eca628
[INFO] [stdout]                                at /rustc/90b35a6239c3d8bdabc530a6a0816f7ff89a0aaf/library/std/src/sys/backtrace.rs:154:18
[INFO] [stdout]   35:     0x60d6b069a00e - std::thread::Builder::spawn_unchecked_::{{closure}}::{{closure}}::h9e86b2e2bc107ea3
[INFO] [stdout]                                at /rustc/90b35a6239c3d8bdabc530a6a0816f7ff89a0aaf/library/std/src/thread/mod.rs:538:17
[INFO] [stdout]   36:     0x60d6b069a00e - <core::panic::unwind_safe::AssertUnwindSafe<F> as core::ops::function::FnOnce<()>>::call_once::h8b06ddb275ff4a25
[INFO] [stdout]                                at /rustc/90b35a6239c3d8bdabc530a6a0816f7ff89a0aaf/library/core/src/panic/unwind_safe.rs:272:9
[INFO] [stdout]   37:     0x60d6b069a00e - std::panicking::try::do_call::hb26ecd7cd9a9355d
[INFO] [stdout]                                at /rustc/90b35a6239c3d8bdabc530a6a0816f7ff89a0aaf/library/std/src/panicking.rs:557:40
[INFO] [stdout]   38:     0x60d6b069a00e - std::panicking::try::h8ddeca9d705f9069
[INFO] [stdout]                                at /rustc/90b35a6239c3d8bdabc530a6a0816f7ff89a0aaf/library/std/src/panicking.rs:520:19
[INFO] [stdout]   39:     0x60d6b069a00e - std::panic::catch_unwind::h49e1c33078844c46
[INFO] [stdout]                                at /rustc/90b35a6239c3d8bdabc530a6a0816f7ff89a0aaf/library/std/src/panic.rs:358:14
[INFO] [stdout]   40:     0x60d6b069a00e - std::thread::Builder::spawn_unchecked_::{{closure}}::h6073db6ff56ad35d
[INFO] [stdout]                                at /rustc/90b35a6239c3d8bdabc530a6a0816f7ff89a0aaf/library/std/src/thread/mod.rs:537:30
[INFO] [stdout]   41:     0x60d6b069a00e - core::ops::function::FnOnce::call_once{{vtable.shim}}::h2c5a5f3779c774f1
[INFO] [stdout]                                at /rustc/90b35a6239c3d8bdabc530a6a0816f7ff89a0aaf/library/core/src/ops/function.rs:250:5
[INFO] [stdout]   42:     0x60d6b070632b - <alloc::boxed::Box<F,A> as core::ops::function::FnOnce<Args>>::call_once::hf75717d9f28faebf
[INFO] [stdout]                                at /rustc/90b35a6239c3d8bdabc530a6a0816f7ff89a0aaf/library/alloc/src/boxed.rs:2454:9
[INFO] [stdout]   43:     0x60d6b070632b - <alloc::boxed::Box<F,A> as core::ops::function::FnOnce<Args>>::call_once::h7bd883a5f3c5f3c1
[INFO] [stdout]                                at /rustc/90b35a6239c3d8bdabc530a6a0816f7ff89a0aaf/library/alloc/src/boxed.rs:2454:9
[INFO] [stdout]   44:     0x60d6b070632b - std::sys::pal::unix::thread::Thread::new::thread_start::hcc78f3943333fa94
[INFO] [stdout]                                at /rustc/90b35a6239c3d8bdabc530a6a0816f7ff89a0aaf/library/std/src/sys/pal/unix/thread.rs:105:17
[INFO] [stdout]   45:     0x7498b98f4ac3 - <unknown>
[INFO] [stdout]   46:     0x7498b9985a04 - clone
[INFO] [stdout]   47:                0x0 - <unknown>
[INFO] [stdout] 
[INFO] [stdout] ---- operator_length stdout ----
[INFO] [stdout] thread 'operator_length' panicked at /opt/rustwide/target/debug/build/hematita-3dafab0981158085/out/codegen/hematita-tests-matches_standard-main:59:10:
[INFO] [stdout] called `Result::unwrap()` on an `Err` value: Os { code: 2, kind: NotFound, message: "No such file or directory" }
[INFO] [stdout] stack backtrace:
[INFO] [stdout]    0:     0x60d6b07009ea - std::backtrace_rs::backtrace::libunwind::trace::h5a5b8284f2d0c266
[INFO] [stdout]                                at /rustc/90b35a6239c3d8bdabc530a6a0816f7ff89a0aaf/library/std/src/../../backtrace/src/backtrace/libunwind.rs:116:5
[INFO] [stdout]    1:     0x60d6b07009ea - std::backtrace_rs::backtrace::trace_unsynchronized::h76d4f1c9b0b875e3
[INFO] [stdout]                                at /rustc/90b35a6239c3d8bdabc530a6a0816f7ff89a0aaf/library/std/src/../../backtrace/src/backtrace/mod.rs:66:5
[INFO] [stdout]    2:     0x60d6b07009ea - std::sys::backtrace::_print_fmt::hc4546b8364a537c6
[INFO] [stdout]                                at /rustc/90b35a6239c3d8bdabc530a6a0816f7ff89a0aaf/library/std/src/sys/backtrace.rs:66:9
[INFO] [stdout]    3:     0x60d6b07009ea - <std::sys::backtrace::BacktraceLock::print::DisplayBacktrace as core::fmt::Display>::fmt::h5b6bd5631a6d1f6b
[INFO] [stdout]                                at /rustc/90b35a6239c3d8bdabc530a6a0816f7ff89a0aaf/library/std/src/sys/backtrace.rs:39:26
[INFO] [stdout]    4:     0x60d6b0725fc3 - core::fmt::rt::Argument::fmt::h270f6602a2b96f62
[INFO] [stdout]                                at /rustc/90b35a6239c3d8bdabc530a6a0816f7ff89a0aaf/library/core/src/fmt/rt.rs:177:76
[INFO] [stdout]    5:     0x60d6b0725fc3 - core::fmt::write::h7550c97b06c86515
[INFO] [stdout]                                at /rustc/90b35a6239c3d8bdabc530a6a0816f7ff89a0aaf/library/core/src/fmt/mod.rs:1186:21
[INFO] [stdout]    6:     0x60d6b06fdbb3 - std::io::Write::write_fmt::h509ff860e5956e5e
[INFO] [stdout]                                at /rustc/90b35a6239c3d8bdabc530a6a0816f7ff89a0aaf/library/std/src/io/mod.rs:1839:15
[INFO] [stdout]    7:     0x60d6b0700832 - std::sys::backtrace::BacktraceLock::print::h2395ccd2c84ba3aa
[INFO] [stdout]                                at /rustc/90b35a6239c3d8bdabc530a6a0816f7ff89a0aaf/library/std/src/sys/backtrace.rs:42:9
[INFO] [stdout]    8:     0x60d6b0701e4a - std::panicking::default_hook::{{closure}}::he19d4c7230e07961
[INFO] [stdout]                                at /rustc/90b35a6239c3d8bdabc530a6a0816f7ff89a0aaf/library/std/src/panicking.rs:268:22
[INFO] [stdout]    9:     0x60d6b0701c54 - std::panicking::default_hook::hf614597d3c67bbdb
[INFO] [stdout]                                at /rustc/90b35a6239c3d8bdabc530a6a0816f7ff89a0aaf/library/std/src/panicking.rs:292:9
[INFO] [stdout]   10:     0x60d6b06cd469 - <alloc::boxed::Box<F,A> as core::ops::function::Fn<Args>>::call::h39b51ce4599c23d1
[INFO] [stdout]                                at /rustc/90b35a6239c3d8bdabc530a6a0816f7ff89a0aaf/library/alloc/src/boxed.rs:2468:9
[INFO] [stdout]   11:     0x60d6b06cd469 - test::test_main::{{closure}}::he977ae839a582784
[INFO] [stdout]                                at /rustc/90b35a6239c3d8bdabc530a6a0816f7ff89a0aaf/library/test/src/lib.rs:133:21
[INFO] [stdout]   12:     0x60d6b07024e8 - <alloc::boxed::Box<F,A> as core::ops::function::Fn<Args>>::call::h9455091b6b06f9fb
[INFO] [stdout]                                at /rustc/90b35a6239c3d8bdabc530a6a0816f7ff89a0aaf/library/alloc/src/boxed.rs:2468:9
[INFO] [stdout]   13:     0x60d6b07024e8 - std::panicking::rust_panic_with_hook::h8942133a8b252070
[INFO] [stdout]                                at /rustc/90b35a6239c3d8bdabc530a6a0816f7ff89a0aaf/library/std/src/panicking.rs:809:13
[INFO] [stdout]   14:     0x60d6b07022aa - std::panicking::begin_panic_handler::{{closure}}::hb5f5963570096b29
[INFO] [stdout]                                at /rustc/90b35a6239c3d8bdabc530a6a0816f7ff89a0aaf/library/std/src/panicking.rs:674:13
[INFO] [stdout]   15:     0x60d6b0700ec9 - std::sys::backtrace::__rust_end_short_backtrace::h6208cedc1922feda
[INFO] [stdout]                                at /rustc/90b35a6239c3d8bdabc530a6a0816f7ff89a0aaf/library/std/src/sys/backtrace.rs:170:18
[INFO] [stdout]   16:     0x60d6b0701f3c - rust_begin_unwind
[INFO] [stdout]                                at /rustc/90b35a6239c3d8bdabc530a6a0816f7ff89a0aaf/library/std/src/panicking.rs:665:5
[INFO] [stdout]   17:     0x60d6b05eaa60 - core::panicking::panic_fmt::h0c3082644d1bf418
[INFO] [stdout]                                at /rustc/90b35a6239c3d8bdabc530a6a0816f7ff89a0aaf/library/core/src/panicking.rs:74:14
[INFO] [stdout]   18:     0x60d6b05eaea6 - core::result::unwrap_failed::hd20b4aa073bda1e2
[INFO] [stdout]                                at /rustc/90b35a6239c3d8bdabc530a6a0816f7ff89a0aaf/library/core/src/result.rs:1700:5
[INFO] [stdout]   19:     0x60d6b061a90d - core::result::Result<T,E>::unwrap::he83edbed011a353d
[INFO] [stdout]                                at /rustc/90b35a6239c3d8bdabc530a6a0816f7ff89a0aaf/library/core/src/result.rs:1104:23
[INFO] [stdout]   20:     0x60d6b061a90d - matches_standard::standard::h0432373c4ffa22d6
[INFO] [stdout]                                at /opt/rustwide/target/debug/build/hematita-3dafab0981158085/out/codegen/hematita-tests-matches_standard-main:56:15
[INFO] [stdout]   21:     0x60d6b061d357 - matches_standard::operator_length::h5ddbf831b0719748
[INFO] [stdout]                                at /opt/rustwide/target/debug/build/hematita-3dafab0981158085/out/codegen/hematita-tests-matches_standard-main:221:17
[INFO] [stdout]   22:     0x60d6b061d307 - matches_standard::operator_length::{{closure}}::h51242bdbb99b9fc7
[INFO] [stdout]                                at /opt/rustwide/target/debug/build/hematita-3dafab0981158085/out/codegen/hematita-tests-matches_standard-main:217:25
[INFO] [stdout]   23:     0x60d6b0612d26 - core::ops::function::FnOnce::call_once::h5bf59c2432117ffd
[INFO] [stdout]                                at /rustc/90b35a6239c3d8bdabc530a6a0816f7ff89a0aaf/library/core/src/ops/function.rs:250:5
[INFO] [stdout]   24:     0x60d6b06d1e2b - core::ops::function::FnOnce::call_once::h109cf8051a59b34e
[INFO] [stdout]                                at /rustc/90b35a6239c3d8bdabc530a6a0816f7ff89a0aaf/library/core/src/ops/function.rs:250:5
[INFO] [stdout]   25:     0x60d6b06d1e2b - test::__rust_begin_short_backtrace::hf4fff89d377446ba
[INFO] [stdout]                                at /rustc/90b35a6239c3d8bdabc530a6a0816f7ff89a0aaf/library/test/src/lib.rs:621:18
[INFO] [stdout]   26:     0x60d6b06d1667 - test::run_test_in_process::{{closure}}::h0e39181dd7ee5a43
[INFO] [stderr] error: test failed, to rerun pass `-p hematita --test matches_standard`
[INFO] [stdout]                                at /rustc/90b35a6239c3d8bdabc530a6a0816f7ff89a0aaf/library/test/src/lib.rs:644:60
[INFO] [stdout]   27:     0x60d6b06d1667 - <core::panic::unwind_safe::AssertUnwindSafe<F> as core::ops::function::FnOnce<()>>::call_once::hc5a66a30f0bdfd1f
[INFO] [stdout]                                at /rustc/90b35a6239c3d8bdabc530a6a0816f7ff89a0aaf/library/core/src/panic/unwind_safe.rs:272:9
[INFO] [stdout]   28:     0x60d6b06d1667 - std::panicking::try::do_call::h873b7cf639554a5e
[INFO] [stdout]                                at /rustc/90b35a6239c3d8bdabc530a6a0816f7ff89a0aaf/library/std/src/panicking.rs:557:40
[INFO] [stdout]   29:     0x60d6b06d1667 - std::panicking::try::hdb19862fad9c8bd1
[INFO] [stdout]                                at /rustc/90b35a6239c3d8bdabc530a6a0816f7ff89a0aaf/library/std/src/panicking.rs:520:19
[INFO] [stdout]   30:     0x60d6b06d1667 - std::panic::catch_unwind::h281fe732d236d260
[INFO] [stdout]                                at /rustc/90b35a6239c3d8bdabc530a6a0816f7ff89a0aaf/library/std/src/panic.rs:358:14
[INFO] [stdout]   31:     0x60d6b06d1667 - test::run_test_in_process::h949b6df8457ed338
[INFO] [stdout]                                at /rustc/90b35a6239c3d8bdabc530a6a0816f7ff89a0aaf/library/test/src/lib.rs:644:27
[INFO] [stdout]   32:     0x60d6b06d1667 - test::run_test::{{closure}}::h52c556a6d4740e10
[INFO] [stdout]                                at /rustc/90b35a6239c3d8bdabc530a6a0816f7ff89a0aaf/library/test/src/lib.rs:565:43
[INFO] [stdout]   33:     0x60d6b0696944 - test::run_test::{{closure}}::h4237f6381c45ccb9
[INFO] [stdout]                                at /rustc/90b35a6239c3d8bdabc530a6a0816f7ff89a0aaf/library/test/src/lib.rs:595:41
[INFO] [stdout]   34:     0x60d6b0696944 - std::sys::backtrace::__rust_begin_short_backtrace::h505c97a579eca628
[INFO] [stdout]                                at /rustc/90b35a6239c3d8bdabc530a6a0816f7ff89a0aaf/library/std/src/sys/backtrace.rs:154:18
[INFO] [stdout]   35:     0x60d6b069a00e - std::thread::Builder::spawn_unchecked_::{{closure}}::{{closure}}::h9e86b2e2bc107ea3
[INFO] [stdout]                                at /rustc/90b35a6239c3d8bdabc530a6a0816f7ff89a0aaf/library/std/src/thread/mod.rs:538:17
[INFO] [stdout]   36:     0x60d6b069a00e - <core::panic::unwind_safe::AssertUnwindSafe<F> as core::ops::function::FnOnce<()>>::call_once::h8b06ddb275ff4a25
[INFO] [stdout]                                at /rustc/90b35a6239c3d8bdabc530a6a0816f7ff89a0aaf/library/core/src/panic/unwind_safe.rs:272:9
[INFO] [stdout]   37:     0x60d6b069a00e - std::panicking::try::do_call::hb26ecd7cd9a9355d
[INFO] [stdout]                                at /rustc/90b35a6239c3d8bdabc530a6a0816f7ff89a0aaf/library/std/src/panicking.rs:557:40
[INFO] [stdout]   38:     0x60d6b069a00e - std::panicking::try::h8ddeca9d705f9069
[INFO] [stdout]                                at /rustc/90b35a6239c3d8bdabc530a6a0816f7ff89a0aaf/library/std/src/panicking.rs:520:19
[INFO] [stdout]   39:     0x60d6b069a00e - std::panic::catch_unwind::h49e1c33078844c46
[INFO] [stdout]                                at /rustc/90b35a6239c3d8bdabc530a6a0816f7ff89a0aaf/library/std/src/panic.rs:358:14
[INFO] [stdout]   40:     0x60d6b069a00e - std::thread::Builder::spawn_unchecked_::{{closure}}::h6073db6ff56ad35d
[INFO] [stdout]                                at /rustc/90b35a6239c3d8bdabc530a6a0816f7ff89a0aaf/library/std/src/thread/mod.rs:537:30
[INFO] [stdout]   41:     0x60d6b069a00e - core::ops::function::FnOnce::call_once{{vtable.shim}}::h2c5a5f3779c774f1
[INFO] [stdout]                                at /rustc/90b35a6239c3d8bdabc530a6a0816f7ff89a0aaf/library/core/src/ops/function.rs:250:5
[INFO] [stdout]   42:     0x60d6b070632b - <alloc::boxed::Box<F,A> as core::ops::function::FnOnce<Args>>::call_once::hf75717d9f28faebf
[INFO] [stdout]                                at /rustc/90b35a6239c3d8bdabc530a6a0816f7ff89a0aaf/library/alloc/src/boxed.rs:2454:9
[INFO] [stdout]   43:     0x60d6b070632b - <alloc::boxed::Box<F,A> as core::ops::function::FnOnce<Args>>::call_once::h7bd883a5f3c5f3c1
[INFO] [stdout]                                at /rustc/90b35a6239c3d8bdabc530a6a0816f7ff89a0aaf/library/alloc/src/boxed.rs:2454:9
[INFO] [stdout]   44:     0x60d6b070632b - std::sys::pal::unix::thread::Thread::new::thread_start::hcc78f3943333fa94
[INFO] [stdout]                                at /rustc/90b35a6239c3d8bdabc530a6a0816f7ff89a0aaf/library/std/src/sys/pal/unix/thread.rs:105:17
[INFO] [stdout]   45:     0x7498b98f4ac3 - <unknown>
[INFO] [stdout]   46:     0x7498b9985a04 - clone
[INFO] [stdout]   47:                0x0 - <unknown>
[INFO] [stdout] 
[INFO] [stdout] ---- statement_while_repeat stdout ----
[INFO] [stdout] thread 'statement_while_repeat' panicked at /opt/rustwide/target/debug/build/hematita-3dafab0981158085/out/codegen/hematita-tests-matches_standard-main:59:10:
[INFO] [stdout] called `Result::unwrap()` on an `Err` value: Os { code: 2, kind: NotFound, message: "No such file or directory" }
[INFO] [stdout] stack backtrace:
[INFO] [stdout]    0:     0x60d6b07009ea - std::backtrace_rs::backtrace::libunwind::trace::h5a5b8284f2d0c266
[INFO] [stdout]                                at /rustc/90b35a6239c3d8bdabc530a6a0816f7ff89a0aaf/library/std/src/../../backtrace/src/backtrace/libunwind.rs:116:5
[INFO] [stdout]    1:     0x60d6b07009ea - std::backtrace_rs::backtrace::trace_unsynchronized::h76d4f1c9b0b875e3
[INFO] [stdout]                                at /rustc/90b35a6239c3d8bdabc530a6a0816f7ff89a0aaf/library/std/src/../../backtrace/src/backtrace/mod.rs:66:5
[INFO] [stdout]    2:     0x60d6b07009ea - std::sys::backtrace::_print_fmt::hc4546b8364a537c6
[INFO] [stdout]                                at /rustc/90b35a6239c3d8bdabc530a6a0816f7ff89a0aaf/library/std/src/sys/backtrace.rs:66:9
[INFO] [stdout]    3:     0x60d6b07009ea - <std::sys::backtrace::BacktraceLock::print::DisplayBacktrace as core::fmt::Display>::fmt::h5b6bd5631a6d1f6b
[INFO] [stdout]                                at /rustc/90b35a6239c3d8bdabc530a6a0816f7ff89a0aaf/library/std/src/sys/backtrace.rs:39:26
[INFO] [stdout]    4:     0x60d6b0725fc3 - core::fmt::rt::Argument::fmt::h270f6602a2b96f62
[INFO] [stdout]                                at /rustc/90b35a6239c3d8bdabc530a6a0816f7ff89a0aaf/library/core/src/fmt/rt.rs:177:76
[INFO] [stdout]    5:     0x60d6b0725fc3 - core::fmt::write::h7550c97b06c86515
[INFO] [stdout]                                at /rustc/90b35a6239c3d8bdabc530a6a0816f7ff89a0aaf/library/core/src/fmt/mod.rs:1186:21
[INFO] [stdout]    6:     0x60d6b06fdbb3 - std::io::Write::write_fmt::h509ff860e5956e5e
[INFO] [stdout]                                at /rustc/90b35a6239c3d8bdabc530a6a0816f7ff89a0aaf/library/std/src/io/mod.rs:1839:15
[INFO] [stdout]    7:     0x60d6b0700832 - std::sys::backtrace::BacktraceLock::print::h2395ccd2c84ba3aa
[INFO] [stdout]                                at /rustc/90b35a6239c3d8bdabc530a6a0816f7ff89a0aaf/library/std/src/sys/backtrace.rs:42:9
[INFO] [stdout]    8:     0x60d6b0701e4a - std::panicking::default_hook::{{closure}}::he19d4c7230e07961
[INFO] [stdout]                                at /rustc/90b35a6239c3d8bdabc530a6a0816f7ff89a0aaf/library/std/src/panicking.rs:268:22
[INFO] [stdout]    9:     0x60d6b0701c54 - std::panicking::default_hook::hf614597d3c67bbdb
[INFO] [stdout]                                at /rustc/90b35a6239c3d8bdabc530a6a0816f7ff89a0aaf/library/std/src/panicking.rs:292:9
[INFO] [stdout]   10:     0x60d6b06cd469 - <alloc::boxed::Box<F,A> as core::ops::function::Fn<Args>>::call::h39b51ce4599c23d1
[INFO] [stdout]                                at /rustc/90b35a6239c3d8bdabc530a6a0816f7ff89a0aaf/library/alloc/src/boxed.rs:2468:9
[INFO] [stdout]   11:     0x60d6b06cd469 - test::test_main::{{closure}}::he977ae839a582784
[INFO] [stdout]                                at /rustc/90b35a6239c3d8bdabc530a6a0816f7ff89a0aaf/library/test/src/lib.rs:133:21
[INFO] [stdout]   12:     0x60d6b07024e8 - <alloc::boxed::Box<F,A> as core::ops::function::Fn<Args>>::call::h9455091b6b06f9fb
[INFO] [stdout]                                at /rustc/90b35a6239c3d8bdabc530a6a0816f7ff89a0aaf/library/alloc/src/boxed.rs:2468:9
[INFO] [stdout]   13:     0x60d6b07024e8 - std::panicking::rust_panic_with_hook::h8942133a8b252070
[INFO] [stdout]                                at /rustc/90b35a6239c3d8bdabc530a6a0816f7ff89a0aaf/library/std/src/panicking.rs:809:13
[INFO] [stdout]   14:     0x60d6b07022aa - std::panicking::begin_panic_handler::{{closure}}::hb5f5963570096b29
[INFO] [stdout]                                at /rustc/90b35a6239c3d8bdabc530a6a0816f7ff89a0aaf/library/std/src/panicking.rs:674:13
[INFO] [stdout]   15:     0x60d6b0700ec9 - std::sys::backtrace::__rust_end_short_backtrace::h6208cedc1922feda
[INFO] [stdout]                                at /rustc/90b35a6239c3d8bdabc530a6a0816f7ff89a0aaf/library/std/src/sys/backtrace.rs:170:18
[INFO] [stdout]   16:     0x60d6b0701f3c - rust_begin_unwind
[INFO] [stdout]                                at /rustc/90b35a6239c3d8bdabc530a6a0816f7ff89a0aaf/library/std/src/panicking.rs:665:5
[INFO] [stdout]   17:     0x60d6b05eaa60 - core::panicking::panic_fmt::h0c3082644d1bf418
[INFO] [stdout]                                at /rustc/90b35a6239c3d8bdabc530a6a0816f7ff89a0aaf/library/core/src/panicking.rs:74:14
[INFO] [stdout]   18:     0x60d6b05eaea6 - core::result::unwrap_failed::hd20b4aa073bda1e2
[INFO] [stdout]                                at /rustc/90b35a6239c3d8bdabc530a6a0816f7ff89a0aaf/library/core/src/result.rs:1700:5
[INFO] [stdout]   19:     0x60d6b061a90d - core::result::Result<T,E>::unwrap::he83edbed011a353d
[INFO] [stdout]                                at /rustc/90b35a6239c3d8bdabc530a6a0816f7ff89a0aaf/library/core/src/result.rs:1104:23
[INFO] [stdout]   20:     0x60d6b061a90d - matches_standard::standard::h0432373c4ffa22d6
[INFO] [stdout]                                at /opt/rustwide/target/debug/build/hematita-3dafab0981158085/out/codegen/hematita-tests-matches_standard-main:56:15
[INFO] [stdout]   21:     0x60d6b061ce47 - matches_standard::statement_while_repeat::h82732c02080ed079
[INFO] [stdout]                                at /opt/rustwide/target/debug/build/hematita-3dafab0981158085/out/codegen/hematita-tests-matches_standard-main:202:17
[INFO] [stdout]   22:     0x60d6b061cdf7 - matches_standard::statement_while_repeat::{{closure}}::hfbe0caded6c6011f
[INFO] [stdout]                                at /opt/rustwide/target/debug/build/hematita-3dafab0981158085/out/codegen/hematita-tests-matches_standard-main:198:32
[INFO] [stdout]   23:     0x60d6b0612ba6 - core::ops::function::FnOnce::call_once::h424cbf80d0d7e574
[INFO] [stdout]                                at /rustc/90b35a6239c3d8bdabc530a6a0816f7ff89a0aaf/library/core/src/ops/function.rs:250:5
[INFO] [stdout]   24:     0x60d6b06d1e2b - core::ops::function::FnOnce::call_once::h109cf8051a59b34e
[INFO] [stdout]                                at /rustc/90b35a6239c3d8bdabc530a6a0816f7ff89a0aaf/library/core/src/ops/function.rs:250:5
[INFO] [stdout]   25:     0x60d6b06d1e2b - test::__rust_begin_short_backtrace::hf4fff89d377446ba
[INFO] [stdout]                                at /rustc/90b35a6239c3d8bdabc530a6a0816f7ff89a0aaf/library/test/src/lib.rs:621:18
[INFO] [stdout]   26:     0x60d6b06d1667 - test::run_test_in_process::{{closure}}::h0e39181dd7ee5a43
[INFO] [stdout]                                at /rustc/90b35a6239c3d8bdabc530a6a0816f7ff89a0aaf/library/test/src/lib.rs:644:60
[INFO] [stdout]   27:     0x60d6b06d1667 - <core::panic::unwind_safe::AssertUnwindSafe<F> as core::ops::function::FnOnce<()>>::call_once::hc5a66a30f0bdfd1f
[INFO] [stdout]                                at /rustc/90b35a6239c3d8bdabc530a6a0816f7ff89a0aaf/library/core/src/panic/unwind_safe.rs:272:9
[INFO] [stdout]   28:     0x60d6b06d1667 - std::panicking::try::do_call::h873b7cf639554a5e
[INFO] [stdout]                                at /rustc/90b35a6239c3d8bdabc530a6a0816f7ff89a0aaf/library/std/src/panicking.rs:557:40
[INFO] [stdout]   29:     0x60d6b06d1667 - std::panicking::try::hdb19862fad9c8bd1
[INFO] [stdout]                                at /rustc/90b35a6239c3d8bdabc530a6a0816f7ff89a0aaf/library/std/src/panicking.rs:520:19
[INFO] [stdout]   30:     0x60d6b06d1667 - std::panic::catch_unwind::h281fe732d236d260
[INFO] [stdout]                                at /rustc/90b35a6239c3d8bdabc530a6a0816f7ff89a0aaf/library/std/src/panic.rs:358:14
[INFO] [stdout]   31:     0x60d6b06d1667 - test::run_test_in_process::h949b6df8457ed338
[INFO] [stdout]                                at /rustc/90b35a6239c3d8bdabc530a6a0816f7ff89a0aaf/library/test/src/lib.rs:644:27
[INFO] [stdout]   32:     0x60d6b06d1667 - test::run_test::{{closure}}::h52c556a6d4740e10
[INFO] [stdout]                                at /rustc/90b35a6239c3d8bdabc530a6a0816f7ff89a0aaf/library/test/src/lib.rs:565:43
[INFO] [stdout]   33:     0x60d6b0696944 - test::run_test::{{closure}}::h4237f6381c45ccb9
[INFO] [stdout]                                at /rustc/90b35a6239c3d8bdabc530a6a0816f7ff89a0aaf/library/test/src/lib.rs:595:41
[INFO] [stdout]   34:     0x60d6b0696944 - std::sys::backtrace::__rust_begin_short_backtrace::h505c97a579eca628
[INFO] [stdout]                                at /rustc/90b35a6239c3d8bdabc530a6a0816f7ff89a0aaf/library/std/src/sys/backtrace.rs:154:18
[INFO] [stdout]   35:     0x60d6b069a00e - std::thread::Builder::spawn_unchecked_::{{closure}}::{{closure}}::h9e86b2e2bc107ea3
[INFO] [stdout]                                at /rustc/90b35a6239c3d8bdabc530a6a0816f7ff89a0aaf/library/std/src/thread/mod.rs:538:17
[INFO] [stdout]   36:     0x60d6b069a00e - <core::panic::unwind_safe::AssertUnwindSafe<F> as core::ops::function::FnOnce<()>>::call_once::h8b06ddb275ff4a25
[INFO] [stdout]                                at /rustc/90b35a6239c3d8bdabc530a6a0816f7ff89a0aaf/library/core/src/panic/unwind_safe.rs:272:9
[INFO] [stdout]   37:     0x60d6b069a00e - std::panicking::try::do_call::hb26ecd7cd9a9355d
[INFO] [stdout]                                at /rustc/90b35a6239c3d8bdabc530a6a0816f7ff89a0aaf/library/std/src/panicking.rs:557:40
[INFO] [stdout]   38:     0x60d6b069a00e - std::panicking::try::h8ddeca9d705f9069
[INFO] [stdout]                                at /rustc/90b35a6239c3d8bdabc530a6a0816f7ff89a0aaf/library/std/src/panicking.rs:520:19
[INFO] [stdout]   39:     0x60d6b069a00e - std::panic::catch_unwind::h49e1c33078844c46
[INFO] [stdout]                                at /rustc/90b35a6239c3d8bdabc530a6a0816f7ff89a0aaf/library/std/src/panic.rs:358:14
[INFO] [stdout]   40:     0x60d6b069a00e - std::thread::Builder::spawn_unchecked_::{{closure}}::h6073db6ff56ad35d
[INFO] [stdout]                                at /rustc/90b35a6239c3d8bdabc530a6a0816f7ff89a0aaf/library/std/src/thread/mod.rs:537:30
[INFO] [stdout]   41:     0x60d6b069a00e - core::ops::function::FnOnce::call_once{{vtable.shim}}::h2c5a5f3779c774f1
[INFO] [stdout]                                at /rustc/90b35a6239c3d8bdabc530a6a0816f7ff89a0aaf/library/core/src/ops/function.rs:250:5
[INFO] [stdout]   42:     0x60d6b070632b - <alloc::boxed::Box<F,A> as core::ops::function::FnOnce<Args>>::call_once::hf75717d9f28faebf
[INFO] [stdout]                                at /rustc/90b35a6239c3d8bdabc530a6a0816f7ff89a0aaf/library/alloc/src/boxed.rs:2454:9
[INFO] [stdout]   43:     0x60d6b070632b - <alloc::boxed::Box<F,A> as core::ops::function::FnOnce<Args>>::call_once::h7bd883a5f3c5f3c1
[INFO] [stdout]                                at /rustc/90b35a6239c3d8bdabc530a6a0816f7ff89a0aaf/library/alloc/src/boxed.rs:2454:9
[INFO] [stdout]   44:     0x60d6b070632b - std::sys::pal::unix::thread::Thread::new::thread_start::hcc78f3943333fa94
[INFO] [stdout]                                at /rustc/90b35a6239c3d8bdabc530a6a0816f7ff89a0aaf/library/std/src/sys/pal/unix/thread.rs:105:17
[INFO] [stdout]   45:     0x7498b98f4ac3 - <unknown>
[INFO] [stdout]   46:     0x7498b9985a04 - clone
[INFO] [stdout]   47:                0x0 - <unknown>
[INFO] [stdout] 
[INFO] [stdout] ---- operator_logical_and stdout ----
[INFO] [stdout] thread 'operator_logical_and' panicked at /opt/rustwide/target/debug/build/hematita-3dafab0981158085/out/codegen/hematita-tests-matches_standard-main:59:10:
[INFO] [stdout] called `Result::unwrap()` on an `Err` value: Os { code: 2, kind: NotFound, message: "No such file or directory" }
[INFO] [stdout] stack backtrace:
[INFO] [stdout]    0:     0x60d6b07009ea - std::backtrace_rs::backtrace::libunwind::trace::h5a5b8284f2d0c266
[INFO] [stdout]                                at /rustc/90b35a6239c3d8bdabc530a6a0816f7ff89a0aaf/library/std/src/../../backtrace/src/backtrace/libunwind.rs:116:5
[INFO] [stdout]    1:     0x60d6b07009ea - std::backtrace_rs::backtrace::trace_unsynchronized::h76d4f1c9b0b875e3
[INFO] [stdout]                                at /rustc/90b35a6239c3d8bdabc530a6a0816f7ff89a0aaf/library/std/src/../../backtrace/src/backtrace/mod.rs:66:5
[INFO] [stdout]    2:     0x60d6b07009ea - std::sys::backtrace::_print_fmt::hc4546b8364a537c6
[INFO] [stdout]                                at /rustc/90b35a6239c3d8bdabc530a6a0816f7ff89a0aaf/library/std/src/sys/backtrace.rs:66:9
[INFO] [stdout]    3:     0x60d6b07009ea - <std::sys::backtrace::BacktraceLock::print::DisplayBacktrace as core::fmt::Display>::fmt::h5b6bd5631a6d1f6b
[INFO] [stdout]                                at /rustc/90b35a6239c3d8bdabc530a6a0816f7ff89a0aaf/library/std/src/sys/backtrace.rs:39:26
[INFO] [stdout]    4:     0x60d6b0725fc3 - core::fmt::rt::Argument::fmt::h270f6602a2b96f62
[INFO] [stdout]                                at /rustc/90b35a6239c3d8bdabc530a6a0816f7ff89a0aaf/library/core/src/fmt/rt.rs:177:76
[INFO] [stdout]    5:     0x60d6b0725fc3 - core::fmt::write::h7550c97b06c86515
[INFO] [stdout]                                at /rustc/90b35a6239c3d8bdabc530a6a0816f7ff89a0aaf/library/core/src/fmt/mod.rs:1186:21
[INFO] [stdout]    6:     0x60d6b06fdbb3 - std::io::Write::write_fmt::h509ff860e5956e5e
[INFO] [stdout]                                at /rustc/90b35a6239c3d8bdabc530a6a0816f7ff89a0aaf/library/std/src/io/mod.rs:1839:15
[INFO] [stdout]    7:     0x60d6b0700832 - std::sys::backtrace::BacktraceLock::print::h2395ccd2c84ba3aa
[INFO] [stdout]                                at /rustc/90b35a6239c3d8bdabc530a6a0816f7ff89a0aaf/library/std/src/sys/backtrace.rs:42:9
[INFO] [stdout]    8:     0x60d6b0701e4a - std::panicking::default_hook::{{closure}}::he19d4c7230e07961
[INFO] [stdout]                                at /rustc/90b35a6239c3d8bdabc530a6a0816f7ff89a0aaf/library/std/src/panicking.rs:268:22
[INFO] [stdout]    9:     0x60d6b0701c54 - std::panicking::default_hook::hf614597d3c67bbdb
[INFO] [stdout]                                at /rustc/90b35a6239c3d8bdabc530a6a0816f7ff89a0aaf/library/std/src/panicking.rs:292:9
[INFO] [stdout]   10:     0x60d6b06cd469 - <alloc::boxed::Box<F,A> as core::ops::function::Fn<Args>>::call::h39b51ce4599c23d1
[INFO] [stdout]                                at /rustc/90b35a6239c3d8bdabc530a6a0816f7ff89a0aaf/library/alloc/src/boxed.rs:2468:9
[INFO] [stdout]   11:     0x60d6b06cd469 - test::test_main::{{closure}}::he977ae839a582784
[INFO] [stdout]                                at /rustc/90b35a6239c3d8bdabc530a6a0816f7ff89a0aaf/library/test/src/lib.rs:133:21
[INFO] [stdout]   12:     0x60d6b07024e8 - <alloc::boxed::Box<F,A> as core::ops::function::Fn<Args>>::call::h9455091b6b06f9fb
[INFO] [stdout]                                at /rustc/90b35a6239c3d8bdabc530a6a0816f7ff89a0aaf/library/alloc/src/boxed.rs:2468:9
[INFO] [stdout]   13:     0x60d6b07024e8 - std::panicking::rust_panic_with_hook::h8942133a8b252070
[INFO] [stdout]                                at /rustc/90b35a6239c3d8bdabc530a6a0816f7ff89a0aaf/library/std/src/panicking.rs:809:13
[INFO] [stdout]   14:     0x60d6b07022aa - std::panicking::begin_panic_handler::{{closure}}::hb5f5963570096b29
[INFO] [stdout]                                at /rustc/90b35a6239c3d8bdabc530a6a0816f7ff89a0aaf/library/std/src/panicking.rs:674:13
[INFO] [stdout]   15:     0x60d6b0700ec9 - std::sys::backtrace::__rust_end_short_backtrace::h6208cedc1922feda
[INFO] [stdout]                                at /rustc/90b35a6239c3d8bdabc530a6a0816f7ff89a0aaf/library/std/src/sys/backtrace.rs:170:18
[INFO] [stdout]   16:     0x60d6b0701f3c - rust_begin_unwind
[INFO] [stdout]                                at /rustc/90b35a6239c3d8bdabc530a6a0816f7ff89a0aaf/library/std/src/panicking.rs:665:5
[INFO] [stdout]   17:     0x60d6b05eaa60 - core::panicking::panic_fmt::h0c3082644d1bf418
[INFO] [stdout]                                at /rustc/90b35a6239c3d8bdabc530a6a0816f7ff89a0aaf/library/core/src/panicking.rs:74:14
[INFO] [stdout]   18:     0x60d6b05eaea6 - core::result::unwrap_failed::hd20b4aa073bda1e2
[INFO] [stdout]                                at /rustc/90b35a6239c3d8bdabc530a6a0816f7ff89a0aaf/library/core/src/result.rs:1700:5
[INFO] [stdout]   19:     0x60d6b061a90d - core::result::Result<T,E>::unwrap::he83edbed011a353d
[INFO] [stdout]                                at /rustc/90b35a6239c3d8bdabc530a6a0816f7ff89a0aaf/library/core/src/result.rs:1104:23
[INFO] [stdout]   20:     0x60d6b061a90d - matches_standard::standard::h0432373c4ffa22d6
[INFO] [stdout]                                at /opt/rustwide/target/debug/build/hematita-3dafab0981158085/out/codegen/hematita-tests-matches_standard-main:56:15
[INFO] [stdout]   21:     0x60d6b061d867 - matches_standard::operator_logical_and::h157a0d6fc2766851
[INFO] [stdout]                                at /opt/rustwide/target/debug/build/hematita-3dafab0981158085/out/codegen/hematita-tests-matches_standard-main:240:17
[INFO] [stdout]   22:     0x60d6b061d817 - matches_standard::operator_logical_and::{{closure}}::h335532cb75c625bc
[INFO] [stdout]                                at /opt/rustwide/target/debug/build/hematita-3dafab0981158085/out/codegen/hematita-tests-matches_standard-main:236:30
[INFO] [stdout]   23:     0x60d6b0612ae6 - core::ops::function::FnOnce::call_once::h2c59c6cc3ec41805
[INFO] [stdout]                                at /rustc/90b35a6239c3d8bdabc530a6a0816f7ff89a0aaf/library/core/src/ops/function.rs:250:5
[INFO] [stdout]   24:     0x60d6b06d1e2b - core::ops::function::FnOnce::call_once::h109cf8051a59b34e
[INFO] [stdout]                                at /rustc/90b35a6239c3d8bdabc530a6a0816f7ff89a0aaf/library/core/src/ops/function.rs:250:5
[INFO] [stdout]   25:     0x60d6b06d1e2b - test::__rust_begin_short_backtrace::hf4fff89d377446ba
[INFO] [stdout]                                at /rustc/90b35a6239c3d8bdabc530a6a0816f7ff89a0aaf/library/test/src/lib.rs:621:18
[INFO] [stdout]   26:     0x60d6b06d1667 - test::run_test_in_process::{{closure}}::h0e39181dd7ee5a43
[INFO] [stdout]                                at /rustc/90b35a6239c3d8bdabc530a6a0816f7ff89a0aaf/library/test/src/lib.rs:644:60
[INFO] [stdout]   27:     0x60d6b06d1667 - <core::panic::unwind_safe::AssertUnwindSafe<F> as core::ops::function::FnOnce<()>>::call_once::hc5a66a30f0bdfd1f
[INFO] [stdout]                                at /rustc/90b35a6239c3d8bdabc530a6a0816f7ff89a0aaf/library/core/src/panic/unwind_safe.rs:272:9
[INFO] [stdout]   28:     0x60d6b06d1667 - std::panicking::try::do_call::h873b7cf639554a5e
[INFO] [stdout]                                at /rustc/90b35a6239c3d8bdabc530a6a0816f7ff89a0aaf/library/std/src/panicking.rs:557:40
[INFO] [stdout]   29:     0x60d6b06d1667 - std::panicking::try::hdb19862fad9c8bd1
[INFO] [stdout]                                at /rustc/90b35a6239c3d8bdabc530a6a0816f7ff89a0aaf/library/std/src/panicking.rs:520:19
[INFO] [stdout]   30:     0x60d6b06d1667 - std::panic::catch_unwind::h281fe732d236d260
[INFO] [stdout]                                at /rustc/90b35a6239c3d8bdabc530a6a0816f7ff89a0aaf/library/std/src/panic.rs:358:14
[INFO] [stdout]   31:     0x60d6b06d1667 - test::run_test_in_process::h949b6df8457ed338
[INFO] [stdout]                                at /rustc/90b35a6239c3d8bdabc530a6a0816f7ff89a0aaf/library/test/src/lib.rs:644:27
[INFO] [stdout]   32:     0x60d6b06d1667 - test::run_test::{{closure}}::h52c556a6d4740e10
[INFO] [stdout]                                at /rustc/90b35a6239c3d8bdabc530a6a0816f7ff89a0aaf/library/test/src/lib.rs:565:43
[INFO] [stdout]   33:     0x60d6b0696944 - test::run_test::{{closure}}::h4237f6381c45ccb9
[INFO] [stdout]                                at /rustc/90b35a6239c3d8bdabc530a6a0816f7ff89a0aaf/library/test/src/lib.rs:595:41
[INFO] [stdout]   34:     0x60d6b0696944 - std::sys::backtrace::__rust_begin_short_backtrace::h505c97a579eca628
[INFO] [stdout]                                at /rustc/90b35a6239c3d8bdabc530a6a0816f7ff89a0aaf/library/std/src/sys/backtrace.rs:154:18
[INFO] [stdout]   35:     0x60d6b069a00e - std::thread::Builder::spawn_unchecked_::{{closure}}::{{closure}}::h9e86b2e2bc107ea3
[INFO] [stdout]                                at /rustc/90b35a6239c3d8bdabc530a6a0816f7ff89a0aaf/library/std/src/thread/mod.rs:538:17
[INFO] [stdout]   36:     0x60d6b069a00e - <core::panic::unwind_safe::AssertUnwindSafe<F> as core::ops::function::FnOnce<()>>::call_once::h8b06ddb275ff4a25
[INFO] [stdout]                                at /rustc/90b35a6239c3d8bdabc530a6a0816f7ff89a0aaf/library/core/src/panic/unwind_safe.rs:272:9
[INFO] [stdout]   37:     0x60d6b069a00e - std::panicking::try::do_call::hb26ecd7cd9a9355d
[INFO] [stdout]                                at /rustc/90b35a6239c3d8bdabc530a6a0816f7ff89a0aaf/library/std/src/panicking.rs:557:40
[INFO] [stdout]   38:     0x60d6b069a00e - std::panicking::try::h8ddeca9d705f9069
[INFO] [stdout]                                at /rustc/90b35a6239c3d8bdabc530a6a0816f7ff89a0aaf/library/std/src/panicking.rs:520:19
[INFO] [stdout]   39:     0x60d6b069a00e - std::panic::catch_unwind::h49e1c33078844c46
[INFO] [stdout]                                at /rustc/90b35a6239c3d8bdabc530a6a0816f7ff89a0aaf/library/std/src/panic.rs:358:14
[INFO] [stdout]   40:     0x60d6b069a00e - std::thread::Builder::spawn_unchecked_::{{closure}}::h6073db6ff56ad35d
[INFO] [stdout]                                at /rustc/90b35a6239c3d8bdabc530a6a0816f7ff89a0aaf/library/std/src/thread/mod.rs:537:30
[INFO] [stdout]   41:     0x60d6b069a00e - core::ops::function::FnOnce::call_once{{vtable.shim}}::h2c5a5f3779c774f1
[INFO] [stdout]                                at /rustc/90b35a6239c3d8bdabc530a6a0816f7ff89a0aaf/library/core/src/ops/function.rs:250:5
[INFO] [stdout]   42:     0x60d6b070632b - <alloc::boxed::Box<F,A> as core::ops::function::FnOnce<Args>>::call_once::hf75717d9f28faebf
[INFO] [stdout]                                at /rustc/90b35a6239c3d8bdabc530a6a0816f7ff89a0aaf/library/alloc/src/boxed.rs:2454:9
[INFO] [stdout]   43:     0x60d6b070632b - <alloc::boxed::Box<F,A> as core::ops::function::FnOnce<Args>>::call_once::h7bd883a5f3c5f3c1
[INFO] [stdout]                                at /rustc/90b35a6239c3d8bdabc530a6a0816f7ff89a0aaf/library/alloc/src/boxed.rs:2454:9
[INFO] [stdout]   44:     0x60d6b070632b - std::sys::pal::unix::thread::Thread::new::thread_start::hcc78f3943333fa94
[INFO] [stdout]                                at /rustc/90b35a6239c3d8bdabc530a6a0816f7ff89a0aaf/library/std/src/sys/pal/unix/thread.rs:105:17
[INFO] [stdout]   45:     0x7498b98f4ac3 - <unknown>
[INFO] [stdout]   46:     0x7498b9985a04 - clone
[INFO] [stdout]   47:                0x0 - <unknown>
[INFO] [stdout] 
[INFO] [stdout] ---- statement_function stdout ----
[INFO] [stdout] thread 'statement_function' panicked at /opt/rustwide/target/debug/build/hematita-3dafab0981158085/out/codegen/hematita-tests-matches_standard-main:59:10:
[INFO] [stdout] called `Result::unwrap()` on an `Err` value: Os { code: 2, kind: NotFound, message: "No such file or directory" }
[INFO] [stdout] stack backtrace:
[INFO] [stdout]    0:     0x60d6b07009ea - std::backtrace_rs::backtrace::libunwind::trace::h5a5b8284f2d0c266
[INFO] [stdout]                                at /rustc/90b35a6239c3d8bdabc530a6a0816f7ff89a0aaf/library/std/src/../../backtrace/src/backtrace/libunwind.rs:116:5
[INFO] [stdout]    1:     0x60d6b07009ea - std::backtrace_rs::backtrace::trace_unsynchronized::h76d4f1c9b0b875e3
[INFO] [stdout]                                at /rustc/90b35a6239c3d8bdabc530a6a0816f7ff89a0aaf/library/std/src/../../backtrace/src/backtrace/mod.rs:66:5
[INFO] [stdout]    2:     0x60d6b07009ea - std::sys::backtrace::_print_fmt::hc4546b8364a537c6
[INFO] [stdout]                                at /rustc/90b35a6239c3d8bdabc530a6a0816f7ff89a0aaf/library/std/src/sys/backtrace.rs:66:9
[INFO] [stdout]    3:     0x60d6b07009ea - <std::sys::backtrace::BacktraceLock::print::DisplayBacktrace as core::fmt::Display>::fmt::h5b6bd5631a6d1f6b
[INFO] [stdout]                                at /rustc/90b35a6239c3d8bdabc530a6a0816f7ff89a0aaf/library/std/src/sys/backtrace.rs:39:26
[INFO] [stdout]    4:     0x60d6b0725fc3 - core::fmt::rt::Argument::fmt::h270f6602a2b96f62
[INFO] [stdout]                                at /rustc/90b35a6239c3d8bdabc530a6a0816f7ff89a0aaf/library/core/src/fmt/rt.rs:177:76
[INFO] [stdout]    5:     0x60d6b0725fc3 - core::fmt::write::h7550c97b06c86515
[INFO] [stdout]                                at /rustc/90b35a6239c3d8bdabc530a6a0816f7ff89a0aaf/library/core/src/fmt/mod.rs:1186:21
[INFO] [stdout]    6:     0x60d6b06fdbb3 - std::io::Write::write_fmt::h509ff860e5956e5e
[INFO] [stdout]                                at /rustc/90b35a6239c3d8bdabc530a6a0816f7ff89a0aaf/library/std/src/io/mod.rs:1839:15
[INFO] [stdout]    7:     0x60d6b0700832 - std::sys::backtrace::BacktraceLock::print::h2395ccd2c84ba3aa
[INFO] [stdout]                                at /rustc/90b35a6239c3d8bdabc530a6a0816f7ff89a0aaf/library/std/src/sys/backtrace.rs:42:9
[INFO] [stdout]    8:     0x60d6b0701e4a - std::panicking::default_hook::{{closure}}::he19d4c7230e07961
[INFO] [stdout]                                at /rustc/90b35a6239c3d8bdabc530a6a0816f7ff89a0aaf/library/std/src/panicking.rs:268:22
[INFO] [stdout]    9:     0x60d6b0701c54 - std::panicking::default_hook::hf614597d3c67bbdb
[INFO] [stdout]                                at /rustc/90b35a6239c3d8bdabc530a6a0816f7ff89a0aaf/library/std/src/panicking.rs:292:9
[INFO] [stdout]   10:     0x60d6b06cd469 - <alloc::boxed::Box<F,A> as core::ops::function::Fn<Args>>::call::h39b51ce4599c23d1
[INFO] [stdout]                                at /rustc/90b35a6239c3d8bdabc530a6a0816f7ff89a0aaf/library/alloc/src/boxed.rs:2468:9
[INFO] [stdout]   11:     0x60d6b06cd469 - test::test_main::{{closure}}::he977ae839a582784
[INFO] [stdout]                                at /rustc/90b35a6239c3d8bdabc530a6a0816f7ff89a0aaf/library/test/src/lib.rs:133:21
[INFO] [stdout]   12:     0x60d6b07024e8 - <alloc::boxed::Box<F,A> as core::ops::function::Fn<Args>>::call::h9455091b6b06f9fb
[INFO] [stdout]                                at /rustc/90b35a6239c3d8bdabc530a6a0816f7ff89a0aaf/library/alloc/src/boxed.rs:2468:9
[INFO] [stdout]   13:     0x60d6b07024e8 - std::panicking::rust_panic_with_hook::h8942133a8b252070
[INFO] [stdout]                                at /rustc/90b35a6239c3d8bdabc530a6a0816f7ff89a0aaf/library/std/src/panicking.rs:809:13
[INFO] [stdout]   14:     0x60d6b07022aa - std::panicking::begin_panic_handler::{{closure}}::hb5f5963570096b29
[INFO] [stdout]                                at /rustc/90b35a6239c3d8bdabc530a6a0816f7ff89a0aaf/library/std/src/panicking.rs:674:13
[INFO] [stdout]   15:     0x60d6b0700ec9 - std::sys::backtrace::__rust_end_short_backtrace::h6208cedc1922feda
[INFO] [stdout]                                at /rustc/90b35a6239c3d8bdabc530a6a0816f7ff89a0aaf/library/std/src/sys/backtrace.rs:170:18
[INFO] [stdout]   16:     0x60d6b0701f3c - rust_begin_unwind
[INFO] [stdout]                                at /rustc/90b35a6239c3d8bdabc530a6a0816f7ff89a0aaf/library/std/src/panicking.rs:665:5
[INFO] [stdout]   17:     0x60d6b05eaa60 - core::panicking::panic_fmt::h0c3082644d1bf418
[INFO] [stdout]                                at /rustc/90b35a6239c3d8bdabc530a6a0816f7ff89a0aaf/library/core/src/panicking.rs:74:14
[INFO] [stdout]   18:     0x60d6b05eaea6 - core::result::unwrap_failed::hd20b4aa073bda1e2
[INFO] [stdout]                                at /rustc/90b35a6239c3d8bdabc530a6a0816f7ff89a0aaf/library/core/src/result.rs:1700:5
[INFO] [stdout]   19:     0x60d6b061a90d - core::result::Result<T,E>::unwrap::he83edbed011a353d
[INFO] [stdout]                                at /rustc/90b35a6239c3d8bdabc530a6a0816f7ff89a0aaf/library/core/src/result.rs:1104:23
[INFO] [stdout]   20:     0x60d6b061a90d - matches_standard::standard::h0432373c4ffa22d6
[INFO] [stdout]                                at /opt/rustwide/target/debug/build/hematita-3dafab0981158085/out/codegen/hematita-tests-matches_standard-main:56:15
[INFO] [stdout]   21:     0x60d6b061b4f7 - matches_standard::statement_function::h8ecff01142980b87
[INFO] [stdout]                                at /opt/rustwide/target/debug/build/hematita-3dafab0981158085/out/codegen/hematita-tests-matches_standard-main:107:17
[INFO] [stdout]   22:     0x60d6b061b4a7 - matches_standard::statement_function::{{closure}}::ha0938b88aac41e24
[INFO] [stdout]                                at /opt/rustwide/target/debug/build/hematita-3dafab0981158085/out/codegen/hematita-tests-matches_standard-main:103:28
[INFO] [stdout]   23:     0x60d6b0612b66 - core::ops::function::FnOnce::call_once::h3924fc6e16922290
[INFO] [stdout]                                at /rustc/90b35a6239c3d8bdabc530a6a0816f7ff89a0aaf/library/core/src/ops/function.rs:250:5
[INFO] [stdout]   24:     0x60d6b06d1e2b - core::ops::function::FnOnce::call_once::h109cf8051a59b34e
[INFO] [stdout]                                at /rustc/90b35a6239c3d8bdabc530a6a0816f7ff89a0aaf/library/core/src/ops/function.rs:250:5
[INFO] [stdout]   25:     0x60d6b06d1e2b - test::__rust_begin_short_backtrace::hf4fff89d377446ba
[INFO] [stdout]                                at /rustc/90b35a6239c3d8bdabc530a6a0816f7ff89a0aaf/library/test/src/lib.rs:621:18
[INFO] [stdout]   26:     0x60d6b06d1667 - test::run_test_in_process::{{closure}}::h0e39181dd7ee5a43
[INFO] [stdout]                                at /rustc/90b35a6239c3d8bdabc530a6a0816f7ff89a0aaf/library/test/src/lib.rs:644:60
[INFO] [stdout]   27:     0x60d6b06d1667 - <core::panic::unwind_safe::AssertUnwindSafe<F> as core::ops::function::FnOnce<()>>::call_once::hc5a66a30f0bdfd1f
[INFO] [stdout]                                at /rustc/90b35a6239c3d8bdabc530a6a0816f7ff89a0aaf/library/core/src/panic/unwind_safe.rs:272:9
[INFO] [stdout]   28:     0x60d6b06d1667 - std::panicking::try::do_call::h873b7cf639554a5e
[INFO] [stdout]                                at /rustc/90b35a6239c3d8bdabc530a6a0816f7ff89a0aaf/library/std/src/panicking.rs:557:40
[INFO] [stdout]   29:     0x60d6b06d1667 - std::panicking::try::hdb19862fad9c8bd1
[INFO] [stdout]                                at /rustc/90b35a6239c3d8bdabc530a6a0816f7ff89a0aaf/library/std/src/panicking.rs:520:19
[INFO] [stdout]   30:     0x60d6b06d1667 - std::panic::catch_unwind::h281fe732d236d260
[INFO] [stdout]                                at /rustc/90b35a6239c3d8bdabc530a6a0816f7ff89a0aaf/library/std/src/panic.rs:358:14
[INFO] [stdout]   31:     0x60d6b06d1667 - test::run_test_in_process::h949b6df8457ed338
[INFO] [stdout]                                at /rustc/90b35a6239c3d8bdabc530a6a0816f7ff89a0aaf/library/test/src/lib.rs:644:27
[INFO] [stdout]   32:     0x60d6b06d1667 - test::run_test::{{closure}}::h52c556a6d4740e10
[INFO] [stdout]                                at /rustc/90b35a6239c3d8bdabc530a6a0816f7ff89a0aaf/library/test/src/lib.rs:565:43
[INFO] [stdout]   33:     0x60d6b0696944 - test::run_test::{{closure}}::h4237f6381c45ccb9
[INFO] [stdout]                                at /rustc/90b35a6239c3d8bdabc530a6a0816f7ff89a0aaf/library/test/src/lib.rs:595:41
[INFO] [stdout]   34:     0x60d6b0696944 - std::sys::backtrace::__rust_begin_short_backtrace::h505c97a579eca628
[INFO] [stdout]                                at /rustc/90b35a6239c3d8bdabc530a6a0816f7ff89a0aaf/library/std/src/sys/backtrace.rs:154:18
[INFO] [stdout]   35:     0x60d6b069a00e - std::thread::Builder::spawn_unchecked_::{{closure}}::{{closure}}::h9e86b2e2bc107ea3
[INFO] [stdout]                                at /rustc/90b35a6239c3d8bdabc530a6a0816f7ff89a0aaf/library/std/src/thread/mod.rs:538:17
[INFO] [stdout]   36:     0x60d6b069a00e - <core::panic::unwind_safe::AssertUnwindSafe<F> as core::ops::function::FnOnce<()>>::call_once::h8b06ddb275ff4a25
[INFO] [stdout]                                at /rustc/90b35a6239c3d8bdabc530a6a0816f7ff89a0aaf/library/core/src/panic/unwind_safe.rs:272:9
[INFO] [stdout]   37:     0x60d6b069a00e - std::panicking::try::do_call::hb26ecd7cd9a9355d
[INFO] [stdout]                                at /rustc/90b35a6239c3d8bdabc530a6a0816f7ff89a0aaf/library/std/src/panicking.rs:557:40
[INFO] [stdout]   38:     0x60d6b069a00e - std::panicking::try::h8ddeca9d705f9069
[INFO] [stdout]                                at /rustc/90b35a6239c3d8bdabc530a6a0816f7ff89a0aaf/library/std/src/panicking.rs:520:19
[INFO] [stdout]   39:     0x60d6b069a00e - std::panic::catch_unwind::h49e1c33078844c46
[INFO] [stdout]                                at /rustc/90b35a6239c3d8bdabc530a6a0816f7ff89a0aaf/library/std/src/panic.rs:358:14
[INFO] [stdout]   40:     0x60d6b069a00e - std::thread::Builder::spawn_unchecked_::{{closure}}::h6073db6ff56ad35d
[INFO] [stdout]                                at /rustc/90b35a6239c3d8bdabc530a6a0816f7ff89a0aaf/library/std/src/thread/mod.rs:537:30
[INFO] [stdout]   41:     0x60d6b069a00e - core::ops::function::FnOnce::call_once{{vtable.shim}}::h2c5a5f3779c774f1
[INFO] [stdout]                                at /rustc/90b35a6239c3d8bdabc530a6a0816f7ff89a0aaf/library/core/src/ops/function.rs:250:5
[INFO] [stdout]   42:     0x60d6b070632b - <alloc::boxed::Box<F,A> as core::ops::function::FnOnce<Args>>::call_once::hf75717d9f28faebf
[INFO] [stdout]                                at /rustc/90b35a6239c3d8bdabc530a6a0816f7ff89a0aaf/library/alloc/src/boxed.rs:2454:9
[INFO] [stdout]   43:     0x60d6b070632b - <alloc::boxed::Box<F,A> as core::ops::function::FnOnce<Args>>::call_once::h7bd883a5f3c5f3c1
[INFO] [stdout]                                at /rustc/90b35a6239c3d8bdabc530a6a0816f7ff89a0aaf/library/alloc/src/boxed.rs:2454:9
[INFO] [stdout]   44:     0x60d6b070632b - std::sys::pal::unix::thread::Thread::new::thread_start::hcc78f3943333fa94
[INFO] [stdout]                                at /rustc/90b35a6239c3d8bdabc530a6a0816f7ff89a0aaf/library/std/src/sys/pal/unix/thread.rs:105:17
[INFO] [stdout]   45:     0x7498b98f4ac3 - <unknown>
[INFO] [stdout]   46:     0x7498b9985a04 - clone
[INFO] [stdout]   47:                0x0 - <unknown>
[INFO] [stdout] 
[INFO] [stdout] ---- library_pcall stdout ----
[INFO] [stdout] thread 'library_pcall' panicked at /opt/rustwide/target/debug/build/hematita-3dafab0981158085/out/codegen/hematita-tests-matches_standard-main:59:10:
[INFO] [stdout] called `Result::unwrap()` on an `Err` value: Os { code: 2, kind: NotFound, message: "No such file or directory" }
[INFO] [stdout] stack backtrace:
[INFO] [stdout]    0:     0x60d6b07009ea - std::backtrace_rs::backtrace::libunwind::trace::h5a5b8284f2d0c266
[INFO] [stdout]                                at /rustc/90b35a6239c3d8bdabc530a6a0816f7ff89a0aaf/library/std/src/../../backtrace/src/backtrace/libunwind.rs:116:5
[INFO] [stdout]    1:     0x60d6b07009ea - std::backtrace_rs::backtrace::trace_unsynchronized::h76d4f1c9b0b875e3
[INFO] [stdout]                                at /rustc/90b35a6239c3d8bdabc530a6a0816f7ff89a0aaf/library/std/src/../../backtrace/src/backtrace/mod.rs:66:5
[INFO] [stdout]    2:     0x60d6b07009ea - std::sys::backtrace::_print_fmt::hc4546b8364a537c6
[INFO] [stdout]                                at /rustc/90b35a6239c3d8bdabc530a6a0816f7ff89a0aaf/library/std/src/sys/backtrace.rs:66:9
[INFO] [stdout]    3:     0x60d6b07009ea - <std::sys::backtrace::BacktraceLock::print::DisplayBacktrace as core::fmt::Display>::fmt::h5b6bd5631a6d1f6b
[INFO] [stdout]                                at /rustc/90b35a6239c3d8bdabc530a6a0816f7ff89a0aaf/library/std/src/sys/backtrace.rs:39:26
[INFO] [stdout]    4:     0x60d6b0725fc3 - core::fmt::rt::Argument::fmt::h270f6602a2b96f62
[INFO] [stdout]                                at /rustc/90b35a6239c3d8bdabc530a6a0816f7ff89a0aaf/library/core/src/fmt/rt.rs:177:76
[INFO] [stdout]    5:     0x60d6b0725fc3 - core::fmt::write::h7550c97b06c86515
[INFO] [stdout]                                at /rustc/90b35a6239c3d8bdabc530a6a0816f7ff89a0aaf/library/core/src/fmt/mod.rs:1186:21
[INFO] [stdout]    6:     0x60d6b06fdbb3 - std::io::Write::write_fmt::h509ff860e5956e5e
[INFO] [stdout]                                at /rustc/90b35a6239c3d8bdabc530a6a0816f7ff89a0aaf/library/std/src/io/mod.rs:1839:15
[INFO] [stdout]    7:     0x60d6b0700832 - std::sys::backtrace::BacktraceLock::print::h2395ccd2c84ba3aa
[INFO] [stdout]                                at /rustc/90b35a6239c3d8bdabc530a6a0816f7ff89a0aaf/library/std/src/sys/backtrace.rs:42:9
[INFO] [stdout]    8:     0x60d6b0701e4a - std::panicking::default_hook::{{closure}}::he19d4c7230e07961
[INFO] [stdout]                                at /rustc/90b35a6239c3d8bdabc530a6a0816f7ff89a0aaf/library/std/src/panicking.rs:268:22
[INFO] [stdout]    9:     0x60d6b0701c54 - std::panicking::default_hook::hf614597d3c67bbdb
[INFO] [stdout]                                at /rustc/90b35a6239c3d8bdabc530a6a0816f7ff89a0aaf/library/std/src/panicking.rs:292:9
[INFO] [stdout]   10:     0x60d6b06cd469 - <alloc::boxed::Box<F,A> as core::ops::function::Fn<Args>>::call::h39b51ce4599c23d1
[INFO] [stdout]                                at /rustc/90b35a6239c3d8bdabc530a6a0816f7ff89a0aaf/library/alloc/src/boxed.rs:2468:9
[INFO] [stdout]   11:     0x60d6b06cd469 - test::test_main::{{closure}}::he977ae839a582784
[INFO] [stdout]                                at /rustc/90b35a6239c3d8bdabc530a6a0816f7ff89a0aaf/library/test/src/lib.rs:133:21
[INFO] [stdout]   12:     0x60d6b07024e8 - <alloc::boxed::Box<F,A> as core::ops::function::Fn<Args>>::call::h9455091b6b06f9fb
[INFO] [stdout]                                at /rustc/90b35a6239c3d8bdabc530a6a0816f7ff89a0aaf/library/alloc/src/boxed.rs:2468:9
[INFO] [stdout]   13:     0x60d6b07024e8 - std::panicking::rust_panic_with_hook::h8942133a8b252070
[INFO] [stdout]                                at /rustc/90b35a6239c3d8bdabc530a6a0816f7ff89a0aaf/library/std/src/panicking.rs:809:13
[INFO] [stdout]   14:     0x60d6b07022aa - std::panicking::begin_panic_handler::{{closure}}::hb5f5963570096b29
[INFO] [stdout]                                at /rustc/90b35a6239c3d8bdabc530a6a0816f7ff89a0aaf/library/std/src/panicking.rs:674:13
[INFO] [stdout]   15:     0x60d6b0700ec9 - std::sys::backtrace::__rust_end_short_backtrace::h6208cedc1922feda
[INFO] [stdout]                                at /rustc/90b35a6239c3d8bdabc530a6a0816f7ff89a0aaf/library/std/src/sys/backtrace.rs:170:18
[INFO] [stdout]   16:     0x60d6b0701f3c - rust_begin_unwind
[INFO] [stdout]                                at /rustc/90b35a6239c3d8bdabc530a6a0816f7ff89a0aaf/library/std/src/panicking.rs:665:5
[INFO] [stdout]   17:     0x60d6b05eaa60 - core::panicking::panic_fmt::h0c3082644d1bf418
[INFO] [stdout]                                at /rustc/90b35a6239c3d8bdabc530a6a0816f7ff89a0aaf/library/core/src/panicking.rs:74:14
[INFO] [stdout]   18:     0x60d6b05eaea6 - core::result::unwrap_failed::hd20b4aa073bda1e2
[INFO] [stdout]                                at /rustc/90b35a6239c3d8bdabc530a6a0816f7ff89a0aaf/library/core/src/result.rs:1700:5
[INFO] [stdout]   19:     0x60d6b061a90d - core::result::Result<T,E>::unwrap::he83edbed011a353d
[INFO] [stdout]                                at /rustc/90b35a6239c3d8bdabc530a6a0816f7ff89a0aaf/library/core/src/result.rs:1104:23
[INFO] [stdout]   20:     0x60d6b061a90d - matches_standard::standard::h0432373c4ffa22d6
[INFO] [stdout]                                at /opt/rustwide/target/debug/build/hematita-3dafab0981158085/out/codegen/hematita-tests-matches_standard-main:56:15
[INFO] [stdout]   21:     0x60d6b061c427 - matches_standard::library_pcall::h3c0585db305179c0
[INFO] [stdout]                                at /opt/rustwide/target/debug/build/hematita-3dafab0981158085/out/codegen/hematita-tests-matches_standard-main:164:17
[INFO] [stdout]   22:     0x60d6b061c3d7 - matches_standard::library_pcall::{{closure}}::h8edc7debfe84ce57
[INFO] [stdout]                                at /opt/rustwide/target/debug/build/hematita-3dafab0981158085/out/codegen/hematita-tests-matches_standard-main:160:23
[INFO] [stdout]   23:     0x60d6b0612e46 - core::ops::function::FnOnce::call_once::hb82a147318f5605b
[INFO] [stdout]                                at /rustc/90b35a6239c3d8bdabc530a6a0816f7ff89a0aaf/library/core/src/ops/function.rs:250:5
[INFO] [stdout]   24:     0x60d6b06d1e2b - core::ops::function::FnOnce::call_once::h109cf8051a59b34e
[INFO] [stdout]                                at /rustc/90b35a6239c3d8bdabc530a6a0816f7ff89a0aaf/library/core/src/ops/function.rs:250:5
[INFO] [stdout]   25:     0x60d6b06d1e2b - test::__rust_begin_short_backtrace::hf4fff89d377446ba
[INFO] [stdout]                                at /rustc/90b35a6239c3d8bdabc530a6a0816f7ff89a0aaf/library/test/src/lib.rs:621:18
[INFO] [stdout]   26:     0x60d6b06d1667 - test::run_test_in_process::{{closure}}::h0e39181dd7ee5a43
[INFO] [stdout]                                at /rustc/90b35a6239c3d8bdabc530a6a0816f7ff89a0aaf/library/test/src/lib.rs:644:60
[INFO] [stdout]   27:     0x60d6b06d1667 - <core::panic::unwind_safe::AssertUnwindSafe<F> as core::ops::function::FnOnce<()>>::call_once::hc5a66a30f0bdfd1f
[INFO] [stdout]                                at /rustc/90b35a6239c3d8bdabc530a6a0816f7ff89a0aaf/library/core/src/panic/unwind_safe.rs:272:9
[INFO] [stdout]   28:     0x60d6b06d1667 - std::panicking::try::do_call::h873b7cf639554a5e
[INFO] [stdout]                                at /rustc/90b35a6239c3d8bdabc530a6a0816f7ff89a0aaf/library/std/src/panicking.rs:557:40
[INFO] [stdout]   29:     0x60d6b06d1667 - std::panicking::try::hdb19862fad9c8bd1
[INFO] [stdout]                                at /rustc/90b35a6239c3d8bdabc530a6a0816f7ff89a0aaf/library/std/src/panicking.rs:520:19
[INFO] [stdout]   30:     0x60d6b06d1667 - std::panic::catch_unwind::h281fe732d236d260
[INFO] [stdout]                                at /rustc/90b35a6239c3d8bdabc530a6a0816f7ff89a0aaf/library/std/src/panic.rs:358:14
[INFO] [stdout]   31:     0x60d6b06d1667 - test::run_test_in_process::h949b6df8457ed338
[INFO] [stdout]                                at /rustc/90b35a6239c3d8bdabc530a6a0816f7ff89a0aaf/library/test/src/lib.rs:644:27
[INFO] [stdout]   32:     0x60d6b06d1667 - test::run_test::{{closure}}::h52c556a6d4740e10
[INFO] [stdout]                                at /rustc/90b35a6239c3d8bdabc530a6a0816f7ff89a0aaf/library/test/src/lib.rs:565:43
[INFO] [stdout]   33:     0x60d6b0696944 - test::run_test::{{closure}}::h4237f6381c45ccb9
[INFO] [stdout]                                at /rustc/90b35a6239c3d8bdabc530a6a0816f7ff89a0aaf/library/test/src/lib.rs:595:41
[INFO] [stdout]   34:     0x60d6b0696944 - std::sys::backtrace::__rust_begin_short_backtrace::h505c97a579eca628
[INFO] [stdout]                                at /rustc/90b35a6239c3d8bdabc530a6a0816f7ff89a0aaf/library/std/src/sys/backtrace.rs:154:18
[INFO] [stdout]   35:     0x60d6b069a00e - std::thread::Builder::spawn_unchecked_::{{closure}}::{{closure}}::h9e86b2e2bc107ea3
[INFO] [stdout]                                at /rustc/90b35a6239c3d8bdabc530a6a0816f7ff89a0aaf/library/std/src/thread/mod.rs:538:17
[INFO] [stdout]   36:     0x60d6b069a00e - <core::panic::unwind_safe::AssertUnwindSafe<F> as core::ops::function::FnOnce<()>>::call_once::h8b06ddb275ff4a25
[INFO] [stdout]                                at /rustc/90b35a6239c3d8bdabc530a6a0816f7ff89a0aaf/library/core/src/panic/unwind_safe.rs:272:9
[INFO] [stdout]   37:     0x60d6b069a00e - std::panicking::try::do_call::hb26ecd7cd9a9355d
[INFO] [stdout]                                at /rustc/90b35a6239c3d8bdabc530a6a0816f7ff89a0aaf/library/std/src/panicking.rs:557:40
[INFO] [stdout]   38:     0x60d6b069a00e - std::panicking::try::h8ddeca9d705f9069
[INFO] [stdout]                                at /rustc/90b35a6239c3d8bdabc530a6a0816f7ff89a0aaf/library/std/src/panicking.rs:520:19
[INFO] [stdout]   39:     0x60d6b069a00e - std::panic::catch_unwind::h49e1c33078844c46
[INFO] [stdout]                                at /rustc/90b35a6239c3d8bdabc530a6a0816f7ff89a0aaf/library/std/src/panic.rs:358:14
[INFO] [stdout]   40:     0x60d6b069a00e - std::thread::Builder::spawn_unchecked_::{{closure}}::h6073db6ff56ad35d
[INFO] [stdout]                                at /rustc/90b35a6239c3d8bdabc530a6a0816f7ff89a0aaf/library/std/src/thread/mod.rs:537:30
[INFO] [stdout]   41:     0x60d6b069a00e - core::ops::function::FnOnce::call_once{{vtable.shim}}::h2c5a5f3779c774f1
[INFO] [stdout]                                at /rustc/90b35a6239c3d8bdabc530a6a0816f7ff89a0aaf/library/core/src/ops/function.rs:250:5
[INFO] [stdout]   42:     0x60d6b070632b - <alloc::boxed::Box<F,A> as core::ops::function::FnOnce<Args>>::call_once::hf75717d9f28faebf
[INFO] [stdout]                                at /rustc/90b35a6239c3d8bdabc530a6a0816f7ff89a0aaf/library/alloc/src/boxed.rs:2454:9
[INFO] [stdout]   43:     0x60d6b070632b - <alloc::boxed::Box<F,A> as core::ops::function::FnOnce<Args>>::call_once::h7bd883a5f3c5f3c1
[INFO] [stdout]                                at /rustc/90b35a6239c3d8bdabc530a6a0816f7ff89a0aaf/library/alloc/src/boxed.rs:2454:9
[INFO] [stdout]   44:     0x60d6b070632b - std::sys::pal::unix::thread::Thread::new::thread_start::hcc78f3943333fa94
[INFO] [stdout]                                at /rustc/90b35a6239c3d8bdabc530a6a0816f7ff89a0aaf/library/std/src/sys/pal/unix/thread.rs:105:17
[INFO] [stdout]   45:     0x7498b98f4ac3 - <unknown>
[INFO] [stdout]   46:     0x7498b9985a04 - clone
[INFO] [stdout]   47:                0x0 - <unknown>
[INFO] [stdout] 
[INFO] [stdout] ---- operator_logical_or stdout ----
[INFO] [stdout] thread 'operator_logical_or' panicked at /opt/rustwide/target/debug/build/hematita-3dafab0981158085/out/codegen/hematita-tests-matches_standard-main:59:10:
[INFO] [stdout] called `Result::unwrap()` on an `Err` value: Os { code: 2, kind: NotFound, message: "No such file or directory" }
[INFO] [stdout] stack backtrace:
[INFO] [stdout]    0:     0x60d6b07009ea - std::backtrace_rs::backtrace::libunwind::trace::h5a5b8284f2d0c266
[INFO] [stdout]                                at /rustc/90b35a6239c3d8bdabc530a6a0816f7ff89a0aaf/library/std/src/../../backtrace/src/backtrace/libunwind.rs:116:5
[INFO] [stdout]    1:     0x60d6b07009ea - std::backtrace_rs::backtrace::trace_unsynchronized::h76d4f1c9b0b875e3
[INFO] [stdout]                                at /rustc/90b35a6239c3d8bdabc530a6a0816f7ff89a0aaf/library/std/src/../../backtrace/src/backtrace/mod.rs:66:5
[INFO] [stdout]    2:     0x60d6b07009ea - std::sys::backtrace::_print_fmt::hc4546b8364a537c6
[INFO] [stdout]                                at /rustc/90b35a6239c3d8bdabc530a6a0816f7ff89a0aaf/library/std/src/sys/backtrace.rs:66:9
[INFO] [stdout]    3:     0x60d6b07009ea - <std::sys::backtrace::BacktraceLock::print::DisplayBacktrace as core::fmt::Display>::fmt::h5b6bd5631a6d1f6b
[INFO] [stdout]                                at /rustc/90b35a6239c3d8bdabc530a6a0816f7ff89a0aaf/library/std/src/sys/backtrace.rs:39:26
[INFO] [stdout]    4:     0x60d6b0725fc3 - core::fmt::rt::Argument::fmt::h270f6602a2b96f62
[INFO] [stdout]                                at /rustc/90b35a6239c3d8bdabc530a6a0816f7ff89a0aaf/library/core/src/fmt/rt.rs:177:76
[INFO] [stdout]    5:     0x60d6b0725fc3 - core::fmt::write::h7550c97b06c86515
[INFO] [stdout]                                at /rustc/90b35a6239c3d8bdabc530a6a0816f7ff89a0aaf/library/core/src/fmt/mod.rs:1186:21
[INFO] [stdout]    6:     0x60d6b06fdbb3 - std::io::Write::write_fmt::h509ff860e5956e5e
[INFO] [stdout]                                at /rustc/90b35a6239c3d8bdabc530a6a0816f7ff89a0aaf/library/std/src/io/mod.rs:1839:15
[INFO] [stdout]    7:     0x60d6b0700832 - std::sys::backtrace::BacktraceLock::print::h2395ccd2c84ba3aa
[INFO] [stdout]                                at /rustc/90b35a6239c3d8bdabc530a6a0816f7ff89a0aaf/library/std/src/sys/backtrace.rs:42:9
[INFO] [stdout]    8:     0x60d6b0701e4a - std::panicking::default_hook::{{closure}}::he19d4c7230e07961
[INFO] [stdout]                                at /rustc/90b35a6239c3d8bdabc530a6a0816f7ff89a0aaf/library/std/src/panicking.rs:268:22
[INFO] [stdout]    9:     0x60d6b0701c54 - std::panicking::default_hook::hf614597d3c67bbdb
[INFO] [stdout]                                at /rustc/90b35a6239c3d8bdabc530a6a0816f7ff89a0aaf/library/std/src/panicking.rs:292:9
[INFO] [stdout]   10:     0x60d6b06cd469 - <alloc::boxed::Box<F,A> as core::ops::function::Fn<Args>>::call::h39b51ce4599c23d1
[INFO] [stdout]                                at /rustc/90b35a6239c3d8bdabc530a6a0816f7ff89a0aaf/library/alloc/src/boxed.rs:2468:9
[INFO] [stdout]   11:     0x60d6b06cd469 - test::test_main::{{closure}}::he977ae839a582784
[INFO] [stdout]                                at /rustc/90b35a6239c3d8bdabc530a6a0816f7ff89a0aaf/library/test/src/lib.rs:133:21
[INFO] [stdout]   12:     0x60d6b07024e8 - <alloc::boxed::Box<F,A> as core::ops::function::Fn<Args>>::call::h9455091b6b06f9fb
[INFO] [stdout]                                at /rustc/90b35a6239c3d8bdabc530a6a0816f7ff89a0aaf/library/alloc/src/boxed.rs:2468:9
[INFO] [stdout]   13:     0x60d6b07024e8 - std::panicking::rust_panic_with_hook::h8942133a8b252070
[INFO] [stdout]                                at /rustc/90b35a6239c3d8bdabc530a6a0816f7ff89a0aaf/library/std/src/panicking.rs:809:13
[INFO] [stdout]   14:     0x60d6b07022aa - std::panicking::begin_panic_handler::{{closure}}::hb5f5963570096b29
[INFO] [stdout]                                at /rustc/90b35a6239c3d8bdabc530a6a0816f7ff89a0aaf/library/std/src/panicking.rs:674:13
[INFO] [stdout]   15:     0x60d6b0700ec9 - std::sys::backtrace::__rust_end_short_backtrace::h6208cedc1922feda
[INFO] [stdout]                                at /rustc/90b35a6239c3d8bdabc530a6a0816f7ff89a0aaf/library/std/src/sys/backtrace.rs:170:18
[INFO] [stdout]   16:     0x60d6b0701f3c - rust_begin_unwind
[INFO] [stdout]                                at /rustc/90b35a6239c3d8bdabc530a6a0816f7ff89a0aaf/library/std/src/panicking.rs:665:5
[INFO] [stdout]   17:     0x60d6b05eaa60 - core::panicking::panic_fmt::h0c3082644d1bf418
[INFO] [stdout]                                at /rustc/90b35a6239c3d8bdabc530a6a0816f7ff89a0aaf/library/core/src/panicking.rs:74:14
[INFO] [stdout]   18:     0x60d6b05eaea6 - core::result::unwrap_failed::hd20b4aa073bda1e2
[INFO] [stdout]                                at /rustc/90b35a6239c3d8bdabc530a6a0816f7ff89a0aaf/library/core/src/result.rs:1700:5
[INFO] [stdout]   19:     0x60d6b061a90d - core::result::Result<T,E>::unwrap::he83edbed011a353d
[INFO] [stdout]                                at /rustc/90b35a6239c3d8bdabc530a6a0816f7ff89a0aaf/library/core/src/result.rs:1104:23
[INFO] [stdout]   20:     0x60d6b061a90d - matches_standard::standard::h0432373c4ffa22d6
[INFO] [stdout]                                at /opt/rustwide/target/debug/build/hematita-3dafab0981158085/out/codegen/hematita-tests-matches_standard-main:56:15
[INFO] [stdout]   21:     0x60d6b061aad7 - matches_standard::operator_logical_or::hc7c2fbcaab898ead
[INFO] [stdout]                                at /opt/rustwide/target/debug/build/hematita-3dafab0981158085/out/codegen/hematita-tests-matches_standard-main:69:17
[INFO] [stdout]   22:     0x60d6b061aa87 - matches_standard::operator_logical_or::{{closure}}::hfdc05edb30e1237c
[INFO] [stdout]                                at /opt/rustwide/target/debug/build/hematita-3dafab0981158085/out/codegen/hematita-tests-matches_standard-main:65:29
[INFO] [stdout]   23:     0x60d6b0612a26 - core::ops::function::FnOnce::call_once::h0c20caaa61883915
[INFO] [stdout]                                at /rustc/90b35a6239c3d8bdabc530a6a0816f7ff89a0aaf/library/core/src/ops/function.rs:250:5
[INFO] [stdout]   24:     0x60d6b06d1e2b - core::ops::function::FnOnce::call_once::h109cf8051a59b34e
[INFO] [stdout]                                at /rustc/90b35a6239c3d8bdabc530a6a0816f7ff89a0aaf/library/core/src/ops/function.rs:250:5
[INFO] [stdout]   25:     0x60d6b06d1e2b - test::__rust_begin_short_backtrace::hf4fff89d377446ba
[INFO] [stdout]                                at /rustc/90b35a6239c3d8bdabc530a6a0816f7ff89a0aaf/library/test/src/lib.rs:621:18
[INFO] [stdout]   26:     0x60d6b06d1667 - test::run_test_in_process::{{closure}}::h0e39181dd7ee5a43
[INFO] [stdout]                                at /rustc/90b35a6239c3d8bdabc530a6a0816f7ff89a0aaf/library/test/src/lib.rs:644:60
[INFO] [stdout]   27:     0x60d6b06d1667 - <core::panic::unwind_safe::AssertUnwindSafe<F> as core::ops::function::FnOnce<()>>::call_once::hc5a66a30f0bdfd1f
[INFO] [stdout]                                at /rustc/90b35a6239c3d8bdabc530a6a0816f7ff89a0aaf/library/core/src/panic/unwind_safe.rs:272:9
[INFO] [stdout]   28:     0x60d6b06d1667 - std::panicking::try::do_call::h873b7cf639554a5e
[INFO] [stdout]                                at /rustc/90b35a6239c3d8bdabc530a6a0816f7ff89a0aaf/library/std/src/panicking.rs:557:40
[INFO] [stdout]   29:     0x60d6b06d1667 - std::panicking::try::hdb19862fad9c8bd1
[INFO] [stdout]                                at /rustc/90b35a6239c3d8bdabc530a6a0816f7ff89a0aaf/library/std/src/panicking.rs:520:19
[INFO] [stdout]   30:     0x60d6b06d1667 - std::panic::catch_unwind::h281fe732d236d260
[INFO] [stdout]                                at /rustc/90b35a6239c3d8bdabc530a6a0816f7ff89a0aaf/library/std/src/panic.rs:358:14
[INFO] [stdout]   31:     0x60d6b06d1667 - test::run_test_in_process::h949b6df8457ed338
[INFO] [stdout]                                at /rustc/90b35a6239c3d8bdabc530a6a0816f7ff89a0aaf/library/test/src/lib.rs:644:27
[INFO] [stdout]   32:     0x60d6b06d1667 - test::run_test::{{closure}}::h52c556a6d4740e10
[INFO] [stdout]                                at /rustc/90b35a6239c3d8bdabc530a6a0816f7ff89a0aaf/library/test/src/lib.rs:565:43
[INFO] [stdout]   33:     0x60d6b0696944 - test::run_test::{{closure}}::h4237f6381c45ccb9
[INFO] [stdout]                                at /rustc/90b35a6239c3d8bdabc530a6a0816f7ff89a0aaf/library/test/src/lib.rs:595:41
[INFO] [stdout]   34:     0x60d6b0696944 - std::sys::backtrace::__rust_begin_short_backtrace::h505c97a579eca628
[INFO] [stdout]                                at /rustc/90b35a6239c3d8bdabc530a6a0816f7ff89a0aaf/library/std/src/sys/backtrace.rs:154:18
[INFO] [stdout]   35:     0x60d6b069a00e - std::thread::Builder::spawn_unchecked_::{{closure}}::{{closure}}::h9e86b2e2bc107ea3
[INFO] [stdout]                                at /rustc/90b35a6239c3d8bdabc530a6a0816f7ff89a0aaf/library/std/src/thread/mod.rs:538:17
[INFO] [stdout]   36:     0x60d6b069a00e - <core::panic::unwind_safe::AssertUnwindSafe<F> as core::ops::function::FnOnce<()>>::call_once::h8b06ddb275ff4a25
[INFO] [stdout]                                at /rustc/90b35a6239c3d8bdabc530a6a0816f7ff89a0aaf/library/core/src/panic/unwind_safe.rs:272:9
[INFO] [stdout]   37:     0x60d6b069a00e - std::panicking::try::do_call::hb26ecd7cd9a9355d
[INFO] [stdout]                                at /rustc/90b35a6239c3d8bdabc530a6a0816f7ff89a0aaf/library/std/src/panicking.rs:557:40
[INFO] [stdout]   38:     0x60d6b069a00e - std::panicking::try::h8ddeca9d705f9069
[INFO] [stdout]                                at /rustc/90b35a6239c3d8bdabc530a6a0816f7ff89a0aaf/library/std/src/panicking.rs:520:19
[INFO] [stdout]   39:     0x60d6b069a00e - std::panic::catch_unwind::h49e1c33078844c46
[INFO] [stdout]                                at /rustc/90b35a6239c3d8bdabc530a6a0816f7ff89a0aaf/library/std/src/panic.rs:358:14
[INFO] [stdout]   40:     0x60d6b069a00e - std::thread::Builder::spawn_unchecked_::{{closure}}::h6073db6ff56ad35d
[INFO] [stdout]                                at /rustc/90b35a6239c3d8bdabc530a6a0816f7ff89a0aaf/library/std/src/thread/mod.rs:537:30
[INFO] [stdout]   41:     0x60d6b069a00e - core::ops::function::FnOnce::call_once{{vtable.shim}}::h2c5a5f3779c774f1
[INFO] [stdout]                                at /rustc/90b35a6239c3d8bdabc530a6a0816f7ff89a0aaf/library/core/src/ops/function.rs:250:5
[INFO] [stdout]   42:     0x60d6b070632b - <alloc::boxed::Box<F,A> as core::ops::function::FnOnce<Args>>::call_once::hf75717d9f28faebf
[INFO] [stdout]                                at /rustc/90b35a6239c3d8bdabc530a6a0816f7ff89a0aaf/library/alloc/src/boxed.rs:2454:9
[INFO] [stdout]   43:     0x60d6b070632b - <alloc::boxed::Box<F,A> as core::ops::function::FnOnce<Args>>::call_once::h7bd883a5f3c5f3c1
[INFO] [stdout]                                at /rustc/90b35a6239c3d8bdabc530a6a0816f7ff89a0aaf/library/alloc/src/boxed.rs:2454:9
[INFO] [stdout]   44:     0x60d6b070632b - std::sys::pal::unix::thread::Thread::new::thread_start::hcc78f3943333fa94
[INFO] [stdout]                                at /rustc/90b35a6239c3d8bdabc530a6a0816f7ff89a0aaf/library/std/src/sys/pal/unix/thread.rs:105:17
[INFO] [stdout]   45:     0x7498b98f4ac3 - <unknown>
[INFO] [stdout]   46:     0x7498b9985a04 - clone
[INFO] [stdout]   47:                0x0 - <unknown>
[INFO] [stdout] 
[INFO] [stdout] 
[INFO] [stdout] failures:
[INFO] [stdout]     fun_quine
[INFO] [stdout]     library_pcall
[INFO] [stdout]     operator_call
[INFO] [stdout]     operator_length
[INFO] [stdout]     operator_logical_and
[INFO] [stdout]     operator_logical_or
[INFO] [stdout]     statement_function
[INFO] [stdout]     statement_generic_for
[INFO] [stdout]     statement_local
[INFO] [stdout]     statement_method
[INFO] [stdout]     statement_numeric_for
[INFO] [stdout]     statement_while_repeat
[INFO] [stdout]     up_value_deep
[INFO] [stdout]     up_value_modify
[INFO] [stdout] 
[INFO] [stdout] test result: FAILED. 0 passed; 14 failed; 0 ignored; 0 measured; 0 filtered out; finished in 0.09s
[INFO] [stdout] 
[INFO] running `Command { std: "docker" "inspect" "bb7c12f2463cc91051be8469d18f059ff4d314148ded47a13bd6dd2fef394ba8", kill_on_drop: false }`
[INFO] running `Command { std: "docker" "rm" "-f" "bb7c12f2463cc91051be8469d18f059ff4d314148ded47a13bd6dd2fef394ba8", kill_on_drop: false }`
[INFO] [stdout] bb7c12f2463cc91051be8469d18f059ff4d314148ded47a13bd6dd2fef394ba8
