[INFO] cloning repository https://github.com/danielhertenstein/html-to-markdown
[INFO] running `Command { std: "git" "-c" "credential.helper=" "-c" "credential.helper=/workspace/cargo-home/bin/git-credential-null" "clone" "--bare" "https://github.com/danielhertenstein/html-to-markdown" "/workspace/cache/git-repos/https%3A%2F%2Fgithub.com%2Fdanielhertenstein%2Fhtml-to-markdown", kill_on_drop: false }`
[INFO] [stderr] Cloning into bare repository '/workspace/cache/git-repos/https%3A%2F%2Fgithub.com%2Fdanielhertenstein%2Fhtml-to-markdown'...
[INFO] running `Command { std: "git" "rev-parse" "HEAD", kill_on_drop: false }`
[INFO] [stdout] 6a426db8de89e309b261da5583476443fe297f2f
[INFO] testing danielhertenstein/html-to-markdown against 1.83.0 for beta-1.84.0-4-retry
[INFO] running `Command { std: "git" "clone" "/workspace/cache/git-repos/https%3A%2F%2Fgithub.com%2Fdanielhertenstein%2Fhtml-to-markdown" "/workspace/builds/worker-5-tc1/source", kill_on_drop: false }`
[INFO] [stderr] Cloning into '/workspace/builds/worker-5-tc1/source'...
[INFO] [stderr] done.
[INFO] validating manifest of git repo https://github.com/danielhertenstein/html-to-markdown on toolchain 1.83.0
[INFO] running `Command { std: CARGO_HOME="/workspace/cargo-home" RUSTUP_HOME="/workspace/rustup-home" "/workspace/cargo-home/bin/cargo" "+1.83.0" "metadata" "--manifest-path" "Cargo.toml" "--no-deps", kill_on_drop: false }`
[INFO] started tweaking git repo https://github.com/danielhertenstein/html-to-markdown
[INFO] finished tweaking git repo https://github.com/danielhertenstein/html-to-markdown
[INFO] tweaked toml for git repo https://github.com/danielhertenstein/html-to-markdown written to /workspace/builds/worker-5-tc1/source/Cargo.toml
[INFO] crate git repo https://github.com/danielhertenstein/html-to-markdown already has a lockfile, it will not be regenerated
[INFO] running `Command { std: CARGO_HOME="/workspace/cargo-home" RUSTUP_HOME="/workspace/rustup-home" "/workspace/cargo-home/bin/cargo" "+1.83.0" "fetch" "--manifest-path" "Cargo.toml", kill_on_drop: false }`
[INFO] [stderr]     Blocking waiting for file lock on package cache
[INFO] running `Command { std: "docker" "create" "-v" "/var/lib/crater-agent-workspace/builds/worker-5-tc1/target:/opt/rustwide/target:rw,Z" "-v" "/var/lib/crater-agent-workspace/builds/worker-5-tc1/source:/opt/rustwide/workdir:ro,Z" "-v" "/var/lib/crater-agent-workspace/cargo-home:/opt/rustwide/cargo-home:ro,Z" "-v" "/var/lib/crater-agent-workspace/rustup-home:/opt/rustwide/rustup-home:ro,Z" "-e" "SOURCE_DIR=/opt/rustwide/workdir" "-e" "CARGO_TARGET_DIR=/opt/rustwide/target" "-e" "CARGO_HOME=/opt/rustwide/cargo-home" "-e" "RUSTUP_HOME=/opt/rustwide/rustup-home" "-w" "/opt/rustwide/workdir" "-m" "1610612736" "--user" "0:0" "--network" "none" "ghcr.io/rust-lang/crates-build-env/linux@sha256:f3a9d4ad9d972b27faf3965f35b62e55ba32bbce8f20bc8fe909558a86702fde" "/opt/rustwide/cargo-home/bin/cargo" "+1.83.0" "metadata" "--no-deps" "--format-version=1", kill_on_drop: false }`
[INFO] [stdout] 9634ed31324871d097341360aba843faaa8f93ac321b2bed0cd18c408605d246
[INFO] running `Command { std: "docker" "start" "-a" "9634ed31324871d097341360aba843faaa8f93ac321b2bed0cd18c408605d246", kill_on_drop: false }`
[INFO] running `Command { std: "docker" "inspect" "9634ed31324871d097341360aba843faaa8f93ac321b2bed0cd18c408605d246", kill_on_drop: false }`
[INFO] running `Command { std: "docker" "rm" "-f" "9634ed31324871d097341360aba843faaa8f93ac321b2bed0cd18c408605d246", kill_on_drop: false }`
[INFO] [stdout] 9634ed31324871d097341360aba843faaa8f93ac321b2bed0cd18c408605d246
[INFO] running `Command { std: "docker" "create" "-v" "/var/lib/crater-agent-workspace/builds/worker-5-tc1/target:/opt/rustwide/target:rw,Z" "-v" "/var/lib/crater-agent-workspace/builds/worker-5-tc1/source:/opt/rustwide/workdir:ro,Z" "-v" "/var/lib/crater-agent-workspace/cargo-home:/opt/rustwide/cargo-home:ro,Z" "-v" "/var/lib/crater-agent-workspace/rustup-home:/opt/rustwide/rustup-home:ro,Z" "-e" "SOURCE_DIR=/opt/rustwide/workdir" "-e" "CARGO_TARGET_DIR=/opt/rustwide/target" "-e" "CARGO_INCREMENTAL=0" "-e" "RUST_BACKTRACE=full" "-e" "RUSTFLAGS=--cap-lints=warn" "-e" "RUSTDOCFLAGS=--cap-lints=warn" "-e" "CARGO_HOME=/opt/rustwide/cargo-home" "-e" "RUSTUP_HOME=/opt/rustwide/rustup-home" "-w" "/opt/rustwide/workdir" "-m" "1610612736" "--user" "0:0" "--network" "none" "ghcr.io/rust-lang/crates-build-env/linux@sha256:f3a9d4ad9d972b27faf3965f35b62e55ba32bbce8f20bc8fe909558a86702fde" "/opt/rustwide/cargo-home/bin/cargo" "+1.83.0" "build" "--frozen" "--message-format=json", kill_on_drop: false }`
[INFO] [stdout] 5800686fef532af467f0c93034212cc1cedc5de61c0309086256ad0dbf3b10b6
[INFO] running `Command { std: "docker" "start" "-a" "5800686fef532af467f0c93034212cc1cedc5de61c0309086256ad0dbf3b10b6", kill_on_drop: false }`
[INFO] [stderr]    Compiling autocfg v1.1.0
[INFO] [stderr]    Compiling proc-macro2 v1.0.49
[INFO] [stderr]    Compiling quote v1.0.23
[INFO] [stderr]    Compiling unicode-ident v1.0.6
[INFO] [stderr]    Compiling libc v0.2.139
[INFO] [stderr]    Compiling syn v1.0.107
[INFO] [stderr]    Compiling scopeguard v1.1.0
[INFO] [stderr]    Compiling ppv-lite86 v0.2.17
[INFO] [stderr]    Compiling siphasher v0.3.10
[INFO] [stderr]    Compiling smallvec v1.10.0
[INFO] [stderr]    Compiling log v0.4.17
[INFO] [stderr]    Compiling getrandom v0.1.16
[INFO] [stderr]    Compiling once_cell v1.17.0
[INFO] [stderr]    Compiling parking_lot_core v0.9.5
[INFO] [stderr]    Compiling futures-core v0.3.25
[INFO] [stderr]    Compiling memchr v2.5.0
[INFO] [stderr]    Compiling pin-project-lite v0.2.9
[INFO] [stderr]    Compiling pkg-config v0.3.26
[INFO] [stderr]    Compiling phf_shared v0.10.0
[INFO] [stderr]    Compiling crossbeam-utils v0.8.14
[INFO] [stderr]    Compiling cc v1.0.78
[INFO] [stderr]    Compiling phf_shared v0.8.0
[INFO] [stderr]    Compiling bytes v1.3.0
[INFO] [stderr]    Compiling bitflags v1.3.2
[INFO] [stderr]    Compiling serde v1.0.152
[INFO] [stderr]    Compiling futures-sink v0.3.25
[INFO] [stderr]    Compiling futures-task v0.3.25
[INFO] [stderr]    Compiling lock_api v0.4.9
[INFO] [stderr]    Compiling memoffset v0.7.1
[INFO] [stderr]    Compiling crossbeam-epoch v0.9.13
[INFO] [stderr]    Compiling tokio v1.24.1
[INFO] [stderr]    Compiling itoa v1.0.5
[INFO] [stderr]    Compiling proc-macro-hack v0.5.20+deprecated
[INFO] [stderr]    Compiling slab v0.4.7
[INFO] [stderr]    Compiling indexmap v1.9.2
[INFO] [stderr]    Compiling tracing-core v0.1.30
[INFO] [stderr]    Compiling futures-util v0.3.25
[INFO] [stderr]    Compiling fnv v1.0.7
[INFO] [stderr]    Compiling foreign-types-shared v0.1.1
[INFO] [stderr]    Compiling new_debug_unreachable v1.0.4
[INFO] [stderr]    Compiling rayon-core v1.10.1
[INFO] [stderr]    Compiling crc32fast v1.3.2
[INFO] [stderr]    Compiling openssl v0.10.45
[INFO] [stderr]    Compiling adler v1.0.2
[INFO] [stderr]    Compiling miniz_oxide v0.6.2
[INFO] [stderr]    Compiling http v0.2.8
[INFO] [stderr]    Compiling num_cpus v1.15.0
[INFO] [stderr]    Compiling socket2 v0.4.7
[INFO] [stderr]    Compiling signal-hook-registry v1.4.0
[INFO] [stderr]    Compiling parking_lot v0.12.1
[INFO] [stderr]    Compiling mio v0.8.5
[INFO] [stderr]    Compiling getrandom v0.2.8
[INFO] [stderr]    Compiling crossbeam-channel v0.5.6
[INFO] [stderr]    Compiling rand_core v0.5.1
[INFO] [stderr]    Compiling tracing v0.1.37
[INFO] [stderr]    Compiling rand_core v0.6.4
[INFO] [stderr]    Compiling crossbeam-deque v0.8.2
[INFO] [stderr]    Compiling foreign-types v0.3.2
[INFO] [stderr]    Compiling rand_chacha v0.2.2
[INFO] [stderr]    Compiling rand_pcg v0.2.1
[INFO] [stderr]    Compiling rand_chacha v0.3.1
[INFO] [stderr]    Compiling num-traits v0.2.15
[INFO] [stderr]    Compiling precomputed-hash v0.1.1
[INFO] [stderr]    Compiling hashbrown v0.12.3
[INFO] [stderr]    Compiling httparse v1.8.0
[INFO] [stderr]    Compiling tinyvec_macros v0.1.0
[INFO] [stderr]    Compiling native-tls v0.2.11
[INFO] [stderr]    Compiling openssl-sys v0.9.80
[INFO] [stderr]    Compiling pin-utils v0.1.0
[INFO] [stderr]    Compiling mac v0.1.1
[INFO] [stderr]    Compiling futures-channel v0.3.25
[INFO] [stderr]    Compiling futf v0.1.5
[INFO] [stderr]    Compiling rand v0.7.3
[INFO] [stderr]    Compiling rand v0.8.5
[INFO] [stderr]    Compiling tinyvec v1.6.0
[INFO] [stderr]    Compiling num-integer v0.1.45
[INFO] [stderr]    Compiling either v1.8.0
[INFO] [stderr]    Compiling percent-encoding v2.2.0
[INFO] [stderr]    Compiling utf-8 v0.7.6
[INFO] [stderr]    Compiling try-lock v0.2.4
[INFO] [stderr]    Compiling byteorder v1.4.3
[INFO] [stderr]    Compiling dtoa v0.4.8
[INFO] [stderr]    Compiling openssl-probe v0.1.5
[INFO] [stderr]    Compiling dtoa-short v0.3.3
[INFO] [stderr]    Compiling tendril v0.4.3
[INFO] [stderr]    Compiling want v0.3.0
[INFO] [stderr]    Compiling form_urlencoded v1.1.0
[INFO] [stderr]    Compiling nanorand v0.7.0
[INFO] [stderr]    Compiling flate2 v1.0.25
[INFO] [stderr]    Compiling http-body v0.4.5
[INFO] [stderr]    Compiling spin v0.9.4
[INFO] [stderr]    Compiling rayon v1.6.1
[INFO] [stderr]    Compiling num-rational v0.4.1
[INFO] [stderr]    Compiling phf v0.10.1
[INFO] [stderr]    Compiling stable_deref_trait v1.2.0
[INFO] [stderr]    Compiling phf_generator v0.8.0
[INFO] [stderr]    Compiling phf_codegen v0.8.0
[INFO] [stderr]    Compiling unicode-normalization v0.1.22
[INFO] [stderr]    Compiling weezl v0.1.7
[INFO] [stderr]    Compiling convert_case v0.4.0
[INFO] [stderr]    Compiling encoding_rs v0.8.31
[INFO] [stderr]    Compiling selectors v0.22.0
[INFO] [stderr]    Compiling unicode-bidi v0.3.8
[INFO] [stderr]    Compiling phf_generator v0.10.0
[INFO] [stderr]    Compiling itoa v0.4.8
[INFO] [stderr]    Compiling tower-service v0.3.2
[INFO] [stderr]    Compiling string_cache_codegen v0.5.2
[INFO] [stderr]    Compiling phf_codegen v0.10.0
[INFO] [stderr]    Compiling matches v0.1.9
[INFO] [stderr]    Compiling nodrop v0.1.14
[INFO] [stderr]    Compiling httpdate v1.0.2
[INFO] [stderr]    Compiling servo_arc v0.1.1
[INFO] [stderr]    Compiling fxhash v0.2.1
[INFO] [stderr]    Compiling threadpool v1.8.1
[INFO] [stderr]    Compiling thin-slice v0.1.1
[INFO] [stderr]    Compiling lebe v0.5.2
[INFO] [stderr]    Compiling half v2.2.1
[INFO] [stderr]    Compiling ryu v1.0.12
[INFO] [stderr]    Compiling idna v0.3.0
[INFO] [stderr]    Compiling bit_field v0.10.1
[INFO] [stderr]    Compiling unicode-width v0.1.10
[INFO] [stderr]    Compiling color_quant v1.1.0
[INFO] [stderr]    Compiling getopts v0.2.21
[INFO] [stderr]    Compiling png v0.17.7
[INFO] [stderr]    Compiling markup5ever v0.11.0
[INFO] [stderr]    Compiling gif v0.11.4
[INFO] [stderr]    Compiling rand v0.4.6
[INFO] [stderr]    Compiling aho-corasick v0.7.20
[INFO] [stderr]    Compiling remove_dir_all v0.5.3
[INFO] [stderr]    Compiling ego-tree v0.6.2
[INFO] [stderr]    Compiling ipnet v2.7.0
[INFO] [stderr]    Compiling mime v0.3.16
[INFO] [stderr]    Compiling bytemuck v1.12.3
[INFO] [stderr]    Compiling url v2.3.1
[INFO] [stderr]    Compiling scoped_threadpool v0.1.9
[INFO] [stderr]    Compiling regex-syntax v0.6.28
[INFO] [stderr]    Compiling base64 v0.13.1
[INFO] [stderr]    Compiling tempdir v0.3.7
[INFO] [stderr]    Compiling base64 v0.21.0
[INFO] [stderr]    Compiling string_cache v0.8.4
[INFO] [stderr]    Compiling serde_urlencoded v0.7.1
[INFO] [stderr]    Compiling jpeg-decoder v0.3.0
[INFO] [stderr]    Compiling tokio-macros v1.8.2
[INFO] [stderr]    Compiling openssl-macros v0.1.0
[INFO] [stderr]    Compiling cssparser v0.27.2
[INFO] [stderr]    Compiling phf_macros v0.8.0
[INFO] [stderr]    Compiling pin-project-internal v1.0.12
[INFO] [stderr]    Compiling cssparser-macros v0.6.0
[INFO] [stderr]    Compiling html5ever v0.26.0
[INFO] [stderr]    Compiling derive_more v0.99.17
[INFO] [stderr]    Compiling regex v1.7.1
[INFO] [stderr]    Compiling tiff v0.8.1
[INFO] [stderr]    Compiling phf v0.8.0
[INFO] [stderr]    Compiling pin-project v1.0.12
[INFO] [stderr]    Compiling flume v0.10.14
[INFO] [stderr]    Compiling exr v1.5.2
[INFO] [stderr]    Compiling scraper v0.14.0
[INFO] [stderr]    Compiling image v0.24.5
[INFO] [stderr]    Compiling tokio-util v0.7.4
[INFO] [stderr]    Compiling tokio-native-tls v0.3.0
[INFO] [stderr]    Compiling h2 v0.3.15
[INFO] [stderr]    Compiling hyper v0.14.23
[INFO] [stderr]    Compiling hyper-tls v0.5.0
[INFO] [stderr]    Compiling reqwest v0.11.13
[INFO] [stderr]    Compiling html-to-markdown v0.1.0 (/opt/rustwide/workdir)
[INFO] [stderr]     Finished `dev` profile [unoptimized + debuginfo] target(s) in 1m 26s
[INFO] running `Command { std: "docker" "inspect" "5800686fef532af467f0c93034212cc1cedc5de61c0309086256ad0dbf3b10b6", kill_on_drop: false }`
[INFO] running `Command { std: "docker" "rm" "-f" "5800686fef532af467f0c93034212cc1cedc5de61c0309086256ad0dbf3b10b6", kill_on_drop: false }`
[INFO] [stdout] 5800686fef532af467f0c93034212cc1cedc5de61c0309086256ad0dbf3b10b6
[INFO] running `Command { std: "docker" "create" "-v" "/var/lib/crater-agent-workspace/builds/worker-5-tc1/target:/opt/rustwide/target:rw,Z" "-v" "/var/lib/crater-agent-workspace/builds/worker-5-tc1/source:/opt/rustwide/workdir:ro,Z" "-v" "/var/lib/crater-agent-workspace/cargo-home:/opt/rustwide/cargo-home:ro,Z" "-v" "/var/lib/crater-agent-workspace/rustup-home:/opt/rustwide/rustup-home:ro,Z" "-e" "SOURCE_DIR=/opt/rustwide/workdir" "-e" "CARGO_TARGET_DIR=/opt/rustwide/target" "-e" "CARGO_INCREMENTAL=0" "-e" "RUST_BACKTRACE=full" "-e" "RUSTFLAGS=--cap-lints=warn" "-e" "RUSTDOCFLAGS=--cap-lints=warn" "-e" "CARGO_HOME=/opt/rustwide/cargo-home" "-e" "RUSTUP_HOME=/opt/rustwide/rustup-home" "-w" "/opt/rustwide/workdir" "-m" "1610612736" "--user" "0:0" "--network" "none" "ghcr.io/rust-lang/crates-build-env/linux@sha256:f3a9d4ad9d972b27faf3965f35b62e55ba32bbce8f20bc8fe909558a86702fde" "/opt/rustwide/cargo-home/bin/cargo" "+1.83.0" "test" "--frozen" "--no-run" "--message-format=json", kill_on_drop: false }`
[INFO] [stdout] 4b44d6e5662b3a52343a51d91b0994efb7cd20e8ebe2eecdb338871814abbaf4
[INFO] running `Command { std: "docker" "start" "-a" "4b44d6e5662b3a52343a51d91b0994efb7cd20e8ebe2eecdb338871814abbaf4", kill_on_drop: false }`
[INFO] [stderr]    Compiling html-to-markdown v0.1.0 (/opt/rustwide/workdir)
[INFO] [stderr]     Finished `test` profile [unoptimized + debuginfo] target(s) in 6.20s
[INFO] running `Command { std: "docker" "inspect" "4b44d6e5662b3a52343a51d91b0994efb7cd20e8ebe2eecdb338871814abbaf4", kill_on_drop: false }`
[INFO] running `Command { std: "docker" "rm" "-f" "4b44d6e5662b3a52343a51d91b0994efb7cd20e8ebe2eecdb338871814abbaf4", kill_on_drop: false }`
[INFO] [stdout] 4b44d6e5662b3a52343a51d91b0994efb7cd20e8ebe2eecdb338871814abbaf4
[INFO] running `Command { std: "docker" "create" "-v" "/var/lib/crater-agent-workspace/builds/worker-5-tc1/target:/opt/rustwide/target:rw,Z" "-v" "/var/lib/crater-agent-workspace/builds/worker-5-tc1/source:/opt/rustwide/workdir:ro,Z" "-v" "/var/lib/crater-agent-workspace/cargo-home:/opt/rustwide/cargo-home:ro,Z" "-v" "/var/lib/crater-agent-workspace/rustup-home:/opt/rustwide/rustup-home:ro,Z" "-e" "SOURCE_DIR=/opt/rustwide/workdir" "-e" "CARGO_TARGET_DIR=/opt/rustwide/target" "-e" "CARGO_INCREMENTAL=0" "-e" "RUST_BACKTRACE=full" "-e" "RUSTFLAGS=--cap-lints=warn" "-e" "RUSTDOCFLAGS=--cap-lints=warn" "-e" "CARGO_HOME=/opt/rustwide/cargo-home" "-e" "RUSTUP_HOME=/opt/rustwide/rustup-home" "-w" "/opt/rustwide/workdir" "-m" "1610612736" "--user" "0:0" "--network" "none" "ghcr.io/rust-lang/crates-build-env/linux@sha256:f3a9d4ad9d972b27faf3965f35b62e55ba32bbce8f20bc8fe909558a86702fde" "/opt/rustwide/cargo-home/bin/cargo" "+1.83.0" "test" "--frozen", kill_on_drop: false }`
[INFO] [stdout] 9c3be20ef19bb77b74ee764e817f2126e2b3d6887bc5e48497b077f4384f8bc8
[INFO] running `Command { std: "docker" "start" "-a" "9c3be20ef19bb77b74ee764e817f2126e2b3d6887bc5e48497b077f4384f8bc8", kill_on_drop: false }`
[INFO] [stderr]     Finished `test` profile [unoptimized + debuginfo] target(s) in 0.19s
[INFO] [stderr]      Running unittests src/main.rs (/opt/rustwide/target/debug/deps/html_to_markdown-db4fc088d3aed43b)
[INFO] [stdout] 
[INFO] [stdout] running 47 tests
[INFO] [stdout] test tests::test_create_table_underscore_row_one_col ... ok
[INFO] [stdout] test tests::test_create_table_underscore_row_two_cols ... ok
[INFO] [stdout] test tests::test_bolding_strongs ... ok
[INFO] [stdout] test tests::test_file_path_creation ... ok
[INFO] [stdout] test tests::test_filename_from_url_one_fragment ... ok
[INFO] [stdout] test tests::test_filename_from_url_with_extension ... ok
[INFO] [stdout] test tests::test_filename_from_url_two_fragments ... ok
[INFO] [stdout] test tests::test_image_src_not_a_url ... ok
[INFO] [stdout] test tests::test_italics_em ... ok
[INFO] [stdout] test tests::test_img_translate_one_fragment ... ok
[INFO] [stdout] test tests::test_element_in_p ... ok
[INFO] [stdout] test tests::test_paragraph_with_linebreaks ... ok
[INFO] [stdout] test tests::test_paragraph_with_spans_and_linebreaks ... ok
[INFO] [stdout] test tests::test_img_translate_relative_src ... ok
[INFO] [stdout] test tests::test_link_matching_domain ... ok
[INFO] [stdout] test tests::test_passing_through_span ... ok
[INFO] [stdout] test tests::test_img_translate_two_fragments ... ok
[INFO] [stdout] test tests::test_remove_nbsp ... ok
[INFO] [stdout] test tests::test_link_translate_different_domain ... ok
[INFO] [stdout] test tests::test_paragraph_with_parens_link ... ok
[INFO] [stdout] test tests::test_span_break_on_period ... ok
[INFO] [stdout] test tests::test_strongs_and_text_in_span ... ok
[INFO] [stdout] test tests::test_strong_with_element_inside ... ok
[INFO] [stdout] test tests::test_translate_h3 ... ok
[INFO] [stdout] test tests::test_translate_h4 ... ok
[INFO] [stdout] test tests::test_superscripting_sup ... ok
[INFO] [stdout] test tests::test_translate_inline_link ... ok
[INFO] [stdout] test tests::test_translate_link_with_no_text ... ok
[INFO] [stdout] test tests::test_translate_div ... ok
[INFO] [stdout] test tests::test_translate_h2 ... ok
[INFO] [stdout] test tests::test_translate_link_without_www ... ok
[INFO] [stdout] test tests::test_translate_h1 ... ok
[INFO] [stdout] test tests::test_translate_table_with_header ... ok
[INFO] [stdout] test tests::test_trim_domain_from_url ... ok
[INFO] [stdout] test tests::test_translate_ol_empty ... ok
[INFO] [stdout] test tests::test_translate_table_without_header ... ok
[INFO] [stdout] test tests::test_translate_ul_empty ... ok
[INFO] [stdout] test tests::test_translate_ul_with_items ... ok
[INFO] [stdout] test tests::test_underlining_u ... ok
[INFO] [stdout] test tests::test_translate_ol_with_items ... ok
[INFO] [stdout] test tests::test_span_in_link_text ... ok
[INFO] [stdout] test tests::test_text_node_of_newline_translates_to_none ... ok
[INFO] [stdout] test tests::test_translate_blockquote ... ok
[INFO] [stdout] test tests::test_matching_base64_extension_regex ... ok
[INFO] [stdout] test tests::test_download_img_with_full_url_src ... FAILED
[INFO] [stdout] test tests::test_translate_base64_img ... ok
[INFO] [stdout] test tests::test_download_base64_image ... ok
[INFO] [stdout] 
[INFO] [stdout] failures:
[INFO] [stdout] 
[INFO] [stdout] ---- tests::test_download_img_with_full_url_src stdout ----
[INFO] [stdout] thread 'tests::test_download_img_with_full_url_src' panicked at src/main.rs:604:14:
[INFO] [stdout] called `Result::unwrap()` on an `Err` value: reqwest::Error { kind: Request, url: Url { scheme: "https", cannot_be_a_base: false, username: "", password: None, host: Some(Domain("lh4.googleusercontent.com")), port: None, path: "/tf2qRXcS4yKnX-Z-vYYbvLuEF-xWCQXM0bK9R-KtfxrQcwjaELbULke0oUbPJMPp9EuuZ6EImm4X5ycTjQcCixAmh2E9gOFZNkcMso9h3BngaNFDuNSBpoSfbXZCLpSAZSmF3j1o", query: None, fragment: None }, source: hyper::Error(Connect, ConnectError("dns error", Custom { kind: Uncategorized, error: "failed to lookup address information: Temporary failure in name resolution" })) }
[INFO] [stdout] stack backtrace:
[INFO] [stdout]    0:     0x5ddc655e9a5a - std::backtrace_rs::backtrace::libunwind::trace::h5a5b8284f2d0c266
[INFO] [stdout]                                at /rustc/90b35a6239c3d8bdabc530a6a0816f7ff89a0aaf/library/std/src/../../backtrace/src/backtrace/libunwind.rs:116:5
[INFO] [stdout]    1:     0x5ddc655e9a5a - std::backtrace_rs::backtrace::trace_unsynchronized::h76d4f1c9b0b875e3
[INFO] [stdout]                                at /rustc/90b35a6239c3d8bdabc530a6a0816f7ff89a0aaf/library/std/src/../../backtrace/src/backtrace/mod.rs:66:5
[INFO] [stdout]    2:     0x5ddc655e9a5a - std::sys::backtrace::_print_fmt::hc4546b8364a537c6
[INFO] [stdout]                                at /rustc/90b35a6239c3d8bdabc530a6a0816f7ff89a0aaf/library/std/src/sys/backtrace.rs:66:9
[INFO] [stdout]    3:     0x5ddc655e9a5a - <std::sys::backtrace::BacktraceLock::print::DisplayBacktrace as core::fmt::Display>::fmt::h5b6bd5631a6d1f6b
[INFO] [stdout]                                at /rustc/90b35a6239c3d8bdabc530a6a0816f7ff89a0aaf/library/std/src/sys/backtrace.rs:39:26
[INFO] [stdout]    4:     0x5ddc65614603 - core::fmt::rt::Argument::fmt::h270f6602a2b96f62
[INFO] [stdout]                                at /rustc/90b35a6239c3d8bdabc530a6a0816f7ff89a0aaf/library/core/src/fmt/rt.rs:177:76
[INFO] [stdout]    5:     0x5ddc65614603 - core::fmt::write::h7550c97b06c86515
[INFO] [stdout]                                at /rustc/90b35a6239c3d8bdabc530a6a0816f7ff89a0aaf/library/core/src/fmt/mod.rs:1186:21
[INFO] [stdout]    6:     0x5ddc655e5f13 - std::io::Write::write_fmt::h509ff860e5956e5e
[INFO] [stdout]                                at /rustc/90b35a6239c3d8bdabc530a6a0816f7ff89a0aaf/library/std/src/io/mod.rs:1839:15
[INFO] [stdout]    7:     0x5ddc655e98a2 - std::sys::backtrace::BacktraceLock::print::h2395ccd2c84ba3aa
[INFO] [stdout]                                at /rustc/90b35a6239c3d8bdabc530a6a0816f7ff89a0aaf/library/std/src/sys/backtrace.rs:42:9
[INFO] [stdout]    8:     0x5ddc655eaeba - std::panicking::default_hook::{{closure}}::he19d4c7230e07961
[INFO] [stdout]                                at /rustc/90b35a6239c3d8bdabc530a6a0816f7ff89a0aaf/library/std/src/panicking.rs:268:22
[INFO] [stdout]    9:     0x5ddc655eacc4 - std::panicking::default_hook::hf614597d3c67bbdb
[INFO] [stdout]                                at /rustc/90b35a6239c3d8bdabc530a6a0816f7ff89a0aaf/library/std/src/panicking.rs:292:9
[INFO] [stdout]   10:     0x5ddc64b8b659 - <alloc::boxed::Box<F,A> as core::ops::function::Fn<Args>>::call::h39b51ce4599c23d1
[INFO] [stdout]                                at /rustc/90b35a6239c3d8bdabc530a6a0816f7ff89a0aaf/library/alloc/src/boxed.rs:2468:9
[INFO] [stdout]   11:     0x5ddc64b8b659 - test::test_main::{{closure}}::he977ae839a582784
[INFO] [stdout]                                at /rustc/90b35a6239c3d8bdabc530a6a0816f7ff89a0aaf/library/test/src/lib.rs:133:21
[INFO] [stdout]   12:     0x5ddc655eb558 - <alloc::boxed::Box<F,A> as core::ops::function::Fn<Args>>::call::h9455091b6b06f9fb
[INFO] [stdout]                                at /rustc/90b35a6239c3d8bdabc530a6a0816f7ff89a0aaf/library/alloc/src/boxed.rs:2468:9
[INFO] [stdout]   13:     0x5ddc655eb558 - std::panicking::rust_panic_with_hook::h8942133a8b252070
[INFO] [stdout]                                at /rustc/90b35a6239c3d8bdabc530a6a0816f7ff89a0aaf/library/std/src/panicking.rs:809:13
[INFO] [stdout]   14:     0x5ddc655eb31a - std::panicking::begin_panic_handler::{{closure}}::hb5f5963570096b29
[INFO] [stdout]                                at /rustc/90b35a6239c3d8bdabc530a6a0816f7ff89a0aaf/library/std/src/panicking.rs:674:13
[INFO] [stdout]   15:     0x5ddc655e9f39 - std::sys::backtrace::__rust_end_short_backtrace::h6208cedc1922feda
[INFO] [stdout]                                at /rustc/90b35a6239c3d8bdabc530a6a0816f7ff89a0aaf/library/std/src/sys/backtrace.rs:170:18
[INFO] [stdout]   16:     0x5ddc655eafac - rust_begin_unwind
[INFO] [stdout]                                at /rustc/90b35a6239c3d8bdabc530a6a0816f7ff89a0aaf/library/std/src/panicking.rs:665:5
[INFO] [stdout]   17:     0x5ddc64b34340 - core::panicking::panic_fmt::h0c3082644d1bf418
[INFO] [stdout]                                at /rustc/90b35a6239c3d8bdabc530a6a0816f7ff89a0aaf/library/core/src/panicking.rs:74:14
[INFO] [stdout]   18:     0x5ddc64b347c6 - core::result::unwrap_failed::hd20b4aa073bda1e2
[INFO] [stdout]                                at /rustc/90b35a6239c3d8bdabc530a6a0816f7ff89a0aaf/library/core/src/result.rs:1700:5
[INFO] [stdout]   19:     0x5ddc64b44c70 - core::result::Result<T,E>::unwrap::hd4e610956871e2a7
[INFO] [stdout]                                at /rustc/90b35a6239c3d8bdabc530a6a0816f7ff89a0aaf/library/core/src/result.rs:1104:23
[INFO] [stdout]   20:     0x5ddc64b44c70 - html_to_markdown::tests::test_download_img_with_full_url_src::{{closure}}::h1caf5c9e46c29bc1
[INFO] [stdout]                                at /opt/rustwide/workdir/src/main.rs:602:9
[INFO] [stdout]   21:     0x5ddc64b53322 - <core::pin::Pin<P> as core::future::future::Future>::poll::hbda8060463f6b5c0
[INFO] [stdout]                                at /rustc/90b35a6239c3d8bdabc530a6a0816f7ff89a0aaf/library/core/src/future/future.rs:123:9
[INFO] [stdout]   22:     0x5ddc64b532dd - <core::pin::Pin<P> as core::future::future::Future>::poll::hb88b645c1ba59404
[INFO] [stdout]                                at /rustc/90b35a6239c3d8bdabc530a6a0816f7ff89a0aaf/library/core/src/future/future.rs:123:9
[INFO] [stdout]   23:     0x5ddc64b4df0f - tokio::runtime::scheduler::current_thread::CoreGuard::block_on::{{closure}}::{{closure}}::{{closure}}::had51fb62be45c45e
[INFO] [stdout]                                at /opt/rustwide/cargo-home/registry/src/index.crates.io-6f17d22bba15001f/tokio-1.24.1/src/runtime/scheduler/current_thread.rs:541:57
[INFO] [stdout]   24:     0x5ddc64b4de55 - tokio::runtime::coop::with_budget::h3e3016f261e29a9f
[INFO] [stdout]                                at /opt/rustwide/cargo-home/registry/src/index.crates.io-6f17d22bba15001f/tokio-1.24.1/src/runtime/coop.rs:102:5
[INFO] [stdout]   25:     0x5ddc64b4de55 - tokio::runtime::coop::budget::ha11490ace2362110
[INFO] [stdout]                                at /opt/rustwide/cargo-home/registry/src/index.crates.io-6f17d22bba15001f/tokio-1.24.1/src/runtime/coop.rs:68:5
[INFO] [stdout]   26:     0x5ddc64b4de55 - tokio::runtime::scheduler::current_thread::CoreGuard::block_on::{{closure}}::{{closure}}::hb8b5d8b678c289d3
[INFO] [stdout]                                at /opt/rustwide/cargo-home/registry/src/index.crates.io-6f17d22bba15001f/tokio-1.24.1/src/runtime/scheduler/current_thread.rs:541:25
[INFO] [stdout]   27:     0x5ddc64b4ca80 - tokio::runtime::scheduler::current_thread::Context::enter::he51bce2a1c376ed1
[INFO] [stdout]                                at /opt/rustwide/cargo-home/registry/src/index.crates.io-6f17d22bba15001f/tokio-1.24.1/src/runtime/scheduler/current_thread.rs:350:19
[INFO] [stdout]   28:     0x5ddc64b4d4c2 - tokio::runtime::scheduler::current_thread::CoreGuard::block_on::{{closure}}::h5f12817c1031e158
[INFO] [stdout]                                at /opt/rustwide/cargo-home/registry/src/index.crates.io-6f17d22bba15001f/tokio-1.24.1/src/runtime/scheduler/current_thread.rs:540:36
[INFO] [stdout]   29:     0x5ddc64b4d244 - tokio::runtime::scheduler::current_thread::CoreGuard::enter::{{closure}}::hdfa25d7fe3893401
[INFO] [stdout]                                at /opt/rustwide/cargo-home/registry/src/index.crates.io-6f17d22bba15001f/tokio-1.24.1/src/runtime/scheduler/current_thread.rs:615:57
[INFO] [stdout]   30:     0x5ddc64b52713 - tokio::macros::scoped_tls::ScopedKey<T>::set::hcbdc3537535c93ee
[INFO] [stdout]                                at /opt/rustwide/cargo-home/registry/src/index.crates.io-6f17d22bba15001f/tokio-1.24.1/src/macros/scoped_tls.rs:61:9
[INFO] [stdout]   31:     0x5ddc64b4cfef - tokio::runtime::scheduler::current_thread::CoreGuard::enter::h785925a3e840e10d
[INFO] [stdout]                                at /opt/rustwide/cargo-home/registry/src/index.crates.io-6f17d22bba15001f/tokio-1.24.1/src/runtime/scheduler/current_thread.rs:615:27
[INFO] [stdout]   32:     0x5ddc64b4d262 - tokio::runtime::scheduler::current_thread::CoreGuard::block_on::h442631efcc37903a
[INFO] [stdout]                                at /opt/rustwide/cargo-home/registry/src/index.crates.io-6f17d22bba15001f/tokio-1.24.1/src/runtime/scheduler/current_thread.rs:530:19
[INFO] [stdout]   33:     0x5ddc64b4c2a1 - tokio::runtime::scheduler::current_thread::CurrentThread::block_on::hdf25c4ac7b41e11f
[INFO] [stdout]                                at /opt/rustwide/cargo-home/registry/src/index.crates.io-6f17d22bba15001f/tokio-1.24.1/src/runtime/scheduler/current_thread.rs:154:24
[INFO] [stdout]   34:     0x5ddc64b52a4d - tokio::runtime::runtime::Runtime::block_on::h9054b82f07a28665
[INFO] [stdout]                                at /opt/rustwide/cargo-home/registry/src/index.crates.io-6f17d22bba15001f/tokio-1.24.1/src/runtime/runtime.rs:282:47
[INFO] [stdout]   35:     0x5ddc64b44381 - html_to_markdown::tests::test_download_img_with_full_url_src::h710ad0b33b16e59a
[INFO] [stdout]                                at /opt/rustwide/workdir/src/main.rs:606:9
[INFO] [stdout]   36:     0x5ddc64b44227 - html_to_markdown::tests::test_download_img_with_full_url_src::{{closure}}::h27c60eddc28b7a19
[INFO] [stdout]                                at /opt/rustwide/workdir/src/main.rs:594:51
[INFO] [stdout]   37:     0x5ddc64b4f846 - core::ops::function::FnOnce::call_once::ha30aa09f9c48967c
[INFO] [stdout]                                at /rustc/90b35a6239c3d8bdabc530a6a0816f7ff89a0aaf/library/core/src/ops/function.rs:250:5
[INFO] [stdout]   38:     0x5ddc64b9001b - core::ops::function::FnOnce::call_once::h109cf8051a59b34e
[INFO] [stdout]                                at /rustc/90b35a6239c3d8bdabc530a6a0816f7ff89a0aaf/library/core/src/ops/function.rs:250:5
[INFO] [stdout]   39:     0x5ddc64b9001b - test::__rust_begin_short_backtrace::hf4fff89d377446ba
[INFO] [stdout]                                at /rustc/90b35a6239c3d8bdabc530a6a0816f7ff89a0aaf/library/test/src/lib.rs:621:18
[INFO] [stdout]   40:     0x5ddc64b8f857 - test::run_test_in_process::{{closure}}::h0e39181dd7ee5a43
[INFO] [stdout]                                at /rustc/90b35a6239c3d8bdabc530a6a0816f7ff89a0aaf/library/test/src/lib.rs:644:60
[INFO] [stdout]   41:     0x5ddc64b8f857 - <core::panic::unwind_safe::AssertUnwindSafe<F> as core::ops::function::FnOnce<()>>::call_once::hc5a66a30f0bdfd1f
[INFO] [stdout]                                at /rustc/90b35a6239c3d8bdabc530a6a0816f7ff89a0aaf/library/core/src/panic/unwind_safe.rs:272:9
[INFO] [stdout]   42:     0x5ddc64b8f857 - std::panicking::try::do_call::h873b7cf639554a5e
[INFO] [stdout]                                at /rustc/90b35a6239c3d8bdabc530a6a0816f7ff89a0aaf/library/std/src/panicking.rs:557:40
[INFO] [stdout]   43:     0x5ddc64b8f857 - std::panicking::try::hdb19862fad9c8bd1
[INFO] [stdout]                                at /rustc/90b35a6239c3d8bdabc530a6a0816f7ff89a0aaf/library/std/src/panicking.rs:520:19
[INFO] [stdout]   44:     0x5ddc64b8f857 - std::panic::catch_unwind::h281fe732d236d260
[INFO] [stdout]                                at /rustc/90b35a6239c3d8bdabc530a6a0816f7ff89a0aaf/library/std/src/panic.rs:358:14
[INFO] [stdout]   45:     0x5ddc64b8f857 - test::run_test_in_process::h949b6df8457ed338
[INFO] [stdout]                                at /rustc/90b35a6239c3d8bdabc530a6a0816f7ff89a0aaf/library/test/src/lib.rs:644:27
[INFO] [stdout]   46:     0x5ddc64b8f857 - test::run_test::{{closure}}::h52c556a6d4740e10
[INFO] [stdout]                                at /rustc/90b35a6239c3d8bdabc530a6a0816f7ff89a0aaf/library/test/src/lib.rs:565:43
[INFO] [stdout]   47:     0x5ddc64b54b34 - test::run_test::{{closure}}::h4237f6381c45ccb9
[INFO] [stdout]                                at /rustc/90b35a6239c3d8bdabc530a6a0816f7ff89a0aaf/library/test/src/lib.rs:595:41
[INFO] [stdout]   48:     0x5ddc64b54b34 - std::sys::backtrace::__rust_begin_short_backtrace::h505c97a579eca628
[INFO] [stdout]                                at /rustc/90b35a6239c3d8bdabc530a6a0816f7ff89a0aaf/library/std/src/sys/backtrace.rs:154:18
[INFO] [stdout]   49:     0x5ddc64b581fe - std::thread::Builder::spawn_unchecked_::{{closure}}::{{closure}}::h9e86b2e2bc107ea3
[INFO] [stdout]                                at /rustc/90b35a6239c3d8bdabc530a6a0816f7ff89a0aaf/library/std/src/thread/mod.rs:538:17
[INFO] [stdout]   50:     0x5ddc64b581fe - <core::panic::unwind_safe::AssertUnwindSafe<F> as core::ops::function::FnOnce<()>>::call_once::h8b06ddb275ff4a25
[INFO] [stdout]                                at /rustc/90b35a6239c3d8bdabc530a6a0816f7ff89a0aaf/library/core/src/panic/unwind_safe.rs:272:9
[INFO] [stdout]   51:     0x5ddc64b581fe - std::panicking::try::do_call::hb26ecd7cd9a9355d
[INFO] [stdout]                                at /rustc/90b35a6239c3d8bdabc530a6a0816f7ff89a0aaf/library/std/src/panicking.rs:557:40
[INFO] [stdout]   52:     0x5ddc64b581fe - std::panicking::try::h8ddeca9d705f9069
[INFO] [stdout]                                at /rustc/90b35a6239c3d8bdabc530a6a0816f7ff89a0aaf/library/std/src/panicking.rs:520:19
[INFO] [stdout]   53:     0x5ddc64b581fe - std::panic::catch_unwind::h49e1c33078844c46
[INFO] [stdout]                                at /rustc/90b35a6239c3d8bdabc530a6a0816f7ff89a0aaf/library/std/src/panic.rs:358:14
[INFO] [stdout]   54:     0x5ddc64b581fe - std::thread::Builder::spawn_unchecked_::{{closure}}::h6073db6ff56ad35d
[INFO] [stdout]                                at /rustc/90b35a6239c3d8bdabc530a6a0816f7ff89a0aaf/library/std/src/thread/mod.rs:537:30
[INFO] [stdout]   55:     0x5ddc64b581fe - core::ops::function::FnOnce::call_once{{vtable.shim}}::h2c5a5f3779c774f1
[INFO] [stdout]                                at /rustc/90b35a6239c3d8bdabc530a6a0816f7ff89a0aaf/library/core/src/ops/function.rs:250:5
[INFO] [stdout]   56:     0x5ddc655f029b - <alloc::boxed::Box<F,A> as core::ops::function::FnOnce<Args>>::call_once::hf75717d9f28faebf
[INFO] [stdout]                                at /rustc/90b35a6239c3d8bdabc530a6a0816f7ff89a0aaf/library/alloc/src/boxed.rs:2454:9
[INFO] [stdout]   57:     0x5ddc655f029b - <alloc::boxed::Box<F,A> as core::ops::function::FnOnce<Args>>::call_once::h7bd883a5f3c5f3c1
[INFO] [stdout]                                at /rustc/90b35a6239c3d8bdabc530a6a0816f7ff89a0aaf/library/alloc/src/boxed.rs:2454:9
[INFO] [stdout]   58:     0x5ddc655f029b - std::sys::pal::unix::thread::Thread::new::thread_start::hcc78f3943333fa94
[INFO] [stdout]                                at /rustc/90b35a6239c3d8bdabc530a6a0816f7ff89a0aaf/library/std/src/sys/pal/unix/thread.rs:105:17
[INFO] [stdout]   59:     0x70b8878e8ac3 - <unknown>
[INFO] [stdout]   60:     0x70b887979a04 - clone
[INFO] [stdout]   61:                0x0 - <unknown>
[INFO] [stdout] 
[INFO] [stdout] 
[INFO] [stdout] failures:
[INFO] [stdout]     tests::test_download_img_with_full_url_src
[INFO] [stdout] 
[INFO] [stdout] test result: FAILED. 46 passed; 1 failed; 0 ignored; 0 measured; 0 filtered out; finished in 0.77s
[INFO] [stdout] 
[INFO] [stderr] error: test failed, to rerun pass `--bin html-to-markdown`
[INFO] running `Command { std: "docker" "inspect" "9c3be20ef19bb77b74ee764e817f2126e2b3d6887bc5e48497b077f4384f8bc8", kill_on_drop: false }`
[INFO] running `Command { std: "docker" "rm" "-f" "9c3be20ef19bb77b74ee764e817f2126e2b3d6887bc5e48497b077f4384f8bc8", kill_on_drop: false }`
[INFO] [stdout] 9c3be20ef19bb77b74ee764e817f2126e2b3d6887bc5e48497b077f4384f8bc8
