[INFO] cloning repository https://github.com/d4hines/flamingo
[INFO] running `Command { std: "git" "-c" "credential.helper=" "-c" "credential.helper=/workspace/cargo-home/bin/git-credential-null" "clone" "--bare" "https://github.com/d4hines/flamingo" "/workspace/cache/git-repos/https%3A%2F%2Fgithub.com%2Fd4hines%2Fflamingo", kill_on_drop: false }`
[INFO] [stderr] Cloning into bare repository '/workspace/cache/git-repos/https%3A%2F%2Fgithub.com%2Fd4hines%2Fflamingo'...
[INFO] running `Command { std: "git" "rev-parse" "HEAD", kill_on_drop: false }`
[INFO] [stdout] 5a270bc57f362d2460cace6cb59a17e0fca4ba40
[INFO] testing d4hines/flamingo against beta-2024-12-08 for beta-1.84.0-4-retry
[INFO] running `Command { std: "git" "clone" "/workspace/cache/git-repos/https%3A%2F%2Fgithub.com%2Fd4hines%2Fflamingo" "/workspace/builds/worker-1-tc2/source", kill_on_drop: false }`
[INFO] [stderr] Cloning into '/workspace/builds/worker-1-tc2/source'...
[INFO] [stderr] done.
[INFO] validating manifest of git repo https://github.com/d4hines/flamingo on toolchain beta-2024-12-08
[INFO] running `Command { std: CARGO_HOME="/workspace/cargo-home" RUSTUP_HOME="/workspace/rustup-home" "/workspace/cargo-home/bin/cargo" "+beta-2024-12-08" "metadata" "--manifest-path" "Cargo.toml" "--no-deps", kill_on_drop: false }`
[INFO] started tweaking git repo https://github.com/d4hines/flamingo
[INFO] finished tweaking git repo https://github.com/d4hines/flamingo
[INFO] tweaked toml for git repo https://github.com/d4hines/flamingo written to /workspace/builds/worker-1-tc2/source/Cargo.toml
[INFO] crate git repo https://github.com/d4hines/flamingo already has a lockfile, it will not be regenerated
[INFO] running `Command { std: CARGO_HOME="/workspace/cargo-home" RUSTUP_HOME="/workspace/rustup-home" "/workspace/cargo-home/bin/cargo" "+beta-2024-12-08" "fetch" "--manifest-path" "Cargo.toml", kill_on_drop: false }`
[INFO] running `Command { std: "docker" "create" "-v" "/var/lib/crater-agent-workspace/builds/worker-1-tc2/target:/opt/rustwide/target:rw,Z" "-v" "/var/lib/crater-agent-workspace/builds/worker-1-tc2/source:/opt/rustwide/workdir:ro,Z" "-v" "/var/lib/crater-agent-workspace/cargo-home:/opt/rustwide/cargo-home:ro,Z" "-v" "/var/lib/crater-agent-workspace/rustup-home:/opt/rustwide/rustup-home:ro,Z" "-e" "SOURCE_DIR=/opt/rustwide/workdir" "-e" "CARGO_TARGET_DIR=/opt/rustwide/target" "-e" "CARGO_HOME=/opt/rustwide/cargo-home" "-e" "RUSTUP_HOME=/opt/rustwide/rustup-home" "-w" "/opt/rustwide/workdir" "-m" "1610612736" "--user" "0:0" "--network" "none" "ghcr.io/rust-lang/crates-build-env/linux@sha256:f3a9d4ad9d972b27faf3965f35b62e55ba32bbce8f20bc8fe909558a86702fde" "/opt/rustwide/cargo-home/bin/cargo" "+beta-2024-12-08" "metadata" "--no-deps" "--format-version=1", kill_on_drop: false }`
[INFO] [stdout] 720f7a2cfb79a58471d8501898c6b0397e1e043f33f77713fcf8f7b75199acff
[INFO] running `Command { std: "docker" "start" "-a" "720f7a2cfb79a58471d8501898c6b0397e1e043f33f77713fcf8f7b75199acff", kill_on_drop: false }`
[INFO] running `Command { std: "docker" "inspect" "720f7a2cfb79a58471d8501898c6b0397e1e043f33f77713fcf8f7b75199acff", kill_on_drop: false }`
[INFO] running `Command { std: "docker" "rm" "-f" "720f7a2cfb79a58471d8501898c6b0397e1e043f33f77713fcf8f7b75199acff", kill_on_drop: false }`
[INFO] [stdout] 720f7a2cfb79a58471d8501898c6b0397e1e043f33f77713fcf8f7b75199acff
[INFO] running `Command { std: "docker" "create" "-v" "/var/lib/crater-agent-workspace/builds/worker-1-tc2/target:/opt/rustwide/target:rw,Z" "-v" "/var/lib/crater-agent-workspace/builds/worker-1-tc2/source:/opt/rustwide/workdir:ro,Z" "-v" "/var/lib/crater-agent-workspace/cargo-home:/opt/rustwide/cargo-home:ro,Z" "-v" "/var/lib/crater-agent-workspace/rustup-home:/opt/rustwide/rustup-home:ro,Z" "-e" "SOURCE_DIR=/opt/rustwide/workdir" "-e" "CARGO_TARGET_DIR=/opt/rustwide/target" "-e" "CARGO_INCREMENTAL=0" "-e" "RUST_BACKTRACE=full" "-e" "RUSTFLAGS=--cap-lints=warn" "-e" "RUSTDOCFLAGS=--cap-lints=warn" "-e" "CARGO_HOME=/opt/rustwide/cargo-home" "-e" "RUSTUP_HOME=/opt/rustwide/rustup-home" "-w" "/opt/rustwide/workdir" "-m" "1610612736" "--user" "0:0" "--network" "none" "ghcr.io/rust-lang/crates-build-env/linux@sha256:f3a9d4ad9d972b27faf3965f35b62e55ba32bbce8f20bc8fe909558a86702fde" "/opt/rustwide/cargo-home/bin/cargo" "+beta-2024-12-08" "build" "--frozen" "--message-format=json", kill_on_drop: false }`
[INFO] [stdout] c9abe5ade37ca572c78cc823f80e3461758bd2c27de0f0f0571f08cd4f35b67f
[INFO] running `Command { std: "docker" "start" "-a" "c9abe5ade37ca572c78cc823f80e3461758bd2c27de0f0f0571f08cd4f35b67f", kill_on_drop: false }`
[INFO] [stderr]    Compiling rand_core v0.4.2
[INFO] [stderr]    Compiling autocfg v0.1.7
[INFO] [stderr]    Compiling libc v0.2.69
[INFO] [stderr]    Compiling proc-macro2 v1.0.12
[INFO] [stderr]    Compiling unicode-xid v0.2.0
[INFO] [stderr]    Compiling syn v1.0.19
[INFO] [stderr]    Compiling byteorder v1.3.4
[INFO] [stderr]    Compiling typenum v1.12.0
[INFO] [stderr]    Compiling siphasher v0.2.3
[INFO] [stderr]    Compiling memchr v2.3.3
[INFO] [stderr]    Compiling lazy_static v1.4.0
[INFO] [stderr]    Compiling serde v1.0.110
[INFO] [stderr]    Compiling string_cache_shared v0.3.0
[INFO] [stderr]    Compiling regex-syntax v0.6.17
[INFO] [stderr]    Compiling log v0.4.8
[INFO] [stderr]    Compiling byte-tools v0.3.1
[INFO] [stderr]    Compiling cfg-if v0.1.10
[INFO] [stderr]    Compiling thread_local v1.0.1
[INFO] [stderr]    Compiling block-padding v0.1.5
[INFO] [stderr]    Compiling fixedbitset v0.1.9
[INFO] [stderr]    Compiling ordermap v0.3.5
[INFO] [stderr]    Compiling rand_core v0.3.1
[INFO] [stderr]    Compiling rand_jitter v0.1.4
[INFO] [stderr]    Compiling phf_shared v0.7.24
[INFO] [stderr]    Compiling rand_hc v0.1.0
[INFO] [stderr]    Compiling rand_xorshift v0.1.1
[INFO] [stderr]    Compiling rand_isaac v0.1.1
[INFO] [stderr]    Compiling strsim v0.9.3
[INFO] [stderr]    Compiling rand_pcg v0.1.2
[INFO] [stderr]    Compiling rand_chacha v0.1.1
[INFO] [stderr]    Compiling rand v0.6.5
[INFO] [stderr]    Compiling either v1.5.3
[INFO] [stderr]    Compiling new_debug_unreachable v1.0.4
[INFO] [stderr]    Compiling bit-vec v0.6.2
[INFO] [stderr]    Compiling precomputed-hash v0.1.1
[INFO] [stderr]    Compiling opaque-debug v0.2.3
[INFO] [stderr]    Compiling fake-simd v0.1.2
[INFO] [stderr]    Compiling petgraph v0.4.13
[INFO] [stderr]    Compiling itertools v0.8.2
[INFO] [stderr]    Compiling diff v0.1.12
[INFO] [stderr]    Compiling unicode-width v0.1.7
[INFO] [stderr]    Compiling termcolor v1.1.0
[INFO] [stderr]    Compiling ena v0.13.1
[INFO] [stderr]    Compiling aho-corasick v0.7.10
[INFO] [stderr]    Compiling bit-set v0.5.2
[INFO] [stderr]    Compiling rand_os v0.1.3
[INFO] [stderr]    Compiling dirs v1.0.5
[INFO] [stderr]    Compiling atty v0.2.14
[INFO] [stderr]    Compiling codespan-reporting v0.9.3
[INFO] [stderr]    Compiling term v0.5.2
[INFO] [stderr]    Compiling quote v1.0.4
[INFO] [stderr]    Compiling ascii-canvas v2.0.0
[INFO] [stderr]    Compiling generic-array v0.12.3
[INFO] [stderr]    Compiling block-buffer v0.7.3
[INFO] [stderr]    Compiling digest v0.8.1
[INFO] [stderr]    Compiling sha2 v0.8.1
[INFO] [stderr]    Compiling phf_generator v0.7.24
[INFO] [stderr]    Compiling string_cache_codegen v0.4.4
[INFO] [stderr]    Compiling regex v1.3.7
[INFO] [stderr]    Compiling string_cache v0.7.5
[INFO] [stderr]    Compiling lalrpop-util v0.18.1
[INFO] [stderr]    Compiling serde_derive v1.0.110
[INFO] [stderr]    Compiling docopt v1.1.0
[INFO] [stderr]    Compiling lalrpop v0.18.1
[INFO] [stderr]    Compiling flamingo v0.1.0 (/opt/rustwide/workdir)
[INFO] [stdout] warning: unused import: `self::__parse__ALMModule::ALMModuleParser`
[INFO] [stdout]     --> /opt/rustwide/target/debug/build/flamingo-79d8b5ce9e100a3d/out/parse.rs:3129:9
[INFO] [stdout]      |
[INFO] [stdout] 3129 | pub use self::__parse__ALMModule::ALMModuleParser;
[INFO] [stdout]      |         ^^^^^^^^^^^^^^^^^^^^^^^^^^^^^^^^^^^^^^^^^
[INFO] [stdout]      |
[INFO] [stdout]      = note: `#[warn(unused_imports)]` on by default
[INFO] [stdout] 
[INFO] [stdout] 
[INFO] [stdout] warning: associated function `to_triple` is never used
[INFO] [stdout]     --> /opt/rustwide/target/debug/build/flamingo-79d8b5ce9e100a3d/out/parse.rs:4905:8
[INFO] [stdout]      |
[INFO] [stdout] 4904 | pub trait __ToTriple<'input, > {
[INFO] [stdout]      |           ---------- associated function in this trait
[INFO] [stdout] 4905 |     fn to_triple(value: Self) -> Result<(usize,Token<'input>,usize), __lalrpop_util::ParseError<usize, Token<'input>, &'static str>>;
[INFO] [stdout]      |        ^^^^^^^^^
[INFO] [stdout]      |
[INFO] [stdout]      = note: `#[warn(dead_code)]` on by default
[INFO] [stdout] 
[INFO] [stdout] 
[INFO] [stdout] warning: associated function `new` is never used
[INFO] [stdout]    --> /opt/rustwide/target/debug/build/flamingo-79d8b5ce9e100a3d/out/parse.rs:936:16
[INFO] [stdout]     |
[INFO] [stdout] 935 |     impl ALMModuleParser {
[INFO] [stdout]     |     -------------------- associated function in this implementation
[INFO] [stdout] 936 |         pub fn new() -> ALMModuleParser {
[INFO] [stdout]     |                ^^^
[INFO] [stdout] 
[INFO] [stdout] 
[INFO] [stdout] warning: function `new_builder` is never used
[INFO] [stdout]     --> /opt/rustwide/target/debug/build/flamingo-79d8b5ce9e100a3d/out/parse.rs:3139:12
[INFO] [stdout]      |
[INFO] [stdout] 3139 |     pub fn new_builder() -> __lalrpop_util::lexer::MatcherBuilder {
[INFO] [stdout]      |            ^^^^^^^^^^^
[INFO] [stdout] 
[INFO] [stdout] 
[INFO] [stderr]     Finished `dev` profile [unoptimized + debuginfo] target(s) in 38.23s
[INFO] [stderr] warning: the following packages contain code that will be rejected by a future version of Rust: lalrpop v0.18.1
[INFO] [stderr] note: to see what the problems were, use the option `--future-incompat-report`, or run `cargo report future-incompatibilities --id 1`
[INFO] running `Command { std: "docker" "inspect" "c9abe5ade37ca572c78cc823f80e3461758bd2c27de0f0f0571f08cd4f35b67f", kill_on_drop: false }`
[INFO] running `Command { std: "docker" "rm" "-f" "c9abe5ade37ca572c78cc823f80e3461758bd2c27de0f0f0571f08cd4f35b67f", kill_on_drop: false }`
[INFO] [stdout] c9abe5ade37ca572c78cc823f80e3461758bd2c27de0f0f0571f08cd4f35b67f
[INFO] running `Command { std: "docker" "create" "-v" "/var/lib/crater-agent-workspace/builds/worker-1-tc2/target:/opt/rustwide/target:rw,Z" "-v" "/var/lib/crater-agent-workspace/builds/worker-1-tc2/source:/opt/rustwide/workdir:ro,Z" "-v" "/var/lib/crater-agent-workspace/cargo-home:/opt/rustwide/cargo-home:ro,Z" "-v" "/var/lib/crater-agent-workspace/rustup-home:/opt/rustwide/rustup-home:ro,Z" "-e" "SOURCE_DIR=/opt/rustwide/workdir" "-e" "CARGO_TARGET_DIR=/opt/rustwide/target" "-e" "CARGO_INCREMENTAL=0" "-e" "RUST_BACKTRACE=full" "-e" "RUSTFLAGS=--cap-lints=warn" "-e" "RUSTDOCFLAGS=--cap-lints=warn" "-e" "CARGO_HOME=/opt/rustwide/cargo-home" "-e" "RUSTUP_HOME=/opt/rustwide/rustup-home" "-w" "/opt/rustwide/workdir" "-m" "1610612736" "--user" "0:0" "--network" "none" "ghcr.io/rust-lang/crates-build-env/linux@sha256:f3a9d4ad9d972b27faf3965f35b62e55ba32bbce8f20bc8fe909558a86702fde" "/opt/rustwide/cargo-home/bin/cargo" "+beta-2024-12-08" "test" "--frozen" "--no-run" "--message-format=json", kill_on_drop: false }`
[INFO] [stdout] 75075a87cad7e24f86a767e5ba6dc45ac92128c65103ea54e0617487b2f4b500
[INFO] running `Command { std: "docker" "start" "-a" "75075a87cad7e24f86a767e5ba6dc45ac92128c65103ea54e0617487b2f4b500", kill_on_drop: false }`
[INFO] [stderr]    Compiling flamingo v0.1.0 (/opt/rustwide/workdir)
[INFO] [stdout] warning: associated function `to_triple` is never used
[INFO] [stdout]     --> /opt/rustwide/target/debug/build/flamingo-79d8b5ce9e100a3d/out/parse.rs:4905:8
[INFO] [stdout]      |
[INFO] [stdout] 4904 | pub trait __ToTriple<'input, > {
[INFO] [stdout]      |           ---------- associated function in this trait
[INFO] [stdout] 4905 |     fn to_triple(value: Self) -> Result<(usize,Token<'input>,usize), __lalrpop_util::ParseError<usize, Token<'input>, &'static str>>;
[INFO] [stdout]      |        ^^^^^^^^^
[INFO] [stdout]      |
[INFO] [stdout]      = note: `#[warn(dead_code)]` on by default
[INFO] [stdout] 
[INFO] [stdout] 
[INFO] [stderr]     Finished `test` profile [unoptimized + debuginfo] target(s) in 2.38s
[INFO] [stderr] warning: the following packages contain code that will be rejected by a future version of Rust: lalrpop v0.18.1
[INFO] [stderr] note: to see what the problems were, use the option `--future-incompat-report`, or run `cargo report future-incompatibilities --id 1`
[INFO] running `Command { std: "docker" "inspect" "75075a87cad7e24f86a767e5ba6dc45ac92128c65103ea54e0617487b2f4b500", kill_on_drop: false }`
[INFO] running `Command { std: "docker" "rm" "-f" "75075a87cad7e24f86a767e5ba6dc45ac92128c65103ea54e0617487b2f4b500", kill_on_drop: false }`
[INFO] [stdout] 75075a87cad7e24f86a767e5ba6dc45ac92128c65103ea54e0617487b2f4b500
[INFO] running `Command { std: "docker" "create" "-v" "/var/lib/crater-agent-workspace/builds/worker-1-tc2/target:/opt/rustwide/target:rw,Z" "-v" "/var/lib/crater-agent-workspace/builds/worker-1-tc2/source:/opt/rustwide/workdir:ro,Z" "-v" "/var/lib/crater-agent-workspace/cargo-home:/opt/rustwide/cargo-home:ro,Z" "-v" "/var/lib/crater-agent-workspace/rustup-home:/opt/rustwide/rustup-home:ro,Z" "-e" "SOURCE_DIR=/opt/rustwide/workdir" "-e" "CARGO_TARGET_DIR=/opt/rustwide/target" "-e" "CARGO_INCREMENTAL=0" "-e" "RUST_BACKTRACE=full" "-e" "RUSTFLAGS=--cap-lints=warn" "-e" "RUSTDOCFLAGS=--cap-lints=warn" "-e" "CARGO_HOME=/opt/rustwide/cargo-home" "-e" "RUSTUP_HOME=/opt/rustwide/rustup-home" "-w" "/opt/rustwide/workdir" "-m" "1610612736" "--user" "0:0" "--network" "none" "ghcr.io/rust-lang/crates-build-env/linux@sha256:f3a9d4ad9d972b27faf3965f35b62e55ba32bbce8f20bc8fe909558a86702fde" "/opt/rustwide/cargo-home/bin/cargo" "+beta-2024-12-08" "test" "--frozen", kill_on_drop: false }`
[INFO] [stdout] 2ba8352479c4dee556b21d241e6e76b96ea62558302e795a44013bcb7db4c87f
[INFO] running `Command { std: "docker" "start" "-a" "2ba8352479c4dee556b21d241e6e76b96ea62558302e795a44013bcb7db4c87f", kill_on_drop: false }`
[INFO] [stderr] warning: associated function `to_triple` is never used
[INFO] [stderr]     --> /opt/rustwide/target/debug/build/flamingo-79d8b5ce9e100a3d/out/parse.rs:4905:8
[INFO] [stderr]      |
[INFO] [stderr] 4904 | pub trait __ToTriple<'input, > {
[INFO] [stderr]      |           ---------- associated function in this trait
[INFO] [stderr] 4905 |     fn to_triple(value: Self) -> Result<(usize,Token<'input>,usize), __lalrpop_util::ParseError<usize, Token<'input>, &'static str>>;
[INFO] [stderr]      |        ^^^^^^^^^
[INFO] [stderr]      |
[INFO] [stderr]      = note: `#[warn(dead_code)]` on by default
[INFO] [stderr] 
[INFO] [stderr] warning: `flamingo` (bin "flamingo" test) generated 1 warning
[INFO] [stderr]     Finished `test` profile [unoptimized + debuginfo] target(s) in 0.09s
[INFO] [stderr] warning: the following packages contain code that will be rejected by a future version of Rust: lalrpop v0.18.1
[INFO] [stderr] note: to see what the problems were, use the option `--future-incompat-report`, or run `cargo report future-incompatibilities --id 1`
[INFO] [stderr]      Running unittests src/main.rs (/opt/rustwide/target/debug/deps/flamingo-0d2dbbf80f907d22)
[INFO] [stdout] 
[INFO] [stdout] running 16 tests
[INFO] [stdout] test print::tests::printing_attribute_relations ... ok
[INFO] [stdout] test print::tests::printing_basic_fluent_params ... ok
[INFO] [stdout] test print::tests::printing_nodes ... ok
[INFO] [stdout] test print::tests::printing_links ... ok
[INFO] [stdout] test print::tests::printing_facts ... ok
[INFO] [stdout] test print::tests::printing_defined_fluent_relations ... ok
[INFO] [stdout] test print::tests::printing_attribute_values ... ok
[INFO] [stdout] test print::tests::printing_output_relations ... ok
[INFO] [stdout] test print::tests::printing_basic_fluent_values ... ok
[INFO] [stdout] test print::tests::printing_enums ... ok
[INFO] [stdout] test print::tests::printing_rules ... ok
[INFO] [stdout] test print::tests::printing_output_rules ... ok
[INFO] [stdout] test print::tests::printing_static_declarations ... ok
[INFO] [stdout] test print::tests::printing_static_function_assignment ... ok
[INFO] [stdout] test parse_tests::tests::text_to_ast ... ok
[INFO] [stdout] test print::tests::print_alm_module ... FAILED
[INFO] [stdout] 
[INFO] [stdout] failures:
[INFO] [stdout] 
[INFO] [stdout] ---- print::tests::print_alm_module stdout ----
[INFO] [stdout] thread 'print::tests::print_alm_module' panicked at src/print.rs:1047:55:
[INFO] [stdout] Failed to write ./test/actual.dl: Os { code: 30, kind: ReadOnlyFilesystem, message: "Read-only file system" }
[INFO] [stdout] stack backtrace:
[INFO] [stdout]    0:     0x64810107e95a - std::backtrace_rs::backtrace::libunwind::trace::h8810477743020387
[INFO] [stdout]                                at /rustc/202008a1b8de96d2e5b6bc02d379db03a877d34d/library/std/src/../../backtrace/src/backtrace/libunwind.rs:116:5
[INFO] [stdout]    1:     0x64810107e95a - std::backtrace_rs::backtrace::trace_unsynchronized::h3aa55355dd6c54a6
[INFO] [stdout]                                at /rustc/202008a1b8de96d2e5b6bc02d379db03a877d34d/library/std/src/../../backtrace/src/backtrace/mod.rs:66:5
[INFO] [stdout]    2:     0x64810107e95a - std::sys::backtrace::_print_fmt::h8588b0f62410823f
[INFO] [stdout]                                at /rustc/202008a1b8de96d2e5b6bc02d379db03a877d34d/library/std/src/sys/backtrace.rs:66:9
[INFO] [stdout]    3:     0x64810107e95a - <std::sys::backtrace::BacktraceLock::print::DisplayBacktrace as core::fmt::Display>::fmt::h98c26ac25ffe89bb
[INFO] [stdout]                                at /rustc/202008a1b8de96d2e5b6bc02d379db03a877d34d/library/std/src/sys/backtrace.rs:39:26
[INFO] [stdout]    4:     0x6481010a5223 - core::fmt::rt::Argument::fmt::hf95377f4aebd453b
[INFO] [stdout]                                at /rustc/202008a1b8de96d2e5b6bc02d379db03a877d34d/library/core/src/fmt/rt.rs:177:76
[INFO] [stdout]    5:     0x6481010a5223 - core::fmt::write::h0dd5f6e2238c7982
[INFO] [stdout]                                at /rustc/202008a1b8de96d2e5b6bc02d379db03a877d34d/library/core/src/fmt/mod.rs:1189:21
[INFO] [stdout]    6:     0x64810107baf3 - std::io::Write::write_fmt::h03bb0ca26e6faf8c
[INFO] [stdout]                                at /rustc/202008a1b8de96d2e5b6bc02d379db03a877d34d/library/std/src/io/mod.rs:1884:15
[INFO] [stdout]    7:     0x64810107e7a2 - std::sys::backtrace::BacktraceLock::print::h5c19c1c038ee186d
[INFO] [stdout]                                at /rustc/202008a1b8de96d2e5b6bc02d379db03a877d34d/library/std/src/sys/backtrace.rs:42:9
[INFO] [stdout]    8:     0x64810107fddd - std::panicking::default_hook::{{closure}}::h77172f079a1fcb13
[INFO] [stdout]                                at /rustc/202008a1b8de96d2e5b6bc02d379db03a877d34d/library/std/src/panicking.rs:268:22
[INFO] [stdout]    9:     0x64810107fbe7 - std::panicking::default_hook::he5f8e3b203ccddba
[INFO] [stdout]                                at /rustc/202008a1b8de96d2e5b6bc02d379db03a877d34d/library/std/src/panicking.rs:292:9
[INFO] [stdout]   10:     0x648100f0bc07 - <alloc::boxed::Box<F,A> as core::ops::function::Fn<Args>>::call::h7a3c7b4a1ae77f2f
[INFO] [stdout]                                at /rustc/202008a1b8de96d2e5b6bc02d379db03a877d34d/library/alloc/src/boxed.rs:1986:9
[INFO] [stdout]   11:     0x648100f0bc07 - test::test_main::{{closure}}::hf0d3b69ae9b353d1
[INFO] [stdout]                                at /rustc/202008a1b8de96d2e5b6bc02d379db03a877d34d/library/test/src/lib.rs:134:21
[INFO] [stdout]   12:     0x648101080488 - <alloc::boxed::Box<F,A> as core::ops::function::Fn<Args>>::call::h6332e82e7b189abd
[INFO] [stdout]                                at /rustc/202008a1b8de96d2e5b6bc02d379db03a877d34d/library/alloc/src/boxed.rs:1986:9
[INFO] [stdout]   13:     0x648101080488 - std::panicking::rust_panic_with_hook::h53863d4e9018df39
[INFO] [stdout]                                at /rustc/202008a1b8de96d2e5b6bc02d379db03a877d34d/library/std/src/panicking.rs:809:13
[INFO] [stdout]   14:     0x64810108024a - std::panicking::begin_panic_handler::{{closure}}::h67280e6fa0757873
[INFO] [stdout]                                at /rustc/202008a1b8de96d2e5b6bc02d379db03a877d34d/library/std/src/panicking.rs:674:13
[INFO] [stdout]   15:     0x64810107ee39 - std::sys::backtrace::__rust_end_short_backtrace::h1dac3f54d6fbbeb2
[INFO] [stdout]                                at /rustc/202008a1b8de96d2e5b6bc02d379db03a877d34d/library/std/src/sys/backtrace.rs:170:18
[INFO] [stdout]   16:     0x64810107fedc - rust_begin_unwind
[INFO] [stdout]                                at /rustc/202008a1b8de96d2e5b6bc02d379db03a877d34d/library/std/src/panicking.rs:665:5
[INFO] [stdout]   17:     0x648100e7e120 - core::panicking::panic_fmt::h6792bd1b2bf01041
[INFO] [stdout]                                at /rustc/202008a1b8de96d2e5b6bc02d379db03a877d34d/library/core/src/panicking.rs:76:14
[INFO] [stdout]   18:     0x648100e7e5a6 - core::result::unwrap_failed::h05e0602ed34287c5
[INFO] [stdout]                                at /rustc/202008a1b8de96d2e5b6bc02d379db03a877d34d/library/core/src/result.rs:1699:5
[INFO] [stdout]   19:     0x648100eb626f - core::result::Result<T,E>::expect::h824d928cf2b7eda8
[INFO] [stdout]                                at /rustc/202008a1b8de96d2e5b6bc02d379db03a877d34d/library/core/src/result.rs:1061:23
[INFO] [stdout]   20:     0x648100ed21fa - flamingo::print::tests::print_alm_module::h1e40a58e7016e9b7
[INFO] [stdout]                                at /opt/rustwide/workdir/src/print.rs:1047:9
[INFO] [stdout]   21:     0x648100ecd6d7 - flamingo::print::tests::print_alm_module::{{closure}}::he17438a90aeb2475
[INFO] [stdout]                                at /opt/rustwide/workdir/src/print.rs:832:26
[INFO] [stdout]   22:     0x648100ea0e46 - core::ops::function::FnOnce::call_once::hd92406444cddab51
[INFO] [stdout]                                at /rustc/202008a1b8de96d2e5b6bc02d379db03a877d34d/library/core/src/ops/function.rs:250:5
[INFO] [stdout]   23:     0x648100f1072b - core::ops::function::FnOnce::call_once::h871bf86719ec9aa4
[INFO] [stdout]                                at /rustc/202008a1b8de96d2e5b6bc02d379db03a877d34d/library/core/src/ops/function.rs:250:5
[INFO] [stdout]   24:     0x648100f1072b - test::__rust_begin_short_backtrace::h2167df1e2b7d76fd
[INFO] [stdout]                                at /rustc/202008a1b8de96d2e5b6bc02d379db03a877d34d/library/test/src/lib.rs:632:18
[INFO] [stdout]   25:     0x648100f10118 - test::run_test_in_process::{{closure}}::h15d92f75a3adfb79
[INFO] [stdout]                                at /rustc/202008a1b8de96d2e5b6bc02d379db03a877d34d/library/test/src/lib.rs:655:60
[INFO] [stdout]   26:     0x648100f10118 - <core::panic::unwind_safe::AssertUnwindSafe<F> as core::ops::function::FnOnce<()>>::call_once::hb6c8955835a8dbbb
[INFO] [stdout]                                at /rustc/202008a1b8de96d2e5b6bc02d379db03a877d34d/library/core/src/panic/unwind_safe.rs:272:9
[INFO] [stdout]   27:     0x648100f10118 - std::panicking::try::do_call::hc79d0fc888a0bd30
[INFO] [stdout]                                at /rustc/202008a1b8de96d2e5b6bc02d379db03a877d34d/library/std/src/panicking.rs:557:40
[INFO] [stdout]   28:     0x648100f10118 - std::panicking::try::hb8a7878e3a8589d6
[INFO] [stdout]                                at /rustc/202008a1b8de96d2e5b6bc02d379db03a877d34d/library/std/src/panicking.rs:520:19
[INFO] [stdout]   29:     0x648100f10118 - std::panic::catch_unwind::hb8e4600ff0ff5cfa
[INFO] [stdout]                                at /rustc/202008a1b8de96d2e5b6bc02d379db03a877d34d/library/std/src/panic.rs:358:14
[INFO] [stdout]   30:     0x648100f10118 - test::run_test_in_process::hc2900b0b18688dd6
[INFO] [stdout]                                at /rustc/202008a1b8de96d2e5b6bc02d379db03a877d34d/library/test/src/lib.rs:655:27
[INFO] [stdout]   31:     0x648100f10118 - test::run_test::{{closure}}::hac2a9cb07be3d48d
[INFO] [stdout]                                at /rustc/202008a1b8de96d2e5b6bc02d379db03a877d34d/library/test/src/lib.rs:576:43
[INFO] [stdout]   32:     0x648100ed3bba - test::run_test::{{closure}}::h4a5b729e66a38cd8
[INFO] [stdout]                                at /rustc/202008a1b8de96d2e5b6bc02d379db03a877d34d/library/test/src/lib.rs:606:41
[INFO] [stdout]   33:     0x648100ed3bba - std::sys::backtrace::__rust_begin_short_backtrace::h0496fb742492f573
[INFO] [stdout]                                at /rustc/202008a1b8de96d2e5b6bc02d379db03a877d34d/library/std/src/sys/backtrace.rs:154:18
[INFO] [stdout]   34:     0x648100ed7534 - std::thread::Builder::spawn_unchecked_::{{closure}}::{{closure}}::hbb6d257c550a54bd
[INFO] [stdout]                                at /rustc/202008a1b8de96d2e5b6bc02d379db03a877d34d/library/std/src/thread/mod.rs:561:17
[INFO] [stdout]   35:     0x648100ed7534 - <core::panic::unwind_safe::AssertUnwindSafe<F> as core::ops::function::FnOnce<()>>::call_once::h46696fe4a6832328
[INFO] [stdout]                                at /rustc/202008a1b8de96d2e5b6bc02d379db03a877d34d/library/core/src/panic/unwind_safe.rs:272:9
[INFO] [stdout]   36:     0x648100ed7534 - std::panicking::try::do_call::h2625a51b667bfb64
[INFO] [stdout]                                at /rustc/202008a1b8de96d2e5b6bc02d379db03a877d34d/library/std/src/panicking.rs:557:40
[INFO] [stdout]   37:     0x648100ed7534 - std::panicking::try::hb956a59a1973aa4c
[INFO] [stdout]                                at /rustc/202008a1b8de96d2e5b6bc02d379db03a877d34d/library/std/src/panicking.rs:520:19
[INFO] [stdout]   38:     0x648100ed7534 - std::panic::catch_unwind::h64f3b9d1067ef6a0
[INFO] [stdout]                                at /rustc/202008a1b8de96d2e5b6bc02d379db03a877d34d/library/std/src/panic.rs:358:14
[INFO] [stdout]   39:     0x648100ed7534 - std::thread::Builder::spawn_unchecked_::{{closure}}::h42b2841295b6c0b2
[INFO] [stdout]                                at /rustc/202008a1b8de96d2e5b6bc02d379db03a877d34d/library/std/src/thread/mod.rs:559:30
[INFO] [stdout]   40:     0x648100ed7534 - core::ops::function::FnOnce::call_once{{vtable.shim}}::h6127de71b8124639
[INFO] [stdout]                                at /rustc/202008a1b8de96d2e5b6bc02d379db03a877d34d/library/core/src/ops/function.rs:250:5
[INFO] [stdout]   41:     0x6481010843cb - <alloc::boxed::Box<F,A> as core::ops::function::FnOnce<Args>>::call_once::h42f0ba71002a1b2c
[INFO] [stdout]                                at /rustc/202008a1b8de96d2e5b6bc02d379db03a877d34d/library/alloc/src/boxed.rs:1972:9
[INFO] [stdout]   42:     0x6481010843cb - <alloc::boxed::Box<F,A> as core::ops::function::FnOnce<Args>>::call_once::had9e47d7a3dcecb8
[INFO] [stdout]                                at /rustc/202008a1b8de96d2e5b6bc02d379db03a877d34d/library/alloc/src/boxed.rs:1972:9
[INFO] [stdout]   43:     0x6481010843cb - std::sys::pal::unix::thread::Thread::new::thread_start::h48cf765408f6f5f2
[INFO] [stdout]                                at /rustc/202008a1b8de96d2e5b6bc02d379db03a877d34d/library/std/src/sys/pal/unix/thread.rs:105:17
[INFO] [stdout]   44:     0x77e03f8f7ac3 - <unknown>
[INFO] [stdout]   45:     0x77e03f988a04 - clone
[INFO] [stdout]   46:                0x0 - <unknown>
[INFO] [stdout] 
[INFO] [stdout] 
[INFO] [stdout] failures:
[INFO] [stdout]     print::tests::print_alm_module
[INFO] [stdout] 
[INFO] [stdout] test result: FAILED. 15 passed; 1 failed; 0 ignored; 0 measured; 0 filtered out; finished in 0.08s
[INFO] [stdout] 
[INFO] [stderr] error: test failed, to rerun pass `--bin flamingo`
[INFO] running `Command { std: "docker" "inspect" "2ba8352479c4dee556b21d241e6e76b96ea62558302e795a44013bcb7db4c87f", kill_on_drop: false }`
[INFO] running `Command { std: "docker" "rm" "-f" "2ba8352479c4dee556b21d241e6e76b96ea62558302e795a44013bcb7db4c87f", kill_on_drop: false }`
[INFO] [stdout] 2ba8352479c4dee556b21d241e6e76b96ea62558302e795a44013bcb7db4c87f
